[INFO] fetching crate fast-web 0.1.2...
[INFO] testing fast-web-0.1.2 against 1.75.0 for beta-1.76-1
[INFO] extracting crate fast-web 0.1.2 into /workspace/builds/worker-3-tc1/source
[INFO] validating manifest of crates.io crate fast-web 0.1.2 on toolchain 1.75.0
[INFO] running `Command { std: CARGO_HOME="/workspace/cargo-home" RUSTUP_HOME="/workspace/rustup-home" "/workspace/cargo-home/bin/cargo" "+1.75.0" "metadata" "--manifest-path" "Cargo.toml" "--no-deps", kill_on_drop: false }`
[INFO] started tweaking crates.io crate fast-web 0.1.2
[INFO] removed 0 missing examples
[INFO] finished tweaking crates.io crate fast-web 0.1.2
[INFO] tweaked toml for crates.io crate fast-web 0.1.2 written to /workspace/builds/worker-3-tc1/source/Cargo.toml
[INFO] crate crates.io crate fast-web 0.1.2 already has a lockfile, it will not be regenerated
[INFO] running `Command { std: CARGO_HOME="/workspace/cargo-home" RUSTUP_HOME="/workspace/rustup-home" "/workspace/cargo-home/bin/cargo" "+1.75.0" "fetch" "--manifest-path" "Cargo.toml", kill_on_drop: false }`
[INFO] [stderr]     Updating crates.io index
[INFO] [stderr]  Downloading crates ...
[INFO] [stderr]   Downloaded twoway v0.1.8
[INFO] [stderr]   Downloaded tiny_http v0.6.4
[INFO] [stderr]   Downloaded groupable v0.2.0
[INFO] [stderr]   Downloaded ascii v0.8.7
[INFO] [stderr]   Downloaded buf_redux v0.8.4
[INFO] [stderr]   Downloaded iron v0.6.1
[INFO] [stderr]   Downloaded mustache v0.9.0
[INFO] [stderr]   Downloaded nickel v0.11.0
[INFO] [stderr]   Downloaded multipart v0.18.0
[INFO] running `Command { std: "docker" "create" "-v" "/var/lib/crater-agent-workspace/builds/worker-3-tc1/target:/opt/rustwide/target:rw,Z" "-v" "/var/lib/crater-agent-workspace/builds/worker-3-tc1/source:/opt/rustwide/workdir:ro,Z" "-v" "/var/lib/crater-agent-workspace/cargo-home:/opt/rustwide/cargo-home:ro,Z" "-v" "/var/lib/crater-agent-workspace/rustup-home:/opt/rustwide/rustup-home:ro,Z" "-e" "SOURCE_DIR=/opt/rustwide/workdir" "-e" "CARGO_TARGET_DIR=/opt/rustwide/target" "-e" "CARGO_HOME=/opt/rustwide/cargo-home" "-e" "RUSTUP_HOME=/opt/rustwide/rustup-home" "-w" "/opt/rustwide/workdir" "-m" "1610612736" "--user" "0:0" "--network" "none" "ghcr.io/rust-lang/crates-build-env/linux@sha256:2788e3201cd34a07e3172128adcd8b3090168a8e3bcc40d7c032b9dda1df7d1c" "/opt/rustwide/cargo-home/bin/cargo" "+1.75.0" "metadata" "--no-deps" "--format-version=1", kill_on_drop: false }`
[INFO] [stdout] f6e2eea41d094d575bb6f1d1e3591928ac013a3226f4aaae2865a4cbfbf95728
[INFO] running `Command { std: "docker" "start" "-a" "f6e2eea41d094d575bb6f1d1e3591928ac013a3226f4aaae2865a4cbfbf95728", kill_on_drop: false }`
[INFO] running `Command { std: "docker" "inspect" "f6e2eea41d094d575bb6f1d1e3591928ac013a3226f4aaae2865a4cbfbf95728", kill_on_drop: false }`
[INFO] running `Command { std: "docker" "rm" "-f" "f6e2eea41d094d575bb6f1d1e3591928ac013a3226f4aaae2865a4cbfbf95728", kill_on_drop: false }`
[INFO] [stdout] f6e2eea41d094d575bb6f1d1e3591928ac013a3226f4aaae2865a4cbfbf95728
[INFO] running `Command { std: "docker" "create" "-v" "/var/lib/crater-agent-workspace/builds/worker-3-tc1/target:/opt/rustwide/target:rw,Z" "-v" "/var/lib/crater-agent-workspace/builds/worker-3-tc1/source:/opt/rustwide/workdir:ro,Z" "-v" "/var/lib/crater-agent-workspace/cargo-home:/opt/rustwide/cargo-home:ro,Z" "-v" "/var/lib/crater-agent-workspace/rustup-home:/opt/rustwide/rustup-home:ro,Z" "-e" "SOURCE_DIR=/opt/rustwide/workdir" "-e" "CARGO_TARGET_DIR=/opt/rustwide/target" "-e" "CARGO_INCREMENTAL=0" "-e" "RUST_BACKTRACE=full" "-e" "RUSTFLAGS=--cap-lints=warn" "-e" "RUSTDOCFLAGS=--cap-lints=warn" "-e" "CARGO_HOME=/opt/rustwide/cargo-home" "-e" "RUSTUP_HOME=/opt/rustwide/rustup-home" "-w" "/opt/rustwide/workdir" "-m" "1610612736" "--user" "0:0" "--network" "none" "ghcr.io/rust-lang/crates-build-env/linux@sha256:2788e3201cd34a07e3172128adcd8b3090168a8e3bcc40d7c032b9dda1df7d1c" "/opt/rustwide/cargo-home/bin/cargo" "+1.75.0" "build" "--frozen" "--message-format=json", kill_on_drop: false }`
[INFO] [stdout] ecfdbfb5407636d6fcac6b6376e581194c6808c449316f30c0679deaf26be777
[INFO] running `Command { std: "docker" "start" "-a" "ecfdbfb5407636d6fcac6b6376e581194c6808c449316f30c0679deaf26be777", kill_on_drop: false }`
[INFO] [stderr]    Compiling libc v0.2.104
[INFO] [stderr]    Compiling autocfg v1.0.1
[INFO] [stderr]    Compiling log v0.4.14
[INFO] [stderr]    Compiling rand_core v0.4.2
[INFO] [stderr]    Compiling autocfg v0.1.7
[INFO] [stderr]    Compiling version_check v0.1.5
[INFO] [stderr]    Compiling memchr v2.4.1
[INFO] [stderr]    Compiling tinyvec_macros v0.1.0
[INFO] [stderr]    Compiling matches v0.1.9
[INFO] [stderr]    Compiling proc-macro2 v1.0.30
[INFO] [stderr]    Compiling unicode-bidi v0.3.7
[INFO] [stderr]    Compiling unicode-xid v0.2.2
[INFO] [stderr]    Compiling siphasher v0.2.3
[INFO] [stderr]    Compiling syn v1.0.80
[INFO] [stderr]    Compiling pin-project-lite v0.2.7
[INFO] [stderr]    Compiling traitobject v0.1.0
[INFO] [stderr]    Compiling tinyvec v1.5.0
[INFO] [stderr]    Compiling parking_lot_core v0.8.5
[INFO] [stderr]    Compiling futures-core v0.3.17
[INFO] [stderr]    Compiling version_check v0.9.3
[INFO] [stderr]    Compiling httparse v1.5.1
[INFO] [stderr]    Compiling rand_core v0.3.1
[INFO] [stderr]    Compiling rand_xorshift v0.1.1
[INFO] [stderr]    Compiling rand_hc v0.1.0
[INFO] [stderr]    Compiling rand_isaac v0.1.1
[INFO] [stderr]    Compiling unicase v1.4.2
[INFO] [stderr]    Compiling rand_pcg v0.1.2
[INFO] [stderr]    Compiling rand_chacha v0.1.1
[INFO] [stderr]    Compiling rand v0.6.5
[INFO] [stderr]    Compiling rand_jitter v0.1.4
[INFO] [stderr]    Compiling itoa v0.4.8
[INFO] [stderr]    Compiling num-traits v0.2.14
[INFO] [stderr]    Compiling log v0.3.9
[INFO] [stderr]    Compiling unicase v2.6.0
[INFO] [stderr]    Compiling instant v0.1.12
[INFO] [stderr]    Compiling smallvec v1.7.0
[INFO] [stderr]    Compiling safemem v0.3.3
[INFO] [stderr]    Compiling percent-encoding v1.0.1
[INFO] [stderr]    Compiling lazy_static v1.4.0
[INFO] [stderr]    Compiling bytes v1.1.0
[INFO] [stderr]    Compiling serde v1.0.130
[INFO] [stderr]    Compiling scopeguard v1.1.0
[INFO] [stderr]    Compiling mime v0.2.6
[INFO] [stderr]    Compiling phf_shared v0.7.24
[INFO] [stderr]    Compiling lock_api v0.4.5
[INFO] [stderr]    Compiling num-integer v0.1.44
[INFO] [stderr]    Compiling phf v0.7.24
[INFO] [stderr]    Compiling tokio v1.12.0
[INFO] [stderr]    Compiling unsafe-any v0.4.2
[INFO] [stderr]    Compiling futures-task v0.3.17
[INFO] [stderr]    Compiling ryu v1.0.5
[INFO] [stderr]    Compiling byteorder v1.4.3
[INFO] [stderr]    Compiling quote v1.0.10
[INFO] [stderr]    Compiling typemap v0.3.3
[INFO] [stderr]    Compiling unicode-normalization v0.1.19
[INFO] [stderr]    Compiling rand_os v0.1.3
[INFO] [stderr]    Compiling num_cpus v1.13.0
[INFO] [stderr]    Compiling time v0.1.43
[INFO] [stderr]    Compiling getrandom v0.2.3
[INFO] [stderr]    Compiling base64 v0.9.3
[INFO] [stderr]    Compiling rand_core v0.6.3
[INFO] [stderr]    Compiling mio v0.7.14
[INFO] [stderr]    Compiling signal-hook-registry v1.4.0
[INFO] [stderr]    Compiling futures-util v0.3.17
[INFO] [stderr]    Compiling parking_lot v0.11.2
[INFO] [stderr]    Compiling indexmap v1.7.0
[INFO] [stderr]    Compiling ppv-lite86 v0.2.14
[INFO] [stderr]    Compiling serde_json v1.0.68
[INFO] [stderr]    Compiling typeable v0.1.2
[INFO] [stderr]    Compiling fnv v1.0.7
[INFO] [stderr]    Compiling once_cell v1.8.0
[INFO] [stderr]    Compiling language-tags v0.2.2
[INFO] [stderr]    Compiling http v0.2.5
[INFO] [stderr]    Compiling mime_guess v2.0.3
[INFO] [stderr]    Compiling idna v0.1.5
[INFO] [stderr]    Compiling plugin v0.2.6
[INFO] [stderr]    Compiling rand_chacha v0.3.1
[INFO] [stderr]    Compiling aho-corasick v0.7.18
[INFO] [stderr]    Compiling tracing-core v0.1.21
[INFO] [stderr]    Compiling modifier v0.1.0
[INFO] [stderr]    Compiling pin-utils v0.1.0
[INFO] [stderr]    Compiling regex-syntax v0.6.25
[INFO] [stderr]    Compiling futures-channel v0.3.17
[INFO] [stderr]    Compiling futures-sink v0.3.17
[INFO] [stderr]    Compiling hashbrown v0.11.2
[INFO] [stderr]    Compiling phf_generator v0.7.24
[INFO] [stderr]    Compiling rand v0.8.4
[INFO] [stderr]    Compiling phf_codegen v0.7.24
[INFO] [stderr]    Compiling chrono v0.4.19
[INFO] [stderr]    Compiling chunked_transfer v0.3.1
[INFO] [stderr]    Compiling url v1.7.2
[INFO] [stderr]    Compiling mime_guess v1.8.8
[INFO] [stderr]    Compiling tracing v0.1.29
[INFO] [stderr]    Compiling slab v0.4.5
[INFO] [stderr]    Compiling percent-encoding v2.1.0
[INFO] [stderr]    Compiling ascii v0.8.7
[INFO] [stderr]    Compiling mime v0.3.16
[INFO] [stderr]    Compiling serde_derive v1.0.130
[INFO] [stderr]    Compiling remove_dir_all v0.5.3
[INFO] [stderr]    Compiling try-lock v0.2.3
[INFO] [stderr]    Compiling groupable v0.2.0
[INFO] [stderr]    Compiling want v0.3.0
[INFO] [stderr]    Compiling hyper v0.10.16
[INFO] [stderr]    Compiling tiny_http v0.6.4
[INFO] [stderr]    Compiling tempfile v3.2.0
[INFO] [stderr]    Compiling form_urlencoded v1.0.1
[INFO] [stderr]    Compiling idna v0.2.3
[INFO] [stderr]    Compiling socket2 v0.4.2
[INFO] [stderr]    Compiling buf_redux v0.8.4
[INFO] [stderr]    Compiling http-body v0.4.4
[INFO] [stderr]    Compiling twoway v0.1.8
[INFO] [stderr]    Compiling tower-service v0.3.1
[INFO] [stderr]    Compiling httpdate v1.0.1
[INFO] [stderr]    Compiling quick-error v1.2.3
[INFO] [stderr]    Compiling url v2.2.2
[INFO] [stderr]    Compiling urlencoding v2.1.0
[INFO] [stderr]    Compiling regex v1.5.4
[INFO] [stderr]    Compiling iron v0.6.1
[INFO] [stderr]    Compiling mustache v0.9.0
[INFO] [stderr]    Compiling tokio-macros v1.5.0
[INFO] [stderr]    Compiling nickel v0.11.0
[INFO] [stderr]    Compiling multipart v0.18.0
[INFO] [stderr]    Compiling tokio-util v0.6.8
[INFO] [stderr]    Compiling h2 v0.3.6
[INFO] [stderr]    Compiling hyper v0.14.13
[INFO] [stderr]    Compiling fast-web v0.1.2 (/opt/rustwide/workdir)
[INFO] [stdout] warning: unused variable: `path`
[INFO] [stdout]    --> src/router.rs:274:23
[INFO] [stdout]     |
[INFO] [stdout] 274 |     pub fn static_dir(path: &str, dir: &str) {}
[INFO] [stdout]     |                       ^^^^ help: if this is intentional, prefix it with an underscore: `_path`
[INFO] [stdout]     |
[INFO] [stdout]     = note: `#[warn(unused_variables)]` on by default
[INFO] [stdout] 
[INFO] [stdout] 
[INFO] [stdout] warning: unused variable: `dir`
[INFO] [stdout]    --> src/router.rs:274:35
[INFO] [stdout]     |
[INFO] [stdout] 274 |     pub fn static_dir(path: &str, dir: &str) {}
[INFO] [stdout]     |                                   ^^^ help: if this is intentional, prefix it with an underscore: `_dir`
[INFO] [stdout] 
[INFO] [stdout] 
[INFO] [stdout] warning: unused variable: `uri`
[INFO] [stdout]    --> src/router.rs:277:24
[INFO] [stdout]     |
[INFO] [stdout] 277 |     pub fn static_file(uri: &str, filepath: &str) {}
[INFO] [stdout]     |                        ^^^ help: if this is intentional, prefix it with an underscore: `_uri`
[INFO] [stdout] 
[INFO] [stdout] 
[INFO] [stdout] warning: unused variable: `filepath`
[INFO] [stdout]    --> src/router.rs:277:35
[INFO] [stdout]     |
[INFO] [stdout] 277 |     pub fn static_file(uri: &str, filepath: &str) {}
[INFO] [stdout]     |                                   ^^^^^^^^ help: if this is intentional, prefix it with an underscore: `_filepath`
[INFO] [stdout] 
[INFO] [stdout] 
[INFO] [stdout] warning: unused variable: `host`
[INFO] [stdout]    --> src/router.rs:452:20
[INFO] [stdout]     |
[INFO] [stdout] 452 |     pub fn run_tls(host: &str, pem: &str, key: &str) {}
[INFO] [stdout]     |                    ^^^^ help: if this is intentional, prefix it with an underscore: `_host`
[INFO] [stdout] 
[INFO] [stdout] 
[INFO] [stdout] warning: unused variable: `pem`
[INFO] [stdout]    --> src/router.rs:452:32
[INFO] [stdout]     |
[INFO] [stdout] 452 |     pub fn run_tls(host: &str, pem: &str, key: &str) {}
[INFO] [stdout]     |                                ^^^ help: if this is intentional, prefix it with an underscore: `_pem`
[INFO] [stdout] 
[INFO] [stdout] 
[INFO] [stdout] warning: unused variable: `key`
[INFO] [stdout]    --> src/router.rs:452:43
[INFO] [stdout]     |
[INFO] [stdout] 452 |     pub fn run_tls(host: &str, pem: &str, key: &str) {}
[INFO] [stdout]     |                                           ^^^ help: if this is intentional, prefix it with an underscore: `_key`
[INFO] [stdout] 
[INFO] [stdout] 
[INFO] [stdout] warning: 7 warnings emitted
[INFO] [stdout] 
[INFO] [stdout] 
[INFO] [stderr]     Finished dev [unoptimized + debuginfo] target(s) in 17.40s
[INFO] [stderr] warning: the following packages contain code that will be rejected by a future version of Rust: buf_redux v0.8.4, multipart v0.18.0, traitobject v0.1.0
[INFO] [stderr] note: to see what the problems were, use the option `--future-incompat-report`, or run `cargo report future-incompatibilities --id 1`
[INFO] running `Command { std: "docker" "inspect" "ecfdbfb5407636d6fcac6b6376e581194c6808c449316f30c0679deaf26be777", kill_on_drop: false }`
[INFO] running `Command { std: "docker" "rm" "-f" "ecfdbfb5407636d6fcac6b6376e581194c6808c449316f30c0679deaf26be777", kill_on_drop: false }`
[INFO] [stdout] ecfdbfb5407636d6fcac6b6376e581194c6808c449316f30c0679deaf26be777
[INFO] running `Command { std: "docker" "create" "-v" "/var/lib/crater-agent-workspace/builds/worker-3-tc1/target:/opt/rustwide/target:rw,Z" "-v" "/var/lib/crater-agent-workspace/builds/worker-3-tc1/source:/opt/rustwide/workdir:ro,Z" "-v" "/var/lib/crater-agent-workspace/cargo-home:/opt/rustwide/cargo-home:ro,Z" "-v" "/var/lib/crater-agent-workspace/rustup-home:/opt/rustwide/rustup-home:ro,Z" "-e" "SOURCE_DIR=/opt/rustwide/workdir" "-e" "CARGO_TARGET_DIR=/opt/rustwide/target" "-e" "CARGO_INCREMENTAL=0" "-e" "RUST_BACKTRACE=full" "-e" "RUSTFLAGS=--cap-lints=warn" "-e" "RUSTDOCFLAGS=--cap-lints=warn" "-e" "CARGO_HOME=/opt/rustwide/cargo-home" "-e" "RUSTUP_HOME=/opt/rustwide/rustup-home" "-w" "/opt/rustwide/workdir" "-m" "1610612736" "--user" "0:0" "--network" "none" "ghcr.io/rust-lang/crates-build-env/linux@sha256:2788e3201cd34a07e3172128adcd8b3090168a8e3bcc40d7c032b9dda1df7d1c" "/opt/rustwide/cargo-home/bin/cargo" "+1.75.0" "test" "--frozen" "--no-run" "--message-format=json", kill_on_drop: false }`
[INFO] [stdout] c29a4a097f6370535095c98a3c9e61706da413697b8810c892cb6086a453051b
[INFO] running `Command { std: "docker" "start" "-a" "c29a4a097f6370535095c98a3c9e61706da413697b8810c892cb6086a453051b", kill_on_drop: false }`
[INFO] [stderr]    Compiling atty v0.2.14
[INFO] [stderr]    Compiling termcolor v1.1.2
[INFO] [stderr]    Compiling humantime v2.1.0
[INFO] [stdout] warning: unused variable: `path`
[INFO] [stdout]    --> src/router.rs:274:23
[INFO] [stdout]     |
[INFO] [stdout] 274 |     pub fn static_dir(path: &str, dir: &str) {}
[INFO] [stdout]     |                       ^^^^ help: if this is intentional, prefix it with an underscore: `_path`
[INFO] [stdout]     |
[INFO] [stdout]     = note: `#[warn(unused_variables)]` on by default
[INFO] [stdout] 
[INFO] [stdout] 
[INFO] [stdout] warning: unused variable: `dir`
[INFO] [stdout]    --> src/router.rs:274:35
[INFO] [stdout]     |
[INFO] [stdout] 274 |     pub fn static_dir(path: &str, dir: &str) {}
[INFO] [stdout]     |                                   ^^^ help: if this is intentional, prefix it with an underscore: `_dir`
[INFO] [stdout] 
[INFO] [stdout] 
[INFO] [stdout] warning: unused variable: `uri`
[INFO] [stdout]    --> src/router.rs:277:24
[INFO] [stdout]     |
[INFO] [stdout] 277 |     pub fn static_file(uri: &str, filepath: &str) {}
[INFO] [stdout]     |                        ^^^ help: if this is intentional, prefix it with an underscore: `_uri`
[INFO] [stdout] 
[INFO] [stdout] 
[INFO] [stdout] warning: unused variable: `filepath`
[INFO] [stdout]    --> src/router.rs:277:35
[INFO] [stdout]     |
[INFO] [stdout] 277 |     pub fn static_file(uri: &str, filepath: &str) {}
[INFO] [stdout]     |                                   ^^^^^^^^ help: if this is intentional, prefix it with an underscore: `_filepath`
[INFO] [stdout] 
[INFO] [stdout] 
[INFO] [stdout] warning: unused variable: `host`
[INFO] [stdout]    --> src/router.rs:452:20
[INFO] [stdout]     |
[INFO] [stdout] 452 |     pub fn run_tls(host: &str, pem: &str, key: &str) {}
[INFO] [stdout]     |                    ^^^^ help: if this is intentional, prefix it with an underscore: `_host`
[INFO] [stdout] 
[INFO] [stdout] 
[INFO] [stdout] warning: unused variable: `pem`
[INFO] [stdout]    --> src/router.rs:452:32
[INFO] [stdout]     |
[INFO] [stdout] 452 |     pub fn run_tls(host: &str, pem: &str, key: &str) {}
[INFO] [stdout]     |                                ^^^ help: if this is intentional, prefix it with an underscore: `_pem`
[INFO] [stdout] 
[INFO] [stdout] 
[INFO] [stdout] warning: unused variable: `key`
[INFO] [stdout]    --> src/router.rs:452:43
[INFO] [stdout]     |
[INFO] [stdout] 452 |     pub fn run_tls(host: &str, pem: &str, key: &str) {}
[INFO] [stdout]     |                                           ^^^ help: if this is intentional, prefix it with an underscore: `_key`
[INFO] [stdout] 
[INFO] [stdout] 
[INFO] [stdout] warning: 7 warnings emitted
[INFO] [stdout] 
[INFO] [stdout] 
[INFO] [stderr]    Compiling env_logger v0.9.0
[INFO] [stderr]    Compiling fast-web v0.1.2 (/opt/rustwide/workdir)
[INFO] [stdout] warning: unused import: `std::str::FromStr`
[INFO] [stdout]     --> src/router.rs:1047:9
[INFO] [stdout]      |
[INFO] [stdout] 1047 |     use std::str::FromStr;
[INFO] [stdout]      |         ^^^^^^^^^^^^^^^^^
[INFO] [stdout]      |
[INFO] [stdout]      = note: `#[warn(unused_imports)]` on by default
[INFO] [stdout] 
[INFO] [stdout] 
[INFO] [stdout] warning: unused variable: `user`
[INFO] [stdout]   --> examples/hello.rs:69:13
[INFO] [stdout]    |
[INFO] [stdout] 69 |     let mut user = r.group(":user");
[INFO] [stdout]    |             ^^^^ help: if this is intentional, prefix it with an underscore: `_user`
[INFO] [stdout]    |
[INFO] [stdout]    = note: `#[warn(unused_variables)]` on by default
[INFO] [stdout] 
[INFO] [stdout] 
[INFO] [stdout] warning: variable does not need to be mutable
[INFO] [stdout]   --> examples/hello.rs:69:9
[INFO] [stdout]    |
[INFO] [stdout] 69 |     let mut user = r.group(":user");
[INFO] [stdout]    |         ----^^^^
[INFO] [stdout]    |         |
[INFO] [stdout]    |         help: remove this `mut`
[INFO] [stdout]    |
[INFO] [stdout]    = note: `#[warn(unused_mut)]` on by default
[INFO] [stdout] 
[INFO] [stdout] 
[INFO] [stdout] warning: unused variable: `path`
[INFO] [stdout]    --> src/router.rs:274:23
[INFO] [stdout]     |
[INFO] [stdout] 274 |     pub fn static_dir(path: &str, dir: &str) {}
[INFO] [stdout]     |                       ^^^^ help: if this is intentional, prefix it with an underscore: `_path`
[INFO] [stdout]     |
[INFO] [stdout]     = note: `#[warn(unused_variables)]` on by default
[INFO] [stdout] 
[INFO] [stdout] 
[INFO] [stdout] warning: unused variable: `dir`
[INFO] [stdout]    --> src/router.rs:274:35
[INFO] [stdout]     |
[INFO] [stdout] 274 |     pub fn static_dir(path: &str, dir: &str) {}
[INFO] [stdout]     |                                   ^^^ help: if this is intentional, prefix it with an underscore: `_dir`
[INFO] [stdout] 
[INFO] [stdout] 
[INFO] [stdout] warning: unused variable: `uri`
[INFO] [stdout]    --> src/router.rs:277:24
[INFO] [stdout]     |
[INFO] [stdout] 277 |     pub fn static_file(uri: &str, filepath: &str) {}
[INFO] [stdout]     |                        ^^^ help: if this is intentional, prefix it with an underscore: `_uri`
[INFO] [stdout] 
[INFO] [stdout] 
[INFO] [stdout] warning: unused variable: `filepath`
[INFO] [stdout]    --> src/router.rs:277:35
[INFO] [stdout]     |
[INFO] [stdout] 277 |     pub fn static_file(uri: &str, filepath: &str) {}
[INFO] [stdout]     |                                   ^^^^^^^^ help: if this is intentional, prefix it with an underscore: `_filepath`
[INFO] [stdout] 
[INFO] [stdout] 
[INFO] [stdout] warning: unused variable: `host`
[INFO] [stdout]    --> src/router.rs:452:20
[INFO] [stdout]     |
[INFO] [stdout] 452 |     pub fn run_tls(host: &str, pem: &str, key: &str) {}
[INFO] [stdout]     |                    ^^^^ help: if this is intentional, prefix it with an underscore: `_host`
[INFO] [stdout] 
[INFO] [stdout] 
[INFO] [stdout] warning: unused variable: `pem`
[INFO] [stdout]    --> src/router.rs:452:32
[INFO] [stdout]     |
[INFO] [stdout] 452 |     pub fn run_tls(host: &str, pem: &str, key: &str) {}
[INFO] [stdout]     |                                ^^^ help: if this is intentional, prefix it with an underscore: `_pem`
[INFO] [stdout] 
[INFO] [stdout] 
[INFO] [stdout] warning: unused variable: `key`
[INFO] [stdout]    --> src/router.rs:452:43
[INFO] [stdout]     |
[INFO] [stdout] 452 |     pub fn run_tls(host: &str, pem: &str, key: &str) {}
[INFO] [stdout]     |                                           ^^^ help: if this is intentional, prefix it with an underscore: `_key`
[INFO] [stdout] 
[INFO] [stdout] 
[INFO] [stdout] warning: unused variable: `t`
[INFO] [stdout]     --> src/router.rs:1112:21
[INFO] [stdout]      |
[INFO] [stdout] 1112 |                 let t = &s;
[INFO] [stdout]      |                     ^ help: if this is intentional, prefix it with an underscore: `_t`
[INFO] [stdout] 
[INFO] [stdout] 
[INFO] [stdout] warning: unused variable: `c`
[INFO] [stdout]     --> src/router.rs:1111:54
[INFO] [stdout]      |
[INFO] [stdout] 1111 |             g.add(Method::GET, "/admin/login", move |c| {
[INFO] [stdout]      |                                                      ^ help: if this is intentional, prefix it with an underscore: `_c`
[INFO] [stdout] 
[INFO] [stdout] 
[INFO] [stdout] warning: unused variable: `c`
[INFO] [stdout]     --> src/router.rs:1114:53
[INFO] [stdout]      |
[INFO] [stdout] 1114 |             g.add(Method::DELETE, "/admin/login1", |c| {});
[INFO] [stdout]      |                                                     ^ help: if this is intentional, prefix it with an underscore: `_c`
[INFO] [stdout] 
[INFO] [stdout] 
[INFO] [stdout] warning: unused variable: `c`
[INFO] [stdout]     --> src/router.rs:1118:58
[INFO] [stdout]      |
[INFO] [stdout] 1118 |                 g1.add(Method::OPTIONS, "/admin/login", |c| {});
[INFO] [stdout]      |                                                          ^ help: if this is intentional, prefix it with an underscore: `_c`
[INFO] [stdout] 
[INFO] [stdout] 
[INFO] [stdout] warning: unused variable: `c`
[INFO] [stdout]     --> src/router.rs:1119:55
[INFO] [stdout]      |
[INFO] [stdout] 1119 |                 g1.add(Method::ANY, "/admin/login1", |c| {});
[INFO] [stdout]      |                                                       ^ help: if this is intentional, prefix it with an underscore: `_c`
[INFO] [stdout] 
[INFO] [stdout] 
[INFO] [stdout] warning: unused variable: `v`
[INFO] [stdout]     --> src/router.rs:1217:17
[INFO] [stdout]      |
[INFO] [stdout] 1217 |             let v = &s;
[INFO] [stdout]      |                 ^ help: if this is intentional, prefix it with an underscore: `_v`
[INFO] [stdout] 
[INFO] [stdout] 
[INFO] [stdout] warning: 14 warnings emitted
[INFO] [stdout] 
[INFO] [stdout] 
[INFO] [stdout] warning: 2 warnings emitted
[INFO] [stdout] 
[INFO] [stdout] 
[INFO] [stderr]     Finished test [unoptimized + debuginfo] target(s) in 3.41s
[INFO] [stderr] warning: the following packages contain code that will be rejected by a future version of Rust: buf_redux v0.8.4, multipart v0.18.0, traitobject v0.1.0
[INFO] [stderr] note: to see what the problems were, use the option `--future-incompat-report`, or run `cargo report future-incompatibilities --id 1`
[INFO] running `Command { std: "docker" "inspect" "c29a4a097f6370535095c98a3c9e61706da413697b8810c892cb6086a453051b", kill_on_drop: false }`
[INFO] running `Command { std: "docker" "rm" "-f" "c29a4a097f6370535095c98a3c9e61706da413697b8810c892cb6086a453051b", kill_on_drop: false }`
[INFO] [stdout] c29a4a097f6370535095c98a3c9e61706da413697b8810c892cb6086a453051b
[INFO] running `Command { std: "docker" "create" "-v" "/var/lib/crater-agent-workspace/builds/worker-3-tc1/target:/opt/rustwide/target:rw,Z" "-v" "/var/lib/crater-agent-workspace/builds/worker-3-tc1/source:/opt/rustwide/workdir:ro,Z" "-v" "/var/lib/crater-agent-workspace/cargo-home:/opt/rustwide/cargo-home:ro,Z" "-v" "/var/lib/crater-agent-workspace/rustup-home:/opt/rustwide/rustup-home:ro,Z" "-e" "SOURCE_DIR=/opt/rustwide/workdir" "-e" "CARGO_TARGET_DIR=/opt/rustwide/target" "-e" "CARGO_INCREMENTAL=0" "-e" "RUST_BACKTRACE=full" "-e" "RUSTFLAGS=--cap-lints=warn" "-e" "RUSTDOCFLAGS=--cap-lints=warn" "-e" "CARGO_HOME=/opt/rustwide/cargo-home" "-e" "RUSTUP_HOME=/opt/rustwide/rustup-home" "-w" "/opt/rustwide/workdir" "-m" "1610612736" "--user" "0:0" "--network" "none" "ghcr.io/rust-lang/crates-build-env/linux@sha256:2788e3201cd34a07e3172128adcd8b3090168a8e3bcc40d7c032b9dda1df7d1c" "/opt/rustwide/cargo-home/bin/cargo" "+1.75.0" "test" "--frozen", kill_on_drop: false }`
[INFO] [stdout] ab8291570ada3697ca3e7dc735344f2814f0a1894b4ae0113964d8ecdd0250f8
[INFO] running `Command { std: "docker" "start" "-a" "ab8291570ada3697ca3e7dc735344f2814f0a1894b4ae0113964d8ecdd0250f8", kill_on_drop: false }`
[INFO] [stderr] warning: unused variable: `path`
[INFO] [stderr]    --> src/router.rs:274:23
[INFO] [stderr]     |
[INFO] [stderr] 274 |     pub fn static_dir(path: &str, dir: &str) {}
[INFO] [stderr]     |                       ^^^^ help: if this is intentional, prefix it with an underscore: `_path`
[INFO] [stderr]     |
[INFO] [stderr]     = note: `#[warn(unused_variables)]` on by default
[INFO] [stderr] 
[INFO] [stderr] warning: unused variable: `dir`
[INFO] [stderr]    --> src/router.rs:274:35
[INFO] [stderr]     |
[INFO] [stderr] 274 |     pub fn static_dir(path: &str, dir: &str) {}
[INFO] [stderr]     |                                   ^^^ help: if this is intentional, prefix it with an underscore: `_dir`
[INFO] [stderr] 
[INFO] [stderr] warning: unused variable: `uri`
[INFO] [stderr]    --> src/router.rs:277:24
[INFO] [stderr]     |
[INFO] [stderr] 277 |     pub fn static_file(uri: &str, filepath: &str) {}
[INFO] [stderr]     |                        ^^^ help: if this is intentional, prefix it with an underscore: `_uri`
[INFO] [stderr] 
[INFO] [stderr] warning: unused variable: `filepath`
[INFO] [stderr]    --> src/router.rs:277:35
[INFO] [stderr]     |
[INFO] [stderr] 277 |     pub fn static_file(uri: &str, filepath: &str) {}
[INFO] [stderr]     |                                   ^^^^^^^^ help: if this is intentional, prefix it with an underscore: `_filepath`
[INFO] [stderr] 
[INFO] [stderr] warning: unused variable: `host`
[INFO] [stderr]    --> src/router.rs:452:20
[INFO] [stderr]     |
[INFO] [stderr] 452 |     pub fn run_tls(host: &str, pem: &str, key: &str) {}
[INFO] [stderr]     |                    ^^^^ help: if this is intentional, prefix it with an underscore: `_host`
[INFO] [stderr] 
[INFO] [stderr] warning: unused variable: `pem`
[INFO] [stderr]    --> src/router.rs:452:32
[INFO] [stderr]     |
[INFO] [stderr] 452 |     pub fn run_tls(host: &str, pem: &str, key: &str) {}
[INFO] [stderr]     |                                ^^^ help: if this is intentional, prefix it with an underscore: `_pem`
[INFO] [stderr] 
[INFO] [stderr] warning: unused variable: `key`
[INFO] [stderr]    --> src/router.rs:452:43
[INFO] [stderr]     |
[INFO] [stderr] 452 |     pub fn run_tls(host: &str, pem: &str, key: &str) {}
[INFO] [stderr]     |                                           ^^^ help: if this is intentional, prefix it with an underscore: `_key`
[INFO] [stderr] 
[INFO] [stderr] warning: unused import: `std::str::FromStr`
[INFO] [stderr]     --> src/router.rs:1047:9
[INFO] [stderr]      |
[INFO] [stderr] 1047 |     use std::str::FromStr;
[INFO] [stderr]      |         ^^^^^^^^^^^^^^^^^
[INFO] [stderr]      |
[INFO] [stderr]      = note: `#[warn(unused_imports)]` on by default
[INFO] [stderr] 
[INFO] [stderr] warning: unused variable: `t`
[INFO] [stderr]     --> src/router.rs:1112:21
[INFO] [stderr]      |
[INFO] [stderr] 1112 |                 let t = &s;
[INFO] [stderr]      |                     ^ help: if this is intentional, prefix it with an underscore: `_t`
[INFO] [stderr] 
[INFO] [stderr] warning: unused variable: `c`
[INFO] [stderr]     --> src/router.rs:1111:54
[INFO] [stderr]      |
[INFO] [stderr] 1111 |             g.add(Method::GET, "/admin/login", move |c| {
[INFO] [stderr]      |                                                      ^ help: if this is intentional, prefix it with an underscore: `_c`
[INFO] [stderr] 
[INFO] [stderr] warning: unused variable: `c`
[INFO] [stderr]     --> src/router.rs:1114:53
[INFO] [stderr]      |
[INFO] [stderr] 1114 |             g.add(Method::DELETE, "/admin/login1", |c| {});
[INFO] [stderr]      |                                                     ^ help: if this is intentional, prefix it with an underscore: `_c`
[INFO] [stderr] 
[INFO] [stderr] warning: unused variable: `c`
[INFO] [stderr]     --> src/router.rs:1118:58
[INFO] [stderr]      |
[INFO] [stderr] 1118 |                 g1.add(Method::OPTIONS, "/admin/login", |c| {});
[INFO] [stderr]      |                                                          ^ help: if this is intentional, prefix it with an underscore: `_c`
[INFO] [stderr] 
[INFO] [stderr] warning: unused variable: `c`
[INFO] [stderr]     --> src/router.rs:1119:55
[INFO] [stderr]      |
[INFO] [stderr] 1119 |                 g1.add(Method::ANY, "/admin/login1", |c| {});
[INFO] [stderr]      |                                                       ^ help: if this is intentional, prefix it with an underscore: `_c`
[INFO] [stderr] 
[INFO] [stderr] warning: unused variable: `v`
[INFO] [stderr]     --> src/router.rs:1217:17
[INFO] [stderr]      |
[INFO] [stderr] 1217 |             let v = &s;
[INFO] [stderr]      |                 ^ help: if this is intentional, prefix it with an underscore: `_v`
[INFO] [stderr] 
[INFO] [stderr] warning: `fast-web` (lib) generated 7 warnings (run `cargo fix --lib -p fast-web` to apply 7 suggestions)
[INFO] [stderr] warning: `fast-web` (lib test) generated 14 warnings (7 duplicates) (run `cargo fix --lib -p fast-web --tests` to apply 7 suggestions)
[INFO] [stderr] warning: unused variable: `user`
[INFO] [stderr]   --> examples/hello.rs:69:13
[INFO] [stderr]    |
[INFO] [stderr] 69 |     let mut user = r.group(":user");
[INFO] [stderr]    |             ^^^^ help: if this is intentional, prefix it with an underscore: `_user`
[INFO] [stderr]    |
[INFO] [stderr]    = note: `#[warn(unused_variables)]` on by default
[INFO] [stderr] 
[INFO] [stderr] warning: variable does not need to be mutable
[INFO] [stderr]   --> examples/hello.rs:69:9
[INFO] [stderr]    |
[INFO] [stderr] 69 |     let mut user = r.group(":user");
[INFO] [stderr]    |         ----^^^^
[INFO] [stderr]    |         |
[INFO] [stderr]    |         help: remove this `mut`
[INFO] [stderr]    |
[INFO] [stderr]    = note: `#[warn(unused_mut)]` on by default
[INFO] [stderr] 
[INFO] [stderr] warning: `fast-web` (example "hello") generated 2 warnings (run `cargo fix --example "hello"` to apply 2 suggestions)
[INFO] [stderr]     Finished test [unoptimized + debuginfo] target(s) in 0.12s
[INFO] [stderr] warning: the following packages contain code that will be rejected by a future version of Rust: buf_redux v0.8.4, multipart v0.18.0, traitobject v0.1.0
[INFO] [stderr] note: to see what the problems were, use the option `--future-incompat-report`, or run `cargo report future-incompatibilities --id 1`
[INFO] [stderr]      Running unittests src/lib.rs (/opt/rustwide/target/debug/deps/fast_web-06b1c66729f57b44)
[INFO] [stdout] 
[INFO] [stdout] running 9 tests
[INFO] [stdout] test router::tests::test_router1 ... ok
[INFO] [stdout] test router::tests::test_fnonce ... ok
[INFO] [stdout] test router::tests::test_filters ... ok
[INFO] [stdout] test router::tests::test_path_param_to_regex ... ok
[INFO] [stdout] test router::tests::test_concat ... ok
[INFO] [stdout] test router::tests::test_path2regex ... ok
[INFO] [stdout] test router::tests::test_router ... ok
[INFO] [stdout] test router::tests::test_regex ... ok
[INFO] [stdout] test router::tests::test_router_match ... ok
[INFO] [stdout] 
[INFO] [stdout] test result: ok. 9 passed; 0 failed; 0 ignored; 0 measured; 0 filtered out; finished in 0.05s
[INFO] [stdout] 
[INFO] [stderr]    Doc-tests fast-web
[INFO] [stdout] 
[INFO] [stdout] running 4 tests
[INFO] [stdout] test src/router.rs - router::Router::run (line 404) ... FAILED
[INFO] [stdout] test src/router.rs - router::Context::json (line 236) ... FAILED
[INFO] [stdout] test src/router.rs - router::Context::json (line 231) ... FAILED
[INFO] [stdout] test src/lib.rs - (line 8) has been running for over 60 seconds
[ERROR] error running command: no output for 300 seconds
[INFO] running `Command { std: "docker" "inspect" "ab8291570ada3697ca3e7dc735344f2814f0a1894b4ae0113964d8ecdd0250f8", kill_on_drop: false }`
[INFO] running `Command { std: "docker" "rm" "-f" "ab8291570ada3697ca3e7dc735344f2814f0a1894b4ae0113964d8ecdd0250f8", kill_on_drop: false }`
[INFO] [stdout] ab8291570ada3697ca3e7dc735344f2814f0a1894b4ae0113964d8ecdd0250f8
[INFO] testing fast-web-0.1.2 against beta-2023-12-22 for beta-1.76-1
[INFO] extracting crate fast-web 0.1.2 into /workspace/builds/worker-3-tc2/source
[INFO] validating manifest of crates.io crate fast-web 0.1.2 on toolchain beta-2023-12-22
[INFO] running `Command { std: CARGO_HOME="/workspace/cargo-home" RUSTUP_HOME="/workspace/rustup-home" "/workspace/cargo-home/bin/cargo" "+beta-2023-12-22" "metadata" "--manifest-path" "Cargo.toml" "--no-deps", kill_on_drop: false }`
[INFO] started tweaking crates.io crate fast-web 0.1.2
[INFO] removed 0 missing examples
[INFO] finished tweaking crates.io crate fast-web 0.1.2
[INFO] tweaked toml for crates.io crate fast-web 0.1.2 written to /workspace/builds/worker-3-tc2/source/Cargo.toml
[INFO] crate crates.io crate fast-web 0.1.2 already has a lockfile, it will not be regenerated
[INFO] running `Command { std: CARGO_HOME="/workspace/cargo-home" RUSTUP_HOME="/workspace/rustup-home" "/workspace/cargo-home/bin/cargo" "+beta-2023-12-22" "fetch" "--manifest-path" "Cargo.toml", kill_on_drop: false }`
[INFO] running `Command { std: "docker" "create" "-v" "/var/lib/crater-agent-workspace/builds/worker-3-tc2/target:/opt/rustwide/target:rw,Z" "-v" "/var/lib/crater-agent-workspace/builds/worker-3-tc2/source:/opt/rustwide/workdir:ro,Z" "-v" "/var/lib/crater-agent-workspace/cargo-home:/opt/rustwide/cargo-home:ro,Z" "-v" "/var/lib/crater-agent-workspace/rustup-home:/opt/rustwide/rustup-home:ro,Z" "-e" "SOURCE_DIR=/opt/rustwide/workdir" "-e" "CARGO_TARGET_DIR=/opt/rustwide/target" "-e" "CARGO_HOME=/opt/rustwide/cargo-home" "-e" "RUSTUP_HOME=/opt/rustwide/rustup-home" "-w" "/opt/rustwide/workdir" "-m" "1610612736" "--user" "0:0" "--network" "none" "ghcr.io/rust-lang/crates-build-env/linux@sha256:2788e3201cd34a07e3172128adcd8b3090168a8e3bcc40d7c032b9dda1df7d1c" "/opt/rustwide/cargo-home/bin/cargo" "+beta-2023-12-22" "metadata" "--no-deps" "--format-version=1", kill_on_drop: false }`
[INFO] [stdout] ebaf5497e02f09b902d45e2f20dd683298b95010163aa5a19aa6969ee00cc942
[INFO] running `Command { std: "docker" "start" "-a" "ebaf5497e02f09b902d45e2f20dd683298b95010163aa5a19aa6969ee00cc942", kill_on_drop: false }`
[INFO] running `Command { std: "docker" "inspect" "ebaf5497e02f09b902d45e2f20dd683298b95010163aa5a19aa6969ee00cc942", kill_on_drop: false }`
[INFO] running `Command { std: "docker" "rm" "-f" "ebaf5497e02f09b902d45e2f20dd683298b95010163aa5a19aa6969ee00cc942", kill_on_drop: false }`
[INFO] [stdout] ebaf5497e02f09b902d45e2f20dd683298b95010163aa5a19aa6969ee00cc942
[INFO] running `Command { std: "docker" "create" "-v" "/var/lib/crater-agent-workspace/builds/worker-3-tc2/target:/opt/rustwide/target:rw,Z" "-v" "/var/lib/crater-agent-workspace/builds/worker-3-tc2/source:/opt/rustwide/workdir:ro,Z" "-v" "/var/lib/crater-agent-workspace/cargo-home:/opt/rustwide/cargo-home:ro,Z" "-v" "/var/lib/crater-agent-workspace/rustup-home:/opt/rustwide/rustup-home:ro,Z" "-e" "SOURCE_DIR=/opt/rustwide/workdir" "-e" "CARGO_TARGET_DIR=/opt/rustwide/target" "-e" "CARGO_INCREMENTAL=0" "-e" "RUST_BACKTRACE=full" "-e" "RUSTFLAGS=--cap-lints=warn" "-e" "RUSTDOCFLAGS=--cap-lints=warn" "-e" "CARGO_HOME=/opt/rustwide/cargo-home" "-e" "RUSTUP_HOME=/opt/rustwide/rustup-home" "-w" "/opt/rustwide/workdir" "-m" "1610612736" "--user" "0:0" "--network" "none" "ghcr.io/rust-lang/crates-build-env/linux@sha256:2788e3201cd34a07e3172128adcd8b3090168a8e3bcc40d7c032b9dda1df7d1c" "/opt/rustwide/cargo-home/bin/cargo" "+beta-2023-12-22" "build" "--frozen" "--message-format=json", kill_on_drop: false }`
[INFO] [stdout] 67680d7dccea8875f4b0f975b7df828db6c6c1bb3997892f02ca9e2a2ae4fb44
[INFO] running `Command { std: "docker" "start" "-a" "67680d7dccea8875f4b0f975b7df828db6c6c1bb3997892f02ca9e2a2ae4fb44", kill_on_drop: false }`
[INFO] [stderr]    Compiling libc v0.2.104
[INFO] [stderr]    Compiling autocfg v1.0.1
[INFO] [stderr]    Compiling log v0.4.14
[INFO] [stderr]    Compiling autocfg v0.1.7
[INFO] [stderr]    Compiling rand_core v0.4.2
[INFO] [stderr]    Compiling version_check v0.1.5
[INFO] [stderr]    Compiling memchr v2.4.1
[INFO] [stderr]    Compiling tinyvec_macros v0.1.0
[INFO] [stderr]    Compiling matches v0.1.9
[INFO] [stderr]    Compiling proc-macro2 v1.0.30
[INFO] [stderr]    Compiling unicode-xid v0.2.2
[INFO] [stderr]    Compiling siphasher v0.2.3
[INFO] [stderr]    Compiling unicode-bidi v0.3.7
[INFO] [stderr]    Compiling syn v1.0.80
[INFO] [stderr]    Compiling version_check v0.9.3
[INFO] [stderr]    Compiling futures-core v0.3.17
[INFO] [stderr]    Compiling tinyvec v1.5.0
[INFO] [stderr]    Compiling httparse v1.5.1
[INFO] [stderr]    Compiling parking_lot_core v0.8.5
[INFO] [stderr]    Compiling traitobject v0.1.0
[INFO] [stderr]    Compiling rand_core v0.3.1
[INFO] [stderr]    Compiling rand_jitter v0.1.4
[INFO] [stderr]    Compiling unicase v1.4.2
[INFO] [stderr]    Compiling rand_hc v0.1.0
[INFO] [stderr]    Compiling rand_xorshift v0.1.1
[INFO] [stderr]    Compiling rand_chacha v0.1.1
[INFO] [stderr]    Compiling rand_pcg v0.1.2
[INFO] [stderr]    Compiling rand v0.6.5
[INFO] [stderr]    Compiling rand_isaac v0.1.1
[INFO] [stderr]    Compiling itoa v0.4.8
[INFO] [stderr]    Compiling pin-project-lite v0.2.7
[INFO] [stderr]    Compiling unicase v2.6.0
[INFO] [stderr]    Compiling num-traits v0.2.14
[INFO] [stderr]    Compiling log v0.3.9
[INFO] [stderr]    Compiling instant v0.1.12
[INFO] [stderr]    Compiling percent-encoding v1.0.1
[INFO] [stderr]    Compiling bytes v1.1.0
[INFO] [stderr]    Compiling smallvec v1.7.0
[INFO] [stderr]    Compiling serde v1.0.130
[INFO] [stderr]    Compiling safemem v0.3.3
[INFO] [stderr]    Compiling phf_shared v0.7.24
[INFO] [stderr]    Compiling lazy_static v1.4.0
[INFO] [stderr]    Compiling scopeguard v1.1.0
[INFO] [stderr]    Compiling lock_api v0.4.5
[INFO] [stderr]    Compiling phf v0.7.24
[INFO] [stderr]    Compiling mime v0.2.6
[INFO] [stderr]    Compiling num-integer v0.1.44
[INFO] [stderr]    Compiling tokio v1.12.0
[INFO] [stderr]    Compiling unsafe-any v0.4.2
[INFO] [stderr]    Compiling ryu v1.0.5
[INFO] [stderr]    Compiling futures-task v0.3.17
[INFO] [stderr]    Compiling byteorder v1.4.3
[INFO] [stderr]    Compiling rand_os v0.1.3
[INFO] [stderr]    Compiling num_cpus v1.13.0
[INFO] [stderr]    Compiling time v0.1.43
[INFO] [stderr]    Compiling getrandom v0.2.3
[INFO] [stderr]    Compiling quote v1.0.10
[INFO] [stderr]    Compiling rand_core v0.6.3
[INFO] [stderr]    Compiling typemap v0.3.3
[INFO] [stderr]    Compiling base64 v0.9.3
[INFO] [stderr]    Compiling signal-hook-registry v1.4.0
[INFO] [stderr]    Compiling mio v0.7.14
[INFO] [stderr]    Compiling parking_lot v0.11.2
[INFO] [stderr]    Compiling indexmap v1.7.0
[INFO] [stderr]    Compiling futures-util v0.3.17
[INFO] [stderr]    Compiling unicode-normalization v0.1.19
[INFO] [stderr]    Compiling once_cell v1.8.0
[INFO] [stderr]    Compiling serde_json v1.0.68
[INFO] [stderr]    Compiling language-tags v0.2.2
[INFO] [stderr]    Compiling ppv-lite86 v0.2.14
[INFO] [stderr]    Compiling fnv v1.0.7
[INFO] [stderr]    Compiling typeable v0.1.2
[INFO] [stderr]    Compiling http v0.2.5
[INFO] [stderr]    Compiling mime_guess v2.0.3
[INFO] [stderr]    Compiling plugin v0.2.6
[INFO] [stderr]    Compiling aho-corasick v0.7.18
[INFO] [stderr]    Compiling phf_generator v0.7.24
[INFO] [stderr]    Compiling tracing-core v0.1.21
[INFO] [stderr]    Compiling phf_codegen v0.7.24
[INFO] [stderr]    Compiling rand_chacha v0.3.1
[INFO] [stderr]    Compiling hashbrown v0.11.2
[INFO] [stderr]    Compiling regex-syntax v0.6.25
[INFO] [stderr]    Compiling futures-channel v0.3.17
[INFO] [stderr]    Compiling pin-utils v0.1.0
[INFO] [stderr]    Compiling mime_guess v1.8.8
[INFO] [stderr]    Compiling modifier v0.1.0
[INFO] [stderr]    Compiling futures-sink v0.3.17
[INFO] [stderr]    Compiling rand v0.8.4
[INFO] [stderr]    Compiling chrono v0.4.19
[INFO] [stderr]    Compiling idna v0.1.5
[INFO] [stderr]    Compiling tracing v0.1.29
[INFO] [stderr]    Compiling ascii v0.8.7
[INFO] [stderr]    Compiling slab v0.4.5
[INFO] [stderr]    Compiling groupable v0.2.0
[INFO] [stderr]    Compiling percent-encoding v2.1.0
[INFO] [stderr]    Compiling remove_dir_all v0.5.3
[INFO] [stderr]    Compiling mime v0.3.16
[INFO] [stderr]    Compiling chunked_transfer v0.3.1
[INFO] [stderr]    Compiling serde_derive v1.0.130
[INFO] [stderr]    Compiling try-lock v0.2.3
[INFO] [stderr]    Compiling url v1.7.2
[INFO] [stderr]    Compiling tempfile v3.2.0
[INFO] [stderr]    Compiling want v0.3.0
[INFO] [stderr]    Compiling form_urlencoded v1.0.1
[INFO] [stderr]    Compiling idna v0.2.3
[INFO] [stderr]    Compiling buf_redux v0.8.4
[INFO] [stderr]    Compiling twoway v0.1.8
[INFO] [stderr]    Compiling socket2 v0.4.2
[INFO] [stderr]    Compiling quick-error v1.2.3
[INFO] [stderr]    Compiling tower-service v0.3.1
[INFO] [stderr]    Compiling httpdate v1.0.1
[INFO] [stderr]    Compiling urlencoding v2.1.0
[INFO] [stderr]    Compiling hyper v0.10.16
[INFO] [stderr]    Compiling tiny_http v0.6.4
[INFO] [stderr]    Compiling http-body v0.4.4
[INFO] [stderr]    Compiling url v2.2.2
[INFO] [stderr]    Compiling regex v1.5.4
[INFO] [stderr]    Compiling mustache v0.9.0
[INFO] [stderr]    Compiling tokio-macros v1.5.0
[INFO] [stderr]    Compiling iron v0.6.1
[INFO] [stderr]    Compiling nickel v0.11.0
[INFO] [stderr]    Compiling multipart v0.18.0
[INFO] [stderr]    Compiling tokio-util v0.6.8
[INFO] [stderr]    Compiling h2 v0.3.6
[INFO] [stderr]    Compiling hyper v0.14.13
[INFO] [stderr]    Compiling fast-web v0.1.2 (/opt/rustwide/workdir)
[INFO] [stdout] warning: unused variable: `path`
[INFO] [stdout]    --> src/router.rs:274:23
[INFO] [stdout]     |
[INFO] [stdout] 274 |     pub fn static_dir(path: &str, dir: &str) {}
[INFO] [stdout]     |                       ^^^^ help: if this is intentional, prefix it with an underscore: `_path`
[INFO] [stdout]     |
[INFO] [stdout]     = note: `#[warn(unused_variables)]` on by default
[INFO] [stdout] 
[INFO] [stdout] 
[INFO] [stdout] warning: unused variable: `dir`
[INFO] [stdout]    --> src/router.rs:274:35
[INFO] [stdout]     |
[INFO] [stdout] 274 |     pub fn static_dir(path: &str, dir: &str) {}
[INFO] [stdout]     |                                   ^^^ help: if this is intentional, prefix it with an underscore: `_dir`
[INFO] [stdout] 
[INFO] [stdout] 
[INFO] [stdout] warning: unused variable: `uri`
[INFO] [stdout]    --> src/router.rs:277:24
[INFO] [stdout]     |
[INFO] [stdout] 277 |     pub fn static_file(uri: &str, filepath: &str) {}
[INFO] [stdout]     |                        ^^^ help: if this is intentional, prefix it with an underscore: `_uri`
[INFO] [stdout] 
[INFO] [stdout] 
[INFO] [stdout] warning: unused variable: `filepath`
[INFO] [stdout]    --> src/router.rs:277:35
[INFO] [stdout]     |
[INFO] [stdout] 277 |     pub fn static_file(uri: &str, filepath: &str) {}
[INFO] [stdout]     |                                   ^^^^^^^^ help: if this is intentional, prefix it with an underscore: `_filepath`
[INFO] [stdout] 
[INFO] [stdout] 
[INFO] [stdout] warning: unused variable: `host`
[INFO] [stdout]    --> src/router.rs:452:20
[INFO] [stdout]     |
[INFO] [stdout] 452 |     pub fn run_tls(host: &str, pem: &str, key: &str) {}
[INFO] [stdout]     |                    ^^^^ help: if this is intentional, prefix it with an underscore: `_host`
[INFO] [stdout] 
[INFO] [stdout] 
[INFO] [stdout] warning: unused variable: `pem`
[INFO] [stdout]    --> src/router.rs:452:32
[INFO] [stdout]     |
[INFO] [stdout] 452 |     pub fn run_tls(host: &str, pem: &str, key: &str) {}
[INFO] [stdout]     |                                ^^^ help: if this is intentional, prefix it with an underscore: `_pem`
[INFO] [stdout] 
[INFO] [stdout] 
[INFO] [stdout] warning: unused variable: `key`
[INFO] [stdout]    --> src/router.rs:452:43
[INFO] [stdout]     |
[INFO] [stdout] 452 |     pub fn run_tls(host: &str, pem: &str, key: &str) {}
[INFO] [stdout]     |                                           ^^^ help: if this is intentional, prefix it with an underscore: `_key`
[INFO] [stdout] 
[INFO] [stdout] 
[INFO] [stdout] warning: 7 warnings emitted
[INFO] [stdout] 
[INFO] [stdout] 
[INFO] [stderr]     Finished dev [unoptimized + debuginfo] target(s) in 20.82s
[INFO] [stderr] warning: the following packages contain code that will be rejected by a future version of Rust: buf_redux v0.8.4, multipart v0.18.0, traitobject v0.1.0
[INFO] [stderr] note: to see what the problems were, use the option `--future-incompat-report`, or run `cargo report future-incompatibilities --id 1`
[INFO] running `Command { std: "docker" "inspect" "67680d7dccea8875f4b0f975b7df828db6c6c1bb3997892f02ca9e2a2ae4fb44", kill_on_drop: false }`
[INFO] running `Command { std: "docker" "rm" "-f" "67680d7dccea8875f4b0f975b7df828db6c6c1bb3997892f02ca9e2a2ae4fb44", kill_on_drop: false }`
[INFO] [stdout] 67680d7dccea8875f4b0f975b7df828db6c6c1bb3997892f02ca9e2a2ae4fb44
[INFO] running `Command { std: "docker" "create" "-v" "/var/lib/crater-agent-workspace/builds/worker-3-tc2/target:/opt/rustwide/target:rw,Z" "-v" "/var/lib/crater-agent-workspace/builds/worker-3-tc2/source:/opt/rustwide/workdir:ro,Z" "-v" "/var/lib/crater-agent-workspace/cargo-home:/opt/rustwide/cargo-home:ro,Z" "-v" "/var/lib/crater-agent-workspace/rustup-home:/opt/rustwide/rustup-home:ro,Z" "-e" "SOURCE_DIR=/opt/rustwide/workdir" "-e" "CARGO_TARGET_DIR=/opt/rustwide/target" "-e" "CARGO_INCREMENTAL=0" "-e" "RUST_BACKTRACE=full" "-e" "RUSTFLAGS=--cap-lints=warn" "-e" "RUSTDOCFLAGS=--cap-lints=warn" "-e" "CARGO_HOME=/opt/rustwide/cargo-home" "-e" "RUSTUP_HOME=/opt/rustwide/rustup-home" "-w" "/opt/rustwide/workdir" "-m" "1610612736" "--user" "0:0" "--network" "none" "ghcr.io/rust-lang/crates-build-env/linux@sha256:2788e3201cd34a07e3172128adcd8b3090168a8e3bcc40d7c032b9dda1df7d1c" "/opt/rustwide/cargo-home/bin/cargo" "+beta-2023-12-22" "test" "--frozen" "--no-run" "--message-format=json", kill_on_drop: false }`
[INFO] [stdout] ec4da7fc6b8b55d562bf93651c949f28ffeffa8cc0c6b4d33767c7cc30adb0fd
[INFO] running `Command { std: "docker" "start" "-a" "ec4da7fc6b8b55d562bf93651c949f28ffeffa8cc0c6b4d33767c7cc30adb0fd", kill_on_drop: false }`
[INFO] [stderr]    Compiling atty v0.2.14
[INFO] [stderr]    Compiling termcolor v1.1.2
[INFO] [stderr]    Compiling humantime v2.1.0
[INFO] [stdout] warning: unused variable: `path`
[INFO] [stdout]    --> src/router.rs:274:23
[INFO] [stdout]     |
[INFO] [stdout] 274 |     pub fn static_dir(path: &str, dir: &str) {}
[INFO] [stdout]     |                       ^^^^ help: if this is intentional, prefix it with an underscore: `_path`
[INFO] [stdout]     |
[INFO] [stdout]     = note: `#[warn(unused_variables)]` on by default
[INFO] [stdout] 
[INFO] [stdout] 
[INFO] [stdout] warning: unused variable: `dir`
[INFO] [stdout]    --> src/router.rs:274:35
[INFO] [stdout]     |
[INFO] [stdout] 274 |     pub fn static_dir(path: &str, dir: &str) {}
[INFO] [stdout]     |                                   ^^^ help: if this is intentional, prefix it with an underscore: `_dir`
[INFO] [stdout] 
[INFO] [stdout] 
[INFO] [stdout] warning: unused variable: `uri`
[INFO] [stdout]    --> src/router.rs:277:24
[INFO] [stdout]     |
[INFO] [stdout] 277 |     pub fn static_file(uri: &str, filepath: &str) {}
[INFO] [stdout]     |                        ^^^ help: if this is intentional, prefix it with an underscore: `_uri`
[INFO] [stdout] 
[INFO] [stdout] 
[INFO] [stdout] warning: unused variable: `filepath`
[INFO] [stdout]    --> src/router.rs:277:35
[INFO] [stdout]     |
[INFO] [stdout] 277 |     pub fn static_file(uri: &str, filepath: &str) {}
[INFO] [stdout]     |                                   ^^^^^^^^ help: if this is intentional, prefix it with an underscore: `_filepath`
[INFO] [stdout] 
[INFO] [stdout] 
[INFO] [stdout] warning: unused variable: `host`
[INFO] [stdout]    --> src/router.rs:452:20
[INFO] [stdout]     |
[INFO] [stdout] 452 |     pub fn run_tls(host: &str, pem: &str, key: &str) {}
[INFO] [stdout]     |                    ^^^^ help: if this is intentional, prefix it with an underscore: `_host`
[INFO] [stdout] 
[INFO] [stdout] 
[INFO] [stdout] warning: unused variable: `pem`
[INFO] [stdout]    --> src/router.rs:452:32
[INFO] [stdout]     |
[INFO] [stdout] 452 |     pub fn run_tls(host: &str, pem: &str, key: &str) {}
[INFO] [stdout]     |                                ^^^ help: if this is intentional, prefix it with an underscore: `_pem`
[INFO] [stdout] 
[INFO] [stdout] 
[INFO] [stdout] warning: unused variable: `key`
[INFO] [stdout]    --> src/router.rs:452:43
[INFO] [stdout]     |
[INFO] [stdout] 452 |     pub fn run_tls(host: &str, pem: &str, key: &str) {}
[INFO] [stdout]     |                                           ^^^ help: if this is intentional, prefix it with an underscore: `_key`
[INFO] [stdout] 
[INFO] [stdout] 
[INFO] [stdout] warning: 7 warnings emitted
[INFO] [stdout] 
[INFO] [stdout] 
[INFO] [stderr]    Compiling env_logger v0.9.0
[INFO] [stderr]    Compiling fast-web v0.1.2 (/opt/rustwide/workdir)
[INFO] [stdout] warning: unused import: `std::str::FromStr`
[INFO] [stdout]     --> src/router.rs:1047:9
[INFO] [stdout]      |
[INFO] [stdout] 1047 |     use std::str::FromStr;
[INFO] [stdout]      |         ^^^^^^^^^^^^^^^^^
[INFO] [stdout]      |
[INFO] [stdout]      = note: `#[warn(unused_imports)]` on by default
[INFO] [stdout] 
[INFO] [stdout] 
[INFO] [stdout] warning: unused variable: `user`
[INFO] [stdout]   --> examples/hello.rs:69:13
[INFO] [stdout]    |
[INFO] [stdout] 69 |     let mut user = r.group(":user");
[INFO] [stdout]    |             ^^^^ help: if this is intentional, prefix it with an underscore: `_user`
[INFO] [stdout]    |
[INFO] [stdout]    = note: `#[warn(unused_variables)]` on by default
[INFO] [stdout] 
[INFO] [stdout] 
[INFO] [stdout] warning: variable does not need to be mutable
[INFO] [stdout]   --> examples/hello.rs:69:9
[INFO] [stdout]    |
[INFO] [stdout] 69 |     let mut user = r.group(":user");
[INFO] [stdout]    |         ----^^^^
[INFO] [stdout]    |         |
[INFO] [stdout]    |         help: remove this `mut`
[INFO] [stdout]    |
[INFO] [stdout]    = note: `#[warn(unused_mut)]` on by default
[INFO] [stdout] 
[INFO] [stdout] 
[INFO] [stdout] warning: unused variable: `path`
[INFO] [stdout]    --> src/router.rs:274:23
[INFO] [stdout]     |
[INFO] [stdout] 274 |     pub fn static_dir(path: &str, dir: &str) {}
[INFO] [stdout]     |                       ^^^^ help: if this is intentional, prefix it with an underscore: `_path`
[INFO] [stdout]     |
[INFO] [stdout]     = note: `#[warn(unused_variables)]` on by default
[INFO] [stdout] 
[INFO] [stdout] 
[INFO] [stdout] warning: unused variable: `dir`
[INFO] [stdout]    --> src/router.rs:274:35
[INFO] [stdout]     |
[INFO] [stdout] 274 |     pub fn static_dir(path: &str, dir: &str) {}
[INFO] [stdout]     |                                   ^^^ help: if this is intentional, prefix it with an underscore: `_dir`
[INFO] [stdout] 
[INFO] [stdout] 
[INFO] [stdout] warning: unused variable: `uri`
[INFO] [stdout]    --> src/router.rs:277:24
[INFO] [stdout]     |
[INFO] [stdout] 277 |     pub fn static_file(uri: &str, filepath: &str) {}
[INFO] [stdout]     |                        ^^^ help: if this is intentional, prefix it with an underscore: `_uri`
[INFO] [stdout] 
[INFO] [stdout] 
[INFO] [stdout] warning: unused variable: `filepath`
[INFO] [stdout]    --> src/router.rs:277:35
[INFO] [stdout]     |
[INFO] [stdout] 277 |     pub fn static_file(uri: &str, filepath: &str) {}
[INFO] [stdout]     |                                   ^^^^^^^^ help: if this is intentional, prefix it with an underscore: `_filepath`
[INFO] [stdout] 
[INFO] [stdout] 
[INFO] [stdout] warning: unused variable: `host`
[INFO] [stdout]    --> src/router.rs:452:20
[INFO] [stdout]     |
[INFO] [stdout] 452 |     pub fn run_tls(host: &str, pem: &str, key: &str) {}
[INFO] [stdout]     |                    ^^^^ help: if this is intentional, prefix it with an underscore: `_host`
[INFO] [stdout] 
[INFO] [stdout] 
[INFO] [stdout] warning: unused variable: `pem`
[INFO] [stdout]    --> src/router.rs:452:32
[INFO] [stdout]     |
[INFO] [stdout] 452 |     pub fn run_tls(host: &str, pem: &str, key: &str) {}
[INFO] [stdout]     |                                ^^^ help: if this is intentional, prefix it with an underscore: `_pem`
[INFO] [stdout] 
[INFO] [stdout] 
[INFO] [stdout] warning: unused variable: `key`
[INFO] [stdout]    --> src/router.rs:452:43
[INFO] [stdout]     |
[INFO] [stdout] 452 |     pub fn run_tls(host: &str, pem: &str, key: &str) {}
[INFO] [stdout]     |                                           ^^^ help: if this is intentional, prefix it with an underscore: `_key`
[INFO] [stdout] 
[INFO] [stdout] 
[INFO] [stdout] warning: unused variable: `t`
[INFO] [stdout]     --> src/router.rs:1112:21
[INFO] [stdout]      |
[INFO] [stdout] 1112 |                 let t = &s;
[INFO] [stdout]      |                     ^ help: if this is intentional, prefix it with an underscore: `_t`
[INFO] [stdout] 
[INFO] [stdout] 
[INFO] [stdout] warning: unused variable: `c`
[INFO] [stdout]     --> src/router.rs:1111:54
[INFO] [stdout]      |
[INFO] [stdout] 1111 |             g.add(Method::GET, "/admin/login", move |c| {
[INFO] [stdout]      |                                                      ^ help: if this is intentional, prefix it with an underscore: `_c`
[INFO] [stdout] 
[INFO] [stdout] 
[INFO] [stdout] warning: unused variable: `c`
[INFO] [stdout]     --> src/router.rs:1114:53
[INFO] [stdout]      |
[INFO] [stdout] 1114 |             g.add(Method::DELETE, "/admin/login1", |c| {});
[INFO] [stdout]      |                                                     ^ help: if this is intentional, prefix it with an underscore: `_c`
[INFO] [stdout] 
[INFO] [stdout] 
[INFO] [stdout] warning: unused variable: `c`
[INFO] [stdout]     --> src/router.rs:1118:58
[INFO] [stdout]      |
[INFO] [stdout] 1118 |                 g1.add(Method::OPTIONS, "/admin/login", |c| {});
[INFO] [stdout]      |                                                          ^ help: if this is intentional, prefix it with an underscore: `_c`
[INFO] [stdout] 
[INFO] [stdout] 
[INFO] [stdout] warning: unused variable: `c`
[INFO] [stdout]     --> src/router.rs:1119:55
[INFO] [stdout]      |
[INFO] [stdout] 1119 |                 g1.add(Method::ANY, "/admin/login1", |c| {});
[INFO] [stdout]      |                                                       ^ help: if this is intentional, prefix it with an underscore: `_c`
[INFO] [stdout] 
[INFO] [stdout] 
[INFO] [stdout] warning: unused variable: `v`
[INFO] [stdout]     --> src/router.rs:1217:17
[INFO] [stdout]      |
[INFO] [stdout] 1217 |             let v = &s;
[INFO] [stdout]      |                 ^ help: if this is intentional, prefix it with an underscore: `_v`
[INFO] [stdout] 
[INFO] [stdout] 
[INFO] [stdout] warning: 14 warnings emitted
[INFO] [stdout] 
[INFO] [stdout] 
[INFO] [stdout] warning: 2 warnings emitted
[INFO] [stdout] 
[INFO] [stdout] 
[INFO] [stderr]     Finished test [unoptimized + debuginfo] target(s) in 3.09s
[INFO] [stderr] warning: the following packages contain code that will be rejected by a future version of Rust: buf_redux v0.8.4, multipart v0.18.0, traitobject v0.1.0
[INFO] [stderr] note: to see what the problems were, use the option `--future-incompat-report`, or run `cargo report future-incompatibilities --id 1`
[INFO] running `Command { std: "docker" "inspect" "ec4da7fc6b8b55d562bf93651c949f28ffeffa8cc0c6b4d33767c7cc30adb0fd", kill_on_drop: false }`
[INFO] running `Command { std: "docker" "rm" "-f" "ec4da7fc6b8b55d562bf93651c949f28ffeffa8cc0c6b4d33767c7cc30adb0fd", kill_on_drop: false }`
[INFO] [stdout] ec4da7fc6b8b55d562bf93651c949f28ffeffa8cc0c6b4d33767c7cc30adb0fd
[INFO] running `Command { std: "docker" "create" "-v" "/var/lib/crater-agent-workspace/builds/worker-3-tc2/target:/opt/rustwide/target:rw,Z" "-v" "/var/lib/crater-agent-workspace/builds/worker-3-tc2/source:/opt/rustwide/workdir:ro,Z" "-v" "/var/lib/crater-agent-workspace/cargo-home:/opt/rustwide/cargo-home:ro,Z" "-v" "/var/lib/crater-agent-workspace/rustup-home:/opt/rustwide/rustup-home:ro,Z" "-e" "SOURCE_DIR=/opt/rustwide/workdir" "-e" "CARGO_TARGET_DIR=/opt/rustwide/target" "-e" "CARGO_INCREMENTAL=0" "-e" "RUST_BACKTRACE=full" "-e" "RUSTFLAGS=--cap-lints=warn" "-e" "RUSTDOCFLAGS=--cap-lints=warn" "-e" "CARGO_HOME=/opt/rustwide/cargo-home" "-e" "RUSTUP_HOME=/opt/rustwide/rustup-home" "-w" "/opt/rustwide/workdir" "-m" "1610612736" "--user" "0:0" "--network" "none" "ghcr.io/rust-lang/crates-build-env/linux@sha256:2788e3201cd34a07e3172128adcd8b3090168a8e3bcc40d7c032b9dda1df7d1c" "/opt/rustwide/cargo-home/bin/cargo" "+beta-2023-12-22" "test" "--frozen", kill_on_drop: false }`
[INFO] [stdout] ef4254a7778edd0a92433fa7b3ea2a7bbf7c900ec8b3fc4c46c22eeb08500d6c
[INFO] running `Command { std: "docker" "start" "-a" "ef4254a7778edd0a92433fa7b3ea2a7bbf7c900ec8b3fc4c46c22eeb08500d6c", kill_on_drop: false }`
[INFO] [stderr] warning: unused variable: `path`
[INFO] [stderr]    --> src/router.rs:274:23
[INFO] [stderr]     |
[INFO] [stderr] 274 |     pub fn static_dir(path: &str, dir: &str) {}
[INFO] [stderr]     |                       ^^^^ help: if this is intentional, prefix it with an underscore: `_path`
[INFO] [stderr]     |
[INFO] [stderr]     = note: `#[warn(unused_variables)]` on by default
[INFO] [stderr] 
[INFO] [stderr] warning: unused variable: `dir`
[INFO] [stderr]    --> src/router.rs:274:35
[INFO] [stderr]     |
[INFO] [stderr] 274 |     pub fn static_dir(path: &str, dir: &str) {}
[INFO] [stderr]     |                                   ^^^ help: if this is intentional, prefix it with an underscore: `_dir`
[INFO] [stderr] 
[INFO] [stderr] warning: unused variable: `uri`
[INFO] [stderr]    --> src/router.rs:277:24
[INFO] [stderr]     |
[INFO] [stderr] 277 |     pub fn static_file(uri: &str, filepath: &str) {}
[INFO] [stderr]     |                        ^^^ help: if this is intentional, prefix it with an underscore: `_uri`
[INFO] [stderr] 
[INFO] [stderr] warning: unused variable: `filepath`
[INFO] [stderr]    --> src/router.rs:277:35
[INFO] [stderr]     |
[INFO] [stderr] 277 |     pub fn static_file(uri: &str, filepath: &str) {}
[INFO] [stderr]     |                                   ^^^^^^^^ help: if this is intentional, prefix it with an underscore: `_filepath`
[INFO] [stderr] 
[INFO] [stderr] warning: unused variable: `host`
[INFO] [stderr]    --> src/router.rs:452:20
[INFO] [stderr]     |
[INFO] [stderr] 452 |     pub fn run_tls(host: &str, pem: &str, key: &str) {}
[INFO] [stderr]     |                    ^^^^ help: if this is intentional, prefix it with an underscore: `_host`
[INFO] [stderr] 
[INFO] [stderr] warning: unused variable: `pem`
[INFO] [stderr]    --> src/router.rs:452:32
[INFO] [stderr]     |
[INFO] [stderr] 452 |     pub fn run_tls(host: &str, pem: &str, key: &str) {}
[INFO] [stderr]     |                                ^^^ help: if this is intentional, prefix it with an underscore: `_pem`
[INFO] [stderr] 
[INFO] [stderr] warning: unused variable: `key`
[INFO] [stderr]    --> src/router.rs:452:43
[INFO] [stderr]     |
[INFO] [stderr] 452 |     pub fn run_tls(host: &str, pem: &str, key: &str) {}
[INFO] [stderr]     |                                           ^^^ help: if this is intentional, prefix it with an underscore: `_key`
[INFO] [stderr] 
[INFO] [stderr] warning: `fast-web` (lib) generated 7 warnings (run `cargo fix --lib -p fast-web` to apply 7 suggestions)
[INFO] [stderr] warning: unused variable: `user`
[INFO] [stderr]   --> examples/hello.rs:69:13
[INFO] [stderr]    |
[INFO] [stderr] 69 |     let mut user = r.group(":user");
[INFO] [stderr]    |             ^^^^ help: if this is intentional, prefix it with an underscore: `_user`
[INFO] [stderr]    |
[INFO] [stderr]    = note: `#[warn(unused_variables)]` on by default
[INFO] [stderr] 
[INFO] [stderr] warning: variable does not need to be mutable
[INFO] [stderr]   --> examples/hello.rs:69:9
[INFO] [stderr]    |
[INFO] [stderr] 69 |     let mut user = r.group(":user");
[INFO] [stderr]    |         ----^^^^
[INFO] [stderr]    |         |
[INFO] [stderr]    |         help: remove this `mut`
[INFO] [stderr]    |
[INFO] [stderr]    = note: `#[warn(unused_mut)]` on by default
[INFO] [stderr] 
[INFO] [stderr] warning: unused import: `std::str::FromStr`
[INFO] [stderr]     --> src/router.rs:1047:9
[INFO] [stderr]      |
[INFO] [stderr] 1047 |     use std::str::FromStr;
[INFO] [stderr]      |         ^^^^^^^^^^^^^^^^^
[INFO] [stderr]      |
[INFO] [stderr]      = note: `#[warn(unused_imports)]` on by default
[INFO] [stderr] 
[INFO] [stderr] warning: unused variable: `t`
[INFO] [stderr]     --> src/router.rs:1112:21
[INFO] [stderr]      |
[INFO] [stderr] 1112 |                 let t = &s;
[INFO] [stderr]      |                     ^ help: if this is intentional, prefix it with an underscore: `_t`
[INFO] [stderr] 
[INFO] [stderr] warning: unused variable: `c`
[INFO] [stderr]     --> src/router.rs:1111:54
[INFO] [stderr]      |
[INFO] [stderr] 1111 |             g.add(Method::GET, "/admin/login", move |c| {
[INFO] [stderr]      |                                                      ^ help: if this is intentional, prefix it with an underscore: `_c`
[INFO] [stderr] 
[INFO] [stderr] warning: unused variable: `c`
[INFO] [stderr]     --> src/router.rs:1114:53
[INFO] [stderr]      |
[INFO] [stderr] 1114 |             g.add(Method::DELETE, "/admin/login1", |c| {});
[INFO] [stderr]      |                                                     ^ help: if this is intentional, prefix it with an underscore: `_c`
[INFO] [stderr] 
[INFO] [stderr] warning: unused variable: `c`
[INFO] [stderr]     --> src/router.rs:1118:58
[INFO] [stderr]      |
[INFO] [stderr] 1118 |                 g1.add(Method::OPTIONS, "/admin/login", |c| {});
[INFO] [stderr]      |                                                          ^ help: if this is intentional, prefix it with an underscore: `_c`
[INFO] [stderr] 
[INFO] [stderr] warning: unused variable: `c`
[INFO] [stderr]     --> src/router.rs:1119:55
[INFO] [stderr]      |
[INFO] [stderr] 1119 |                 g1.add(Method::ANY, "/admin/login1", |c| {});
[INFO] [stderr]      |                                                       ^ help: if this is intentional, prefix it with an underscore: `_c`
[INFO] [stderr] 
[INFO] [stderr] warning: unused variable: `v`
[INFO] [stderr]     --> src/router.rs:1217:17
[INFO] [stderr]      |
[INFO] [stderr] 1217 |             let v = &s;
[INFO] [stderr]      |                 ^ help: if this is intentional, prefix it with an underscore: `_v`
[INFO] [stderr] 
[INFO] [stderr] warning: `fast-web` (example "hello") generated 2 warnings (run `cargo fix --example "hello"` to apply 2 suggestions)
[INFO] [stderr] warning: `fast-web` (lib test) generated 14 warnings (7 duplicates) (run `cargo fix --lib -p fast-web --tests` to apply 7 suggestions)
[INFO] [stderr]     Finished test [unoptimized + debuginfo] target(s) in 0.07s
[INFO] [stderr] warning: the following packages contain code that will be rejected by a future version of Rust: buf_redux v0.8.4, multipart v0.18.0, traitobject v0.1.0
[INFO] [stderr] note: to see what the problems were, use the option `--future-incompat-report`, or run `cargo report future-incompatibilities --id 1`
[INFO] [stderr]      Running unittests src/lib.rs (/opt/rustwide/target/debug/deps/fast_web-a055fcac5139ce03)
[INFO] [stdout] 
[INFO] [stdout] running 9 tests
[INFO] [stdout] test router::tests::test_filters ... ok
[INFO] [stdout] test router::tests::test_fnonce ... ok
[INFO] [stdout] test router::tests::test_concat ... ok
[INFO] [stdout] test router::tests::test_router ... ok
[INFO] [stdout] test router::tests::test_router_match ... ok
[INFO] [stdout] test router::tests::test_path2regex ... ok
[INFO] [stdout] test router::tests::test_path_param_to_regex ... ok
[INFO] [stdout] test router::tests::test_router1 ... ok
[INFO] [stdout] test router::tests::test_regex ... ok
[INFO] [stdout] 
[INFO] [stdout] test result: ok. 9 passed; 0 failed; 0 ignored; 0 measured; 0 filtered out; finished in 0.01s
[INFO] [stdout] 
[INFO] [stderr]    Doc-tests fast-web
[INFO] [stdout] 
[INFO] [stdout] running 4 tests
[INFO] [stdout] test src/router.rs - router::Router::run (line 404) ... FAILED
[INFO] [stdout] test src/router.rs - router::Context::json (line 236) ... FAILED
[INFO] [stdout] test src/router.rs - router::Context::json (line 231) ... FAILED
[INFO] [stdout] test src/lib.rs - (line 8) has been running for over 60 seconds
[ERROR] error running command: no output for 300 seconds
[INFO] running `Command { std: "docker" "inspect" "ef4254a7778edd0a92433fa7b3ea2a7bbf7c900ec8b3fc4c46c22eeb08500d6c", kill_on_drop: false }`
[INFO] running `Command { std: "docker" "rm" "-f" "ef4254a7778edd0a92433fa7b3ea2a7bbf7c900ec8b3fc4c46c22eeb08500d6c", kill_on_drop: false }`
[INFO] [stdout] ef4254a7778edd0a92433fa7b3ea2a7bbf7c900ec8b3fc4c46c22eeb08500d6c
