[INFO] fetching crate far 0.2.1...
[INFO] testing far-0.2.1 against 1.75.0 for beta-1.76-1
[INFO] extracting crate far 0.2.1 into /workspace/builds/worker-5-tc1/source
[INFO] validating manifest of crates.io crate far 0.2.1 on toolchain 1.75.0
[INFO] running `Command { std: CARGO_HOME="/workspace/cargo-home" RUSTUP_HOME="/workspace/rustup-home" "/workspace/cargo-home/bin/cargo" "+1.75.0" "metadata" "--manifest-path" "Cargo.toml" "--no-deps", kill_on_drop: false }`
[INFO] started tweaking crates.io crate far 0.2.1
[INFO] finished tweaking crates.io crate far 0.2.1
[INFO] tweaked toml for crates.io crate far 0.2.1 written to /workspace/builds/worker-5-tc1/source/Cargo.toml
[INFO] running `Command { std: CARGO_HOME="/workspace/cargo-home" RUSTUP_HOME="/workspace/rustup-home" "/workspace/cargo-home/bin/cargo" "+1.75.0" "generate-lockfile" "--manifest-path" "Cargo.toml", kill_on_drop: false }`
[INFO] [stderr]     Updating crates.io index
[INFO] running `Command { std: CARGO_HOME="/workspace/cargo-home" RUSTUP_HOME="/workspace/rustup-home" "/workspace/cargo-home/bin/cargo" "+1.75.0" "fetch" "--manifest-path" "Cargo.toml", kill_on_drop: false }`
[INFO] [stderr]  Downloading crates ...
[INFO] [stderr]   Downloaded far_macros v0.2.1
[INFO] [stderr]   Downloaded far_shared v0.2.0
[INFO] running `Command { std: "docker" "create" "-v" "/var/lib/crater-agent-workspace/builds/worker-5-tc1/target:/opt/rustwide/target:rw,Z" "-v" "/var/lib/crater-agent-workspace/builds/worker-5-tc1/source:/opt/rustwide/workdir:ro,Z" "-v" "/var/lib/crater-agent-workspace/cargo-home:/opt/rustwide/cargo-home:ro,Z" "-v" "/var/lib/crater-agent-workspace/rustup-home:/opt/rustwide/rustup-home:ro,Z" "-e" "SOURCE_DIR=/opt/rustwide/workdir" "-e" "CARGO_TARGET_DIR=/opt/rustwide/target" "-e" "CARGO_HOME=/opt/rustwide/cargo-home" "-e" "RUSTUP_HOME=/opt/rustwide/rustup-home" "-w" "/opt/rustwide/workdir" "-m" "1610612736" "--user" "0:0" "--network" "none" "ghcr.io/rust-lang/crates-build-env/linux@sha256:2788e3201cd34a07e3172128adcd8b3090168a8e3bcc40d7c032b9dda1df7d1c" "/opt/rustwide/cargo-home/bin/cargo" "+1.75.0" "metadata" "--no-deps" "--format-version=1", kill_on_drop: false }`
[INFO] [stdout] 402ce00095feb510e589bc1046ae86d4b7199413c302054ac0e3998b5aa039f7
[INFO] running `Command { std: "docker" "start" "-a" "402ce00095feb510e589bc1046ae86d4b7199413c302054ac0e3998b5aa039f7", kill_on_drop: false }`
[INFO] running `Command { std: "docker" "inspect" "402ce00095feb510e589bc1046ae86d4b7199413c302054ac0e3998b5aa039f7", kill_on_drop: false }`
[INFO] running `Command { std: "docker" "rm" "-f" "402ce00095feb510e589bc1046ae86d4b7199413c302054ac0e3998b5aa039f7", kill_on_drop: false }`
[INFO] [stdout] 402ce00095feb510e589bc1046ae86d4b7199413c302054ac0e3998b5aa039f7
[INFO] running `Command { std: "docker" "create" "-v" "/var/lib/crater-agent-workspace/builds/worker-5-tc1/target:/opt/rustwide/target:rw,Z" "-v" "/var/lib/crater-agent-workspace/builds/worker-5-tc1/source:/opt/rustwide/workdir:ro,Z" "-v" "/var/lib/crater-agent-workspace/cargo-home:/opt/rustwide/cargo-home:ro,Z" "-v" "/var/lib/crater-agent-workspace/rustup-home:/opt/rustwide/rustup-home:ro,Z" "-e" "SOURCE_DIR=/opt/rustwide/workdir" "-e" "CARGO_TARGET_DIR=/opt/rustwide/target" "-e" "CARGO_INCREMENTAL=0" "-e" "RUST_BACKTRACE=full" "-e" "RUSTFLAGS=--cap-lints=warn" "-e" "RUSTDOCFLAGS=--cap-lints=warn" "-e" "CARGO_HOME=/opt/rustwide/cargo-home" "-e" "RUSTUP_HOME=/opt/rustwide/rustup-home" "-w" "/opt/rustwide/workdir" "-m" "1610612736" "--user" "0:0" "--network" "none" "ghcr.io/rust-lang/crates-build-env/linux@sha256:2788e3201cd34a07e3172128adcd8b3090168a8e3bcc40d7c032b9dda1df7d1c" "/opt/rustwide/cargo-home/bin/cargo" "+1.75.0" "build" "--frozen" "--message-format=json", kill_on_drop: false }`
[INFO] [stdout] 57040e9b2a319baa815d9e1bd21bbeac3c613cf03e29a3b9c56cf34aa186f802
[INFO] running `Command { std: "docker" "start" "-a" "57040e9b2a319baa815d9e1bd21bbeac3c613cf03e29a3b9c56cf34aa186f802", kill_on_drop: false }`
[INFO] [stderr]    Compiling far_shared v0.2.0
[INFO] [stderr]    Compiling syn v2.0.48
[INFO] [stderr]    Compiling proc-macro-crate v1.3.1
[INFO] [stderr]    Compiling far_macros v0.2.1
[INFO] [stderr]    Compiling tracing-attributes v0.1.27
[INFO] [stderr]    Compiling tracing v0.1.40
[INFO] [stderr]    Compiling far v0.2.1 (/opt/rustwide/workdir)
[INFO] [stderr]     Finished dev [unoptimized + debuginfo] target(s) in 4.47s
[INFO] running `Command { std: "docker" "inspect" "57040e9b2a319baa815d9e1bd21bbeac3c613cf03e29a3b9c56cf34aa186f802", kill_on_drop: false }`
[INFO] running `Command { std: "docker" "rm" "-f" "57040e9b2a319baa815d9e1bd21bbeac3c613cf03e29a3b9c56cf34aa186f802", kill_on_drop: false }`
[INFO] [stdout] 57040e9b2a319baa815d9e1bd21bbeac3c613cf03e29a3b9c56cf34aa186f802
[INFO] running `Command { std: "docker" "create" "-v" "/var/lib/crater-agent-workspace/builds/worker-5-tc1/target:/opt/rustwide/target:rw,Z" "-v" "/var/lib/crater-agent-workspace/builds/worker-5-tc1/source:/opt/rustwide/workdir:ro,Z" "-v" "/var/lib/crater-agent-workspace/cargo-home:/opt/rustwide/cargo-home:ro,Z" "-v" "/var/lib/crater-agent-workspace/rustup-home:/opt/rustwide/rustup-home:ro,Z" "-e" "SOURCE_DIR=/opt/rustwide/workdir" "-e" "CARGO_TARGET_DIR=/opt/rustwide/target" "-e" "CARGO_INCREMENTAL=0" "-e" "RUST_BACKTRACE=full" "-e" "RUSTFLAGS=--cap-lints=warn" "-e" "RUSTDOCFLAGS=--cap-lints=warn" "-e" "CARGO_HOME=/opt/rustwide/cargo-home" "-e" "RUSTUP_HOME=/opt/rustwide/rustup-home" "-w" "/opt/rustwide/workdir" "-m" "1610612736" "--user" "0:0" "--network" "none" "ghcr.io/rust-lang/crates-build-env/linux@sha256:2788e3201cd34a07e3172128adcd8b3090168a8e3bcc40d7c032b9dda1df7d1c" "/opt/rustwide/cargo-home/bin/cargo" "+1.75.0" "test" "--frozen" "--no-run" "--message-format=json", kill_on_drop: false }`
[INFO] [stdout] a2dede901f9d20cc4b942494218560f3ac4d625250fc9693365252e7f3dc4dbb
[INFO] running `Command { std: "docker" "start" "-a" "a2dede901f9d20cc4b942494218560f3ac4d625250fc9693365252e7f3dc4dbb", kill_on_drop: false }`
[INFO] [stderr]    Compiling far v0.2.1 (/opt/rustwide/workdir)
[INFO] [stderr]     Finished test [unoptimized + debuginfo] target(s) in 1.06s
[INFO] running `Command { std: "docker" "inspect" "a2dede901f9d20cc4b942494218560f3ac4d625250fc9693365252e7f3dc4dbb", kill_on_drop: false }`
[INFO] running `Command { std: "docker" "rm" "-f" "a2dede901f9d20cc4b942494218560f3ac4d625250fc9693365252e7f3dc4dbb", kill_on_drop: false }`
[INFO] [stdout] a2dede901f9d20cc4b942494218560f3ac4d625250fc9693365252e7f3dc4dbb
[INFO] running `Command { std: "docker" "create" "-v" "/var/lib/crater-agent-workspace/builds/worker-5-tc1/target:/opt/rustwide/target:rw,Z" "-v" "/var/lib/crater-agent-workspace/builds/worker-5-tc1/source:/opt/rustwide/workdir:ro,Z" "-v" "/var/lib/crater-agent-workspace/cargo-home:/opt/rustwide/cargo-home:ro,Z" "-v" "/var/lib/crater-agent-workspace/rustup-home:/opt/rustwide/rustup-home:ro,Z" "-e" "SOURCE_DIR=/opt/rustwide/workdir" "-e" "CARGO_TARGET_DIR=/opt/rustwide/target" "-e" "CARGO_INCREMENTAL=0" "-e" "RUST_BACKTRACE=full" "-e" "RUSTFLAGS=--cap-lints=warn" "-e" "RUSTDOCFLAGS=--cap-lints=warn" "-e" "CARGO_HOME=/opt/rustwide/cargo-home" "-e" "RUSTUP_HOME=/opt/rustwide/rustup-home" "-w" "/opt/rustwide/workdir" "-m" "1610612736" "--user" "0:0" "--network" "none" "ghcr.io/rust-lang/crates-build-env/linux@sha256:2788e3201cd34a07e3172128adcd8b3090168a8e3bcc40d7c032b9dda1df7d1c" "/opt/rustwide/cargo-home/bin/cargo" "+1.75.0" "test" "--frozen", kill_on_drop: false }`
[INFO] [stdout] e397bc55122021e5ae7ca4a0fbfcfcbe978656c466d6ec79da3eafe352ee5769
[INFO] running `Command { std: "docker" "start" "-a" "e397bc55122021e5ae7ca4a0fbfcfcbe978656c466d6ec79da3eafe352ee5769", kill_on_drop: false }`
[INFO] [stderr]     Finished test [unoptimized + debuginfo] target(s) in 0.01s
[INFO] [stderr]      Running unittests src/lib.rs (/opt/rustwide/target/debug/deps/far-75b4580b7b240727)
[INFO] [stdout] 
[INFO] [stdout] running 26 tests
[INFO] [stdout] test tests::empty::ok ... ok
[INFO] [stdout] test tests::escape::no_replacements_left ... ok
[INFO] [stdout] test tests::empty_key::extra_empty_key ... ok
[INFO] [stdout] test tests::beginning::ok ... ok
[INFO] [stdout] test tests::end::ok ... ok
[INFO] [stdout] test tests::escape::no_replacements_right ... ok
[INFO] [stdout] test tests::escape::ok_both ... ok
[INFO] [stdout] test tests::escape::ok_left ... ok
[INFO] [stdout] test tests::escape::ok_right ... ok
[INFO] [stdout] test tests::extraneous_keys::ok ... ok
[INFO] [stdout] test tests::mismatched::ok ... ok
[INFO] [stdout] test tests::once::allow_missing ... ok
[INFO] [stdout] test tests::once::err_extra ... ok
[INFO] [stdout] test tests::once::err_missing ... ok
[INFO] [stdout] test tests::once::err_wrong ... ok
[INFO] [stdout] test tests::once::ok ... ok
[INFO] [stdout] test tests::only::ok ... ok
[INFO] [stdout] test tests::twice::err_extra_both ... ok
[INFO] [stdout] test tests::twice::err_extra_name ... ok
[INFO] [stdout] test tests::twice::err_extra_time ... ok
[INFO] [stdout] test tests::twice::err_missing_both ... ok
[INFO] [stdout] test tests::twice::err_missing_name ... ok
[INFO] [stdout] test tests::twice::ok ... ok
[INFO] [stdout] test tests::twice::err_missing_time ... ok
[INFO] [stdout] test tests::two::ok ... ok
[INFO] [stdout] test tests::unclosed::ok ... ok
[INFO] [stdout] 
[INFO] [stdout] test result: ok. 26 passed; 0 failed; 0 ignored; 0 measured; 0 filtered out; finished in 0.00s
[INFO] [stdout] 
[INFO] [stderr]    Doc-tests far
[INFO] [stdout] 
[INFO] [stdout] running 4 tests
[INFO] [stdout] test src/lib.rs - (line 46) ... FAILED
[INFO] [stdout] test src/lib.rs - Render (line 11) ... FAILED
[INFO] [stdout] test src/lib.rs - Render (line 25) ... FAILED
[INFO] [stdout] test src/lib.rs - (line 18) ... ok
[INFO] [stdout] 
[INFO] [stdout] failures:
[INFO] [stdout] 
[INFO] [stdout] ---- src/lib.rs - (line 46) stdout ----
[INFO] [stdout] error[E0405]: cannot find trait `Render` in the crate root
[INFO] [stdout]  --> src/lib.rs:52:17
[INFO] [stdout]   |
[INFO] [stdout] 9 | #[derive(Debug, Render)]
[INFO] [stdout]   |                 ^^^^^^ not found in the crate root
[INFO] [stdout]   |
[INFO] [stdout]   = note: this error originates in the derive macro `Render` (in Nightly builds, run with -Z macro-backtrace for more info)
[INFO] [stdout] help: consider importing one of these items
[INFO] [stdout]   |
[INFO] [stdout] 2 + use far::Render;
[INFO] [stdout]   |
[INFO] [stdout] 2 + use far_shared::Render;
[INFO] [stdout]   |
[INFO] [stdout] 
[INFO] [stdout] error: aborting due to previous error
[INFO] [stdout] 
[INFO] [stdout] For more information about this error, try `rustc --explain E0405`.
[INFO] [stdout] Couldn't compile the test.
[INFO] [stdout] ---- src/lib.rs - Render (line 11) stdout ----
[INFO] [stdout] error[E0405]: cannot find trait `Render` in the crate root
[INFO] [stdout]  --> src/lib.rs:15:10
[INFO] [stdout]   |
[INFO] [stdout] 7 | #[derive(Render)]
[INFO] [stdout]   |          ^^^^^^ not found in the crate root
[INFO] [stdout]   |
[INFO] [stdout]   = note: this error originates in the derive macro `Render` (in Nightly builds, run with -Z macro-backtrace for more info)
[INFO] [stdout] help: consider importing one of these items
[INFO] [stdout]   |
[INFO] [stdout] 2 + use far::Render;
[INFO] [stdout]   |
[INFO] [stdout] 2 + use far_shared::Render;
[INFO] [stdout]   |
[INFO] [stdout] 
[INFO] [stdout] error: aborting due to previous error
[INFO] [stdout] 
[INFO] [stdout] For more information about this error, try `rustc --explain E0405`.
[INFO] [stdout] Couldn't compile the test.
[INFO] [stdout] ---- src/lib.rs - Render (line 25) stdout ----
[INFO] [stdout] error[E0405]: cannot find trait `Render` in the crate root
[INFO] [stdout]  --> src/lib.rs:29:10
[INFO] [stdout]   |
[INFO] [stdout] 7 | #[derive(Render)]
[INFO] [stdout]   |          ^^^^^^ not found in the crate root
[INFO] [stdout]   |
[INFO] [stdout]   = note: this error originates in the derive macro `Render` (in Nightly builds, run with -Z macro-backtrace for more info)
[INFO] [stdout] help: consider importing one of these items
[INFO] [stdout]   |
[INFO] [stdout] 2 + use far::Render;
[INFO] [stdout]   |
[INFO] [stdout] 2 + use far_shared::Render;
[INFO] [stdout]   |
[INFO] [stdout] 
[INFO] [stdout] error: aborting due to previous error
[INFO] [stdout] 
[INFO] [stdout] For more information about this error, try `rustc --explain E0405`.
[INFO] [stdout] Couldn't compile the test.
[INFO] [stdout] 
[INFO] [stdout] failures:
[INFO] [stdout]     src/lib.rs - (line 46)
[INFO] [stdout]     src/lib.rs - Render (line 11)
[INFO] [stdout]     src/lib.rs - Render (line 25)
[INFO] [stdout] 
[INFO] [stdout] test result: FAILED. 1 passed; 3 failed; 0 ignored; 0 measured; 0 filtered out; finished in 0.33s
[INFO] [stdout] 
[INFO] [stderr] error: doctest failed, to rerun pass `--doc`
[INFO] running `Command { std: "docker" "inspect" "e397bc55122021e5ae7ca4a0fbfcfcbe978656c466d6ec79da3eafe352ee5769", kill_on_drop: false }`
[INFO] running `Command { std: "docker" "rm" "-f" "e397bc55122021e5ae7ca4a0fbfcfcbe978656c466d6ec79da3eafe352ee5769", kill_on_drop: false }`
[INFO] [stdout] e397bc55122021e5ae7ca4a0fbfcfcbe978656c466d6ec79da3eafe352ee5769
