[INFO] fetching crate ezlog 0.2.1-alpha.1...
[INFO] testing ezlog-0.2.1-alpha.1 against 1.75.0 for beta-1.76-1
[INFO] extracting crate ezlog 0.2.1-alpha.1 into /workspace/builds/worker-6-tc1/source
[INFO] validating manifest of crates.io crate ezlog 0.2.1-alpha.1 on toolchain 1.75.0
[INFO] running `Command { std: CARGO_HOME="/workspace/cargo-home" RUSTUP_HOME="/workspace/rustup-home" "/workspace/cargo-home/bin/cargo" "+1.75.0" "metadata" "--manifest-path" "Cargo.toml" "--no-deps", kill_on_drop: false }`
[INFO] started tweaking crates.io crate ezlog 0.2.1-alpha.1
[INFO] finished tweaking crates.io crate ezlog 0.2.1-alpha.1
[INFO] tweaked toml for crates.io crate ezlog 0.2.1-alpha.1 written to /workspace/builds/worker-6-tc1/source/Cargo.toml
[INFO] running `Command { std: CARGO_HOME="/workspace/cargo-home" RUSTUP_HOME="/workspace/rustup-home" "/workspace/cargo-home/bin/cargo" "+1.75.0" "generate-lockfile" "--manifest-path" "Cargo.toml", kill_on_drop: false }`
[INFO] [stderr]     Updating crates.io index
[INFO] running `Command { std: CARGO_HOME="/workspace/cargo-home" RUSTUP_HOME="/workspace/rustup-home" "/workspace/cargo-home/bin/cargo" "+1.75.0" "fetch" "--manifest-path" "Cargo.toml", kill_on_drop: false }`
[INFO] [stderr]  Downloading crates ...
[INFO] [stderr]   Downloaded android_logger v0.13.3
[INFO] [stderr]   Downloaded thread-id v4.2.1
[INFO] [stderr]   Downloaded memmap2 v0.6.2
[INFO] [stderr]   Downloaded aes-gcm-siv v0.11.1
[INFO] running `Command { std: "docker" "create" "-v" "/var/lib/crater-agent-workspace/builds/worker-6-tc1/target:/opt/rustwide/target:rw,Z" "-v" "/var/lib/crater-agent-workspace/builds/worker-6-tc1/source:/opt/rustwide/workdir:ro,Z" "-v" "/var/lib/crater-agent-workspace/cargo-home:/opt/rustwide/cargo-home:ro,Z" "-v" "/var/lib/crater-agent-workspace/rustup-home:/opt/rustwide/rustup-home:ro,Z" "-e" "SOURCE_DIR=/opt/rustwide/workdir" "-e" "CARGO_TARGET_DIR=/opt/rustwide/target" "-e" "CARGO_HOME=/opt/rustwide/cargo-home" "-e" "RUSTUP_HOME=/opt/rustwide/rustup-home" "-w" "/opt/rustwide/workdir" "-m" "1610612736" "--user" "0:0" "--network" "none" "ghcr.io/rust-lang/crates-build-env/linux@sha256:2788e3201cd34a07e3172128adcd8b3090168a8e3bcc40d7c032b9dda1df7d1c" "/opt/rustwide/cargo-home/bin/cargo" "+1.75.0" "metadata" "--no-deps" "--format-version=1", kill_on_drop: false }`
[INFO] [stdout] 0a425b9fb232ac88384ba325fdb07937b49cdac47721195727d8d9579837cf8a
[INFO] running `Command { std: "docker" "start" "-a" "0a425b9fb232ac88384ba325fdb07937b49cdac47721195727d8d9579837cf8a", kill_on_drop: false }`
[INFO] running `Command { std: "docker" "inspect" "0a425b9fb232ac88384ba325fdb07937b49cdac47721195727d8d9579837cf8a", kill_on_drop: false }`
[INFO] running `Command { std: "docker" "rm" "-f" "0a425b9fb232ac88384ba325fdb07937b49cdac47721195727d8d9579837cf8a", kill_on_drop: false }`
[INFO] [stdout] 0a425b9fb232ac88384ba325fdb07937b49cdac47721195727d8d9579837cf8a
[INFO] running `Command { std: "docker" "create" "-v" "/var/lib/crater-agent-workspace/builds/worker-6-tc1/target:/opt/rustwide/target:rw,Z" "-v" "/var/lib/crater-agent-workspace/builds/worker-6-tc1/source:/opt/rustwide/workdir:ro,Z" "-v" "/var/lib/crater-agent-workspace/cargo-home:/opt/rustwide/cargo-home:ro,Z" "-v" "/var/lib/crater-agent-workspace/rustup-home:/opt/rustwide/rustup-home:ro,Z" "-e" "SOURCE_DIR=/opt/rustwide/workdir" "-e" "CARGO_TARGET_DIR=/opt/rustwide/target" "-e" "CARGO_INCREMENTAL=0" "-e" "RUST_BACKTRACE=full" "-e" "RUSTFLAGS=--cap-lints=warn" "-e" "RUSTDOCFLAGS=--cap-lints=warn" "-e" "CARGO_HOME=/opt/rustwide/cargo-home" "-e" "RUSTUP_HOME=/opt/rustwide/rustup-home" "-w" "/opt/rustwide/workdir" "-m" "1610612736" "--user" "0:0" "--network" "none" "ghcr.io/rust-lang/crates-build-env/linux@sha256:2788e3201cd34a07e3172128adcd8b3090168a8e3bcc40d7c032b9dda1df7d1c" "/opt/rustwide/cargo-home/bin/cargo" "+1.75.0" "build" "--frozen" "--message-format=json", kill_on_drop: false }`
[INFO] [stdout] 8239d0af949e69862e0bbfffa9ce3caf8636c38d36495762a97d6fba1e63a84a
[INFO] running `Command { std: "docker" "start" "-a" "8239d0af949e69862e0bbfffa9ce3caf8636c38d36495762a97d6fba1e63a84a", kill_on_drop: false }`
[INFO] [stderr]    Compiling crc32fast v1.3.2
[INFO] [stderr]    Compiling subtle v2.5.0
[INFO] [stderr]    Compiling crossbeam-utils v0.8.18
[INFO] [stderr]    Compiling getrandom v0.2.11
[INFO] [stderr]    Compiling adler v1.0.2
[INFO] [stderr]    Compiling powerfmt v0.2.0
[INFO] [stderr]    Compiling zeroize v1.7.0
[INFO] [stderr]    Compiling time-core v0.1.2
[INFO] [stderr]    Compiling rand_core v0.6.4
[INFO] [stderr]    Compiling deranged v0.3.11
[INFO] [stderr]    Compiling miniz_oxide v0.7.1
[INFO] [stderr]    Compiling thiserror v1.0.56
[INFO] [stderr]    Compiling memmap2 v0.6.2
[INFO] [stderr]    Compiling thread-id v4.2.1
[INFO] [stderr]    Compiling crypto-common v0.1.6
[INFO] [stderr]    Compiling bitflags v2.4.1
[INFO] [stderr]    Compiling integer-encoding v3.0.4
[INFO] [stderr]    Compiling cipher v0.4.4
[INFO] [stderr]    Compiling universal-hash v0.5.1
[INFO] [stderr]    Compiling polyval v0.6.1
[INFO] [stderr]    Compiling aead v0.5.2
[INFO] [stderr]    Compiling crossbeam-channel v0.5.10
[INFO] [stderr]    Compiling ctr v0.9.2
[INFO] [stderr]    Compiling aes v0.8.3
[INFO] [stderr]    Compiling flate2 v1.0.28
[INFO] [stderr]    Compiling time v0.3.31
[INFO] [stderr]    Compiling aes-gcm-siv v0.11.1
[INFO] [stderr]    Compiling ezlog v0.2.1-alpha.1 (/opt/rustwide/workdir)
[INFO] [stderr]     Finished dev [unoptimized + debuginfo] target(s) in 3.14s
[INFO] running `Command { std: "docker" "inspect" "8239d0af949e69862e0bbfffa9ce3caf8636c38d36495762a97d6fba1e63a84a", kill_on_drop: false }`
[INFO] running `Command { std: "docker" "rm" "-f" "8239d0af949e69862e0bbfffa9ce3caf8636c38d36495762a97d6fba1e63a84a", kill_on_drop: false }`
[INFO] [stdout] 8239d0af949e69862e0bbfffa9ce3caf8636c38d36495762a97d6fba1e63a84a
[INFO] running `Command { std: "docker" "create" "-v" "/var/lib/crater-agent-workspace/builds/worker-6-tc1/target:/opt/rustwide/target:rw,Z" "-v" "/var/lib/crater-agent-workspace/builds/worker-6-tc1/source:/opt/rustwide/workdir:ro,Z" "-v" "/var/lib/crater-agent-workspace/cargo-home:/opt/rustwide/cargo-home:ro,Z" "-v" "/var/lib/crater-agent-workspace/rustup-home:/opt/rustwide/rustup-home:ro,Z" "-e" "SOURCE_DIR=/opt/rustwide/workdir" "-e" "CARGO_TARGET_DIR=/opt/rustwide/target" "-e" "CARGO_INCREMENTAL=0" "-e" "RUST_BACKTRACE=full" "-e" "RUSTFLAGS=--cap-lints=warn" "-e" "RUSTDOCFLAGS=--cap-lints=warn" "-e" "CARGO_HOME=/opt/rustwide/cargo-home" "-e" "RUSTUP_HOME=/opt/rustwide/rustup-home" "-w" "/opt/rustwide/workdir" "-m" "1610612736" "--user" "0:0" "--network" "none" "ghcr.io/rust-lang/crates-build-env/linux@sha256:2788e3201cd34a07e3172128adcd8b3090168a8e3bcc40d7c032b9dda1df7d1c" "/opt/rustwide/cargo-home/bin/cargo" "+1.75.0" "test" "--frozen" "--no-run" "--message-format=json", kill_on_drop: false }`
[INFO] [stdout] 72bc4734eae071cc7f3550272b7bb8406c82dc8bcc2d5b13549f563186857997
[INFO] running `Command { std: "docker" "start" "-a" "72bc4734eae071cc7f3550272b7bb8406c82dc8bcc2d5b13549f563186857997", kill_on_drop: false }`
[INFO] [stderr]    Compiling time-macros v0.2.16
[INFO] [stderr]    Compiling option-ext v0.2.0
[INFO] [stderr]    Compiling dirs-sys v0.4.1
[INFO] [stderr]    Compiling dirs v5.0.1
[INFO] [stderr]    Compiling time v0.3.31
[INFO] [stderr]    Compiling ezlog v0.2.1-alpha.1 (/opt/rustwide/workdir)
[INFO] [stderr]     Finished test [unoptimized + debuginfo] target(s) in 3.63s
[INFO] running `Command { std: "docker" "inspect" "72bc4734eae071cc7f3550272b7bb8406c82dc8bcc2d5b13549f563186857997", kill_on_drop: false }`
[INFO] running `Command { std: "docker" "rm" "-f" "72bc4734eae071cc7f3550272b7bb8406c82dc8bcc2d5b13549f563186857997", kill_on_drop: false }`
[INFO] [stdout] 72bc4734eae071cc7f3550272b7bb8406c82dc8bcc2d5b13549f563186857997
[INFO] running `Command { std: "docker" "create" "-v" "/var/lib/crater-agent-workspace/builds/worker-6-tc1/target:/opt/rustwide/target:rw,Z" "-v" "/var/lib/crater-agent-workspace/builds/worker-6-tc1/source:/opt/rustwide/workdir:ro,Z" "-v" "/var/lib/crater-agent-workspace/cargo-home:/opt/rustwide/cargo-home:ro,Z" "-v" "/var/lib/crater-agent-workspace/rustup-home:/opt/rustwide/rustup-home:ro,Z" "-e" "SOURCE_DIR=/opt/rustwide/workdir" "-e" "CARGO_TARGET_DIR=/opt/rustwide/target" "-e" "CARGO_INCREMENTAL=0" "-e" "RUST_BACKTRACE=full" "-e" "RUSTFLAGS=--cap-lints=warn" "-e" "RUSTDOCFLAGS=--cap-lints=warn" "-e" "CARGO_HOME=/opt/rustwide/cargo-home" "-e" "RUSTUP_HOME=/opt/rustwide/rustup-home" "-w" "/opt/rustwide/workdir" "-m" "1610612736" "--user" "0:0" "--network" "none" "ghcr.io/rust-lang/crates-build-env/linux@sha256:2788e3201cd34a07e3172128adcd8b3090168a8e3bcc40d7c032b9dda1df7d1c" "/opt/rustwide/cargo-home/bin/cargo" "+1.75.0" "test" "--frozen", kill_on_drop: false }`
[INFO] [stdout] 51a68d7a6e109be5f8358f37766f88e08a97a9d1f63501fc7b37bf06f8e19d3c
[INFO] running `Command { std: "docker" "start" "-a" "51a68d7a6e109be5f8358f37766f88e08a97a9d1f63501fc7b37bf06f8e19d3c", kill_on_drop: false }`
[INFO] [stderr]     Finished test [unoptimized + debuginfo] target(s) in 0.03s
[INFO] [stderr]      Running unittests src/lib.rs (/opt/rustwide/target/debug/deps/ezlog-495c4ef60243805d)
[INFO] [stdout] 
[INFO] [stdout] running 15 tests
[INFO] [stdout] test config::tests::test_is_out_of_date ... ok
[INFO] [stdout] test config::tests::test_config_cipher_hash ... ok
[INFO] [stdout] test errors::tests::test_error ... ok
[INFO] [stdout] test tests::teset_level ... ok
[INFO] [stdout] test config::tests::test_read_file_name_as_date ... ok
[INFO] [stdout] test tests::test_const ... ok
[INFO] [stdout] test tests::test_create_log ... ok
[INFO] [stdout] test tests::test_record_truncks ... ok
[INFO] [stdout] test tests::test_header_size ... ok
[INFO] [stdout] test thread_name::tests::test_get_thread_name ... ok
[INFO] [stdout] test tests::test_compress ... ok
[INFO] [stdout] test appender::tests::test_appender_inner_rolling ... ok
[INFO] [stdout] test appender::tests::test_appender_write ... ok
[INFO] [stdout] test tests::test_request_logs ... ok
[INFO] [stdout] test config::tests::test_query_log_files ... ok
[INFO] [stdout] 
[INFO] [stdout] test result: ok. 15 passed; 0 failed; 0 ignored; 0 measured; 0 filtered out; finished in 0.01s
[INFO] [stdout] 
[INFO] [stderr]      Running tests/integration_test.rs (/opt/rustwide/target/debug/deps/integration_test-78ffb69291d36932)
[INFO] [stdout] 
[INFO] [stdout] running 6 tests
[INFO] [stdout] test test_ezlog_init ... ok
[INFO] [stdout] test test_ezlog_log ... ok
[INFO] [stdout] test test_ezlog_flush ... ok
[INFO] [stdout] test test_ezlog_trim ... ok
[INFO] [stdout] test test_ezlog_request ... ok
[INFO] [stdout] test test_logger_create ... ok
[INFO] [stdout] 
[INFO] [stdout] test result: ok. 6 passed; 0 failed; 0 ignored; 0 measured; 0 filtered out; finished in 0.00s
[INFO] [stdout] 
[INFO] [stderr]    Doc-tests ezlog
[INFO] [stdout] 
[INFO] [stdout] running 11 tests
[INFO] [stdout] test src/init.rs - init::InitBuilder::with_layer (line 77) ... ok
[INFO] [stdout] test src/init.rs - init::InitBuilder::debug (line 36) ... ok
[INFO] [stdout] test src/init.rs - init::InitBuilder::with_event_listener (line 49) ... ok
[INFO] [stdout] test src/init.rs - init::InitBuilder::with_request_callback_fn (line 105) ... ok
[INFO] [stdout] test src/init.rs - init::InitBuilder::with_formatter_fn (line 195) ... ok
[INFO] [stdout] test src/init.rs - init::InitBuilder::with_request_callback (line 131) ... ok
[INFO] [stdout] test src/lib.rs - (line 21) ... FAILED
[INFO] [stdout] test src/lib.rs - EZLogCallback (line 534) - compile ... ok
[INFO] [stdout] test src/init.rs - init::InitBuilder::with_layer_fn (line 160) ... ok
[INFO] [stdout] test src/init.rs - init::InitBuilder::with_formatter (line 173) ... ok
[INFO] [stdout] test src/lib.rs - init (line 167) ... ok
[INFO] [stdout] 
[INFO] [stdout] failures:
[INFO] [stdout] 
[INFO] [stdout] ---- src/lib.rs - (line 21) stdout ----
[INFO] [stdout] error[E0432]: unresolved import `log`
[INFO] [stdout]  --> src/lib.rs:25:5
[INFO] [stdout]   |
[INFO] [stdout] 7 | use log::trace;
[INFO] [stdout]   |     ^^^ use of undeclared crate or module `log`
[INFO] [stdout] 
[INFO] [stdout] error: cannot determine resolution for the macro `trace`
[INFO] [stdout]   --> src/lib.rs:42:1
[INFO] [stdout]    |
[INFO] [stdout] 24 | trace!("hello ezlog");
[INFO] [stdout]    | ^^^^^
[INFO] [stdout]    |
[INFO] [stdout]    = note: import resolution is stuck, try simplifying macro imports
[INFO] [stdout] 
[INFO] [stdout] error: aborting due to 2 previous errors
[INFO] [stdout] 
[INFO] [stdout] For more information about this error, try `rustc --explain E0432`.
[INFO] [stdout] Couldn't compile the test.
[INFO] [stdout] 
[INFO] [stdout] failures:
[INFO] [stdout]     src/lib.rs - (line 21)
[INFO] [stdout] 
[INFO] [stdout] test result: FAILED. 10 passed; 1 failed; 0 ignored; 0 measured; 0 filtered out; finished in 1.00s
[INFO] [stdout] 
[INFO] [stderr] error: doctest failed, to rerun pass `--doc`
[INFO] running `Command { std: "docker" "inspect" "51a68d7a6e109be5f8358f37766f88e08a97a9d1f63501fc7b37bf06f8e19d3c", kill_on_drop: false }`
[INFO] running `Command { std: "docker" "rm" "-f" "51a68d7a6e109be5f8358f37766f88e08a97a9d1f63501fc7b37bf06f8e19d3c", kill_on_drop: false }`
[INFO] [stdout] 51a68d7a6e109be5f8358f37766f88e08a97a9d1f63501fc7b37bf06f8e19d3c
