[INFO] fetching crate exun 0.2.0...
[INFO] testing exun-0.2.0 against 1.75.0 for beta-1.76-1
[INFO] extracting crate exun 0.2.0 into /workspace/builds/worker-2-tc1/source
[INFO] validating manifest of crates.io crate exun 0.2.0 on toolchain 1.75.0
[INFO] running `Command { std: CARGO_HOME="/workspace/cargo-home" RUSTUP_HOME="/workspace/rustup-home" "/workspace/cargo-home/bin/cargo" "+1.75.0" "metadata" "--manifest-path" "Cargo.toml" "--no-deps", kill_on_drop: false }`
[INFO] started tweaking crates.io crate exun 0.2.0
[INFO] finished tweaking crates.io crate exun 0.2.0
[INFO] tweaked toml for crates.io crate exun 0.2.0 written to /workspace/builds/worker-2-tc1/source/Cargo.toml
[INFO] running `Command { std: CARGO_HOME="/workspace/cargo-home" RUSTUP_HOME="/workspace/rustup-home" "/workspace/cargo-home/bin/cargo" "+1.75.0" "generate-lockfile" "--manifest-path" "Cargo.toml", kill_on_drop: false }`
[INFO] running `Command { std: CARGO_HOME="/workspace/cargo-home" RUSTUP_HOME="/workspace/rustup-home" "/workspace/cargo-home/bin/cargo" "+1.75.0" "fetch" "--manifest-path" "Cargo.toml", kill_on_drop: false }`
[INFO] running `Command { std: "docker" "create" "-v" "/var/lib/crater-agent-workspace/builds/worker-2-tc1/target:/opt/rustwide/target:rw,Z" "-v" "/var/lib/crater-agent-workspace/builds/worker-2-tc1/source:/opt/rustwide/workdir:ro,Z" "-v" "/var/lib/crater-agent-workspace/cargo-home:/opt/rustwide/cargo-home:ro,Z" "-v" "/var/lib/crater-agent-workspace/rustup-home:/opt/rustwide/rustup-home:ro,Z" "-e" "SOURCE_DIR=/opt/rustwide/workdir" "-e" "CARGO_TARGET_DIR=/opt/rustwide/target" "-e" "CARGO_HOME=/opt/rustwide/cargo-home" "-e" "RUSTUP_HOME=/opt/rustwide/rustup-home" "-w" "/opt/rustwide/workdir" "-m" "1610612736" "--user" "0:0" "--network" "none" "ghcr.io/rust-lang/crates-build-env/linux@sha256:2788e3201cd34a07e3172128adcd8b3090168a8e3bcc40d7c032b9dda1df7d1c" "/opt/rustwide/cargo-home/bin/cargo" "+1.75.0" "metadata" "--no-deps" "--format-version=1", kill_on_drop: false }`
[INFO] [stdout] f093e8935505bb48a997662a5aed12a649a596eed45a5a281165264243fc95ae
[INFO] running `Command { std: "docker" "start" "-a" "f093e8935505bb48a997662a5aed12a649a596eed45a5a281165264243fc95ae", kill_on_drop: false }`
[INFO] running `Command { std: "docker" "inspect" "f093e8935505bb48a997662a5aed12a649a596eed45a5a281165264243fc95ae", kill_on_drop: false }`
[INFO] running `Command { std: "docker" "rm" "-f" "f093e8935505bb48a997662a5aed12a649a596eed45a5a281165264243fc95ae", kill_on_drop: false }`
[INFO] [stdout] f093e8935505bb48a997662a5aed12a649a596eed45a5a281165264243fc95ae
[INFO] running `Command { std: "docker" "create" "-v" "/var/lib/crater-agent-workspace/builds/worker-2-tc1/target:/opt/rustwide/target:rw,Z" "-v" "/var/lib/crater-agent-workspace/builds/worker-2-tc1/source:/opt/rustwide/workdir:ro,Z" "-v" "/var/lib/crater-agent-workspace/cargo-home:/opt/rustwide/cargo-home:ro,Z" "-v" "/var/lib/crater-agent-workspace/rustup-home:/opt/rustwide/rustup-home:ro,Z" "-e" "SOURCE_DIR=/opt/rustwide/workdir" "-e" "CARGO_TARGET_DIR=/opt/rustwide/target" "-e" "CARGO_INCREMENTAL=0" "-e" "RUST_BACKTRACE=full" "-e" "RUSTFLAGS=--cap-lints=warn" "-e" "RUSTDOCFLAGS=--cap-lints=warn" "-e" "CARGO_HOME=/opt/rustwide/cargo-home" "-e" "RUSTUP_HOME=/opt/rustwide/rustup-home" "-w" "/opt/rustwide/workdir" "-m" "1610612736" "--user" "0:0" "--network" "none" "ghcr.io/rust-lang/crates-build-env/linux@sha256:2788e3201cd34a07e3172128adcd8b3090168a8e3bcc40d7c032b9dda1df7d1c" "/opt/rustwide/cargo-home/bin/cargo" "+1.75.0" "build" "--frozen" "--message-format=json", kill_on_drop: false }`
[INFO] [stdout] ba3104a7d4b5fa9b87a91a5ebccb6d28d5d52de003a65b6ef9208910ec5ce197
[INFO] running `Command { std: "docker" "start" "-a" "ba3104a7d4b5fa9b87a91a5ebccb6d28d5d52de003a65b6ef9208910ec5ce197", kill_on_drop: false }`
[INFO] [stderr]    Compiling exun v0.2.0 (/opt/rustwide/workdir)
[INFO] [stderr]     Finished dev [unoptimized + debuginfo] target(s) in 0.09s
[INFO] running `Command { std: "docker" "inspect" "ba3104a7d4b5fa9b87a91a5ebccb6d28d5d52de003a65b6ef9208910ec5ce197", kill_on_drop: false }`
[INFO] running `Command { std: "docker" "rm" "-f" "ba3104a7d4b5fa9b87a91a5ebccb6d28d5d52de003a65b6ef9208910ec5ce197", kill_on_drop: false }`
[INFO] [stdout] ba3104a7d4b5fa9b87a91a5ebccb6d28d5d52de003a65b6ef9208910ec5ce197
[INFO] running `Command { std: "docker" "create" "-v" "/var/lib/crater-agent-workspace/builds/worker-2-tc1/target:/opt/rustwide/target:rw,Z" "-v" "/var/lib/crater-agent-workspace/builds/worker-2-tc1/source:/opt/rustwide/workdir:ro,Z" "-v" "/var/lib/crater-agent-workspace/cargo-home:/opt/rustwide/cargo-home:ro,Z" "-v" "/var/lib/crater-agent-workspace/rustup-home:/opt/rustwide/rustup-home:ro,Z" "-e" "SOURCE_DIR=/opt/rustwide/workdir" "-e" "CARGO_TARGET_DIR=/opt/rustwide/target" "-e" "CARGO_INCREMENTAL=0" "-e" "RUST_BACKTRACE=full" "-e" "RUSTFLAGS=--cap-lints=warn" "-e" "RUSTDOCFLAGS=--cap-lints=warn" "-e" "CARGO_HOME=/opt/rustwide/cargo-home" "-e" "RUSTUP_HOME=/opt/rustwide/rustup-home" "-w" "/opt/rustwide/workdir" "-m" "1610612736" "--user" "0:0" "--network" "none" "ghcr.io/rust-lang/crates-build-env/linux@sha256:2788e3201cd34a07e3172128adcd8b3090168a8e3bcc40d7c032b9dda1df7d1c" "/opt/rustwide/cargo-home/bin/cargo" "+1.75.0" "test" "--frozen" "--no-run" "--message-format=json", kill_on_drop: false }`
[INFO] [stdout] 61a9e2e9855be7afaf8796488812f1930ecfec88c2d0be657d7f41f6aa1bb8d7
[INFO] running `Command { std: "docker" "start" "-a" "61a9e2e9855be7afaf8796488812f1930ecfec88c2d0be657d7f41f6aa1bb8d7", kill_on_drop: false }`
[INFO] [stderr]    Compiling exun v0.2.0 (/opt/rustwide/workdir)
[INFO] [stderr]     Finished test [unoptimized + debuginfo] target(s) in 0.21s
[INFO] running `Command { std: "docker" "inspect" "61a9e2e9855be7afaf8796488812f1930ecfec88c2d0be657d7f41f6aa1bb8d7", kill_on_drop: false }`
[INFO] running `Command { std: "docker" "rm" "-f" "61a9e2e9855be7afaf8796488812f1930ecfec88c2d0be657d7f41f6aa1bb8d7", kill_on_drop: false }`
[INFO] [stdout] 61a9e2e9855be7afaf8796488812f1930ecfec88c2d0be657d7f41f6aa1bb8d7
[INFO] running `Command { std: "docker" "create" "-v" "/var/lib/crater-agent-workspace/builds/worker-2-tc1/target:/opt/rustwide/target:rw,Z" "-v" "/var/lib/crater-agent-workspace/builds/worker-2-tc1/source:/opt/rustwide/workdir:ro,Z" "-v" "/var/lib/crater-agent-workspace/cargo-home:/opt/rustwide/cargo-home:ro,Z" "-v" "/var/lib/crater-agent-workspace/rustup-home:/opt/rustwide/rustup-home:ro,Z" "-e" "SOURCE_DIR=/opt/rustwide/workdir" "-e" "CARGO_TARGET_DIR=/opt/rustwide/target" "-e" "CARGO_INCREMENTAL=0" "-e" "RUST_BACKTRACE=full" "-e" "RUSTFLAGS=--cap-lints=warn" "-e" "RUSTDOCFLAGS=--cap-lints=warn" "-e" "CARGO_HOME=/opt/rustwide/cargo-home" "-e" "RUSTUP_HOME=/opt/rustwide/rustup-home" "-w" "/opt/rustwide/workdir" "-m" "1610612736" "--user" "0:0" "--network" "none" "ghcr.io/rust-lang/crates-build-env/linux@sha256:2788e3201cd34a07e3172128adcd8b3090168a8e3bcc40d7c032b9dda1df7d1c" "/opt/rustwide/cargo-home/bin/cargo" "+1.75.0" "test" "--frozen", kill_on_drop: false }`
[INFO] [stdout] d07c18d02ee8e41f6436f60b4c5d91043f03ab14fe54a913a0db3b89aec6f7ee
[INFO] running `Command { std: "docker" "start" "-a" "d07c18d02ee8e41f6436f60b4c5d91043f03ab14fe54a913a0db3b89aec6f7ee", kill_on_drop: false }`
[INFO] [stderr]     Finished test [unoptimized + debuginfo] target(s) in 0.00s
[INFO] [stderr]      Running unittests src/lib.rs (/opt/rustwide/target/debug/deps/exun-ee6d3c15aeb2aae5)
[INFO] [stdout] 
[INFO] [stdout] running 0 tests
[INFO] [stdout] 
[INFO] [stdout] test result: ok. 0 passed; 0 failed; 0 ignored; 0 measured; 0 filtered out; finished in 0.00s
[INFO] [stdout] 
[INFO] [stderr]    Doc-tests exun
[INFO] [stdout] 
[INFO] [stdout] running 41 tests
[INFO] [stdout] test src/exun.rs - exun::Exun<E,U>::unwrap_or_else (line 355) ... ok
[INFO] [stdout] test src/exun.rs - exun::Exun<E,U>::as_mut (line 123) ... ok
[INFO] [stdout] test src/exun.rs - exun::Exun<E,U>::unwrap_or (line 332) ... ok
[INFO] [stdout] test src/lib.rs - (line 117) ... ok
[INFO] [stdout] test src/exun.rs - exun::Exun<E,U>::expected (line 78) ... ok
[INFO] [stdout] test src/exun.rs - exun::Exun<E,U>::unwrap_unexpected (line 298) ... ok
[INFO] [stdout] test src/exun.rs - exun::Exun<E,U>::map (line 156) ... ok
[INFO] [stdout] test src/exun.rs - exun::Exun<E,U>::unexpected (line 102) ... ok
[INFO] [stdout] test src/lib.rs - (line 82) ... FAILED
[INFO] [stdout] test src/exun.rs - exun::Exun<E,U>::unwrap_unexpected (line 305) ... ok
[INFO] [stdout] test src/exun.rs - exun::Exun<E,U>::unwrap (line 263) ... ok
[INFO] [stdout] test src/exun.rs - exun::Exun<E,U>::unwrap (line 270) ... ok
[INFO] [stdout] test src/lib.rs - (line 71) ... ok
[INFO] [stdout] test src/exun.rs - exun::Exun<E,U>::map_unexpected (line 181) ... ok
[INFO] [stdout] test src/exun.rs - exun::Exun<E,U>::expect (line 213) ... ok
[INFO] [stdout] test src/exun.rs - exun::Exun<E,U>::expect (line 225) ... ok
[INFO] [stdout] test src/result.rs - result::ResultErrorExt::unexpect (line 47) ... ok
[INFO] [stdout] test src/result.rs - result::ResultErrorExt::unexpect (line 35) ... ok
[INFO] [stdout] test src/result.rs - result::ResultExunExt::expected_err (line 214) ... ok
[INFO] [stdout] test src/result.rs - result::ResultMsgExt::unexpect_msg (line 115) ... ok
[INFO] [stdout] test src/result.rs - result::ResultErrorExt::unexpect (line 25) ... ok
[INFO] [stdout] test src/result.rs - result::ResultExunExt::unwrap_expected_err (line 326) ... ok
[INFO] [stdout] test src/result.rs - result::ResultNoneExt::unexpect_none (line 146) ... ok
[INFO] [stdout] test src/lib.rs - (line 92) ... ok
[INFO] [stdout] test src/result.rs - result::ResultExunExt::unwrap_result (line 301) ... ok
[INFO] [stdout] test src/result.rs - result::ResultExunExt::map_expected_err (line 252) ... ok
[INFO] [stdout] test src/result.rs - result::ResultExunExt::unwrap_unexpected_err (line 353) ... ok
[INFO] [stdout] test src/result.rs - result::ResultMsgExt::unexpect_msg (line 95) ... ok
[INFO] [stdout] test src/result.rs - result::ResultExunExt::map_unexpected_err (line 274) ... ok
[INFO] [stdout] test src/result.rs - result::ResultMsgExt::unexpect_msg (line 104) ... ok
[INFO] [stdout] test src/result.rs - result::ResultExunExt::unexpected_err (line 232) ... ok
[INFO] [stdout] test src/result.rs - result::ResultNoneExt::unexpect_none (line 156) ... ok
[INFO] [stdout] test src/unexpected.rs - unexpected::RawUnexpected::msg (line 81) ... ok
[INFO] [stdout] test src/result.rs - result::ResultNoneExt::unexpect_none (line 180) ... ok
[INFO] [stdout] test src/unexpected.rs - unexpected::UnexpectedError::msg (line 175) ... ok
[INFO] [stdout] test src/result.rs - result::ResultNoneExt::unexpect_none (line 168) ... ok
[INFO] [stdout] test src/unexpected.rs - unexpected::RawUnexpected::new (line 61) ... ok
[INFO] [stdout] test src/unexpected.rs - unexpected::RawUnexpected::none (line 101) ... ok
[INFO] [stdout] test src/unexpected.rs - unexpected::RawUnexpected::source (line 120) ... ok
[INFO] [stdout] test src/unexpected.rs - unexpected::UnexpectedError::new (line 157) ... ok
[INFO] [stdout] test src/unexpected.rs - unexpected::UnexpectedError::none (line 193) ... ok
[INFO] [stdout] 
[INFO] [stdout] failures:
[INFO] [stdout] 
[INFO] [stdout] ---- src/lib.rs - (line 82) stdout ----
[INFO] [stdout] error[E0308]: mismatched types
[INFO] [stdout]   --> src/lib.rs:89:8
[INFO] [stdout]    |
[INFO] [stdout] 10 |     Ok(num)
[INFO] [stdout]    |     -- ^^^ expected `i32`, found `&i32`
[INFO] [stdout]    |     |
[INFO] [stdout]    |     arguments to this enum variant are incorrect
[INFO] [stdout]    |
[INFO] [stdout] help: the type constructed contains `&i32` due to the type of the argument passed
[INFO] [stdout]   --> src/lib.rs:89:5
[INFO] [stdout]    |
[INFO] [stdout] 10 |     Ok(num)
[INFO] [stdout]    |     ^^^---^
[INFO] [stdout]    |        |
[INFO] [stdout]    |        this argument influences the type of `Ok`
[INFO] [stdout] note: tuple variant defined here
[INFO] [stdout]   --> /rustc/82e1608dfa6e0b5569232559e3d385fea5a93112/library/core/src/result.rs:506:5
[INFO] [stdout] help: consider dereferencing the borrow
[INFO] [stdout]    |
[INFO] [stdout] 10 |     Ok(*num)
[INFO] [stdout]    |        +
[INFO] [stdout] 
[INFO] [stdout] error: aborting due to previous error
[INFO] [stdout] 
[INFO] [stdout] For more information about this error, try `rustc --explain E0308`.
[INFO] [stdout] Couldn't compile the test.
[INFO] [stdout] 
[INFO] [stdout] failures:
[INFO] [stdout]     src/lib.rs - (line 82)
[INFO] [stdout] 
[INFO] [stdout] test result: FAILED. 40 passed; 1 failed; 0 ignored; 0 measured; 0 filtered out; finished in 0.93s
[INFO] [stdout] 
[INFO] [stderr] error: doctest failed, to rerun pass `--doc`
[INFO] running `Command { std: "docker" "inspect" "d07c18d02ee8e41f6436f60b4c5d91043f03ab14fe54a913a0db3b89aec6f7ee", kill_on_drop: false }`
[INFO] running `Command { std: "docker" "rm" "-f" "d07c18d02ee8e41f6436f60b4c5d91043f03ab14fe54a913a0db3b89aec6f7ee", kill_on_drop: false }`
[INFO] [stdout] d07c18d02ee8e41f6436f60b4c5d91043f03ab14fe54a913a0db3b89aec6f7ee
