[INFO] fetching crate extrema 0.1.1...
[INFO] testing extrema-0.1.1 against 1.75.0 for beta-1.76-1
[INFO] extracting crate extrema 0.1.1 into /workspace/builds/worker-6-tc1/source
[INFO] validating manifest of crates.io crate extrema 0.1.1 on toolchain 1.75.0
[INFO] running `Command { std: CARGO_HOME="/workspace/cargo-home" RUSTUP_HOME="/workspace/rustup-home" "/workspace/cargo-home/bin/cargo" "+1.75.0" "metadata" "--manifest-path" "Cargo.toml" "--no-deps", kill_on_drop: false }`
[INFO] started tweaking crates.io crate extrema 0.1.1
[INFO] finished tweaking crates.io crate extrema 0.1.1
[INFO] tweaked toml for crates.io crate extrema 0.1.1 written to /workspace/builds/worker-6-tc1/source/Cargo.toml
[INFO] running `Command { std: CARGO_HOME="/workspace/cargo-home" RUSTUP_HOME="/workspace/rustup-home" "/workspace/cargo-home/bin/cargo" "+1.75.0" "generate-lockfile" "--manifest-path" "Cargo.toml", kill_on_drop: false }`
[INFO] running `Command { std: CARGO_HOME="/workspace/cargo-home" RUSTUP_HOME="/workspace/rustup-home" "/workspace/cargo-home/bin/cargo" "+1.75.0" "fetch" "--manifest-path" "Cargo.toml", kill_on_drop: false }`
[INFO] running `Command { std: "docker" "create" "-v" "/var/lib/crater-agent-workspace/builds/worker-6-tc1/target:/opt/rustwide/target:rw,Z" "-v" "/var/lib/crater-agent-workspace/builds/worker-6-tc1/source:/opt/rustwide/workdir:ro,Z" "-v" "/var/lib/crater-agent-workspace/cargo-home:/opt/rustwide/cargo-home:ro,Z" "-v" "/var/lib/crater-agent-workspace/rustup-home:/opt/rustwide/rustup-home:ro,Z" "-e" "SOURCE_DIR=/opt/rustwide/workdir" "-e" "CARGO_TARGET_DIR=/opt/rustwide/target" "-e" "CARGO_HOME=/opt/rustwide/cargo-home" "-e" "RUSTUP_HOME=/opt/rustwide/rustup-home" "-w" "/opt/rustwide/workdir" "-m" "1610612736" "--user" "0:0" "--network" "none" "ghcr.io/rust-lang/crates-build-env/linux@sha256:2788e3201cd34a07e3172128adcd8b3090168a8e3bcc40d7c032b9dda1df7d1c" "/opt/rustwide/cargo-home/bin/cargo" "+1.75.0" "metadata" "--no-deps" "--format-version=1", kill_on_drop: false }`
[INFO] [stdout] 1f98ed2a2a5773f036c0fdaba3c1f71da97194a90e031323494eda719bd9e024
[INFO] running `Command { std: "docker" "start" "-a" "1f98ed2a2a5773f036c0fdaba3c1f71da97194a90e031323494eda719bd9e024", kill_on_drop: false }`
[INFO] running `Command { std: "docker" "inspect" "1f98ed2a2a5773f036c0fdaba3c1f71da97194a90e031323494eda719bd9e024", kill_on_drop: false }`
[INFO] running `Command { std: "docker" "rm" "-f" "1f98ed2a2a5773f036c0fdaba3c1f71da97194a90e031323494eda719bd9e024", kill_on_drop: false }`
[INFO] [stdout] 1f98ed2a2a5773f036c0fdaba3c1f71da97194a90e031323494eda719bd9e024
[INFO] running `Command { std: "docker" "create" "-v" "/var/lib/crater-agent-workspace/builds/worker-6-tc1/target:/opt/rustwide/target:rw,Z" "-v" "/var/lib/crater-agent-workspace/builds/worker-6-tc1/source:/opt/rustwide/workdir:ro,Z" "-v" "/var/lib/crater-agent-workspace/cargo-home:/opt/rustwide/cargo-home:ro,Z" "-v" "/var/lib/crater-agent-workspace/rustup-home:/opt/rustwide/rustup-home:ro,Z" "-e" "SOURCE_DIR=/opt/rustwide/workdir" "-e" "CARGO_TARGET_DIR=/opt/rustwide/target" "-e" "CARGO_INCREMENTAL=0" "-e" "RUST_BACKTRACE=full" "-e" "RUSTFLAGS=--cap-lints=warn" "-e" "RUSTDOCFLAGS=--cap-lints=warn" "-e" "CARGO_HOME=/opt/rustwide/cargo-home" "-e" "RUSTUP_HOME=/opt/rustwide/rustup-home" "-w" "/opt/rustwide/workdir" "-m" "1610612736" "--user" "0:0" "--network" "none" "ghcr.io/rust-lang/crates-build-env/linux@sha256:2788e3201cd34a07e3172128adcd8b3090168a8e3bcc40d7c032b9dda1df7d1c" "/opt/rustwide/cargo-home/bin/cargo" "+1.75.0" "build" "--frozen" "--message-format=json", kill_on_drop: false }`
[INFO] [stdout] 4a76deacbb5d3448125a45290311edf88acc95773be6bc2278a67c8388c629ae
[INFO] running `Command { std: "docker" "start" "-a" "4a76deacbb5d3448125a45290311edf88acc95773be6bc2278a67c8388c629ae", kill_on_drop: false }`
[INFO] [stderr]    Compiling extrema v0.1.1 (/opt/rustwide/workdir)
[INFO] [stderr]     Finished dev [unoptimized + debuginfo] target(s) in 0.03s
[INFO] running `Command { std: "docker" "inspect" "4a76deacbb5d3448125a45290311edf88acc95773be6bc2278a67c8388c629ae", kill_on_drop: false }`
[INFO] running `Command { std: "docker" "rm" "-f" "4a76deacbb5d3448125a45290311edf88acc95773be6bc2278a67c8388c629ae", kill_on_drop: false }`
[INFO] [stdout] 4a76deacbb5d3448125a45290311edf88acc95773be6bc2278a67c8388c629ae
[INFO] running `Command { std: "docker" "create" "-v" "/var/lib/crater-agent-workspace/builds/worker-6-tc1/target:/opt/rustwide/target:rw,Z" "-v" "/var/lib/crater-agent-workspace/builds/worker-6-tc1/source:/opt/rustwide/workdir:ro,Z" "-v" "/var/lib/crater-agent-workspace/cargo-home:/opt/rustwide/cargo-home:ro,Z" "-v" "/var/lib/crater-agent-workspace/rustup-home:/opt/rustwide/rustup-home:ro,Z" "-e" "SOURCE_DIR=/opt/rustwide/workdir" "-e" "CARGO_TARGET_DIR=/opt/rustwide/target" "-e" "CARGO_INCREMENTAL=0" "-e" "RUST_BACKTRACE=full" "-e" "RUSTFLAGS=--cap-lints=warn" "-e" "RUSTDOCFLAGS=--cap-lints=warn" "-e" "CARGO_HOME=/opt/rustwide/cargo-home" "-e" "RUSTUP_HOME=/opt/rustwide/rustup-home" "-w" "/opt/rustwide/workdir" "-m" "1610612736" "--user" "0:0" "--network" "none" "ghcr.io/rust-lang/crates-build-env/linux@sha256:2788e3201cd34a07e3172128adcd8b3090168a8e3bcc40d7c032b9dda1df7d1c" "/opt/rustwide/cargo-home/bin/cargo" "+1.75.0" "test" "--frozen" "--no-run" "--message-format=json", kill_on_drop: false }`
[INFO] [stdout] 5435fb89b7fe5ffadb62c097f88e8e9e99f8e7dfe6bbed451e292e9ed1ccfefd
[INFO] running `Command { std: "docker" "start" "-a" "5435fb89b7fe5ffadb62c097f88e8e9e99f8e7dfe6bbed451e292e9ed1ccfefd", kill_on_drop: false }`
[INFO] [stderr]    Compiling extrema v0.1.1 (/opt/rustwide/workdir)
[INFO] [stderr]     Finished test [unoptimized + debuginfo] target(s) in 0.17s
[INFO] running `Command { std: "docker" "inspect" "5435fb89b7fe5ffadb62c097f88e8e9e99f8e7dfe6bbed451e292e9ed1ccfefd", kill_on_drop: false }`
[INFO] running `Command { std: "docker" "rm" "-f" "5435fb89b7fe5ffadb62c097f88e8e9e99f8e7dfe6bbed451e292e9ed1ccfefd", kill_on_drop: false }`
[INFO] [stdout] 5435fb89b7fe5ffadb62c097f88e8e9e99f8e7dfe6bbed451e292e9ed1ccfefd
[INFO] running `Command { std: "docker" "create" "-v" "/var/lib/crater-agent-workspace/builds/worker-6-tc1/target:/opt/rustwide/target:rw,Z" "-v" "/var/lib/crater-agent-workspace/builds/worker-6-tc1/source:/opt/rustwide/workdir:ro,Z" "-v" "/var/lib/crater-agent-workspace/cargo-home:/opt/rustwide/cargo-home:ro,Z" "-v" "/var/lib/crater-agent-workspace/rustup-home:/opt/rustwide/rustup-home:ro,Z" "-e" "SOURCE_DIR=/opt/rustwide/workdir" "-e" "CARGO_TARGET_DIR=/opt/rustwide/target" "-e" "CARGO_INCREMENTAL=0" "-e" "RUST_BACKTRACE=full" "-e" "RUSTFLAGS=--cap-lints=warn" "-e" "RUSTDOCFLAGS=--cap-lints=warn" "-e" "CARGO_HOME=/opt/rustwide/cargo-home" "-e" "RUSTUP_HOME=/opt/rustwide/rustup-home" "-w" "/opt/rustwide/workdir" "-m" "1610612736" "--user" "0:0" "--network" "none" "ghcr.io/rust-lang/crates-build-env/linux@sha256:2788e3201cd34a07e3172128adcd8b3090168a8e3bcc40d7c032b9dda1df7d1c" "/opt/rustwide/cargo-home/bin/cargo" "+1.75.0" "test" "--frozen", kill_on_drop: false }`
[INFO] [stdout] d6d4bd218d7b8e2e738a53d84e2256b3bed5799d0ef129d89705cb04d71a9af1
[INFO] running `Command { std: "docker" "start" "-a" "d6d4bd218d7b8e2e738a53d84e2256b3bed5799d0ef129d89705cb04d71a9af1", kill_on_drop: false }`
[INFO] [stderr]     Finished test [unoptimized + debuginfo] target(s) in 0.00s
[INFO] [stderr]      Running unittests src/lib.rs (/opt/rustwide/target/debug/deps/extrema-800485e6ecfcc960)
[INFO] [stdout] 
[INFO] [stdout] running 0 tests
[INFO] [stdout] 
[INFO] [stdout] test result: ok. 0 passed; 0 failed; 0 ignored; 0 measured; 0 filtered out; finished in 0.00s
[INFO] [stdout] 
[INFO] [stderr]    Doc-tests extrema
[INFO] [stdout] 
[INFO] [stdout] running 3 tests
[INFO] [stdout] test src/lib.rs - Extrema::extrema (line 24) ... FAILED
[INFO] [stdout] test src/lib.rs - Extrema::extrema (line 32) ... FAILED
[INFO] [stdout] test src/lib.rs - (line 7) ... FAILED
[INFO] [stdout] 
[INFO] [stdout] failures:
[INFO] [stdout] 
[INFO] [stdout] ---- src/lib.rs - Extrema::extrema (line 24) stdout ----
[INFO] [stdout] error[E0599]: no method named `extrema` found for struct `Vec<{integer}>` in the current scope
[INFO] [stdout]   --> src/lib.rs:27:17
[INFO] [stdout]    |
[INFO] [stdout] 6  | let minmax = xs.extrema();
[INFO] [stdout]    |                 ^^^^^^^ method not found in `Vec<{integer}>`
[INFO] [stdout]    |
[INFO] [stdout]   ::: /opt/rustwide/workdir/src/lib.rs:38:8
[INFO] [stdout]    |
[INFO] [stdout] 38 |     fn extrema(self) -> Option<(Self::Item, Self::Item)>;
[INFO] [stdout]    |        ------- the method is available for `Vec<{integer}>` here
[INFO] [stdout]    |
[INFO] [stdout]    = help: items from traits can only be used if the trait is in scope
[INFO] [stdout] help: the following trait is implemented but not in scope; perhaps add a `use` for it:
[INFO] [stdout]    |
[INFO] [stdout] 2  + use crate::extrema::Extrema;
[INFO] [stdout]    |
[INFO] [stdout] 
[INFO] [stdout] error: aborting due to previous error
[INFO] [stdout] 
[INFO] [stdout] For more information about this error, try `rustc --explain E0599`.
[INFO] [stdout] Couldn't compile the test.
[INFO] [stdout] ---- src/lib.rs - Extrema::extrema (line 32) stdout ----
[INFO] [stdout] error[E0599]: no method named `extrema` found for reference `&Vec<{integer}>` in the current scope
[INFO] [stdout]  --> src/lib.rs:35:20
[INFO] [stdout]   |
[INFO] [stdout] 6 | let minmax = (&xs).extrema(); // or xs[..].extrema(), xs.iter().extrema()  
[INFO] [stdout]   |                    ^^^^^^^ method not found in `&Vec<{integer}>`
[INFO] [stdout]   |
[INFO] [stdout]   = help: items from traits can only be used if the trait is in scope
[INFO] [stdout] help: the following trait is implemented but not in scope; perhaps add a `use` for it:
[INFO] [stdout]   |
[INFO] [stdout] 2 + use crate::extrema::Extrema;
[INFO] [stdout]   |
[INFO] [stdout] 
[INFO] [stdout] error: aborting due to previous error
[INFO] [stdout] 
[INFO] [stdout] For more information about this error, try `rustc --explain E0599`.
[INFO] [stdout] Couldn't compile the test.
[INFO] [stdout] ---- src/lib.rs - (line 7) stdout ----
[INFO] [stdout] error[E0412]: cannot find type `HashSet` in this scope
[INFO] [stdout]  --> src/lib.rs:9:13
[INFO] [stdout]   |
[INFO] [stdout] 5 | let my_set: HashSet<i32> = (1..300).collect();
[INFO] [stdout]   |             ^^^^^^^ not found in this scope
[INFO] [stdout]   |
[INFO] [stdout] help: consider importing this struct
[INFO] [stdout]   |
[INFO] [stdout] 2 + use std::collections::HashSet;
[INFO] [stdout]   |
[INFO] [stdout] 
[INFO] [stdout] error: aborting due to previous error
[INFO] [stdout] 
[INFO] [stdout] For more information about this error, try `rustc --explain E0412`.
[INFO] [stdout] Couldn't compile the test.
[INFO] [stdout] 
[INFO] [stdout] failures:
[INFO] [stdout]     src/lib.rs - (line 7)
[INFO] [stdout]     src/lib.rs - Extrema::extrema (line 24)
[INFO] [stdout]     src/lib.rs - Extrema::extrema (line 32)
[INFO] [stdout] 
[INFO] [stdout] test result: FAILED. 0 passed; 3 failed; 0 ignored; 0 measured; 0 filtered out; finished in 0.04s
[INFO] [stdout] 
[INFO] [stderr] error: doctest failed, to rerun pass `--doc`
[INFO] running `Command { std: "docker" "inspect" "d6d4bd218d7b8e2e738a53d84e2256b3bed5799d0ef129d89705cb04d71a9af1", kill_on_drop: false }`
[INFO] running `Command { std: "docker" "rm" "-f" "d6d4bd218d7b8e2e738a53d84e2256b3bed5799d0ef129d89705cb04d71a9af1", kill_on_drop: false }`
[INFO] [stdout] d6d4bd218d7b8e2e738a53d84e2256b3bed5799d0ef129d89705cb04d71a9af1
