[INFO] fetching crate extends-rs 0.1.6...
[INFO] testing extends-rs-0.1.6 against 1.75.0 for beta-1.76-1
[INFO] extracting crate extends-rs 0.1.6 into /workspace/builds/worker-1-tc1/source
[INFO] validating manifest of crates.io crate extends-rs 0.1.6 on toolchain 1.75.0
[INFO] running `Command { std: CARGO_HOME="/workspace/cargo-home" RUSTUP_HOME="/workspace/rustup-home" "/workspace/cargo-home/bin/cargo" "+1.75.0" "metadata" "--manifest-path" "Cargo.toml" "--no-deps", kill_on_drop: false }`
[INFO] started tweaking crates.io crate extends-rs 0.1.6
[INFO] finished tweaking crates.io crate extends-rs 0.1.6
[INFO] tweaked toml for crates.io crate extends-rs 0.1.6 written to /workspace/builds/worker-1-tc1/source/Cargo.toml
[INFO] running `Command { std: CARGO_HOME="/workspace/cargo-home" RUSTUP_HOME="/workspace/rustup-home" "/workspace/cargo-home/bin/cargo" "+1.75.0" "generate-lockfile" "--manifest-path" "Cargo.toml", kill_on_drop: false }`
[INFO] [stderr]     Blocking waiting for file lock on package cache
[INFO] [stderr]     Updating crates.io index
[INFO] running `Command { std: CARGO_HOME="/workspace/cargo-home" RUSTUP_HOME="/workspace/rustup-home" "/workspace/cargo-home/bin/cargo" "+1.75.0" "fetch" "--manifest-path" "Cargo.toml", kill_on_drop: false }`
[INFO] [stderr]  Downloading crates ...
[INFO] [stderr]   Downloaded substring v1.4.5
[INFO] running `Command { std: "docker" "create" "-v" "/var/lib/crater-agent-workspace/builds/worker-1-tc1/target:/opt/rustwide/target:rw,Z" "-v" "/var/lib/crater-agent-workspace/builds/worker-1-tc1/source:/opt/rustwide/workdir:ro,Z" "-v" "/var/lib/crater-agent-workspace/cargo-home:/opt/rustwide/cargo-home:ro,Z" "-v" "/var/lib/crater-agent-workspace/rustup-home:/opt/rustwide/rustup-home:ro,Z" "-e" "SOURCE_DIR=/opt/rustwide/workdir" "-e" "CARGO_TARGET_DIR=/opt/rustwide/target" "-e" "CARGO_HOME=/opt/rustwide/cargo-home" "-e" "RUSTUP_HOME=/opt/rustwide/rustup-home" "-w" "/opt/rustwide/workdir" "-m" "1610612736" "--user" "0:0" "--network" "none" "ghcr.io/rust-lang/crates-build-env/linux@sha256:2788e3201cd34a07e3172128adcd8b3090168a8e3bcc40d7c032b9dda1df7d1c" "/opt/rustwide/cargo-home/bin/cargo" "+1.75.0" "metadata" "--no-deps" "--format-version=1", kill_on_drop: false }`
[INFO] [stdout] 50d6832c513bd3e4e5a2c21b3813f3fd5804165250e4bcef0a78ec0bbc7502e9
[INFO] running `Command { std: "docker" "start" "-a" "50d6832c513bd3e4e5a2c21b3813f3fd5804165250e4bcef0a78ec0bbc7502e9", kill_on_drop: false }`
[INFO] running `Command { std: "docker" "inspect" "50d6832c513bd3e4e5a2c21b3813f3fd5804165250e4bcef0a78ec0bbc7502e9", kill_on_drop: false }`
[INFO] running `Command { std: "docker" "rm" "-f" "50d6832c513bd3e4e5a2c21b3813f3fd5804165250e4bcef0a78ec0bbc7502e9", kill_on_drop: false }`
[INFO] [stdout] 50d6832c513bd3e4e5a2c21b3813f3fd5804165250e4bcef0a78ec0bbc7502e9
[INFO] running `Command { std: "docker" "create" "-v" "/var/lib/crater-agent-workspace/builds/worker-1-tc1/target:/opt/rustwide/target:rw,Z" "-v" "/var/lib/crater-agent-workspace/builds/worker-1-tc1/source:/opt/rustwide/workdir:ro,Z" "-v" "/var/lib/crater-agent-workspace/cargo-home:/opt/rustwide/cargo-home:ro,Z" "-v" "/var/lib/crater-agent-workspace/rustup-home:/opt/rustwide/rustup-home:ro,Z" "-e" "SOURCE_DIR=/opt/rustwide/workdir" "-e" "CARGO_TARGET_DIR=/opt/rustwide/target" "-e" "CARGO_INCREMENTAL=0" "-e" "RUST_BACKTRACE=full" "-e" "RUSTFLAGS=--cap-lints=warn" "-e" "RUSTDOCFLAGS=--cap-lints=warn" "-e" "CARGO_HOME=/opt/rustwide/cargo-home" "-e" "RUSTUP_HOME=/opt/rustwide/rustup-home" "-w" "/opt/rustwide/workdir" "-m" "1610612736" "--user" "0:0" "--network" "none" "ghcr.io/rust-lang/crates-build-env/linux@sha256:2788e3201cd34a07e3172128adcd8b3090168a8e3bcc40d7c032b9dda1df7d1c" "/opt/rustwide/cargo-home/bin/cargo" "+1.75.0" "build" "--frozen" "--message-format=json", kill_on_drop: false }`
[INFO] [stdout] e07bdbacea6fe3e821afb30425dac9504aac4f76fd084d6bf147232461324e5c
[INFO] running `Command { std: "docker" "start" "-a" "e07bdbacea6fe3e821afb30425dac9504aac4f76fd084d6bf147232461324e5c", kill_on_drop: false }`
[INFO] [stderr]    Compiling ucd-trie v0.1.6
[INFO] [stderr]    Compiling substring v1.4.5
[INFO] [stderr]    Compiling syn v1.0.109
[INFO] [stderr]    Compiling thiserror-impl v1.0.56
[INFO] [stderr]    Compiling thiserror v1.0.56
[INFO] [stderr]    Compiling pest v2.7.6
[INFO] [stderr]    Compiling pest_meta v2.7.6
[INFO] [stderr]    Compiling pest_generator v2.7.6
[INFO] [stderr]    Compiling pest_derive v2.7.6
[INFO] [stderr]    Compiling extends-rs v0.1.6 (/opt/rustwide/workdir)
[INFO] [stdout] warning: unused import: `std::path::PathBuf`
[INFO] [stdout]  --> src/extends/struct_extends.rs:6:5
[INFO] [stdout]   |
[INFO] [stdout] 6 | use std::path::PathBuf;
[INFO] [stdout]   |     ^^^^^^^^^^^^^^^^^^
[INFO] [stdout]   |
[INFO] [stdout]   = note: `#[warn(unused_imports)]` on by default
[INFO] [stdout] 
[INFO] [stdout] 
[INFO] [stdout] warning: unused import: `syn::ext::IdentExt`
[INFO] [stdout]  --> src/extends/struct_extends.rs:8:5
[INFO] [stdout]   |
[INFO] [stdout] 8 | use syn::ext::IdentExt;
[INFO] [stdout]   |     ^^^^^^^^^^^^^^^^^^
[INFO] [stdout] 
[INFO] [stdout] 
[INFO] [stdout] warning: unused imports: `Attribute`, `Ident`, `ItemFn`, `Item`, `Stmt`, `token::Token`
[INFO] [stdout]  --> src/extends/struct_extends.rs:9:30
[INFO] [stdout]   |
[INFO] [stdout] 9 | use syn::{parse_macro_input, token::Token, Attribute, DeriveInput, Ident, Item, ItemFn, Stmt};
[INFO] [stdout]   |                              ^^^^^^^^^^^^  ^^^^^^^^^               ^^^^^  ^^^^  ^^^^^^  ^^^^
[INFO] [stdout] 
[INFO] [stdout] 
[INFO] [stdout] warning: unnecessary parentheses around `if` condition
[INFO] [stdout]    --> src/extends/all_extends.rs:129:32
[INFO] [stdout]     |
[INFO] [stdout] 129 | ...                   if (attr_str.contains("Option")) {
[INFO] [stdout]     |                          ^                           ^
[INFO] [stdout]     |
[INFO] [stdout]     = note: `#[warn(unused_parens)]` on by default
[INFO] [stdout] help: remove these parentheses
[INFO] [stdout]     |
[INFO] [stdout] 129 -                             if (attr_str.contains("Option")) {
[INFO] [stdout] 129 +                             if attr_str.contains("Option") {
[INFO] [stdout]     |
[INFO] [stdout] 
[INFO] [stdout] 
[INFO] [stdout] warning: unnecessary parentheses around `if` condition
[INFO] [stdout]    --> src/extends/all_extends.rs:207:12
[INFO] [stdout]     |
[INFO] [stdout] 207 |         if (f.contains(":")) {
[INFO] [stdout]     |            ^               ^
[INFO] [stdout]     |
[INFO] [stdout] help: remove these parentheses
[INFO] [stdout]     |
[INFO] [stdout] 207 -         if (f.contains(":")) {
[INFO] [stdout] 207 +         if f.contains(":") {
[INFO] [stdout]     |
[INFO] [stdout] 
[INFO] [stdout] 
[INFO] [stdout] warning: unnecessary parentheses around `if` condition
[INFO] [stdout]    --> src/extends/all_extends.rs:229:8
[INFO] [stdout]     |
[INFO] [stdout] 229 |     if (parent_derive_str.contains("#[derive(")) {
[INFO] [stdout]     |        ^                                       ^
[INFO] [stdout]     |
[INFO] [stdout] help: remove these parentheses
[INFO] [stdout]     |
[INFO] [stdout] 229 -     if (parent_derive_str.contains("#[derive(")) {
[INFO] [stdout] 229 +     if parent_derive_str.contains("#[derive(") {
[INFO] [stdout]     |
[INFO] [stdout] 
[INFO] [stdout] 
[INFO] [stdout] warning: unnecessary parentheses around `if` condition
[INFO] [stdout]    --> src/extends/all_extends.rs:238:7
[INFO] [stdout]     |
[INFO] [stdout] 238 |     if(!derive_current.trim().eq("")){
[INFO] [stdout]     |       ^                             ^
[INFO] [stdout]     |
[INFO] [stdout] help: remove these parentheses
[INFO] [stdout]     |
[INFO] [stdout] 238 -     if(!derive_current.trim().eq("")){
[INFO] [stdout] 238 +     if !derive_current.trim().eq("") {
[INFO] [stdout]     |
[INFO] [stdout] 
[INFO] [stdout] 
[INFO] [stdout] warning: unnecessary parentheses around `if` condition
[INFO] [stdout]    --> src/extends/all_extends.rs:241:15
[INFO] [stdout]     |
[INFO] [stdout] 241 |             if(!dervie_vec.contains(&der_str)){
[INFO] [stdout]     |               ^                              ^
[INFO] [stdout]     |
[INFO] [stdout] help: remove these parentheses
[INFO] [stdout]     |
[INFO] [stdout] 241 -             if(!dervie_vec.contains(&der_str)){
[INFO] [stdout] 241 +             if !dervie_vec.contains(&der_str) {
[INFO] [stdout]     |
[INFO] [stdout] 
[INFO] [stdout] 
[INFO] [stdout] warning: function `setVecAttr` should have a snake case name
[INFO] [stdout]    --> src/extends/all_extends.rs:110:4
[INFO] [stdout]     |
[INFO] [stdout] 110 | fn setVecAttr(clone_struct:&syn::DeriveInput)->Vec<String>{
[INFO] [stdout]     |    ^^^^^^^^^^ help: convert the identifier to snake case: `set_vec_attr`
[INFO] [stdout]     |
[INFO] [stdout]     = note: `#[warn(non_snake_case)]` on by default
[INFO] [stdout] 
[INFO] [stdout] 
[INFO] [stdout] warning: 9 warnings emitted
[INFO] [stdout] 
[INFO] [stdout] 
[INFO] [stderr]     Finished dev [unoptimized + debuginfo] target(s) in 10.21s
[INFO] running `Command { std: "docker" "inspect" "e07bdbacea6fe3e821afb30425dac9504aac4f76fd084d6bf147232461324e5c", kill_on_drop: false }`
[INFO] running `Command { std: "docker" "rm" "-f" "e07bdbacea6fe3e821afb30425dac9504aac4f76fd084d6bf147232461324e5c", kill_on_drop: false }`
[INFO] [stdout] e07bdbacea6fe3e821afb30425dac9504aac4f76fd084d6bf147232461324e5c
[INFO] running `Command { std: "docker" "create" "-v" "/var/lib/crater-agent-workspace/builds/worker-1-tc1/target:/opt/rustwide/target:rw,Z" "-v" "/var/lib/crater-agent-workspace/builds/worker-1-tc1/source:/opt/rustwide/workdir:ro,Z" "-v" "/var/lib/crater-agent-workspace/cargo-home:/opt/rustwide/cargo-home:ro,Z" "-v" "/var/lib/crater-agent-workspace/rustup-home:/opt/rustwide/rustup-home:ro,Z" "-e" "SOURCE_DIR=/opt/rustwide/workdir" "-e" "CARGO_TARGET_DIR=/opt/rustwide/target" "-e" "CARGO_INCREMENTAL=0" "-e" "RUST_BACKTRACE=full" "-e" "RUSTFLAGS=--cap-lints=warn" "-e" "RUSTDOCFLAGS=--cap-lints=warn" "-e" "CARGO_HOME=/opt/rustwide/cargo-home" "-e" "RUSTUP_HOME=/opt/rustwide/rustup-home" "-w" "/opt/rustwide/workdir" "-m" "1610612736" "--user" "0:0" "--network" "none" "ghcr.io/rust-lang/crates-build-env/linux@sha256:2788e3201cd34a07e3172128adcd8b3090168a8e3bcc40d7c032b9dda1df7d1c" "/opt/rustwide/cargo-home/bin/cargo" "+1.75.0" "test" "--frozen" "--no-run" "--message-format=json", kill_on_drop: false }`
[INFO] [stdout] a9989cb04f5fdc578eed7a5e8de9f1474ea98d34dd66468c509b41b7dc1a8e10
[INFO] running `Command { std: "docker" "start" "-a" "a9989cb04f5fdc578eed7a5e8de9f1474ea98d34dd66468c509b41b7dc1a8e10", kill_on_drop: false }`
[INFO] [stderr]    Compiling extends-rs v0.1.6 (/opt/rustwide/workdir)
[INFO] [stdout] warning: unused import: `std::path::PathBuf`
[INFO] [stdout]  --> src/extends/struct_extends.rs:6:5
[INFO] [stdout]   |
[INFO] [stdout] 6 | use std::path::PathBuf;
[INFO] [stdout]   |     ^^^^^^^^^^^^^^^^^^
[INFO] [stdout]   |
[INFO] [stdout]   = note: `#[warn(unused_imports)]` on by default
[INFO] [stdout] 
[INFO] [stdout] 
[INFO] [stdout] warning: unused import: `syn::ext::IdentExt`
[INFO] [stdout]  --> src/extends/struct_extends.rs:8:5
[INFO] [stdout]   |
[INFO] [stdout] 8 | use syn::ext::IdentExt;
[INFO] [stdout]   |     ^^^^^^^^^^^^^^^^^^
[INFO] [stdout] 
[INFO] [stdout] 
[INFO] [stdout] warning: unused imports: `Attribute`, `Ident`, `ItemFn`, `Item`, `Stmt`, `token::Token`
[INFO] [stdout]  --> src/extends/struct_extends.rs:9:30
[INFO] [stdout]   |
[INFO] [stdout] 9 | use syn::{parse_macro_input, token::Token, Attribute, DeriveInput, Ident, Item, ItemFn, Stmt};
[INFO] [stdout]   |                              ^^^^^^^^^^^^  ^^^^^^^^^               ^^^^^  ^^^^  ^^^^^^  ^^^^
[INFO] [stdout] 
[INFO] [stdout] 
[INFO] [stdout] warning: unnecessary parentheses around `if` condition
[INFO] [stdout]    --> src/extends/all_extends.rs:129:32
[INFO] [stdout]     |
[INFO] [stdout] 129 | ...                   if (attr_str.contains("Option")) {
[INFO] [stdout]     |                          ^                           ^
[INFO] [stdout]     |
[INFO] [stdout]     = note: `#[warn(unused_parens)]` on by default
[INFO] [stdout] help: remove these parentheses
[INFO] [stdout]     |
[INFO] [stdout] 129 -                             if (attr_str.contains("Option")) {
[INFO] [stdout] 129 +                             if attr_str.contains("Option") {
[INFO] [stdout]     |
[INFO] [stdout] 
[INFO] [stdout] 
[INFO] [stdout] warning: unnecessary parentheses around `if` condition
[INFO] [stdout]    --> src/extends/all_extends.rs:207:12
[INFO] [stdout]     |
[INFO] [stdout] 207 |         if (f.contains(":")) {
[INFO] [stdout]     |            ^               ^
[INFO] [stdout]     |
[INFO] [stdout] help: remove these parentheses
[INFO] [stdout]     |
[INFO] [stdout] 207 -         if (f.contains(":")) {
[INFO] [stdout] 207 +         if f.contains(":") {
[INFO] [stdout]     |
[INFO] [stdout] 
[INFO] [stdout] 
[INFO] [stdout] warning: unnecessary parentheses around `if` condition
[INFO] [stdout]    --> src/extends/all_extends.rs:229:8
[INFO] [stdout]     |
[INFO] [stdout] 229 |     if (parent_derive_str.contains("#[derive(")) {
[INFO] [stdout]     |        ^                                       ^
[INFO] [stdout]     |
[INFO] [stdout] help: remove these parentheses
[INFO] [stdout]     |
[INFO] [stdout] 229 -     if (parent_derive_str.contains("#[derive(")) {
[INFO] [stdout] 229 +     if parent_derive_str.contains("#[derive(") {
[INFO] [stdout]     |
[INFO] [stdout] 
[INFO] [stdout] 
[INFO] [stdout] warning: unused import: `std::path::PathBuf`
[INFO] [stdout]  --> src/extends/struct_extends.rs:6:5
[INFO] [stdout]   |
[INFO] [stdout] 6 | use std::path::PathBuf;
[INFO] [stdout]   |     ^^^^^^^^^^^^^^^^^^
[INFO] [stdout]   |
[INFO] [stdout]   = note: `#[warn(unused_imports)]` on by default
[INFO] [stdout] 
[INFO] [stdout] 
[INFO] [stdout] warning: unnecessary parentheses around `if` condition
[INFO] [stdout]    --> src/extends/all_extends.rs:238:7
[INFO] [stdout]     |
[INFO] [stdout] 238 |     if(!derive_current.trim().eq("")){
[INFO] [stdout]     |       ^                             ^
[INFO] [stdout]     |
[INFO] [stdout] help: remove these parentheses
[INFO] [stdout]     |
[INFO] [stdout] 238 -     if(!derive_current.trim().eq("")){
[INFO] [stdout] 238 +     if !derive_current.trim().eq("") {
[INFO] [stdout]     |
[INFO] [stdout] 
[INFO] [stdout] 
[INFO] [stdout] warning: unnecessary parentheses around `if` condition
[INFO] [stdout]    --> src/extends/all_extends.rs:241:15
[INFO] [stdout]     |
[INFO] [stdout] 241 |             if(!dervie_vec.contains(&der_str)){
[INFO] [stdout]     |               ^                              ^
[INFO] [stdout]     |
[INFO] [stdout] help: remove these parentheses
[INFO] [stdout]     |
[INFO] [stdout] 241 -             if(!dervie_vec.contains(&der_str)){
[INFO] [stdout] 241 +             if !dervie_vec.contains(&der_str) {
[INFO] [stdout]     |
[INFO] [stdout] 
[INFO] [stdout] 
[INFO] [stdout] warning: unused import: `syn::ext::IdentExt`
[INFO] [stdout]  --> src/extends/struct_extends.rs:8:5
[INFO] [stdout]   |
[INFO] [stdout] 8 | use syn::ext::IdentExt;
[INFO] [stdout]   |     ^^^^^^^^^^^^^^^^^^
[INFO] [stdout] 
[INFO] [stdout] 
[INFO] [stdout] warning: unused imports: `Attribute`, `Ident`, `ItemFn`, `Item`, `Stmt`, `token::Token`
[INFO] [stdout]  --> src/extends/struct_extends.rs:9:30
[INFO] [stdout]   |
[INFO] [stdout] 9 | use syn::{parse_macro_input, token::Token, Attribute, DeriveInput, Ident, Item, ItemFn, Stmt};
[INFO] [stdout]   |                              ^^^^^^^^^^^^  ^^^^^^^^^               ^^^^^  ^^^^  ^^^^^^  ^^^^
[INFO] [stdout] 
[INFO] [stdout] 
[INFO] [stdout] warning: unnecessary parentheses around `if` condition
[INFO] [stdout]    --> src/extends/all_extends.rs:129:32
[INFO] [stdout]     |
[INFO] [stdout] 129 | ...                   if (attr_str.contains("Option")) {
[INFO] [stdout]     |                          ^                           ^
[INFO] [stdout]     |
[INFO] [stdout]     = note: `#[warn(unused_parens)]` on by default
[INFO] [stdout] help: remove these parentheses
[INFO] [stdout]     |
[INFO] [stdout] 129 -                             if (attr_str.contains("Option")) {
[INFO] [stdout] 129 +                             if attr_str.contains("Option") {
[INFO] [stdout]     |
[INFO] [stdout] 
[INFO] [stdout] 
[INFO] [stdout] warning: unnecessary parentheses around `if` condition
[INFO] [stdout]    --> src/extends/all_extends.rs:207:12
[INFO] [stdout]     |
[INFO] [stdout] 207 |         if (f.contains(":")) {
[INFO] [stdout]     |            ^               ^
[INFO] [stdout]     |
[INFO] [stdout] help: remove these parentheses
[INFO] [stdout]     |
[INFO] [stdout] 207 -         if (f.contains(":")) {
[INFO] [stdout] 207 +         if f.contains(":") {
[INFO] [stdout]     |
[INFO] [stdout] 
[INFO] [stdout] 
[INFO] [stdout] warning: unnecessary parentheses around `if` condition
[INFO] [stdout]    --> src/extends/all_extends.rs:229:8
[INFO] [stdout]     |
[INFO] [stdout] 229 |     if (parent_derive_str.contains("#[derive(")) {
[INFO] [stdout]     |        ^                                       ^
[INFO] [stdout]     |
[INFO] [stdout] help: remove these parentheses
[INFO] [stdout]     |
[INFO] [stdout] 229 -     if (parent_derive_str.contains("#[derive(")) {
[INFO] [stdout] 229 +     if parent_derive_str.contains("#[derive(") {
[INFO] [stdout]     |
[INFO] [stdout] 
[INFO] [stdout] 
[INFO] [stdout] warning: unnecessary parentheses around `if` condition
[INFO] [stdout]    --> src/extends/all_extends.rs:238:7
[INFO] [stdout]     |
[INFO] [stdout] 238 |     if(!derive_current.trim().eq("")){
[INFO] [stdout]     |       ^                             ^
[INFO] [stdout]     |
[INFO] [stdout] help: remove these parentheses
[INFO] [stdout]     |
[INFO] [stdout] 238 -     if(!derive_current.trim().eq("")){
[INFO] [stdout] 238 +     if !derive_current.trim().eq("") {
[INFO] [stdout]     |
[INFO] [stdout] 
[INFO] [stdout] 
[INFO] [stdout] warning: unnecessary parentheses around `if` condition
[INFO] [stdout]    --> src/extends/all_extends.rs:241:15
[INFO] [stdout]     |
[INFO] [stdout] 241 |             if(!dervie_vec.contains(&der_str)){
[INFO] [stdout]     |               ^                              ^
[INFO] [stdout]     |
[INFO] [stdout] help: remove these parentheses
[INFO] [stdout]     |
[INFO] [stdout] 241 -             if(!dervie_vec.contains(&der_str)){
[INFO] [stdout] 241 +             if !dervie_vec.contains(&der_str) {
[INFO] [stdout]     |
[INFO] [stdout] 
[INFO] [stdout] 
[INFO] [stdout] warning: function `setVecAttr` should have a snake case name
[INFO] [stdout]    --> src/extends/all_extends.rs:110:4
[INFO] [stdout]     |
[INFO] [stdout] 110 | fn setVecAttr(clone_struct:&syn::DeriveInput)->Vec<String>{
[INFO] [stdout]     |    ^^^^^^^^^^ help: convert the identifier to snake case: `set_vec_attr`
[INFO] [stdout]     |
[INFO] [stdout]     = note: `#[warn(non_snake_case)]` on by default
[INFO] [stdout] 
[INFO] [stdout] 
[INFO] [stdout] warning: function `setVecAttr` should have a snake case name
[INFO] [stdout]    --> src/extends/all_extends.rs:110:4
[INFO] [stdout]     |
[INFO] [stdout] 110 | fn setVecAttr(clone_struct:&syn::DeriveInput)->Vec<String>{
[INFO] [stdout]     |    ^^^^^^^^^^ help: convert the identifier to snake case: `set_vec_attr`
[INFO] [stdout]     |
[INFO] [stdout]     = note: `#[warn(non_snake_case)]` on by default
[INFO] [stdout] 
[INFO] [stdout] 
[INFO] [stdout] warning: 9 warnings emitted
[INFO] [stdout] 
[INFO] [stdout] 
[INFO] [stdout] warning: 9 warnings emitted
[INFO] [stdout] 
[INFO] [stdout] 
[INFO] [stderr]     Finished test [unoptimized + debuginfo] target(s) in 1.39s
[INFO] running `Command { std: "docker" "inspect" "a9989cb04f5fdc578eed7a5e8de9f1474ea98d34dd66468c509b41b7dc1a8e10", kill_on_drop: false }`
[INFO] running `Command { std: "docker" "rm" "-f" "a9989cb04f5fdc578eed7a5e8de9f1474ea98d34dd66468c509b41b7dc1a8e10", kill_on_drop: false }`
[INFO] [stdout] a9989cb04f5fdc578eed7a5e8de9f1474ea98d34dd66468c509b41b7dc1a8e10
[INFO] running `Command { std: "docker" "create" "-v" "/var/lib/crater-agent-workspace/builds/worker-1-tc1/target:/opt/rustwide/target:rw,Z" "-v" "/var/lib/crater-agent-workspace/builds/worker-1-tc1/source:/opt/rustwide/workdir:ro,Z" "-v" "/var/lib/crater-agent-workspace/cargo-home:/opt/rustwide/cargo-home:ro,Z" "-v" "/var/lib/crater-agent-workspace/rustup-home:/opt/rustwide/rustup-home:ro,Z" "-e" "SOURCE_DIR=/opt/rustwide/workdir" "-e" "CARGO_TARGET_DIR=/opt/rustwide/target" "-e" "CARGO_INCREMENTAL=0" "-e" "RUST_BACKTRACE=full" "-e" "RUSTFLAGS=--cap-lints=warn" "-e" "RUSTDOCFLAGS=--cap-lints=warn" "-e" "CARGO_HOME=/opt/rustwide/cargo-home" "-e" "RUSTUP_HOME=/opt/rustwide/rustup-home" "-w" "/opt/rustwide/workdir" "-m" "1610612736" "--user" "0:0" "--network" "none" "ghcr.io/rust-lang/crates-build-env/linux@sha256:2788e3201cd34a07e3172128adcd8b3090168a8e3bcc40d7c032b9dda1df7d1c" "/opt/rustwide/cargo-home/bin/cargo" "+1.75.0" "test" "--frozen", kill_on_drop: false }`
[INFO] [stdout] e3e8373c917a63a384587165f5b186554e325db2ec969ed335df5572a4ec3360
[INFO] running `Command { std: "docker" "start" "-a" "e3e8373c917a63a384587165f5b186554e325db2ec969ed335df5572a4ec3360", kill_on_drop: false }`
[INFO] [stderr] warning: unused import: `std::path::PathBuf`
[INFO] [stderr]  --> src/extends/struct_extends.rs:6:5
[INFO] [stderr]   |
[INFO] [stderr] 6 | use std::path::PathBuf;
[INFO] [stderr]   |     ^^^^^^^^^^^^^^^^^^
[INFO] [stderr]   |
[INFO] [stderr]   = note: `#[warn(unused_imports)]` on by default
[INFO] [stderr] 
[INFO] [stderr] warning: unused import: `syn::ext::IdentExt`
[INFO] [stderr]  --> src/extends/struct_extends.rs:8:5
[INFO] [stderr]   |
[INFO] [stderr] 8 | use syn::ext::IdentExt;
[INFO] [stderr]   |     ^^^^^^^^^^^^^^^^^^
[INFO] [stderr] 
[INFO] [stderr] warning: unused imports: `Attribute`, `Ident`, `ItemFn`, `Item`, `Stmt`, `token::Token`
[INFO] [stderr]  --> src/extends/struct_extends.rs:9:30
[INFO] [stderr]   |
[INFO] [stderr] 9 | use syn::{parse_macro_input, token::Token, Attribute, DeriveInput, Ident, Item, ItemFn, Stmt};
[INFO] [stderr]   |                              ^^^^^^^^^^^^  ^^^^^^^^^               ^^^^^  ^^^^  ^^^^^^  ^^^^
[INFO] [stderr] 
[INFO] [stderr] warning: unnecessary parentheses around `if` condition
[INFO] [stderr]    --> src/extends/all_extends.rs:129:32
[INFO] [stderr]     |
[INFO] [stderr] 129 | ...                   if (attr_str.contains("Option")) {
[INFO] [stderr]     |                          ^                           ^
[INFO] [stderr]     |
[INFO] [stderr]     = note: `#[warn(unused_parens)]` on by default
[INFO] [stderr] help: remove these parentheses
[INFO] [stderr]     |
[INFO] [stderr] 129 -                             if (attr_str.contains("Option")) {
[INFO] [stderr] 129 +                             if attr_str.contains("Option") {
[INFO] [stderr]     |
[INFO] [stderr] 
[INFO] [stderr] warning: unnecessary parentheses around `if` condition
[INFO] [stderr]    --> src/extends/all_extends.rs:207:12
[INFO] [stderr]     |
[INFO] [stderr] 207 |         if (f.contains(":")) {
[INFO] [stderr]     |            ^               ^
[INFO] [stderr]     |
[INFO] [stderr] help: remove these parentheses
[INFO] [stderr]     |
[INFO] [stderr] 207 -         if (f.contains(":")) {
[INFO] [stderr] 207 +         if f.contains(":") {
[INFO] [stderr]     |
[INFO] [stderr] 
[INFO] [stderr] warning: unnecessary parentheses around `if` condition
[INFO] [stderr]    --> src/extends/all_extends.rs:229:8
[INFO] [stderr]     |
[INFO] [stderr] 229 |     if (parent_derive_str.contains("#[derive(")) {
[INFO] [stderr]     |        ^                                       ^
[INFO] [stderr]     |
[INFO] [stderr] help: remove these parentheses
[INFO] [stderr]     |
[INFO] [stderr] 229 -     if (parent_derive_str.contains("#[derive(")) {
[INFO] [stderr] 229 +     if parent_derive_str.contains("#[derive(") {
[INFO] [stderr]     |
[INFO] [stderr] 
[INFO] [stderr] warning: unnecessary parentheses around `if` condition
[INFO] [stderr]    --> src/extends/all_extends.rs:238:7
[INFO] [stderr]     |
[INFO] [stderr] 238 |     if(!derive_current.trim().eq("")){
[INFO] [stderr]     |       ^                             ^
[INFO] [stderr]     |
[INFO] [stderr] help: remove these parentheses
[INFO] [stderr]     |
[INFO] [stderr] 238 -     if(!derive_current.trim().eq("")){
[INFO] [stderr] 238 +     if !derive_current.trim().eq("") {
[INFO] [stderr]     |
[INFO] [stderr] 
[INFO] [stderr] warning: unnecessary parentheses around `if` condition
[INFO] [stderr]    --> src/extends/all_extends.rs:241:15
[INFO] [stderr]     |
[INFO] [stderr] 241 |             if(!dervie_vec.contains(&der_str)){
[INFO] [stderr]     |               ^                              ^
[INFO] [stderr]     |
[INFO] [stderr] help: remove these parentheses
[INFO] [stderr]     |
[INFO] [stderr] 241 -             if(!dervie_vec.contains(&der_str)){
[INFO] [stderr] 241 +             if !dervie_vec.contains(&der_str) {
[INFO] [stderr]     |
[INFO] [stderr] 
[INFO] [stderr] warning: function `setVecAttr` should have a snake case name
[INFO] [stderr]    --> src/extends/all_extends.rs:110:4
[INFO] [stderr]     |
[INFO] [stderr] 110 | fn setVecAttr(clone_struct:&syn::DeriveInput)->Vec<String>{
[INFO] [stderr]     |    ^^^^^^^^^^ help: convert the identifier to snake case: `set_vec_attr`
[INFO] [stderr]     |
[INFO] [stderr]     = note: `#[warn(non_snake_case)]` on by default
[INFO] [stderr] 
[INFO] [stderr] warning: `extends-rs` (lib) generated 9 warnings (run `cargo fix --lib -p extends-rs` to apply 8 suggestions)
[INFO] [stderr] warning: `extends-rs` (lib test) generated 9 warnings (9 duplicates)
[INFO] [stderr]     Finished test [unoptimized + debuginfo] target(s) in 0.03s
[INFO] [stderr]      Running unittests src/lib.rs (/opt/rustwide/target/debug/deps/extends_rs-0ae7e7f7fe7d4bdc)
[INFO] [stdout] 
[INFO] [stdout] running 1 test
[INFO] [stdout] test name ... FAILED
[INFO] [stdout] 
[INFO] [stdout] failures:
[INFO] [stdout] 
[INFO] [stdout] ---- name stdout ----
[INFO] [stdout] thread 'name' panicked at src/extends/all_extends.rs:58:52:
[INFO] [stdout] called `Option::unwrap()` on a `None` value
[INFO] [stdout] stack backtrace:
[INFO] [stdout]    0:     0x7fb85a4d562c - std::backtrace_rs::backtrace::libunwind::trace::ha637c64ce894333a
[INFO] [stdout]                                at /rustc/82e1608dfa6e0b5569232559e3d385fea5a93112/library/std/src/../../backtrace/src/backtrace/libunwind.rs:104:5
[INFO] [stdout]    1:     0x7fb85a4d562c - std::backtrace_rs::backtrace::trace_unsynchronized::h47f62dea28e0c88d
[INFO] [stdout]                                at /rustc/82e1608dfa6e0b5569232559e3d385fea5a93112/library/std/src/../../backtrace/src/backtrace/mod.rs:66:5
[INFO] [stdout]    2:     0x7fb85a4d562c - std::sys_common::backtrace::_print_fmt::h9eef0abe20ede486
[INFO] [stdout]                                at /rustc/82e1608dfa6e0b5569232559e3d385fea5a93112/library/std/src/sys_common/backtrace.rs:67:5
[INFO] [stdout]    3:     0x7fb85a4d562c - <std::sys_common::backtrace::_print::DisplayBacktrace as core::fmt::Display>::fmt::hed7f999df88cc644
[INFO] [stdout]                                at /rustc/82e1608dfa6e0b5569232559e3d385fea5a93112/library/std/src/sys_common/backtrace.rs:44:22
[INFO] [stdout]    4:     0x7fb85a528630 - core::fmt::rt::Argument::fmt::h1539a9308b8d058d
[INFO] [stdout]                                at /rustc/82e1608dfa6e0b5569232559e3d385fea5a93112/library/core/src/fmt/rt.rs:142:9
[INFO] [stdout]    5:     0x7fb85a528630 - core::fmt::write::h3a39390d8560d9c9
[INFO] [stdout]                                at /rustc/82e1608dfa6e0b5569232559e3d385fea5a93112/library/core/src/fmt/mod.rs:1120:17
[INFO] [stdout]    6:     0x7fb85a4c94bf - std::io::Write::write_fmt::h040b369f3a0f9cbc
[INFO] [stdout]                                at /rustc/82e1608dfa6e0b5569232559e3d385fea5a93112/library/std/src/io/mod.rs:1762:15
[INFO] [stdout]    7:     0x7fb85a4d5414 - std::sys_common::backtrace::_print::h894006fb5c6f3d45
[INFO] [stdout]                                at /rustc/82e1608dfa6e0b5569232559e3d385fea5a93112/library/std/src/sys_common/backtrace.rs:47:5
[INFO] [stdout]    8:     0x7fb85a4d5414 - std::sys_common::backtrace::print::h23a2d212c6fff936
[INFO] [stdout]                                at /rustc/82e1608dfa6e0b5569232559e3d385fea5a93112/library/std/src/sys_common/backtrace.rs:34:9
[INFO] [stdout]    9:     0x7fb85a4d80a7 - std::panicking::default_hook::{{closure}}::h8a1d2ee00185001a
[INFO] [stdout]   10:     0x7fb85a4d7d93 - std::panicking::default_hook::h6038f2eba384e475
[INFO] [stdout]                                at /rustc/82e1608dfa6e0b5569232559e3d385fea5a93112/library/std/src/panicking.rs:289:9
[INFO] [stdout]   11:     0x7fb85a5a3d07 - <alloc::boxed::Box<F,A> as core::ops::function::Fn<Args>>::call::h0ad024c9bdc6d768
[INFO] [stdout]                                at /rustc/82e1608dfa6e0b5569232559e3d385fea5a93112/library/alloc/src/boxed.rs:2021:9
[INFO] [stdout]   12:     0x7fb85a5a3d07 - test::test_main::{{closure}}::h7500b54257359db6
[INFO] [stdout]                                at /rustc/82e1608dfa6e0b5569232559e3d385fea5a93112/library/test/src/lib.rs:138:21
[INFO] [stdout]   13:     0x7fb85a4d87e8 - <alloc::boxed::Box<F,A> as core::ops::function::Fn<Args>>::call::h1f8f335eaa9cfaee
[INFO] [stdout]                                at /rustc/82e1608dfa6e0b5569232559e3d385fea5a93112/library/alloc/src/boxed.rs:2021:9
[INFO] [stdout]   14:     0x7fb85a4d87e8 - std::panicking::rust_panic_with_hook::h2b5517d590cab22e
[INFO] [stdout]                                at /rustc/82e1608dfa6e0b5569232559e3d385fea5a93112/library/std/src/panicking.rs:783:13
[INFO] [stdout]   15:     0x7fb85a4d8509 - std::panicking::begin_panic_handler::{{closure}}::h233112c06e0ef43e
[INFO] [stdout]                                at /rustc/82e1608dfa6e0b5569232559e3d385fea5a93112/library/std/src/panicking.rs:649:13
[INFO] [stdout]   16:     0x7fb85a4d5af6 - std::sys_common::backtrace::__rust_end_short_backtrace::h6e893f24d7ebbff8
[INFO] [stdout]                                at /rustc/82e1608dfa6e0b5569232559e3d385fea5a93112/library/std/src/sys_common/backtrace.rs:170:18
[INFO] [stdout]   17:     0x7fb85a4d82a2 - rust_begin_unwind
[INFO] [stdout]                                at /rustc/82e1608dfa6e0b5569232559e3d385fea5a93112/library/std/src/panicking.rs:645:5
[INFO] [stdout]   18:     0x7fb85a524d15 - core::panicking::panic_fmt::hbf0e066aabfa482c
[INFO] [stdout]                                at /rustc/82e1608dfa6e0b5569232559e3d385fea5a93112/library/core/src/panicking.rs:72:14
[INFO] [stdout]   19:     0x7fb85a524db3 - core::panicking::panic::h195fc2a96298d4c3
[INFO] [stdout]                                at /rustc/82e1608dfa6e0b5569232559e3d385fea5a93112/library/core/src/panicking.rs:127:5
[INFO] [stderr] error: test failed, to rerun pass `--lib`
[INFO] [stdout]   20:     0x55a3205e7813 - core::option::Option<T>::unwrap::h2b84455f8aeb69c1
[INFO] [stdout]   21:     0x55a3205e68d1 - extends_rs::extends::all_extends::path_split::he8c11c91c454a5f5
[INFO] [stdout]                                at /opt/rustwide/workdir/src/extends/all_extends.rs:58:27
[INFO] [stdout]   22:     0x55a3205e75d9 - extends_rs::name::h35584cd4e7abac91
[INFO] [stdout]                                at /opt/rustwide/workdir/src/lib.rs:32:5
[INFO] [stdout]   23:     0x55a3205e7597 - extends_rs::name::{{closure}}::h817899496b840ec8
[INFO] [stdout]                                at /opt/rustwide/workdir/src/lib.rs:31:10
[INFO] [stdout]   24:     0x55a3205e2a86 - core::ops::function::FnOnce::call_once::h0d7f26cbb4daf846
[INFO] [stdout]                                at /rustc/82e1608dfa6e0b5569232559e3d385fea5a93112/library/core/src/ops/function.rs:250:5
[INFO] [stdout]   25:     0x7fb85a5a9c9f - core::ops::function::FnOnce::call_once::h2b5d431d5046312d
[INFO] [stdout]                                at /rustc/82e1608dfa6e0b5569232559e3d385fea5a93112/library/core/src/ops/function.rs:250:5
[INFO] [stdout]   26:     0x7fb85a5a9c9f - test::__rust_begin_short_backtrace::h7714669af176e207
[INFO] [stdout]                                at /rustc/82e1608dfa6e0b5569232559e3d385fea5a93112/library/test/src/lib.rs:628:18
[INFO] [stdout]   27:     0x7fb85a5a8cb5 - test::run_test_in_process::{{closure}}::h85218797dcbcec12
[INFO] [stdout]                                at /rustc/82e1608dfa6e0b5569232559e3d385fea5a93112/library/test/src/lib.rs:651:60
[INFO] [stdout]   28:     0x7fb85a5a8cb5 - <core::panic::unwind_safe::AssertUnwindSafe<F> as core::ops::function::FnOnce<()>>::call_once::h76c106ea31c14d7b
[INFO] [stdout]                                at /rustc/82e1608dfa6e0b5569232559e3d385fea5a93112/library/core/src/panic/unwind_safe.rs:272:9
[INFO] [stdout]   29:     0x7fb85a5a8cb5 - std::panicking::try::do_call::h3bd5d0f6620ee946
[INFO] [stdout]                                at /rustc/82e1608dfa6e0b5569232559e3d385fea5a93112/library/std/src/panicking.rs:552:40
[INFO] [stdout]   30:     0x7fb85a5a8cb5 - std::panicking::try::h232e535e4744fe31
[INFO] [stdout]                                at /rustc/82e1608dfa6e0b5569232559e3d385fea5a93112/library/std/src/panicking.rs:516:19
[INFO] [stdout]   31:     0x7fb85a5a8cb5 - std::panic::catch_unwind::h3ce3bd6ca8dbac68
[INFO] [stdout]                                at /rustc/82e1608dfa6e0b5569232559e3d385fea5a93112/library/std/src/panic.rs:142:14
[INFO] [stdout]   32:     0x7fb85a5a8cb5 - test::run_test_in_process::hc97b257c9621286a
[INFO] [stdout]                                at /rustc/82e1608dfa6e0b5569232559e3d385fea5a93112/library/test/src/lib.rs:651:27
[INFO] [stdout]   33:     0x7fb85a5a8cb5 - test::run_test::{{closure}}::h2aa798823a438d38
[INFO] [stdout]                                at /rustc/82e1608dfa6e0b5569232559e3d385fea5a93112/library/test/src/lib.rs:574:43
[INFO] [stdout]   34:     0x7fb85a56ca26 - test::run_test::{{closure}}::h87d231c78fb59832
[INFO] [stdout]                                at /rustc/82e1608dfa6e0b5569232559e3d385fea5a93112/library/test/src/lib.rs:602:41
[INFO] [stdout]   35:     0x7fb85a56ca26 - std::sys_common::backtrace::__rust_begin_short_backtrace::he6df152596625789
[INFO] [stdout]                                at /rustc/82e1608dfa6e0b5569232559e3d385fea5a93112/library/std/src/sys_common/backtrace.rs:154:18
[INFO] [stdout]   36:     0x7fb85a571ad7 - std::thread::Builder::spawn_unchecked_::{{closure}}::{{closure}}::ha94be15d1e0acf36
[INFO] [stdout]                                at /rustc/82e1608dfa6e0b5569232559e3d385fea5a93112/library/std/src/thread/mod.rs:529:17
[INFO] [stdout]   37:     0x7fb85a571ad7 - <core::panic::unwind_safe::AssertUnwindSafe<F> as core::ops::function::FnOnce<()>>::call_once::h9dc6bd6372f16606
[INFO] [stdout]                                at /rustc/82e1608dfa6e0b5569232559e3d385fea5a93112/library/core/src/panic/unwind_safe.rs:272:9
[INFO] [stdout]   38:     0x7fb85a571ad7 - std::panicking::try::do_call::h9057517f80303cd4
[INFO] [stdout]                                at /rustc/82e1608dfa6e0b5569232559e3d385fea5a93112/library/std/src/panicking.rs:552:40
[INFO] [stdout]   39:     0x7fb85a571ad7 - std::panicking::try::he3a30b11ee45340c
[INFO] [stdout]                                at /rustc/82e1608dfa6e0b5569232559e3d385fea5a93112/library/std/src/panicking.rs:516:19
[INFO] [stdout]   40:     0x7fb85a571ad7 - std::panic::catch_unwind::h410458cfd3528b8b
[INFO] [stdout]                                at /rustc/82e1608dfa6e0b5569232559e3d385fea5a93112/library/std/src/panic.rs:142:14
[INFO] [stdout]   41:     0x7fb85a571ad7 - std::thread::Builder::spawn_unchecked_::{{closure}}::h72ac3bdb567b737b
[INFO] [stdout]                                at /rustc/82e1608dfa6e0b5569232559e3d385fea5a93112/library/std/src/thread/mod.rs:528:30
[INFO] [stdout]   42:     0x7fb85a571ad7 - core::ops::function::FnOnce::call_once{{vtable.shim}}::h38f34da3654a8344
[INFO] [stdout]                                at /rustc/82e1608dfa6e0b5569232559e3d385fea5a93112/library/core/src/ops/function.rs:250:5
[INFO] [stdout]   43:     0x7fb85a4e26a5 - <alloc::boxed::Box<F,A> as core::ops::function::FnOnce<Args>>::call_once::hc7eafaff61e32df9
[INFO] [stdout]                                at /rustc/82e1608dfa6e0b5569232559e3d385fea5a93112/library/alloc/src/boxed.rs:2007:9
[INFO] [stdout]   44:     0x7fb85a4e26a5 - <alloc::boxed::Box<F,A> as core::ops::function::FnOnce<Args>>::call_once::h6ba4a5de48dd2304
[INFO] [stdout]                                at /rustc/82e1608dfa6e0b5569232559e3d385fea5a93112/library/alloc/src/boxed.rs:2007:9
[INFO] [stdout]   45:     0x7fb85a4e26a5 - std::sys::unix::thread::Thread::new::thread_start::he469335aef763e45
[INFO] [stdout]                                at /rustc/82e1608dfa6e0b5569232559e3d385fea5a93112/library/std/src/sys/unix/thread.rs:108:17
[INFO] [stdout]   46:     0x7fb85a253ac3 - <unknown>
[INFO] [stdout]   47:     0x7fb85a2e4bf4 - __clone
[INFO] [stdout]   48:                0x0 - <unknown>
[INFO] [stdout] 
[INFO] [stdout] 
[INFO] [stdout] failures:
[INFO] [stdout]     name
[INFO] [stdout] 
[INFO] [stdout] test result: FAILED. 0 passed; 1 failed; 0 ignored; 0 measured; 0 filtered out; finished in 0.07s
[INFO] [stdout] 
[INFO] running `Command { std: "docker" "inspect" "e3e8373c917a63a384587165f5b186554e325db2ec969ed335df5572a4ec3360", kill_on_drop: false }`
[INFO] running `Command { std: "docker" "rm" "-f" "e3e8373c917a63a384587165f5b186554e325db2ec969ed335df5572a4ec3360", kill_on_drop: false }`
[INFO] [stdout] e3e8373c917a63a384587165f5b186554e325db2ec969ed335df5572a4ec3360
