[INFO] fetching crate extargsparse_codegen 0.1.4...
[INFO] testing extargsparse_codegen-0.1.4 against 1.75.0 for beta-1.76-1
[INFO] extracting crate extargsparse_codegen 0.1.4 into /workspace/builds/worker-3-tc1/source
[INFO] validating manifest of crates.io crate extargsparse_codegen 0.1.4 on toolchain 1.75.0
[INFO] running `Command { std: CARGO_HOME="/workspace/cargo-home" RUSTUP_HOME="/workspace/rustup-home" "/workspace/cargo-home/bin/cargo" "+1.75.0" "metadata" "--manifest-path" "Cargo.toml" "--no-deps", kill_on_drop: false }`
[INFO] started tweaking crates.io crate extargsparse_codegen 0.1.4
[INFO] finished tweaking crates.io crate extargsparse_codegen 0.1.4
[INFO] tweaked toml for crates.io crate extargsparse_codegen 0.1.4 written to /workspace/builds/worker-3-tc1/source/Cargo.toml
[INFO] running `Command { std: CARGO_HOME="/workspace/cargo-home" RUSTUP_HOME="/workspace/rustup-home" "/workspace/cargo-home/bin/cargo" "+1.75.0" "generate-lockfile" "--manifest-path" "Cargo.toml", kill_on_drop: false }`
[INFO] [stderr]     Updating crates.io index
[INFO] running `Command { std: CARGO_HOME="/workspace/cargo-home" RUSTUP_HOME="/workspace/rustup-home" "/workspace/cargo-home/bin/cargo" "+1.75.0" "fetch" "--manifest-path" "Cargo.toml", kill_on_drop: false }`
[INFO] running `Command { std: "docker" "create" "-v" "/var/lib/crater-agent-workspace/builds/worker-3-tc1/target:/opt/rustwide/target:rw,Z" "-v" "/var/lib/crater-agent-workspace/builds/worker-3-tc1/source:/opt/rustwide/workdir:ro,Z" "-v" "/var/lib/crater-agent-workspace/cargo-home:/opt/rustwide/cargo-home:ro,Z" "-v" "/var/lib/crater-agent-workspace/rustup-home:/opt/rustwide/rustup-home:ro,Z" "-e" "SOURCE_DIR=/opt/rustwide/workdir" "-e" "CARGO_TARGET_DIR=/opt/rustwide/target" "-e" "CARGO_HOME=/opt/rustwide/cargo-home" "-e" "RUSTUP_HOME=/opt/rustwide/rustup-home" "-w" "/opt/rustwide/workdir" "-m" "1610612736" "--user" "0:0" "--network" "none" "ghcr.io/rust-lang/crates-build-env/linux@sha256:2788e3201cd34a07e3172128adcd8b3090168a8e3bcc40d7c032b9dda1df7d1c" "/opt/rustwide/cargo-home/bin/cargo" "+1.75.0" "metadata" "--no-deps" "--format-version=1", kill_on_drop: false }`
[INFO] [stdout] a01f85c8712d1bb8d53b32533f58ce25eb9ea6ea7be7fadf16e2f75d14bb166e
[INFO] running `Command { std: "docker" "start" "-a" "a01f85c8712d1bb8d53b32533f58ce25eb9ea6ea7be7fadf16e2f75d14bb166e", kill_on_drop: false }`
[INFO] running `Command { std: "docker" "inspect" "a01f85c8712d1bb8d53b32533f58ce25eb9ea6ea7be7fadf16e2f75d14bb166e", kill_on_drop: false }`
[INFO] running `Command { std: "docker" "rm" "-f" "a01f85c8712d1bb8d53b32533f58ce25eb9ea6ea7be7fadf16e2f75d14bb166e", kill_on_drop: false }`
[INFO] [stdout] a01f85c8712d1bb8d53b32533f58ce25eb9ea6ea7be7fadf16e2f75d14bb166e
[INFO] running `Command { std: "docker" "create" "-v" "/var/lib/crater-agent-workspace/builds/worker-3-tc1/target:/opt/rustwide/target:rw,Z" "-v" "/var/lib/crater-agent-workspace/builds/worker-3-tc1/source:/opt/rustwide/workdir:ro,Z" "-v" "/var/lib/crater-agent-workspace/cargo-home:/opt/rustwide/cargo-home:ro,Z" "-v" "/var/lib/crater-agent-workspace/rustup-home:/opt/rustwide/rustup-home:ro,Z" "-e" "SOURCE_DIR=/opt/rustwide/workdir" "-e" "CARGO_TARGET_DIR=/opt/rustwide/target" "-e" "CARGO_INCREMENTAL=0" "-e" "RUST_BACKTRACE=full" "-e" "RUSTFLAGS=--cap-lints=warn" "-e" "RUSTDOCFLAGS=--cap-lints=warn" "-e" "CARGO_HOME=/opt/rustwide/cargo-home" "-e" "RUSTUP_HOME=/opt/rustwide/rustup-home" "-w" "/opt/rustwide/workdir" "-m" "1610612736" "--user" "0:0" "--network" "none" "ghcr.io/rust-lang/crates-build-env/linux@sha256:2788e3201cd34a07e3172128adcd8b3090168a8e3bcc40d7c032b9dda1df7d1c" "/opt/rustwide/cargo-home/bin/cargo" "+1.75.0" "build" "--frozen" "--message-format=json", kill_on_drop: false }`
[INFO] [stdout] a3332ffc355e09265d4a850208fd49325411f651f528eca920223b916fe56554
[INFO] running `Command { std: "docker" "start" "-a" "a3332ffc355e09265d4a850208fd49325411f651f528eca920223b916fe56554", kill_on_drop: false }`
[INFO] [stderr]    Compiling proc-macro2 v1.0.75
[INFO] [stderr]    Compiling cfg-if v1.0.0
[INFO] [stderr]    Compiling memchr v2.7.1
[INFO] [stderr]    Compiling syn v1.0.109
[INFO] [stderr]    Compiling regex-syntax v0.8.2
[INFO] [stderr]    Compiling iana-time-zone v0.1.59
[INFO] [stderr]    Compiling bytes v0.5.6
[INFO] [stderr]    Compiling getrandom v0.2.11
[INFO] [stderr]    Compiling chrono v0.4.31
[INFO] [stderr]    Compiling rand_core v0.6.4
[INFO] [stderr]    Compiling rand_chacha v0.3.1
[INFO] [stderr]    Compiling rand v0.8.5
[INFO] [stderr]    Compiling aho-corasick v1.1.2
[INFO] [stderr]    Compiling quote v1.0.35
[INFO] [stderr]    Compiling regex-automata v0.4.3
[INFO] [stderr]    Compiling regex v1.10.2
[INFO] [stderr]    Compiling extargsparse_codegen v0.1.4 (/opt/rustwide/workdir)
[INFO] [stdout] warning: call to `.clone()` on a reference in this situation does nothing
[INFO] [stdout]    --> src/lib.rs:449:35
[INFO] [stdout]     |
[INFO] [stdout] 449 |                 retv.set_funcnames(&k,&v,input.clone())?;
[INFO] [stdout]     |                                               ^^^^^^^^ help: remove this redundant call
[INFO] [stdout]     |
[INFO] [stdout]     = note: the type `ParseBuffer<'_>` does not implement `Clone`, so calling `clone` on `&ParseBuffer<'_>` copies the reference, which does not do anything and can be removed
[INFO] [stdout]     = note: `#[warn(noop_method_call)]` on by default
[INFO] [stdout] 
[INFO] [stdout] 
[INFO] [stdout] warning: call to `.clone()` on a reference in this situation does nothing
[INFO] [stdout]    --> src/lib.rs:460:33
[INFO] [stdout]     |
[INFO] [stdout] 460 |         retv.set_funcnames(&k,&v,input.clone())?;
[INFO] [stdout]     |                                       ^^^^^^^^ help: remove this redundant call
[INFO] [stdout]     |
[INFO] [stdout]     = note: the type `ParseBuffer<'_>` does not implement `Clone`, so calling `clone` on `&ParseBuffer<'_>` copies the reference, which does not do anything and can be removed
[INFO] [stdout] 
[INFO] [stdout] 
[INFO] [stdout] warning: 2 warnings emitted
[INFO] [stdout] 
[INFO] [stdout] 
[INFO] [stderr]     Finished dev [unoptimized + debuginfo] target(s) in 4.68s
[INFO] running `Command { std: "docker" "inspect" "a3332ffc355e09265d4a850208fd49325411f651f528eca920223b916fe56554", kill_on_drop: false }`
[INFO] running `Command { std: "docker" "rm" "-f" "a3332ffc355e09265d4a850208fd49325411f651f528eca920223b916fe56554", kill_on_drop: false }`
[INFO] [stdout] a3332ffc355e09265d4a850208fd49325411f651f528eca920223b916fe56554
[INFO] running `Command { std: "docker" "create" "-v" "/var/lib/crater-agent-workspace/builds/worker-3-tc1/target:/opt/rustwide/target:rw,Z" "-v" "/var/lib/crater-agent-workspace/builds/worker-3-tc1/source:/opt/rustwide/workdir:ro,Z" "-v" "/var/lib/crater-agent-workspace/cargo-home:/opt/rustwide/cargo-home:ro,Z" "-v" "/var/lib/crater-agent-workspace/rustup-home:/opt/rustwide/rustup-home:ro,Z" "-e" "SOURCE_DIR=/opt/rustwide/workdir" "-e" "CARGO_TARGET_DIR=/opt/rustwide/target" "-e" "CARGO_INCREMENTAL=0" "-e" "RUST_BACKTRACE=full" "-e" "RUSTFLAGS=--cap-lints=warn" "-e" "RUSTDOCFLAGS=--cap-lints=warn" "-e" "CARGO_HOME=/opt/rustwide/cargo-home" "-e" "RUSTUP_HOME=/opt/rustwide/rustup-home" "-w" "/opt/rustwide/workdir" "-m" "1610612736" "--user" "0:0" "--network" "none" "ghcr.io/rust-lang/crates-build-env/linux@sha256:2788e3201cd34a07e3172128adcd8b3090168a8e3bcc40d7c032b9dda1df7d1c" "/opt/rustwide/cargo-home/bin/cargo" "+1.75.0" "test" "--frozen" "--no-run" "--message-format=json", kill_on_drop: false }`
[INFO] [stdout] 7be34bd6b2e26502d566f8505e8067540bfe4f84f9fc4bdbfbd06db130728ab6
[INFO] running `Command { std: "docker" "start" "-a" "7be34bd6b2e26502d566f8505e8067540bfe4f84f9fc4bdbfbd06db130728ab6", kill_on_drop: false }`
[INFO] [stderr]    Compiling extargsparse_codegen v0.1.4 (/opt/rustwide/workdir)
[INFO] [stdout] warning: call to `.clone()` on a reference in this situation does nothing
[INFO] [stdout]    --> src/lib.rs:449:35
[INFO] [stdout]     |
[INFO] [stdout] 449 |                 retv.set_funcnames(&k,&v,input.clone())?;
[INFO] [stdout]     |                                               ^^^^^^^^ help: remove this redundant call
[INFO] [stdout]     |
[INFO] [stdout]     = note: the type `ParseBuffer<'_>` does not implement `Clone`, so calling `clone` on `&ParseBuffer<'_>` copies the reference, which does not do anything and can be removed
[INFO] [stdout]     = note: `#[warn(noop_method_call)]` on by default
[INFO] [stdout] 
[INFO] [stdout] 
[INFO] [stdout] warning: call to `.clone()` on a reference in this situation does nothing
[INFO] [stdout]    --> src/lib.rs:460:33
[INFO] [stdout]     |
[INFO] [stdout] 460 |         retv.set_funcnames(&k,&v,input.clone())?;
[INFO] [stdout]     |                                       ^^^^^^^^ help: remove this redundant call
[INFO] [stdout]     |
[INFO] [stdout]     = note: the type `ParseBuffer<'_>` does not implement `Clone`, so calling `clone` on `&ParseBuffer<'_>` copies the reference, which does not do anything and can be removed
[INFO] [stdout] 
[INFO] [stdout] 
[INFO] [stdout] warning: call to `.clone()` on a reference in this situation does nothing
[INFO] [stdout]    --> src/lib.rs:449:35
[INFO] [stdout]     |
[INFO] [stdout] 449 |                 retv.set_funcnames(&k,&v,input.clone())?;
[INFO] [stdout]     |                                               ^^^^^^^^ help: remove this redundant call
[INFO] [stdout]     |
[INFO] [stdout]     = note: the type `ParseBuffer<'_>` does not implement `Clone`, so calling `clone` on `&ParseBuffer<'_>` copies the reference, which does not do anything and can be removed
[INFO] [stdout]     = note: `#[warn(noop_method_call)]` on by default
[INFO] [stdout] 
[INFO] [stdout] 
[INFO] [stdout] warning: call to `.clone()` on a reference in this situation does nothing
[INFO] [stdout]    --> src/lib.rs:460:33
[INFO] [stdout]     |
[INFO] [stdout] 460 |         retv.set_funcnames(&k,&v,input.clone())?;
[INFO] [stdout]     |                                       ^^^^^^^^ help: remove this redundant call
[INFO] [stdout]     |
[INFO] [stdout]     = note: the type `ParseBuffer<'_>` does not implement `Clone`, so calling `clone` on `&ParseBuffer<'_>` copies the reference, which does not do anything and can be removed
[INFO] [stdout] 
[INFO] [stdout] 
[INFO] [stdout] warning: 2 warnings emitted
[INFO] [stdout] 
[INFO] [stdout] 
[INFO] [stdout] warning: 2 warnings emitted
[INFO] [stdout] 
[INFO] [stdout] 
[INFO] [stderr]     Finished test [unoptimized + debuginfo] target(s) in 1.46s
[INFO] running `Command { std: "docker" "inspect" "7be34bd6b2e26502d566f8505e8067540bfe4f84f9fc4bdbfbd06db130728ab6", kill_on_drop: false }`
[INFO] running `Command { std: "docker" "rm" "-f" "7be34bd6b2e26502d566f8505e8067540bfe4f84f9fc4bdbfbd06db130728ab6", kill_on_drop: false }`
[INFO] [stdout] 7be34bd6b2e26502d566f8505e8067540bfe4f84f9fc4bdbfbd06db130728ab6
[INFO] running `Command { std: "docker" "create" "-v" "/var/lib/crater-agent-workspace/builds/worker-3-tc1/target:/opt/rustwide/target:rw,Z" "-v" "/var/lib/crater-agent-workspace/builds/worker-3-tc1/source:/opt/rustwide/workdir:ro,Z" "-v" "/var/lib/crater-agent-workspace/cargo-home:/opt/rustwide/cargo-home:ro,Z" "-v" "/var/lib/crater-agent-workspace/rustup-home:/opt/rustwide/rustup-home:ro,Z" "-e" "SOURCE_DIR=/opt/rustwide/workdir" "-e" "CARGO_TARGET_DIR=/opt/rustwide/target" "-e" "CARGO_INCREMENTAL=0" "-e" "RUST_BACKTRACE=full" "-e" "RUSTFLAGS=--cap-lints=warn" "-e" "RUSTDOCFLAGS=--cap-lints=warn" "-e" "CARGO_HOME=/opt/rustwide/cargo-home" "-e" "RUSTUP_HOME=/opt/rustwide/rustup-home" "-w" "/opt/rustwide/workdir" "-m" "1610612736" "--user" "0:0" "--network" "none" "ghcr.io/rust-lang/crates-build-env/linux@sha256:2788e3201cd34a07e3172128adcd8b3090168a8e3bcc40d7c032b9dda1df7d1c" "/opt/rustwide/cargo-home/bin/cargo" "+1.75.0" "test" "--frozen", kill_on_drop: false }`
[INFO] [stdout] c956d79b041b4a21ab0ec2eb12ecede43d72d2998226b086f5b19e6c059da257
[INFO] running `Command { std: "docker" "start" "-a" "c956d79b041b4a21ab0ec2eb12ecede43d72d2998226b086f5b19e6c059da257", kill_on_drop: false }`
[INFO] [stderr] warning: call to `.clone()` on a reference in this situation does nothing
[INFO] [stderr]    --> src/lib.rs:449:35
[INFO] [stderr]     |
[INFO] [stderr] 449 |                 retv.set_funcnames(&k,&v,input.clone())?;
[INFO] [stderr]     |                                               ^^^^^^^^ help: remove this redundant call
[INFO] [stderr]     |
[INFO] [stderr]     = note: the type `ParseBuffer<'_>` does not implement `Clone`, so calling `clone` on `&ParseBuffer<'_>` copies the reference, which does not do anything and can be removed
[INFO] [stderr]     = note: `#[warn(noop_method_call)]` on by default
[INFO] [stderr] 
[INFO] [stderr] warning: call to `.clone()` on a reference in this situation does nothing
[INFO] [stderr]    --> src/lib.rs:460:33
[INFO] [stderr]     |
[INFO] [stderr] 460 |         retv.set_funcnames(&k,&v,input.clone())?;
[INFO] [stderr]     |                                       ^^^^^^^^ help: remove this redundant call
[INFO] [stderr]     |
[INFO] [stderr]     = note: the type `ParseBuffer<'_>` does not implement `Clone`, so calling `clone` on `&ParseBuffer<'_>` copies the reference, which does not do anything and can be removed
[INFO] [stderr] 
[INFO] [stderr] warning: `extargsparse_codegen` (lib) generated 2 warnings (run `cargo fix --lib -p extargsparse_codegen` to apply 2 suggestions)
[INFO] [stderr] warning: `extargsparse_codegen` (lib test) generated 2 warnings (2 duplicates)
[INFO] [stderr]     Finished test [unoptimized + debuginfo] target(s) in 0.02s
[INFO] [stderr]      Running unittests src/lib.rs (/opt/rustwide/target/debug/deps/extargsparse_codegen-ca3447fd33a1dab4)
[INFO] [stdout] 
[INFO] [stdout] running 0 tests
[INFO] [stdout] 
[INFO] [stdout] test result: ok. 0 passed; 0 failed; 0 ignored; 0 measured; 0 filtered out; finished in 0.00s
[INFO] [stdout] 
[INFO] [stderr]    Doc-tests extargsparse_codegen
[INFO] [stdout] 
[INFO] [stdout] running 3 tests
[INFO] [stdout] test src/lib.rs - extargs_load_commandline (line 941) ... FAILED
[INFO] [stdout] test src/lib.rs - extargs_load_commandline (line 945) ... FAILED
[INFO] [stdout] test src/lib.rs - (line 4) ... FAILED
[INFO] [stdout] 
[INFO] [stdout] failures:
[INFO] [stdout] 
[INFO] [stdout] ---- src/lib.rs - extargs_load_commandline (line 941) stdout ----
[INFO] [stdout] error: cannot find macro `extargs_load_commandline` in this scope
[INFO] [stdout]  --> src/lib.rs:942:1
[INFO] [stdout]   |
[INFO] [stdout] 3 | extargs_load_commandline!(parser,loads)?;
[INFO] [stdout]   | ^^^^^^^^^^^^^^^^^^^^^^^^
[INFO] [stdout]   |
[INFO] [stdout] help: consider importing this macro
[INFO] [stdout]   |
[INFO] [stdout] 2 + use extargsparse_codegen::extargs_load_commandline;
[INFO] [stdout]   |
[INFO] [stdout] 
[INFO] [stdout] error: aborting due to previous error
[INFO] [stdout] 
[INFO] [stdout] Couldn't compile the test.
[INFO] [stdout] ---- src/lib.rs - extargs_load_commandline (line 945) stdout ----
[INFO] [stdout] error[E0425]: cannot find value `parser` in this scope
[INFO] [stdout]  --> src/lib.rs:946:1
[INFO] [stdout]   |
[INFO] [stdout] 3 | parser.load_command_line(loads,st_functions_xxww222)?;
[INFO] [stdout]   | ^^^^^^ not found in this scope
[INFO] [stdout] 
[INFO] [stdout] error[E0425]: cannot find value `loads` in this scope
[INFO] [stdout]  --> src/lib.rs:946:26
[INFO] [stdout]   |
[INFO] [stdout] 3 | parser.load_command_line(loads,st_functions_xxww222)?;
[INFO] [stdout]   |                          ^^^^^ not found in this scope
[INFO] [stdout] 
[INFO] [stdout] error[E0425]: cannot find value `st_functions_xxww222` in this scope
[INFO] [stdout]  --> src/lib.rs:946:32
[INFO] [stdout]   |
[INFO] [stdout] 3 | parser.load_command_line(loads,st_functions_xxww222)?;
[INFO] [stdout]   |                                ^^^^^^^^^^^^^^^^^^^^ not found in this scope
[INFO] [stdout] 
[INFO] [stdout] error: aborting due to 3 previous errors
[INFO] [stdout] 
[INFO] [stdout] For more information about this error, try `rustc --explain E0425`.
[INFO] [stdout] Couldn't compile the test.
[INFO] [stdout] ---- src/lib.rs - (line 4) stdout ----
[INFO] [stdout] error[E0433]: failed to resolve: use of undeclared crate or module `extargsparse_worker`
[INFO] [stdout]  --> src/lib.rs:7:5
[INFO] [stdout]   |
[INFO] [stdout] 5 | use extargsparse_worker::argset::{ArgSetImpl};
[INFO] [stdout]   |     ^^^^^^^^^^^^^^^^^^^ use of undeclared crate or module `extargsparse_worker`
[INFO] [stdout]   |
[INFO] [stdout] help: there is a crate or module with a similar name
[INFO] [stdout]   |
[INFO] [stdout] 5 | use extargsparse_codegen::argset::{ArgSetImpl};
[INFO] [stdout]   |     ~~~~~~~~~~~~~~~~~~~~
[INFO] [stdout] 
[INFO] [stdout] error[E0433]: failed to resolve: use of undeclared crate or module `extargsparse_worker`
[INFO] [stdout]  --> src/lib.rs:9:5
[INFO] [stdout]   |
[INFO] [stdout] 7 | use extargsparse_worker::namespace::NameSpaceEx;
[INFO] [stdout]   |     ^^^^^^^^^^^^^^^^^^^ use of undeclared crate or module `extargsparse_worker`
[INFO] [stdout]   |
[INFO] [stdout] help: there is a crate or module with a similar name
[INFO] [stdout]   |
[INFO] [stdout] 7 | use extargsparse_codegen::namespace::NameSpaceEx;
[INFO] [stdout]   |     ~~~~~~~~~~~~~~~~~~~~
[INFO] [stdout] 
[INFO] [stdout] error[E0433]: failed to resolve: use of undeclared crate or module `extargsparse_worker`
[INFO] [stdout]  --> src/lib.rs:10:5
[INFO] [stdout]   |
[INFO] [stdout] 8 | use extargsparse_worker::funccall::ExtArgsParseFunc;
[INFO] [stdout]   |     ^^^^^^^^^^^^^^^^^^^ use of undeclared crate or module `extargsparse_worker`
[INFO] [stdout]   |
[INFO] [stdout] help: there is a crate or module with a similar name
[INFO] [stdout]   |
[INFO] [stdout] 8 | use extargsparse_codegen::funccall::ExtArgsParseFunc;
[INFO] [stdout]   |     ~~~~~~~~~~~~~~~~~~~~
[INFO] [stdout] 
[INFO] [stdout] error[E0433]: failed to resolve: use of undeclared crate or module `extargsparse_worker`
[INFO] [stdout]  --> src/lib.rs:11:5
[INFO] [stdout]   |
[INFO] [stdout] 9 | use extargsparse_worker::parser::ExtArgsParser;
[INFO] [stdout]   |     ^^^^^^^^^^^^^^^^^^^ use of undeclared crate or module `extargsparse_worker`
[INFO] [stdout]   |
[INFO] [stdout] help: there is a crate or module with a similar name
[INFO] [stdout]   |
[INFO] [stdout] 9 | use extargsparse_codegen::parser::ExtArgsParser;
[INFO] [stdout]   |     ~~~~~~~~~~~~~~~~~~~~
[INFO] [stdout] 
[INFO] [stdout] error[E0433]: failed to resolve: use of undeclared crate or module `extargsparse_worker`
[INFO] [stdout]   --> src/lib.rs:12:5
[INFO] [stdout]    |
[INFO] [stdout] 10 | use extargsparse_worker::key::{ExtKeyParse,KEYWORD_LIST};
[INFO] [stdout]    |     ^^^^^^^^^^^^^^^^^^^ use of undeclared crate or module `extargsparse_worker`
[INFO] [stdout]    |
[INFO] [stdout] help: there is a crate or module with a similar name
[INFO] [stdout]    |
[INFO] [stdout] 10 | use extargsparse_codegen::key::{ExtKeyParse,KEYWORD_LIST};
[INFO] [stdout]    |     ~~~~~~~~~~~~~~~~~~~~
[INFO] [stdout] 
[INFO] [stdout] error[E0432]: unresolved import `extargsparse_worker`
[INFO] [stdout]  --> src/lib.rs:8:5
[INFO] [stdout]   |
[INFO] [stdout] 6 | use extargsparse_worker::{extargs_error_class,extargs_new_error};
[INFO] [stdout]   |     ^^^^^^^^^^^^^^^^^^^ use of undeclared crate or module `extargsparse_worker`
[INFO] [stdout]   |
[INFO] [stdout] help: there is a crate or module with a similar name
[INFO] [stdout]   |
[INFO] [stdout] 6 | use extargsparse_codegen::{extargs_error_class,extargs_new_error};
[INFO] [stdout]   |     ~~~~~~~~~~~~~~~~~~~~
[INFO] [stdout] 
[INFO] [stdout] error[E0432]: unresolved import `serde_json`
[INFO] [stdout]   --> src/lib.rs:22:5
[INFO] [stdout]    |
[INFO] [stdout] 20 | use serde_json::Value;
[INFO] [stdout]    |     ^^^^^^^^^^ use of undeclared crate or module `serde_json`
[INFO] [stdout] 
[INFO] [stdout] error: cannot determine resolution for the macro `extargs_error_class`
[INFO] [stdout]   --> src/lib.rs:25:1
[INFO] [stdout]    |
[INFO] [stdout] 23 | extargs_error_class!{TestCaseError}
[INFO] [stdout]    | ^^^^^^^^^^^^^^^^^^^
[INFO] [stdout]    |
[INFO] [stdout]    = note: import resolution is stuck, try simplifying macro imports
[INFO] [stdout] 
[INFO] [stdout] error: cannot determine resolution for the macro `extargs_error_class`
[INFO] [stdout]   --> src/lib.rs:27:10
[INFO] [stdout]    |
[INFO] [stdout] 25 | #[derive(ArgSet)]
[INFO] [stdout]    |          ^^^^^^
[INFO] [stdout]    |
[INFO] [stdout]    = note: import resolution is stuck, try simplifying macro imports
[INFO] [stdout]    = note: this error originates in the derive macro `ArgSet` (in Nightly builds, run with -Z macro-backtrace for more info)
[INFO] [stdout] 
[INFO] [stdout] error: cannot determine resolution for the macro `extargs_new_error`
[INFO] [stdout]   --> src/lib.rs:27:10
[INFO] [stdout]    |
[INFO] [stdout] 25 | #[derive(ArgSet)]
[INFO] [stdout]    |          ^^^^^^
[INFO] [stdout]    |
[INFO] [stdout]    = note: import resolution is stuck, try simplifying macro imports
[INFO] [stdout]    = note: this error originates in the derive macro `ArgSet` (in Nightly builds, run with -Z macro-backtrace for more info)
[INFO] [stdout] 
[INFO] [stdout] error: cannot determine resolution for the macro `extargs_error_class`
[INFO] [stdout]   --> src/lib.rs:34:10
[INFO] [stdout]    |
[INFO] [stdout] 32 | #[derive(ArgSet)]
[INFO] [stdout]    |          ^^^^^^
[INFO] [stdout]    |
[INFO] [stdout]    = note: import resolution is stuck, try simplifying macro imports
[INFO] [stdout]    = note: this error originates in the derive macro `ArgSet` (in Nightly builds, run with -Z macro-backtrace for more info)
[INFO] [stdout] 
[INFO] [stdout] error: cannot determine resolution for the macro `extargs_new_error`
[INFO] [stdout]   --> src/lib.rs:34:10
[INFO] [stdout]    |
[INFO] [stdout] 32 | #[derive(ArgSet)]
[INFO] [stdout]    |          ^^^^^^
[INFO] [stdout]    |
[INFO] [stdout]    = note: import resolution is stuck, try simplifying macro imports
[INFO] [stdout]    = note: this error originates in the derive macro `ArgSet` (in Nightly builds, run with -Z macro-backtrace for more info)
[INFO] [stdout] 
[INFO] [stdout] error: cannot determine resolution for the macro `extargs_error_class`
[INFO] [stdout]   --> src/lib.rs:41:10
[INFO] [stdout]    |
[INFO] [stdout] 39 | #[derive(ArgSet)]
[INFO] [stdout]    |          ^^^^^^
[INFO] [stdout]    |
[INFO] [stdout]    = note: import resolution is stuck, try simplifying macro imports
[INFO] [stdout]    = note: this error originates in the derive macro `ArgSet` (in Nightly builds, run with -Z macro-backtrace for more info)
[INFO] [stdout] 
[INFO] [stdout] error: cannot determine resolution for the macro `extargs_new_error`
[INFO] [stdout]   --> src/lib.rs:41:10
[INFO] [stdout]    |
[INFO] [stdout] 39 | #[derive(ArgSet)]
[INFO] [stdout]    |          ^^^^^^
[INFO] [stdout]    |
[INFO] [stdout]    = note: import resolution is stuck, try simplifying macro imports
[INFO] [stdout]    = note: this error originates in the derive macro `ArgSet` (in Nightly builds, run with -Z macro-backtrace for more info)
[INFO] [stdout] 
[INFO] [stdout] error: cannot determine resolution for the macro `extargs_new_error`
[INFO] [stdout]   --> src/lib.rs:65:9
[INFO] [stdout]    |
[INFO] [stdout] 63 |         extargs_new_error!{TestCaseError,"keycls [{}] not string type", keycls.string()}
[INFO] [stdout]    |         ^^^^^^^^^^^^^^^^^
[INFO] [stdout]    |
[INFO] [stdout]    = note: import resolution is stuck, try simplifying macro imports
[INFO] [stdout] 
[INFO] [stdout] error: cannot determine resolution for the macro `extargs_new_error`
[INFO] [stdout]   --> src/lib.rs:79:16
[INFO] [stdout]    |
[INFO] [stdout] 77 |                         extargs_new_error!{TestCaseError,"[{}] not string type",_idx}
[INFO] [stdout]    |                         ^^^^^^^^^^^^^^^^^
[INFO] [stdout]    |
[INFO] [stdout]    = note: import resolution is stuck, try simplifying macro imports
[INFO] [stdout] 
[INFO] [stdout] error: cannot determine resolution for the macro `extargs_new_error`
[INFO] [stdout]   --> src/lib.rs:85:16
[INFO] [stdout]    |
[INFO] [stdout] 83 |         _ => { extargs_new_error!{TestCaseError,"value [{:?}] not valid" , value } }
[INFO] [stdout]    |                ^^^^^^^^^^^^^^^^^
[INFO] [stdout]    |
[INFO] [stdout]    = note: import resolution is stuck, try simplifying macro imports
[INFO] [stdout] 
[INFO] [stdout] error: cannot determine resolution for the macro `extargs_new_error`
[INFO] [stdout]    --> src/lib.rs:120:9
[INFO] [stdout]     |
[INFO] [stdout] 118 |         extargs_new_error!{TestCaseError,"[{}+2] > len({}) {:?}",validx,params.len(),params}
[INFO] [stdout]     |         ^^^^^^^^^^^^^^^^^
[INFO] [stdout]     |
[INFO] [stdout]     = note: import resolution is stuck, try simplifying macro imports
[INFO] [stdout] 
[INFO] [stdout] error: aborting due to 18 previous errors
[INFO] [stdout] 
[INFO] [stdout] Some errors have detailed explanations: E0432, E0433.
[INFO] [stdout] For more information about an error, try `rustc --explain E0432`.
[INFO] [stdout] Couldn't compile the test.
[INFO] [stdout] 
[INFO] [stdout] failures:
[INFO] [stdout]     src/lib.rs - (line 4)
[INFO] [stdout]     src/lib.rs - extargs_load_commandline (line 941)
[INFO] [stdout]     src/lib.rs - extargs_load_commandline (line 945)
[INFO] [stdout] 
[INFO] [stdout] test result: FAILED. 0 passed; 3 failed; 0 ignored; 0 measured; 0 filtered out; finished in 0.08s
[INFO] [stdout] 
[INFO] [stderr] error: doctest failed, to rerun pass `--doc`
[INFO] running `Command { std: "docker" "inspect" "c956d79b041b4a21ab0ec2eb12ecede43d72d2998226b086f5b19e6c059da257", kill_on_drop: false }`
[INFO] running `Command { std: "docker" "rm" "-f" "c956d79b041b4a21ab0ec2eb12ecede43d72d2998226b086f5b19e6c059da257", kill_on_drop: false }`
[INFO] [stdout] c956d79b041b4a21ab0ec2eb12ecede43d72d2998226b086f5b19e6c059da257
