[INFO] fetching crate exmex 0.18.0...
[INFO] testing exmex-0.18.0 against 1.75.0 for beta-1.76-1
[INFO] extracting crate exmex 0.18.0 into /workspace/builds/worker-2-tc1/source
[INFO] validating manifest of crates.io crate exmex 0.18.0 on toolchain 1.75.0
[INFO] running `Command { std: CARGO_HOME="/workspace/cargo-home" RUSTUP_HOME="/workspace/rustup-home" "/workspace/cargo-home/bin/cargo" "+1.75.0" "metadata" "--manifest-path" "Cargo.toml" "--no-deps", kill_on_drop: false }`
[INFO] started tweaking crates.io crate exmex 0.18.0
[INFO] finished tweaking crates.io crate exmex 0.18.0
[INFO] tweaked toml for crates.io crate exmex 0.18.0 written to /workspace/builds/worker-2-tc1/source/Cargo.toml
[INFO] running `Command { std: CARGO_HOME="/workspace/cargo-home" RUSTUP_HOME="/workspace/rustup-home" "/workspace/cargo-home/bin/cargo" "+1.75.0" "generate-lockfile" "--manifest-path" "Cargo.toml", kill_on_drop: false }`
[INFO] [stderr]     Updating crates.io index
[INFO] running `Command { std: CARGO_HOME="/workspace/cargo-home" RUSTUP_HOME="/workspace/rustup-home" "/workspace/cargo-home/bin/cargo" "+1.75.0" "fetch" "--manifest-path" "Cargo.toml", kill_on_drop: false }`
[INFO] [stderr]     Blocking waiting for file lock on package cache
[INFO] [stderr]     Blocking waiting for file lock on package cache
[INFO] [stderr]  Downloading crates ...
[INFO] [stderr]   Downloaded evalexpr v11.3.0
[INFO] [stderr]   Downloaded fasteval v0.2.4
[INFO] [stderr]   Downloaded rsc v2.0.0
[INFO] running `Command { std: "docker" "create" "-v" "/var/lib/crater-agent-workspace/builds/worker-2-tc1/target:/opt/rustwide/target:rw,Z" "-v" "/var/lib/crater-agent-workspace/builds/worker-2-tc1/source:/opt/rustwide/workdir:ro,Z" "-v" "/var/lib/crater-agent-workspace/cargo-home:/opt/rustwide/cargo-home:ro,Z" "-v" "/var/lib/crater-agent-workspace/rustup-home:/opt/rustwide/rustup-home:ro,Z" "-e" "SOURCE_DIR=/opt/rustwide/workdir" "-e" "CARGO_TARGET_DIR=/opt/rustwide/target" "-e" "CARGO_HOME=/opt/rustwide/cargo-home" "-e" "RUSTUP_HOME=/opt/rustwide/rustup-home" "-w" "/opt/rustwide/workdir" "-m" "1610612736" "--user" "0:0" "--network" "none" "ghcr.io/rust-lang/crates-build-env/linux@sha256:2788e3201cd34a07e3172128adcd8b3090168a8e3bcc40d7c032b9dda1df7d1c" "/opt/rustwide/cargo-home/bin/cargo" "+1.75.0" "metadata" "--no-deps" "--format-version=1", kill_on_drop: false }`
[INFO] [stdout] 900761e25d74fd1f3466e7c74608b9b8e9230e939a1f2c5abcb57d026a132cd7
[INFO] running `Command { std: "docker" "start" "-a" "900761e25d74fd1f3466e7c74608b9b8e9230e939a1f2c5abcb57d026a132cd7", kill_on_drop: false }`
[INFO] running `Command { std: "docker" "inspect" "900761e25d74fd1f3466e7c74608b9b8e9230e939a1f2c5abcb57d026a132cd7", kill_on_drop: false }`
[INFO] running `Command { std: "docker" "rm" "-f" "900761e25d74fd1f3466e7c74608b9b8e9230e939a1f2c5abcb57d026a132cd7", kill_on_drop: false }`
[INFO] [stdout] 900761e25d74fd1f3466e7c74608b9b8e9230e939a1f2c5abcb57d026a132cd7
[INFO] running `Command { std: "docker" "create" "-v" "/var/lib/crater-agent-workspace/builds/worker-2-tc1/target:/opt/rustwide/target:rw,Z" "-v" "/var/lib/crater-agent-workspace/builds/worker-2-tc1/source:/opt/rustwide/workdir:ro,Z" "-v" "/var/lib/crater-agent-workspace/cargo-home:/opt/rustwide/cargo-home:ro,Z" "-v" "/var/lib/crater-agent-workspace/rustup-home:/opt/rustwide/rustup-home:ro,Z" "-e" "SOURCE_DIR=/opt/rustwide/workdir" "-e" "CARGO_TARGET_DIR=/opt/rustwide/target" "-e" "CARGO_INCREMENTAL=0" "-e" "RUST_BACKTRACE=full" "-e" "RUSTFLAGS=--cap-lints=warn" "-e" "RUSTDOCFLAGS=--cap-lints=warn" "-e" "CARGO_HOME=/opt/rustwide/cargo-home" "-e" "RUSTUP_HOME=/opt/rustwide/rustup-home" "-w" "/opt/rustwide/workdir" "-m" "1610612736" "--user" "0:0" "--network" "none" "ghcr.io/rust-lang/crates-build-env/linux@sha256:2788e3201cd34a07e3172128adcd8b3090168a8e3bcc40d7c032b9dda1df7d1c" "/opt/rustwide/cargo-home/bin/cargo" "+1.75.0" "build" "--frozen" "--message-format=json", kill_on_drop: false }`
[INFO] [stdout] 28c670211e98634f93e59b263a87b70a691130b529a154db400f7c32cf6ff7d0
[INFO] running `Command { std: "docker" "start" "-a" "28c670211e98634f93e59b263a87b70a691130b529a154db400f7c32cf6ff7d0", kill_on_drop: false }`
[INFO] [stderr]    Compiling num-traits v0.2.17
[INFO] [stderr]    Compiling num-integer v0.1.45
[INFO] [stderr]    Compiling num-bigint v0.4.4
[INFO] [stderr]    Compiling num-iter v0.1.43
[INFO] [stderr]    Compiling num-rational v0.4.1
[INFO] [stderr]    Compiling smallvec v1.11.2
[INFO] [stderr]    Compiling lazy_static v1.4.0
[INFO] [stderr]    Compiling num-complex v0.4.4
[INFO] [stderr]    Compiling num v0.4.1
[INFO] [stderr]    Compiling exmex v0.18.0 (/opt/rustwide/workdir)
[INFO] [stderr]     Finished dev [unoptimized + debuginfo] target(s) in 4.14s
[INFO] running `Command { std: "docker" "inspect" "28c670211e98634f93e59b263a87b70a691130b529a154db400f7c32cf6ff7d0", kill_on_drop: false }`
[INFO] running `Command { std: "docker" "rm" "-f" "28c670211e98634f93e59b263a87b70a691130b529a154db400f7c32cf6ff7d0", kill_on_drop: false }`
[INFO] [stdout] 28c670211e98634f93e59b263a87b70a691130b529a154db400f7c32cf6ff7d0
[INFO] running `Command { std: "docker" "create" "-v" "/var/lib/crater-agent-workspace/builds/worker-2-tc1/target:/opt/rustwide/target:rw,Z" "-v" "/var/lib/crater-agent-workspace/builds/worker-2-tc1/source:/opt/rustwide/workdir:ro,Z" "-v" "/var/lib/crater-agent-workspace/cargo-home:/opt/rustwide/cargo-home:ro,Z" "-v" "/var/lib/crater-agent-workspace/rustup-home:/opt/rustwide/rustup-home:ro,Z" "-e" "SOURCE_DIR=/opt/rustwide/workdir" "-e" "CARGO_TARGET_DIR=/opt/rustwide/target" "-e" "CARGO_INCREMENTAL=0" "-e" "RUST_BACKTRACE=full" "-e" "RUSTFLAGS=--cap-lints=warn" "-e" "RUSTDOCFLAGS=--cap-lints=warn" "-e" "CARGO_HOME=/opt/rustwide/cargo-home" "-e" "RUSTUP_HOME=/opt/rustwide/rustup-home" "-w" "/opt/rustwide/workdir" "-m" "1610612736" "--user" "0:0" "--network" "none" "ghcr.io/rust-lang/crates-build-env/linux@sha256:2788e3201cd34a07e3172128adcd8b3090168a8e3bcc40d7c032b9dda1df7d1c" "/opt/rustwide/cargo-home/bin/cargo" "+1.75.0" "test" "--frozen" "--no-run" "--message-format=json", kill_on_drop: false }`
[INFO] [stdout] 450ac7f41fcd824368499da0cc201ce66a0accfc6b2bf638c081d5715a0dcb7a
[INFO] running `Command { std: "docker" "start" "-a" "450ac7f41fcd824368499da0cc201ce66a0accfc6b2bf638c081d5715a0dcb7a", kill_on_drop: false }`
[INFO] [stderr]    Compiling num-traits v0.2.17
[INFO] [stderr]    Compiling serde v1.0.194
[INFO] [stderr]    Compiling cfg-if v1.0.0
[INFO] [stderr]    Compiling crossbeam-utils v0.8.18
[INFO] [stderr]    Compiling libc v0.2.151
[INFO] [stderr]    Compiling memchr v2.7.1
[INFO] [stderr]    Compiling either v1.9.0
[INFO] [stderr]    Compiling serde_json v1.0.111
[INFO] [stderr]    Compiling rustix v0.38.28
[INFO] [stderr]    Compiling regex-syntax v0.8.2
[INFO] [stderr]    Compiling num-integer v0.1.45
[INFO] [stderr]    Compiling num-bigint v0.4.4
[INFO] [stderr]    Compiling rayon-core v1.12.0
[INFO] [stderr]    Compiling num-iter v0.1.43
[INFO] [stderr]    Compiling num-rational v0.4.1
[INFO] [stderr]    Compiling syn v2.0.48
[INFO] [stderr]    Compiling ciborium-io v0.2.1
[INFO] [stderr]    Compiling anstyle v1.0.4
[INFO] [stderr]    Compiling itoa v1.0.10
[INFO] [stderr]    Compiling hashbrown v0.14.3
[INFO] [stderr]    Compiling linux-raw-sys v0.4.12
[INFO] [stderr]    Compiling half v1.8.2
[INFO] [stderr]    Compiling clap_lex v0.6.0
[INFO] [stderr]    Compiling plotters-backend v0.3.5
[INFO] [stderr]    Compiling bitflags v2.4.1
[INFO] [stderr]    Compiling equivalent v1.0.1
[INFO] [stderr]    Compiling ryu v1.0.16
[INFO] [stderr]    Compiling clap_builder v4.4.12
[INFO] [stderr]    Compiling itertools v0.10.5
[INFO] [stderr]    Compiling cast v0.3.0
[INFO] [stderr]    Compiling plotters-svg v0.3.5
[INFO] [stderr]    Compiling aho-corasick v1.1.2
[INFO] [stderr]    Compiling ciborium-ll v0.2.1
[INFO] [stderr]    Compiling indexmap v2.1.0
[INFO] [stderr]    Compiling ppv-lite86 v0.2.17
[INFO] [stderr]    Compiling winnow v0.5.32
[INFO] [stderr]    Compiling same-file v1.0.6
[INFO] [stderr]    Compiling walkdir v2.4.0
[INFO] [stderr]    Compiling crossbeam-epoch v0.9.17
[INFO] [stderr]    Compiling getrandom v0.2.11
[INFO] [stderr]    Compiling lazy_static v1.4.0
[INFO] [stderr]    Compiling smallvec v1.11.2
[INFO] [stderr]    Compiling crossbeam-deque v0.8.4
[INFO] [stderr]    Compiling rand_core v0.6.4
[INFO] [stderr]    Compiling once_cell v1.19.0
[INFO] [stderr]    Compiling num-complex v0.4.4
[INFO] [stderr]    Compiling criterion-plot v0.5.0
[INFO] [stderr]    Compiling is-terminal v0.4.10
[INFO] [stderr]    Compiling rand_chacha v0.3.1
[INFO] [stderr]    Compiling plotters v0.3.5
[INFO] [stderr]    Compiling oorandom v11.1.3
[INFO] [stderr]    Compiling anes v0.1.6
[INFO] [stderr]    Compiling regex-automata v0.4.3
[INFO] [stderr]    Compiling rayon v1.8.0
[INFO] [stderr]    Compiling clap v4.4.13
[INFO] [stderr]    Compiling rand v0.8.5
[INFO] [stderr]    Compiling itertools v0.11.0
[INFO] [stderr]    Compiling evalexpr v11.3.0
[INFO] [stderr]    Compiling fasteval v0.2.4
[INFO] [stderr]    Compiling rsc v2.0.0
[INFO] [stderr]    Compiling serde_derive v1.0.194
[INFO] [stderr]    Compiling num v0.4.1
[INFO] [stderr]    Compiling regex v1.10.2
[INFO] [stderr]    Compiling exmex v0.18.0 (/opt/rustwide/workdir)
[INFO] [stderr]    Compiling serde_spanned v0.6.5
[INFO] [stderr]    Compiling toml_datetime v0.6.5
[INFO] [stderr]    Compiling ciborium v0.2.1
[INFO] [stderr]    Compiling serde_test v1.0.176
[INFO] [stderr]    Compiling toml_edit v0.21.0
[INFO] [stderr]    Compiling tinytemplate v1.2.1
[INFO] [stderr]    Compiling criterion v0.5.1
[INFO] [stderr]    Compiling toml v0.8.8
[INFO] [stderr]     Finished test [optimized + debuginfo] target(s) in 31.94s
[INFO] running `Command { std: "docker" "inspect" "450ac7f41fcd824368499da0cc201ce66a0accfc6b2bf638c081d5715a0dcb7a", kill_on_drop: false }`
[INFO] running `Command { std: "docker" "rm" "-f" "450ac7f41fcd824368499da0cc201ce66a0accfc6b2bf638c081d5715a0dcb7a", kill_on_drop: false }`
[INFO] [stdout] 450ac7f41fcd824368499da0cc201ce66a0accfc6b2bf638c081d5715a0dcb7a
[INFO] running `Command { std: "docker" "create" "-v" "/var/lib/crater-agent-workspace/builds/worker-2-tc1/target:/opt/rustwide/target:rw,Z" "-v" "/var/lib/crater-agent-workspace/builds/worker-2-tc1/source:/opt/rustwide/workdir:ro,Z" "-v" "/var/lib/crater-agent-workspace/cargo-home:/opt/rustwide/cargo-home:ro,Z" "-v" "/var/lib/crater-agent-workspace/rustup-home:/opt/rustwide/rustup-home:ro,Z" "-e" "SOURCE_DIR=/opt/rustwide/workdir" "-e" "CARGO_TARGET_DIR=/opt/rustwide/target" "-e" "CARGO_INCREMENTAL=0" "-e" "RUST_BACKTRACE=full" "-e" "RUSTFLAGS=--cap-lints=warn" "-e" "RUSTDOCFLAGS=--cap-lints=warn" "-e" "CARGO_HOME=/opt/rustwide/cargo-home" "-e" "RUSTUP_HOME=/opt/rustwide/rustup-home" "-w" "/opt/rustwide/workdir" "-m" "1610612736" "--user" "0:0" "--network" "none" "ghcr.io/rust-lang/crates-build-env/linux@sha256:2788e3201cd34a07e3172128adcd8b3090168a8e3bcc40d7c032b9dda1df7d1c" "/opt/rustwide/cargo-home/bin/cargo" "+1.75.0" "test" "--frozen", kill_on_drop: false }`
[INFO] [stdout] 600647262abc7bc85b954cf84e774540a89315cc0f5ba95c2e9ebc72629ff3dd
[INFO] running `Command { std: "docker" "start" "-a" "600647262abc7bc85b954cf84e774540a89315cc0f5ba95c2e9ebc72629ff3dd", kill_on_drop: false }`
[INFO] [stderr]     Finished test [optimized + debuginfo] target(s) in 0.08s
[INFO] [stderr]      Running unittests src/lib.rs (/opt/rustwide/target/debug/deps/exmex-abd6132aab34ad1b)
[INFO] [stdout] 
[INFO] [stdout] running 16 tests
[INFO] [stdout] test expression::deep::test_deep_compile ... ok
[INFO] [stdout] test expression::deep::test_deep_lift_node ... ok
[INFO] [stdout] test expression::deep::test_reset_vars ... ok
[INFO] [stdout] test expression::deep::test_var_name_union ... ok
[INFO] [stdout] test expression::number_tracker::test::test_scalar ... ok
[INFO] [stdout] test expression::deep::test_var_names ... ok
[INFO] [stdout] test expression::deep::test_subs ... ok
[INFO] [stdout] test expression::number_tracker::test::test_slice ... ok
[INFO] [stdout] test expression::deep::test_sub2 ... ok
[INFO] [stdout] test parser::test_is_numeric ... ok
[INFO] [stdout] test expression::flat::test_flat_compile ... ok
[INFO] [stdout] test expression::deep::test_unparse ... ok
[INFO] [stdout] test expression::deep::test_sub1 ... ok
[INFO] [stdout] test expression::deep::test_deep_compile_2 ... ok
[INFO] [stdout] test expression::flat::test_to_deepex ... ok
[INFO] [stdout] test parser::test_preconditions ... ok
[INFO] [stdout] 
[INFO] [stdout] test result: ok. 16 passed; 0 failed; 0 ignored; 0 measured; 0 filtered out; finished in 0.01s
[INFO] [stdout] 
[INFO] [stderr]      Running tests/core.rs (/opt/rustwide/target/debug/deps/core-1d55ffac92330bb7)
[INFO] [stdout] 
[INFO] [stdout] running 19 tests
[INFO] [stdout] test test_string_ops ... ok
[INFO] [stdout] test test_variables_curly_space_names ... ok
[INFO] [stdout] test test_fuzz ... ok
[INFO] [stdout] test test_error_handling ... ok
[INFO] [stdout] test test_eval_vec_iter ... ok
[INFO] [stdout] test test_custom_ops ... ok
[INFO] [stdout] test test_constants ... ok
[INFO] [stdout] test test_custom_ops_invert ... ok
[INFO] [stdout] test test_var_indices_ordered ... ok
[INFO] [stdout] test test_display ... ok
[INFO] [stdout] test test_variables_curly ... ok
[INFO] [stdout] test test_readme ... ok
[INFO] [stdout] test test_ops ... ok
[INFO] [stdout] test test_calculate ... ok
[INFO] [stdout] test test_variables ... ok
[INFO] [stdout] test test_version ... ok
[INFO] [stdout] test test_variables_non_ascii ... ok
[INFO] [stdout] test test_eval_str ... ok
[INFO] [stdout] test test_expr ... ok
[INFO] [stdout] 
[INFO] [stdout] test result: ok. 19 passed; 0 failed; 0 ignored; 0 measured; 0 filtered out; finished in 0.02s
[INFO] [stdout] 
[INFO] [stderr]      Running tests/partial.rs (/opt/rustwide/target/debug/deps/partial-6f3d5395dc8201a6)
[INFO] [stdout] 
[INFO] [stdout] running 0 tests
[INFO] [stdout] 
[INFO] [stdout] test result: ok. 0 passed; 0 failed; 0 ignored; 0 measured; 0 filtered out; finished in 0.00s
[INFO] [stdout] 
[INFO] [stderr]      Running tests/utils.rs (/opt/rustwide/target/debug/deps/utils-dfafbcf2cf9773d8)
[INFO] [stdout] 
[INFO] [stdout] running 0 tests
[INFO] [stdout] 
[INFO] [stdout] test result: ok. 0 passed; 0 failed; 0 ignored; 0 measured; 0 filtered out; finished in 0.00s
[INFO] [stdout] 
[INFO] [stderr]      Running tests/value.rs (/opt/rustwide/target/debug/deps/value-9d821ec796d96a06)
[INFO] [stdout] 
[INFO] [stdout] running 0 tests
[INFO] [stdout] 
[INFO] [stdout] test result: ok. 0 passed; 0 failed; 0 ignored; 0 measured; 0 filtered out; finished in 0.00s
[INFO] [stdout] 
[INFO] [stderr]    Doc-tests exmex
[INFO] [stdout] 
[INFO] [stdout] running 18 tests
[INFO] [stdout] test src/operators.rs - operators::MakeOperators (line 238) ... ok
[INFO] [stdout] test src/expression/mod.rs - expression::literal_matcher_from_pattern (line 148) ... ok
[INFO] [stdout] test src/operators.rs - operators::ops_factory (line 395) ... ok
[INFO] [stdout] test src/lib.rs - (line 282) ... FAILED
[INFO] [stdout] test src/lib.rs - (line 298) ... FAILED
[INFO] [stdout] test src/lib.rs - (line 319) ... FAILED
[INFO] [stdout] test src/result.rs - result::format_exerr (line 33) ... ok
[INFO] [stdout] test src/lib.rs - (line 246) ... ok
[INFO] [stdout] test src/expression/calculate.rs - expression::calculate::Calculate::subs (line 52) ... ok
[INFO] [stdout] test src/expression/mod.rs - expression::Express::unparse (line 64) ... ok
[INFO] [stdout] test src/lib.rs - (line 8) ... ok
[INFO] [stdout] test src/lib.rs - (line 49) ... ok
[INFO] [stdout] test src/lib.rs - (line 197) ... ok
[INFO] [stdout] test src/lib.rs - (line 165) ... ok
[INFO] [stdout] test src/expression/flat.rs - expression::flat::FlatEx (line 607) ... ok
[INFO] [stdout] test src/lib.rs - (line 32) ... ok
[INFO] [stdout] test src/lib.rs - (line 127) ... ok
[INFO] [stdout] test src/lib.rs - (line 264) ... ok
[INFO] [stdout] 
[INFO] [stdout] failures:
[INFO] [stdout] 
[INFO] [stdout] ---- src/lib.rs - (line 282) stdout ----
[INFO] [stdout] Couldn't compile the test.
[INFO] [stdout] ---- src/lib.rs - (line 298) stdout ----
[INFO] [stdout] Couldn't compile the test.
[INFO] [stdout] ---- src/lib.rs - (line 319) stdout ----
[INFO] [stdout] Couldn't compile the test.
[INFO] [stdout] 
[INFO] [stdout] failures:
[INFO] [stdout]     src/lib.rs - (line 282)
[INFO] [stdout]     src/lib.rs - (line 298)
[INFO] [stdout]     src/lib.rs - (line 319)
[INFO] [stdout] 
[INFO] [stdout] test result: FAILED. 15 passed; 3 failed; 0 ignored; 0 measured; 0 filtered out; finished in 4.56s
[INFO] [stdout] 
[INFO] [stderr] error: doctest failed, to rerun pass `--doc`
[INFO] running `Command { std: "docker" "inspect" "600647262abc7bc85b954cf84e774540a89315cc0f5ba95c2e9ebc72629ff3dd", kill_on_drop: false }`
[INFO] running `Command { std: "docker" "rm" "-f" "600647262abc7bc85b954cf84e774540a89315cc0f5ba95c2e9ebc72629ff3dd", kill_on_drop: false }`
[INFO] [stdout] 600647262abc7bc85b954cf84e774540a89315cc0f5ba95c2e9ebc72629ff3dd
[INFO] testing exmex-0.18.0 against beta-2023-12-22 for beta-1.76-1
[INFO] extracting crate exmex 0.18.0 into /workspace/builds/worker-2-tc2/source
[INFO] validating manifest of crates.io crate exmex 0.18.0 on toolchain beta-2023-12-22
[INFO] running `Command { std: CARGO_HOME="/workspace/cargo-home" RUSTUP_HOME="/workspace/rustup-home" "/workspace/cargo-home/bin/cargo" "+beta-2023-12-22" "metadata" "--manifest-path" "Cargo.toml" "--no-deps", kill_on_drop: false }`
[INFO] started tweaking crates.io crate exmex 0.18.0
[INFO] finished tweaking crates.io crate exmex 0.18.0
[INFO] tweaked toml for crates.io crate exmex 0.18.0 written to /workspace/builds/worker-2-tc2/source/Cargo.toml
[INFO] running `Command { std: CARGO_HOME="/workspace/cargo-home" RUSTUP_HOME="/workspace/rustup-home" "/workspace/cargo-home/bin/cargo" "+beta-2023-12-22" "generate-lockfile" "--manifest-path" "Cargo.toml", kill_on_drop: false }`
[INFO] [stderr]     Updating crates.io index
[INFO] running `Command { std: CARGO_HOME="/workspace/cargo-home" RUSTUP_HOME="/workspace/rustup-home" "/workspace/cargo-home/bin/cargo" "+beta-2023-12-22" "fetch" "--manifest-path" "Cargo.toml", kill_on_drop: false }`
[INFO] running `Command { std: "docker" "create" "-v" "/var/lib/crater-agent-workspace/builds/worker-2-tc2/target:/opt/rustwide/target:rw,Z" "-v" "/var/lib/crater-agent-workspace/builds/worker-2-tc2/source:/opt/rustwide/workdir:ro,Z" "-v" "/var/lib/crater-agent-workspace/cargo-home:/opt/rustwide/cargo-home:ro,Z" "-v" "/var/lib/crater-agent-workspace/rustup-home:/opt/rustwide/rustup-home:ro,Z" "-e" "SOURCE_DIR=/opt/rustwide/workdir" "-e" "CARGO_TARGET_DIR=/opt/rustwide/target" "-e" "CARGO_HOME=/opt/rustwide/cargo-home" "-e" "RUSTUP_HOME=/opt/rustwide/rustup-home" "-w" "/opt/rustwide/workdir" "-m" "1610612736" "--user" "0:0" "--network" "none" "ghcr.io/rust-lang/crates-build-env/linux@sha256:2788e3201cd34a07e3172128adcd8b3090168a8e3bcc40d7c032b9dda1df7d1c" "/opt/rustwide/cargo-home/bin/cargo" "+beta-2023-12-22" "metadata" "--no-deps" "--format-version=1", kill_on_drop: false }`
[INFO] [stdout] ee9ac5b5a46b7863131d1aee414ffd15220dfa835031116f510c66525f15391e
[INFO] running `Command { std: "docker" "start" "-a" "ee9ac5b5a46b7863131d1aee414ffd15220dfa835031116f510c66525f15391e", kill_on_drop: false }`
[INFO] running `Command { std: "docker" "inspect" "ee9ac5b5a46b7863131d1aee414ffd15220dfa835031116f510c66525f15391e", kill_on_drop: false }`
[INFO] running `Command { std: "docker" "rm" "-f" "ee9ac5b5a46b7863131d1aee414ffd15220dfa835031116f510c66525f15391e", kill_on_drop: false }`
[INFO] [stdout] ee9ac5b5a46b7863131d1aee414ffd15220dfa835031116f510c66525f15391e
[INFO] running `Command { std: "docker" "create" "-v" "/var/lib/crater-agent-workspace/builds/worker-2-tc2/target:/opt/rustwide/target:rw,Z" "-v" "/var/lib/crater-agent-workspace/builds/worker-2-tc2/source:/opt/rustwide/workdir:ro,Z" "-v" "/var/lib/crater-agent-workspace/cargo-home:/opt/rustwide/cargo-home:ro,Z" "-v" "/var/lib/crater-agent-workspace/rustup-home:/opt/rustwide/rustup-home:ro,Z" "-e" "SOURCE_DIR=/opt/rustwide/workdir" "-e" "CARGO_TARGET_DIR=/opt/rustwide/target" "-e" "CARGO_INCREMENTAL=0" "-e" "RUST_BACKTRACE=full" "-e" "RUSTFLAGS=--cap-lints=warn" "-e" "RUSTDOCFLAGS=--cap-lints=warn" "-e" "CARGO_HOME=/opt/rustwide/cargo-home" "-e" "RUSTUP_HOME=/opt/rustwide/rustup-home" "-w" "/opt/rustwide/workdir" "-m" "1610612736" "--user" "0:0" "--network" "none" "ghcr.io/rust-lang/crates-build-env/linux@sha256:2788e3201cd34a07e3172128adcd8b3090168a8e3bcc40d7c032b9dda1df7d1c" "/opt/rustwide/cargo-home/bin/cargo" "+beta-2023-12-22" "build" "--frozen" "--message-format=json", kill_on_drop: false }`
[INFO] [stdout] b8c3b9dd20980845b65025a2621279de4f6d3d7b74ff7c7db19c090bfb3f6499
[INFO] running `Command { std: "docker" "start" "-a" "b8c3b9dd20980845b65025a2621279de4f6d3d7b74ff7c7db19c090bfb3f6499", kill_on_drop: false }`
[INFO] [stderr]    Compiling num-traits v0.2.17
[INFO] [stderr]    Compiling num-integer v0.1.45
[INFO] [stderr]    Compiling num-bigint v0.4.4
[INFO] [stderr]    Compiling num-rational v0.4.1
[INFO] [stderr]    Compiling num-iter v0.1.43
[INFO] [stderr]    Compiling lazy_static v1.4.0
[INFO] [stderr]    Compiling smallvec v1.11.2
[INFO] [stderr]    Compiling num-complex v0.4.4
[INFO] [stderr]    Compiling num v0.4.1
[INFO] [stderr]    Compiling exmex v0.18.0 (/opt/rustwide/workdir)
[INFO] [stderr]     Finished dev [unoptimized + debuginfo] target(s) in 3.14s
[INFO] running `Command { std: "docker" "inspect" "b8c3b9dd20980845b65025a2621279de4f6d3d7b74ff7c7db19c090bfb3f6499", kill_on_drop: false }`
[INFO] running `Command { std: "docker" "rm" "-f" "b8c3b9dd20980845b65025a2621279de4f6d3d7b74ff7c7db19c090bfb3f6499", kill_on_drop: false }`
[INFO] [stdout] b8c3b9dd20980845b65025a2621279de4f6d3d7b74ff7c7db19c090bfb3f6499
[INFO] running `Command { std: "docker" "create" "-v" "/var/lib/crater-agent-workspace/builds/worker-2-tc2/target:/opt/rustwide/target:rw,Z" "-v" "/var/lib/crater-agent-workspace/builds/worker-2-tc2/source:/opt/rustwide/workdir:ro,Z" "-v" "/var/lib/crater-agent-workspace/cargo-home:/opt/rustwide/cargo-home:ro,Z" "-v" "/var/lib/crater-agent-workspace/rustup-home:/opt/rustwide/rustup-home:ro,Z" "-e" "SOURCE_DIR=/opt/rustwide/workdir" "-e" "CARGO_TARGET_DIR=/opt/rustwide/target" "-e" "CARGO_INCREMENTAL=0" "-e" "RUST_BACKTRACE=full" "-e" "RUSTFLAGS=--cap-lints=warn" "-e" "RUSTDOCFLAGS=--cap-lints=warn" "-e" "CARGO_HOME=/opt/rustwide/cargo-home" "-e" "RUSTUP_HOME=/opt/rustwide/rustup-home" "-w" "/opt/rustwide/workdir" "-m" "1610612736" "--user" "0:0" "--network" "none" "ghcr.io/rust-lang/crates-build-env/linux@sha256:2788e3201cd34a07e3172128adcd8b3090168a8e3bcc40d7c032b9dda1df7d1c" "/opt/rustwide/cargo-home/bin/cargo" "+beta-2023-12-22" "test" "--frozen" "--no-run" "--message-format=json", kill_on_drop: false }`
[INFO] [stdout] 8892962745e13c7be318523048d3521e3be694ed5755e427f7082fc9827a6f19
[INFO] running `Command { std: "docker" "start" "-a" "8892962745e13c7be318523048d3521e3be694ed5755e427f7082fc9827a6f19", kill_on_drop: false }`
[INFO] [stderr]    Compiling num-traits v0.2.17
[INFO] [stderr]    Compiling serde v1.0.194
[INFO] [stderr]    Compiling cfg-if v1.0.0
[INFO] [stderr]    Compiling crossbeam-utils v0.8.18
[INFO] [stderr]    Compiling libc v0.2.151
[INFO] [stderr]    Compiling either v1.9.0
[INFO] [stderr]    Compiling memchr v2.7.1
[INFO] [stderr]    Compiling regex-syntax v0.8.2
[INFO] [stderr]    Compiling rayon-core v1.12.0
[INFO] [stderr]    Compiling rustix v0.38.28
[INFO] [stderr]    Compiling serde_json v1.0.111
[INFO] [stderr]    Compiling num-integer v0.1.45
[INFO] [stderr]    Compiling num-bigint v0.4.4
[INFO] [stderr]    Compiling num-iter v0.1.43
[INFO] [stderr]    Compiling num-rational v0.4.1
[INFO] [stderr]    Compiling syn v2.0.48
[INFO] [stderr]    Compiling anstyle v1.0.4
[INFO] [stderr]    Compiling itoa v1.0.10
[INFO] [stderr]    Compiling ciborium-io v0.2.1
[INFO] [stderr]    Compiling bitflags v2.4.1
[INFO] [stderr]    Compiling hashbrown v0.14.3
[INFO] [stderr]    Compiling clap_lex v0.6.0
[INFO] [stderr]    Compiling linux-raw-sys v0.4.12
[INFO] [stderr]    Compiling plotters-backend v0.3.5
[INFO] [stderr]    Compiling ryu v1.0.16
[INFO] [stderr]    Compiling equivalent v1.0.1
[INFO] [stderr]    Compiling half v1.8.2
[INFO] [stderr]    Compiling clap_builder v4.4.12
[INFO] [stderr]    Compiling itertools v0.10.5
[INFO] [stderr]    Compiling plotters-svg v0.3.5
[INFO] [stderr]    Compiling ciborium-ll v0.2.1
[INFO] [stderr]    Compiling aho-corasick v1.1.2
[INFO] [stderr]    Compiling cast v0.3.0
[INFO] [stderr]    Compiling same-file v1.0.6
[INFO] [stderr]    Compiling ppv-lite86 v0.2.17
[INFO] [stderr]    Compiling winnow v0.5.32
[INFO] [stderr]    Compiling crossbeam-epoch v0.9.17
[INFO] [stderr]    Compiling walkdir v2.4.0
[INFO] [stderr]    Compiling getrandom v0.2.11
[INFO] [stderr]    Compiling indexmap v2.1.0
[INFO] [stderr]    Compiling lazy_static v1.4.0
[INFO] [stderr]    Compiling crossbeam-deque v0.8.4
[INFO] [stderr]    Compiling rand_core v0.6.4
[INFO] [stderr]    Compiling oorandom v11.1.3
[INFO] [stderr]    Compiling num-complex v0.4.4
[INFO] [stderr]    Compiling rand_chacha v0.3.1
[INFO] [stderr]    Compiling is-terminal v0.4.10
[INFO] [stderr]    Compiling plotters v0.3.5
[INFO] [stderr]    Compiling rayon v1.8.0
[INFO] [stderr]    Compiling criterion-plot v0.5.0
[INFO] [stderr]    Compiling smallvec v1.11.2
[INFO] [stderr]    Compiling regex-automata v0.4.3
[INFO] [stderr]    Compiling anes v0.1.6
[INFO] [stderr]    Compiling once_cell v1.19.0
[INFO] [stderr]    Compiling rand v0.8.5
[INFO] [stderr]    Compiling clap v4.4.13
[INFO] [stderr]    Compiling itertools v0.11.0
[INFO] [stderr]    Compiling evalexpr v11.3.0
[INFO] [stderr]    Compiling fasteval v0.2.4
[INFO] [stderr]    Compiling rsc v2.0.0
[INFO] [stderr]    Compiling serde_derive v1.0.194
[INFO] [stderr]    Compiling num v0.4.1
[INFO] [stderr]    Compiling regex v1.10.2
[INFO] [stderr]    Compiling exmex v0.18.0 (/opt/rustwide/workdir)
[INFO] [stderr]    Compiling toml_datetime v0.6.5
[INFO] [stderr]    Compiling serde_spanned v0.6.5
[INFO] [stderr]    Compiling ciborium v0.2.1
[INFO] [stderr]    Compiling toml_edit v0.21.0
[INFO] [stderr]    Compiling serde_test v1.0.176
[INFO] [stderr]    Compiling tinytemplate v1.2.1
[INFO] [stderr]    Compiling criterion v0.5.1
[INFO] [stderr]    Compiling toml v0.8.8
[INFO] [stderr]     Finished test [optimized + debuginfo] target(s) in 33.27s
[INFO] running `Command { std: "docker" "inspect" "8892962745e13c7be318523048d3521e3be694ed5755e427f7082fc9827a6f19", kill_on_drop: false }`
[INFO] running `Command { std: "docker" "rm" "-f" "8892962745e13c7be318523048d3521e3be694ed5755e427f7082fc9827a6f19", kill_on_drop: false }`
[INFO] [stdout] 8892962745e13c7be318523048d3521e3be694ed5755e427f7082fc9827a6f19
[INFO] running `Command { std: "docker" "create" "-v" "/var/lib/crater-agent-workspace/builds/worker-2-tc2/target:/opt/rustwide/target:rw,Z" "-v" "/var/lib/crater-agent-workspace/builds/worker-2-tc2/source:/opt/rustwide/workdir:ro,Z" "-v" "/var/lib/crater-agent-workspace/cargo-home:/opt/rustwide/cargo-home:ro,Z" "-v" "/var/lib/crater-agent-workspace/rustup-home:/opt/rustwide/rustup-home:ro,Z" "-e" "SOURCE_DIR=/opt/rustwide/workdir" "-e" "CARGO_TARGET_DIR=/opt/rustwide/target" "-e" "CARGO_INCREMENTAL=0" "-e" "RUST_BACKTRACE=full" "-e" "RUSTFLAGS=--cap-lints=warn" "-e" "RUSTDOCFLAGS=--cap-lints=warn" "-e" "CARGO_HOME=/opt/rustwide/cargo-home" "-e" "RUSTUP_HOME=/opt/rustwide/rustup-home" "-w" "/opt/rustwide/workdir" "-m" "1610612736" "--user" "0:0" "--network" "none" "ghcr.io/rust-lang/crates-build-env/linux@sha256:2788e3201cd34a07e3172128adcd8b3090168a8e3bcc40d7c032b9dda1df7d1c" "/opt/rustwide/cargo-home/bin/cargo" "+beta-2023-12-22" "test" "--frozen", kill_on_drop: false }`
[INFO] [stdout] 8d4512262e36a4c63cd1719f957c14c2892552857bdd3104130143cc7e68e3d5
[INFO] running `Command { std: "docker" "start" "-a" "8d4512262e36a4c63cd1719f957c14c2892552857bdd3104130143cc7e68e3d5", kill_on_drop: false }`
[INFO] [stderr]     Finished test [optimized + debuginfo] target(s) in 0.06s
[INFO] [stderr]      Running unittests src/lib.rs (/opt/rustwide/target/debug/deps/exmex-b8e1eaf4bbc882ec)
[INFO] [stdout] 
[INFO] [stdout] running 16 tests
[INFO] [stdout] test expression::deep::test_deep_compile ... ok
[INFO] [stdout] test expression::number_tracker::test::test_scalar ... ok
[INFO] [stdout] test expression::flat::test_flat_compile ... ok
[INFO] [stdout] test expression::deep::test_deep_lift_node ... ok
[INFO] [stdout] test expression::number_tracker::test::test_slice ... ok
[INFO] [stdout] test expression::deep::test_reset_vars ... ok
[INFO] [stdout] test expression::deep::test_var_name_union ... ok
[INFO] [stdout] test parser::test_is_numeric ... ok
[INFO] [stdout] test expression::deep::test_var_names ... ok
[INFO] [stdout] test expression::deep::test_subs ... ok
[INFO] [stdout] test expression::deep::test_unparse ... ok
[INFO] [stdout] test expression::deep::test_deep_compile_2 ... ok
[INFO] [stdout] test expression::deep::test_sub1 ... ok
[INFO] [stdout] test parser::test_preconditions ... ok
[INFO] [stdout] test expression::deep::test_sub2 ... ok
[INFO] [stdout] test expression::flat::test_to_deepex ... ok
[INFO] [stdout] 
[INFO] [stdout] test result: ok. 16 passed; 0 failed; 0 ignored; 0 measured; 0 filtered out; finished in 0.01s
[INFO] [stdout] 
[INFO] [stderr]      Running tests/core.rs (/opt/rustwide/target/debug/deps/core-7c20e084887a359f)
[INFO] [stdout] 
[INFO] [stdout] running 19 tests
[INFO] [stdout] test test_string_ops ... ok
[INFO] [stdout] test test_fuzz ... ok
[INFO] [stdout] test test_custom_ops ... ok
[INFO] [stdout] test test_constants ... ok
[INFO] [stdout] test test_eval_vec_iter ... ok
[INFO] [stdout] test test_error_handling ... ok
[INFO] [stdout] test test_display ... ok
[INFO] [stdout] test test_custom_ops_invert ... ok
[INFO] [stdout] test test_readme ... ok
[INFO] [stdout] test test_var_indices_ordered ... ok
[INFO] [stdout] test test_calculate ... ok
[INFO] [stdout] test test_ops ... ok
[INFO] [stdout] test test_variables_curly_space_names ... ok
[INFO] [stdout] test test_variables_curly ... ok
[INFO] [stdout] test test_version ... ok
[INFO] [stdout] test test_variables ... ok
[INFO] [stdout] test test_variables_non_ascii ... ok
[INFO] [stdout] test test_eval_str ... ok
[INFO] [stdout] test test_expr ... ok
[INFO] [stdout] 
[INFO] [stdout] test result: ok. 19 passed; 0 failed; 0 ignored; 0 measured; 0 filtered out; finished in 0.02s
[INFO] [stdout] 
[INFO] [stderr]      Running tests/partial.rs (/opt/rustwide/target/debug/deps/partial-6489db592df66080)
[INFO] [stdout] 
[INFO] [stdout] running 0 tests
[INFO] [stdout] 
[INFO] [stdout] test result: ok. 0 passed; 0 failed; 0 ignored; 0 measured; 0 filtered out; finished in 0.00s
[INFO] [stdout] 
[INFO] [stderr]      Running tests/utils.rs (/opt/rustwide/target/debug/deps/utils-00a997c789d57de7)
[INFO] [stdout] 
[INFO] [stdout] running 0 tests
[INFO] [stdout] 
[INFO] [stdout] test result: ok. 0 passed; 0 failed; 0 ignored; 0 measured; 0 filtered out; finished in 0.00s
[INFO] [stdout] 
[INFO] [stderr]      Running tests/value.rs (/opt/rustwide/target/debug/deps/value-8c236aa005b21e26)
[INFO] [stdout] 
[INFO] [stdout] running 0 tests
[INFO] [stdout] 
[INFO] [stdout] test result: ok. 0 passed; 0 failed; 0 ignored; 0 measured; 0 filtered out; finished in 0.00s
[INFO] [stdout] 
[INFO] [stderr]    Doc-tests exmex
[INFO] [stdout] 
[INFO] [stdout] running 18 tests
[INFO] [stdout] test src/operators.rs - operators::MakeOperators (line 238) ... ok
[INFO] [stdout] test src/expression/mod.rs - expression::literal_matcher_from_pattern (line 148) ... ok
[INFO] [stdout] test src/operators.rs - operators::ops_factory (line 395) ... ok
[INFO] [stdout] test src/lib.rs - (line 282) ... FAILED
[INFO] [stdout] test src/lib.rs - (line 298) ... FAILED
[INFO] [stdout] test src/result.rs - result::format_exerr (line 33) ... ok
[INFO] [stdout] test src/expression/mod.rs - expression::Express::unparse (line 64) ... ok
[INFO] [stdout] test src/lib.rs - (line 8) ... ok
[INFO] [stdout] test src/lib.rs - (line 165) ... ok
[INFO] [stdout] test src/lib.rs - (line 264) ... ok
[INFO] [stdout] test src/lib.rs - (line 49) ... ok
[INFO] [stdout] test src/lib.rs - (line 246) ... ok
[INFO] [stdout] test src/lib.rs - (line 197) ... ok
[INFO] [stdout] test src/expression/flat.rs - expression::flat::FlatEx (line 607) ... ok
[INFO] [stdout] test src/expression/calculate.rs - expression::calculate::Calculate::subs (line 52) ... ok
[INFO] [stdout] test src/lib.rs - (line 127) ... ok
[INFO] [stdout] test src/lib.rs - (line 319) ... ok
[INFO] [stdout] test src/lib.rs - (line 32) ... ok
[INFO] [stdout] 
[INFO] [stdout] failures:
[INFO] [stdout] 
[INFO] [stdout] ---- src/lib.rs - (line 282) stdout ----
[INFO] [stdout] Couldn't compile the test.
[INFO] [stdout] ---- src/lib.rs - (line 298) stdout ----
[INFO] [stdout] Couldn't compile the test.
[INFO] [stdout] 
[INFO] [stdout] failures:
[INFO] [stdout]     src/lib.rs - (line 282)
[INFO] [stdout]     src/lib.rs - (line 298)
[INFO] [stdout] 
[INFO] [stdout] test result: FAILED. 16 passed; 2 failed; 0 ignored; 0 measured; 0 filtered out; finished in 3.62s
[INFO] [stdout] 
[INFO] [stderr] error: doctest failed, to rerun pass `--doc`
[INFO] running `Command { std: "docker" "inspect" "8d4512262e36a4c63cd1719f957c14c2892552857bdd3104130143cc7e68e3d5", kill_on_drop: false }`
[INFO] running `Command { std: "docker" "rm" "-f" "8d4512262e36a4c63cd1719f957c14c2892552857bdd3104130143cc7e68e3d5", kill_on_drop: false }`
[INFO] [stdout] 8d4512262e36a4c63cd1719f957c14c2892552857bdd3104130143cc7e68e3d5
