[INFO] fetching crate everscale-network 0.5.5-rc.0...
[INFO] testing everscale-network-0.5.5-rc.0 against 1.75.0 for beta-1.76-1
[INFO] extracting crate everscale-network 0.5.5-rc.0 into /workspace/builds/worker-1-tc1/source
[INFO] validating manifest of crates.io crate everscale-network 0.5.5-rc.0 on toolchain 1.75.0
[INFO] running `Command { std: CARGO_HOME="/workspace/cargo-home" RUSTUP_HOME="/workspace/rustup-home" "/workspace/cargo-home/bin/cargo" "+1.75.0" "metadata" "--manifest-path" "Cargo.toml" "--no-deps", kill_on_drop: false }`
[INFO] started tweaking crates.io crate everscale-network 0.5.5-rc.0
[INFO] removed 5 missing examples
[INFO] finished tweaking crates.io crate everscale-network 0.5.5-rc.0
[INFO] tweaked toml for crates.io crate everscale-network 0.5.5-rc.0 written to /workspace/builds/worker-1-tc1/source/Cargo.toml
[INFO] crate crates.io crate everscale-network 0.5.5-rc.0 already has a lockfile, it will not be regenerated
[INFO] running `Command { std: CARGO_HOME="/workspace/cargo-home" RUSTUP_HOME="/workspace/rustup-home" "/workspace/cargo-home/bin/cargo" "+1.75.0" "fetch" "--manifest-path" "Cargo.toml", kill_on_drop: false }`
[INFO] [stderr]     Updating crates.io index
[INFO] [stderr]  Downloading crates ...
[INFO] [stderr]   Downloaded dns-lookup v1.0.8
[INFO] [stderr]   Downloaded public-ip v0.2.2
[INFO] [stderr]   Downloaded platforms v3.0.2
[INFO] [stderr]   Downloaded hyper-system-resolver v0.5.0
[INFO] [stderr]   Downloaded curve25519-dalek-derive v0.1.0
[INFO] [stderr]   Downloaded pest_generator v2.7.0
[INFO] [stderr]   Downloaded zstd-safe v6.0.5+zstd.1.5.4
[INFO] [stderr]   Downloaded tl-scheme v0.2.0
[INFO] [stderr]   Downloaded pest v2.7.0
[INFO] [stderr]   Downloaded fiat-crypto v0.1.20
[INFO] [stderr]   Downloaded curve25519-dalek v4.0.0-rc.3
[INFO] [stderr]   Downloaded pest_meta v2.7.0
[INFO] [stderr]   Downloaded pest_derive v2.7.0
[INFO] [stderr]   Downloaded zstd v0.12.3+zstd.1.5.2
[INFO] [stderr]   Downloaded tl-proto v0.4.2
[INFO] [stderr]   Downloaded everscale-crypto v0.2.0-pre.2
[INFO] [stderr]   Downloaded tl-proto-proc v0.4.1
[INFO] [stderr]   Downloaded everscale-raptorq v1.7.0
[INFO] running `Command { std: "docker" "create" "-v" "/var/lib/crater-agent-workspace/builds/worker-1-tc1/target:/opt/rustwide/target:rw,Z" "-v" "/var/lib/crater-agent-workspace/builds/worker-1-tc1/source:/opt/rustwide/workdir:ro,Z" "-v" "/var/lib/crater-agent-workspace/cargo-home:/opt/rustwide/cargo-home:ro,Z" "-v" "/var/lib/crater-agent-workspace/rustup-home:/opt/rustwide/rustup-home:ro,Z" "-e" "SOURCE_DIR=/opt/rustwide/workdir" "-e" "CARGO_TARGET_DIR=/opt/rustwide/target" "-e" "CARGO_HOME=/opt/rustwide/cargo-home" "-e" "RUSTUP_HOME=/opt/rustwide/rustup-home" "-w" "/opt/rustwide/workdir" "-m" "1610612736" "--user" "0:0" "--network" "none" "ghcr.io/rust-lang/crates-build-env/linux@sha256:2788e3201cd34a07e3172128adcd8b3090168a8e3bcc40d7c032b9dda1df7d1c" "/opt/rustwide/cargo-home/bin/cargo" "+1.75.0" "metadata" "--no-deps" "--format-version=1", kill_on_drop: false }`
[INFO] [stdout] 0024ae914d07a318656cd40be913f74239f2bd1990fcd68839a473079babacd7
[INFO] running `Command { std: "docker" "start" "-a" "0024ae914d07a318656cd40be913f74239f2bd1990fcd68839a473079babacd7", kill_on_drop: false }`
[INFO] running `Command { std: "docker" "inspect" "0024ae914d07a318656cd40be913f74239f2bd1990fcd68839a473079babacd7", kill_on_drop: false }`
[INFO] running `Command { std: "docker" "rm" "-f" "0024ae914d07a318656cd40be913f74239f2bd1990fcd68839a473079babacd7", kill_on_drop: false }`
[INFO] [stdout] 0024ae914d07a318656cd40be913f74239f2bd1990fcd68839a473079babacd7
[INFO] running `Command { std: "docker" "create" "-v" "/var/lib/crater-agent-workspace/builds/worker-1-tc1/target:/opt/rustwide/target:rw,Z" "-v" "/var/lib/crater-agent-workspace/builds/worker-1-tc1/source:/opt/rustwide/workdir:ro,Z" "-v" "/var/lib/crater-agent-workspace/cargo-home:/opt/rustwide/cargo-home:ro,Z" "-v" "/var/lib/crater-agent-workspace/rustup-home:/opt/rustwide/rustup-home:ro,Z" "-e" "SOURCE_DIR=/opt/rustwide/workdir" "-e" "CARGO_TARGET_DIR=/opt/rustwide/target" "-e" "CARGO_INCREMENTAL=0" "-e" "RUST_BACKTRACE=full" "-e" "RUSTFLAGS=--cap-lints=warn" "-e" "RUSTDOCFLAGS=--cap-lints=warn" "-e" "CARGO_HOME=/opt/rustwide/cargo-home" "-e" "RUSTUP_HOME=/opt/rustwide/rustup-home" "-w" "/opt/rustwide/workdir" "-m" "1610612736" "--user" "0:0" "--network" "none" "ghcr.io/rust-lang/crates-build-env/linux@sha256:2788e3201cd34a07e3172128adcd8b3090168a8e3bcc40d7c032b9dda1df7d1c" "/opt/rustwide/cargo-home/bin/cargo" "+1.75.0" "build" "--frozen" "--message-format=json", kill_on_drop: false }`
[INFO] [stdout] 49e1e995b0549d6262eceffd1aa647eb8e6f7f220a30f83cf5cb6df243a6c0d0
[INFO] running `Command { std: "docker" "start" "-a" "49e1e995b0549d6262eceffd1aa647eb8e6f7f220a30f83cf5cb6df243a6c0d0", kill_on_drop: false }`
[INFO] [stderr]    Compiling proc-macro2 v1.0.63
[INFO] [stderr]    Compiling unicode-ident v1.0.9
[INFO] [stderr]    Compiling quote v1.0.28
[INFO] [stderr]    Compiling libc v0.2.147
[INFO] [stderr]    Compiling typenum v1.16.0
[INFO] [stderr]    Compiling thiserror v1.0.40
[INFO] [stderr]    Compiling ucd-trie v0.1.5
[INFO] [stderr]    Compiling semver v1.0.17
[INFO] [stderr]    Compiling once_cell v1.18.0
[INFO] [stderr]    Compiling platforms v3.0.2
[INFO] [stderr]    Compiling syn v1.0.109
[INFO] [stderr]    Compiling crc-catalog v2.2.0
[INFO] [stderr]    Compiling smallvec v1.10.0
[INFO] [stderr]    Compiling cpufeatures v0.2.8
[INFO] [stderr]    Compiling lock_api v0.4.10
[INFO] [stderr]    Compiling parking_lot_core v0.9.8
[INFO] [stderr]    Compiling crc v3.0.1
[INFO] [stderr]    Compiling rustc-hash v1.1.0
[INFO] [stderr]    Compiling pin-project-lite v0.2.9
[INFO] [stderr]    Compiling bytes v1.4.0
[INFO] [stderr]    Compiling futures-core v0.3.28
[INFO] [stderr]    Compiling slab v0.4.8
[INFO] [stderr]    Compiling tokio v1.28.2
[INFO] [stderr]    Compiling crossbeam-utils v0.8.16
[INFO] [stderr]    Compiling zstd-safe v6.0.5+zstd.1.5.4
[INFO] [stderr]    Compiling futures-task v0.3.28
[INFO] [stderr]    Compiling ahash v0.8.3
[INFO] [stderr]    Compiling zeroize v1.6.0
[INFO] [stderr]    Compiling futures-util v0.3.28
[INFO] [stderr]    Compiling serde v1.0.164
[INFO] [stderr]    Compiling anyhow v1.0.71
[INFO] [stderr]    Compiling crossbeam-queue v0.3.8
[INFO] [stderr]    Compiling async-trait v0.1.68
[INFO] [stderr]    Compiling tracing-core v0.1.31
[INFO] [stderr]    Compiling rustc_version v0.4.0
[INFO] [stderr]    Compiling hashbrown v0.12.3
[INFO] [stderr]    Compiling log v0.4.19
[INFO] [stderr]    Compiling futures-sink v0.3.28
[INFO] [stderr]    Compiling frunk_core v0.4.2
[INFO] [stderr]    Compiling everscale-raptorq v1.7.0
[INFO] [stderr]    Compiling curve25519-dalek v4.0.0-rc.3
[INFO] [stderr]    Compiling syn v2.0.22
[INFO] [stderr]    Compiling jobserver v0.1.26
[INFO] [stderr]    Compiling getrandom v0.2.10
[INFO] [stderr]    Compiling mio v0.8.8
[INFO] [stderr]    Compiling socket2 v0.4.9
[INFO] [stderr]    Compiling rand_core v0.6.4
[INFO] [stderr]    Compiling cc v1.0.79
[INFO] [stderr]    Compiling dashmap v5.4.0
[INFO] [stderr]    Compiling rand_chacha v0.3.1
[INFO] [stderr]    Compiling parking_lot v0.12.1
[INFO] [stderr]    Compiling generic-array v0.14.7
[INFO] [stderr]    Compiling rand v0.8.5
[INFO] [stderr]    Compiling crypto-common v0.1.6
[INFO] [stderr]    Compiling block-buffer v0.10.4
[INFO] [stderr]    Compiling inout v0.1.3
[INFO] [stderr]    Compiling digest v0.10.7
[INFO] [stderr]    Compiling cipher v0.4.4
[INFO] [stderr]    Compiling zstd-sys v2.0.8+zstd.1.5.5
[INFO] [stderr]    Compiling sha2 v0.10.7
[INFO] [stderr]    Compiling aes v0.8.3
[INFO] [stderr]    Compiling ctr v0.9.2
[INFO] [stderr]    Compiling thiserror-impl v1.0.40
[INFO] [stderr]    Compiling tokio-macros v2.1.0
[INFO] [stderr]    Compiling curve25519-dalek-derive v0.1.0
[INFO] [stderr]    Compiling tracing-attributes v0.1.26
[INFO] [stderr]    Compiling futures-macro v0.3.28
[INFO] [stderr]    Compiling serde_derive v1.0.164
[INFO] [stderr]    Compiling zstd v0.12.3+zstd.1.5.2
[INFO] [stderr]    Compiling pest v2.7.0
[INFO] [stderr]    Compiling tracing v0.1.37
[INFO] [stderr]    Compiling pest_meta v2.7.0
[INFO] [stderr]    Compiling pest_generator v2.7.0
[INFO] [stderr]    Compiling pest_derive v2.7.0
[INFO] [stderr]    Compiling tl-scheme v0.2.0
[INFO] [stderr]    Compiling tokio-util v0.7.8
[INFO] [stderr]    Compiling tl-proto-proc v0.4.1
[INFO] [stderr]    Compiling tl-proto v0.4.2
[INFO] [stderr]    Compiling everscale-crypto v0.2.0-pre.2
[INFO] [stderr]    Compiling everscale-network v0.5.5-rc.0 (/opt/rustwide/workdir)
[INFO] [stderr]     Finished dev [unoptimized + debuginfo] target(s) in 15.64s
[INFO] running `Command { std: "docker" "inspect" "49e1e995b0549d6262eceffd1aa647eb8e6f7f220a30f83cf5cb6df243a6c0d0", kill_on_drop: false }`
[INFO] running `Command { std: "docker" "rm" "-f" "49e1e995b0549d6262eceffd1aa647eb8e6f7f220a30f83cf5cb6df243a6c0d0", kill_on_drop: false }`
[INFO] [stdout] 49e1e995b0549d6262eceffd1aa647eb8e6f7f220a30f83cf5cb6df243a6c0d0
[INFO] running `Command { std: "docker" "create" "-v" "/var/lib/crater-agent-workspace/builds/worker-1-tc1/target:/opt/rustwide/target:rw,Z" "-v" "/var/lib/crater-agent-workspace/builds/worker-1-tc1/source:/opt/rustwide/workdir:ro,Z" "-v" "/var/lib/crater-agent-workspace/cargo-home:/opt/rustwide/cargo-home:ro,Z" "-v" "/var/lib/crater-agent-workspace/rustup-home:/opt/rustwide/rustup-home:ro,Z" "-e" "SOURCE_DIR=/opt/rustwide/workdir" "-e" "CARGO_TARGET_DIR=/opt/rustwide/target" "-e" "CARGO_INCREMENTAL=0" "-e" "RUST_BACKTRACE=full" "-e" "RUSTFLAGS=--cap-lints=warn" "-e" "RUSTDOCFLAGS=--cap-lints=warn" "-e" "CARGO_HOME=/opt/rustwide/cargo-home" "-e" "RUSTUP_HOME=/opt/rustwide/rustup-home" "-w" "/opt/rustwide/workdir" "-m" "1610612736" "--user" "0:0" "--network" "none" "ghcr.io/rust-lang/crates-build-env/linux@sha256:2788e3201cd34a07e3172128adcd8b3090168a8e3bcc40d7c032b9dda1df7d1c" "/opt/rustwide/cargo-home/bin/cargo" "+1.75.0" "test" "--frozen" "--no-run" "--message-format=json", kill_on_drop: false }`
[INFO] [stdout] 2404a95cd2b19285437b25e2f97abc4d0c2f9162ba16b11282171a81281ac936
[INFO] running `Command { std: "docker" "start" "-a" "2404a95cd2b19285437b25e2f97abc4d0c2f9162ba16b11282171a81281ac936", kill_on_drop: false }`
[INFO] [stderr]    Compiling syn v1.0.109
[INFO] [stderr]    Compiling futures-channel v0.3.28
[INFO] [stderr]    Compiling futures-task v0.3.28
[INFO] [stderr]    Compiling futures-util v0.3.28
[INFO] [stderr]    Compiling futures-io v0.3.28
[INFO] [stderr]    Compiling log v0.4.19
[INFO] [stderr]    Compiling tokio v1.28.2
[INFO] [stderr]    Compiling num_cpus v1.15.0
[INFO] [stderr]    Compiling tracing-core v0.1.31
[INFO] [stderr]    Compiling strsim v0.9.3
[INFO] [stderr]    Compiling itoa v1.0.6
[INFO] [stderr]    Compiling derive_builder v0.9.0
[INFO] [stderr]    Compiling url v2.4.0
[INFO] [stderr]    Compiling pin-project-internal v1.1.0
[INFO] [stderr]    Compiling nibble_vec v0.1.0
[INFO] [stderr]    Compiling httpdate v1.0.2
[INFO] [stderr]    Compiling http v0.2.9
[INFO] [stderr]    Compiling data-encoding v2.4.0
[INFO] [stderr]    Compiling ipnet v2.7.2
[INFO] [stderr]    Compiling endian-type v0.1.2
[INFO] [stderr]    Compiling time-core v0.1.1
[INFO] [stderr]    Compiling dns-lookup v1.0.8
[INFO] [stderr]    Compiling time v0.3.22
[INFO] [stderr]    Compiling serde_json v1.0.99
[INFO] [stderr]    Compiling overload v0.1.1
[INFO] [stderr]    Compiling radix_trie v0.2.1
[INFO] [stderr]    Compiling tracing v0.1.37
[INFO] [stderr]    Compiling tracing-log v0.1.3
[INFO] [stderr]    Compiling nu-ansi-term v0.46.0
[INFO] [stderr]    Compiling sharded-slab v0.1.4
[INFO] [stderr]    Compiling thread_local v1.1.7
[INFO] [stderr]    Compiling ryu v1.0.13
[INFO] [stderr]    Compiling base64 v0.21.2
[INFO] [stderr]    Compiling http-body v0.4.5
[INFO] [stderr]    Compiling tracing-subscriber v0.3.17
[INFO] [stderr]    Compiling pin-project v1.1.0
[INFO] [stderr]    Compiling futures-executor v0.3.28
[INFO] [stderr]    Compiling futures v0.3.28
[INFO] [stderr]    Compiling tracing-futures v0.2.5
[INFO] [stderr]    Compiling darling_core v0.10.2
[INFO] [stderr]    Compiling hyper v0.14.26
[INFO] [stderr]    Compiling tokio-util v0.7.8
[INFO] [stderr]    Compiling enum-as-inner v0.3.4
[INFO] [stderr]    Compiling tl-proto-proc v0.4.1
[INFO] [stderr]    Compiling darling_macro v0.10.2
[INFO] [stderr]    Compiling trust-dns-proto v0.20.4
[INFO] [stderr]    Compiling darling v0.10.2
[INFO] [stderr]    Compiling derive_builder_core v0.9.0
[INFO] [stderr]    Compiling tl-proto v0.4.2
[INFO] [stderr]    Compiling everscale-crypto v0.2.0-pre.2
[INFO] [stderr]    Compiling everscale-network v0.5.5-rc.0 (/opt/rustwide/workdir)
[INFO] [stderr]    Compiling hyper-system-resolver v0.5.0
[INFO] [stderr]    Compiling trust-dns-client v0.20.4
[INFO] [stderr]    Compiling public-ip v0.2.2
[INFO] [stderr]     Finished test [unoptimized + debuginfo] target(s) in 12.12s
[INFO] running `Command { std: "docker" "inspect" "2404a95cd2b19285437b25e2f97abc4d0c2f9162ba16b11282171a81281ac936", kill_on_drop: false }`
[INFO] running `Command { std: "docker" "rm" "-f" "2404a95cd2b19285437b25e2f97abc4d0c2f9162ba16b11282171a81281ac936", kill_on_drop: false }`
[INFO] [stdout] 2404a95cd2b19285437b25e2f97abc4d0c2f9162ba16b11282171a81281ac936
[INFO] running `Command { std: "docker" "create" "-v" "/var/lib/crater-agent-workspace/builds/worker-1-tc1/target:/opt/rustwide/target:rw,Z" "-v" "/var/lib/crater-agent-workspace/builds/worker-1-tc1/source:/opt/rustwide/workdir:ro,Z" "-v" "/var/lib/crater-agent-workspace/cargo-home:/opt/rustwide/cargo-home:ro,Z" "-v" "/var/lib/crater-agent-workspace/rustup-home:/opt/rustwide/rustup-home:ro,Z" "-e" "SOURCE_DIR=/opt/rustwide/workdir" "-e" "CARGO_TARGET_DIR=/opt/rustwide/target" "-e" "CARGO_INCREMENTAL=0" "-e" "RUST_BACKTRACE=full" "-e" "RUSTFLAGS=--cap-lints=warn" "-e" "RUSTDOCFLAGS=--cap-lints=warn" "-e" "CARGO_HOME=/opt/rustwide/cargo-home" "-e" "RUSTUP_HOME=/opt/rustwide/rustup-home" "-w" "/opt/rustwide/workdir" "-m" "1610612736" "--user" "0:0" "--network" "none" "ghcr.io/rust-lang/crates-build-env/linux@sha256:2788e3201cd34a07e3172128adcd8b3090168a8e3bcc40d7c032b9dda1df7d1c" "/opt/rustwide/cargo-home/bin/cargo" "+1.75.0" "test" "--frozen", kill_on_drop: false }`
[INFO] [stdout] 216834c2da8191103f8af142fd769983d5e8a3bd08bc7dac5859bdbba7af3abb
[INFO] running `Command { std: "docker" "start" "-a" "216834c2da8191103f8af142fd769983d5e8a3bd08bc7dac5859bdbba7af3abb", kill_on_drop: false }`
[INFO] [stderr]     Finished test [unoptimized + debuginfo] target(s) in 0.10s
[INFO] [stderr]      Running unittests src/lib.rs (/opt/rustwide/target/debug/deps/everscale_network-b0c405bba11deba2)
[INFO] [stdout] 
[INFO] [stdout] running 16 tests
[INFO] [stdout] test adnl::peer::tests::correct_addr_pack ... ok
[INFO] [stdout] test adnl::encryption::tests::double_encode ... ok
[INFO] [stdout] test adnl::peers_set::tests::test_full_entries_replacing ... ok
[INFO] [stdout] test adnl::peers_set::tests::test_insertion ... ok
[INFO] [stdout] test adnl::peers_set::tests::test_entries_replacing ... ok
[INFO] [stdout] test adnl::peers_set::tests::test_iterator ... ok
[INFO] [stdout] test adnl::peers_set::tests::test_random_peers ... ok
[INFO] [stdout] test adnl::peers_set::tests::with_peers_less_than_capacity ... ok
[INFO] [stdout] test adnl::peers_set::tests::with_peers_greater_than_capacity ... ok
[INFO] [stdout] test dht::buckets::tests::same_affinity ... ok
[INFO] [stdout] test adnl::peers_set::tests::with_peers_same_size_as_capacity ... ok
[INFO] [stdout] test proto::adnl::tests::correct_addr_conversion ... ok
[INFO] [stdout] test util::address_list::tests::correct_port_update ... ok
[INFO] [stdout] test adnl::channel::tests::test_encrypt_decrypt ... ok
[INFO] [stdout] test rldp::compression::tests::correct_compression ... ok
[INFO] [stdout] test adnl::peers_set::tests::test_overlapping_insertion ... ok
[INFO] [stdout] 
[INFO] [stdout] test result: ok. 16 passed; 0 failed; 0 ignored; 0 measured; 0 filtered out; finished in 0.01s
[INFO] [stdout] 
[INFO] [stderr]    Doc-tests everscale-network
[INFO] [stdout] 
[INFO] [stdout] running 8 tests
[INFO] [stdout] test src/adnl/mod.rs - adnl::NetworkBuilder<HNil,(Here,Here)>::with_adnl (line 129) ... FAILED
[INFO] [stdout] test src/adnl/mod.rs - adnl::NetworkBuilder<L,(A,R)>::with_query_subscriber (line 230) ... ok
[INFO] [stdout] test src/dht/mod.rs - dht::NetworkBuilder<L,(A,R)>::with_dht (line 48) ... ok
[INFO] [stdout] test src/adnl/mod.rs - adnl::NetworkBuilder<HNil,(Here,Here)>::with_adnl_ext (line 167) ... ok
[INFO] [stdout] test src/adnl/mod.rs - adnl::NetworkBuilder<L,(A,R)>::with_message_subscriber (line 275) ... ok
[INFO] [stdout] test src/rldp/mod.rs - rldp::NetworkBuilder<L,(A,R)>::with_rldp (line 55) ... ok
[INFO] [stdout] test src/overlay/mod.rs - overlay::node_impl::NetworkBuilder<L,(A,R)>::with_overlay (line 60) ... ok
[INFO] [stdout] test src/rldp/mod.rs - rldp::NetworkBuilder<L,(A,R)>::with_rldp_ext (line 85) ... ok
[INFO] [stdout] 
[INFO] [stdout] failures:
[INFO] [stdout] 
[INFO] [stdout] ---- src/adnl/mod.rs - adnl::NetworkBuilder<HNil,(Here,Here)>::with_adnl (line 129) stdout ----
[INFO] [stdout] error: linking with `cc` failed: exit status: 1
[INFO] [stdout]   |
[INFO] [stdout]   = note: LC_ALL="C" PATH="/opt/rustwide/rustup-home/toolchains/1.75.0-x86_64-unknown-linux-gnu/lib/rustlib/x86_64-unknown-linux-gnu/bin:/opt/rustwide/cargo-home/bin:/usr/local/sbin:/usr/local/bin:/usr/sbin:/usr/bin:/sbin:/bin" VSLANG="1033" "cc" "-m64" "/tmp/rustcsDo1m0/symbols.o" "/tmp/rustdoctestiSv3sR/rust_out.rust_out.263fb70ac1c95110-cgu.0.rcgu.o" "/tmp/rustdoctestiSv3sR/rust_out.2uel00cfmdh5ufit.rcgu.o" "-Wl,--as-needed" "-L" "/opt/rustwide/target/debug/deps" "-L" "/opt/rustwide/target/debug/deps" "-L" "/opt/rustwide/target/debug/build/zstd-sys-5004e30decbb59a3/out" "-L" "/opt/rustwide/rustup-home/toolchains/1.75.0-x86_64-unknown-linux-gnu/lib/rustlib/x86_64-unknown-linux-gnu/lib" "-Wl,-Bstatic" "/opt/rustwide/target/debug/deps/libeverscale_network-31d23fac64852a17.rlib" "/opt/rustwide/target/debug/deps/libahash-a10c47fb51525b13.rlib" "/opt/rustwide/target/debug/deps/libzstd-11653e0010cfd337.rlib" "/opt/rustwide/target/debug/deps/libzstd_safe-dd703a20a49f876a.rlib" "/opt/rustwide/target/debug/deps/libzstd_sys-c0878d581d51f251.rlib" "/opt/rustwide/target/debug/deps/libctr-32a08b63202a5be7.rlib" "/opt/rustwide/target/debug/deps/libtracing-6d424465742c239a.rlib" "/opt/rustwide/target/debug/deps/liblog-66f39b7c9d94a93f.rlib" "/opt/rustwide/target/debug/deps/libtracing_core-8427029d59b32596.rlib" "/opt/rustwide/target/debug/deps/libeverscale_raptorq-0b57de99bdc490d0.rlib" "/opt/rustwide/target/debug/deps/libcrossbeam_queue-16e90684c405a28e.rlib" "/opt/rustwide/target/debug/deps/libcrossbeam_utils-edea0ec67fa2085a.rlib" "/opt/rustwide/target/debug/deps/libdashmap-4c56cbd99018a1e3.rlib" "/opt/rustwide/target/debug/deps/libonce_cell-a342312cc2ec3f6b.rlib" "/opt/rustwide/target/debug/deps/libhashbrown-2b034197a98a6580.rlib" "/opt/rustwide/target/debug/deps/libfutures_util-6c6eb763f9ad0767.rlib" "/opt/rustwide/target/debug/deps/libmemchr-4fdcfd9ddfba30cb.rlib" "/opt/rustwide/target/debug/deps/libfutures_io-e29e1f931c78f5ad.rlib" "/opt/rustwide/target/debug/deps/libslab-7742106a97732125.rlib" "/opt/rustwide/target/debug/deps/libfutures_channel-b11b4e3e73ae8576.rlib" "/opt/rustwide/target/debug/deps/libfutures_task-aa4295017d7c9734.rlib" "/opt/rustwide/target/debug/deps/libpin_utils-741f7d9d160e4a16.rlib" "/opt/rustwide/target/debug/deps/libtokio_util-a3d0db42cdc17400.rlib" "/opt/rustwide/target/debug/deps/libfutures_core-02b74ed2f49284a7.rlib" "/opt/rustwide/target/debug/deps/libfutures_sink-4afe6e57e5588fde.rlib" "/opt/rustwide/target/debug/deps/libtokio-4ce8022caf2e28b7.rlib" "/opt/rustwide/target/debug/deps/libnum_cpus-f979e4e328d6de03.rlib" "/opt/rustwide/target/debug/deps/libsocket2-7318ad5aa1fb17b1.rlib" "/opt/rustwide/target/debug/deps/libpin_project_lite-cead9f5d94689600.rlib" "/opt/rustwide/target/debug/deps/libmio-8c2a5cc09d65d55e.rlib" "/opt/rustwide/target/debug/deps/libserde-234d8bc9403f0b4a.rlib" "/opt/rustwide/target/debug/deps/libparking_lot-862c45a49a97d53f.rlib" "/opt/rustwide/target/debug/deps/libparking_lot_core-406fd564f45f057f.rlib" "/opt/rustwide/target/debug/deps/liblock_api-1d880aae03a79431.rlib" "/opt/rustwide/target/debug/deps/libscopeguard-b35f5c652940acc2.rlib" "/opt/rustwide/target/debug/deps/libaes-13a311157cfadadc.rlib" "/opt/rustwide/target/debug/deps/libcipher-a2eb51e4a7540645.rlib" "/opt/rustwide/target/debug/deps/libinout-2ab110ad1a925e9b.rlib" "/opt/rustwide/target/debug/deps/libfrunk_core-bd92339cb91d1fea.rlib" "/opt/rustwide/target/debug/deps/libanyhow-6ec77de324b5583f.rlib" "/opt/rustwide/target/debug/deps/libeverscale_crypto-2e1e5f7d5c91b2d5.rlib" "/opt/rustwide/target/debug/deps/libhex-05644b5497b79c5b.rlib" "/opt/rustwide/target/debug/deps/libtl_proto-8cad37e7e61a10c3.rlib" "/opt/rustwide/target/debug/deps/libbytes-3fc98b508f6e4a28.rlib" "/opt/rustwide/target/debug/deps/libthiserror-d993d4464615426e.rlib" "/opt/rustwide/target/debug/deps/libsmallvec-887addcc65589c46.rlib" "/opt/rustwide/target/debug/deps/libsha2-bbcf700effa6a134.rlib" "/opt/rustwide/target/debug/deps/libdigest-0730619527a180f6.rlib" "/opt/rustwide/target/debug/deps/libblock_buffer-7a086d5b55644c90.rlib" "/opt/rustwide/target/debug/deps/libcrypto_common-9fe89e7f1b144dc7.rlib" "/opt/rustwide/target/debug/deps/libgeneric_array-7afb762a7200395f.rlib" "/opt/rustwide/target/debug/deps/libtypenum-10066d62666e55cd.rlib" "/opt/rustwide/target/debug/deps/librand-15d1da4f31bd0098.rlib" "/opt/rustwide/target/debug/deps/librand_chacha-9fb38ed8853e498a.rlib" "/opt/rustwide/target/debug/deps/libppv_lite86-9f808eb911999ef2.rlib" "/opt/rustwide/target/debug/deps/librand_core-0cbfb7f6e066dce7.rlib" "/opt/rustwide/target/debug/deps/libgetrandom-43720ee999104deb.rlib" "/opt/rustwide/target/debug/deps/liblibc-80caa61b614001af.rlib" "/opt/rustwide/target/debug/deps/libcurve25519_dalek-068ebe26ac17a68d.rlib" "/opt/rustwide/target/debug/deps/libcpufeatures-3fc1da47fc66a48c.rlib" "/opt/rustwide/target/debug/deps/libzeroize-1624af26aa4bc825.rlib" "/opt/rustwide/target/debug/deps/libsubtle-32983fc17c133a89.rlib" "/opt/rustwide/target/debug/deps/libcfg_if-61dc7a6799e72b18.rlib" "/opt/rustwide/rustup-home/toolchains/1.75.0-x86_64-unknown-linux-gnu/lib/rustlib/x86_64-unknown-linux-gnu/lib/libstd-90f6ddbf82de36ec.rlib" "/opt/rustwide/rustup-home/toolchains/1.75.0-x86_64-unknown-linux-gnu/lib/rustlib/x86_64-unknown-linux-gnu/lib/libpanic_unwind-480c41e9d4e1f677.rlib" "/opt/rustwide/rustup-home/toolchains/1.75.0-x86_64-unknown-linux-gnu/lib/rustlib/x86_64-unknown-linux-gnu/lib/libobject-db744c0ca03eed1d.rlib" "/opt/rustwide/rustup-home/toolchains/1.75.0-x86_64-unknown-linux-gnu/lib/rustlib/x86_64-unknown-linux-gnu/lib/libmemchr-8ba652dc7d4b285a.rlib" "/opt/rustwide/rustup-home/toolchains/1.75.0-x86_64-unknown-linux-gnu/lib/rustlib/x86_64-unknown-linux-gnu/lib/libaddr2line-d5f4520a9ebc0d58.rlib" "/opt/rustwide/rustup-home/toolchains/1.75.0-x86_64-unknown-linux-gnu/lib/rustlib/x86_64-unknown-linux-gnu/lib/libgimli-4ad84de58f0cb463.rlib" "/opt/rustwide/rustup-home/toolchains/1.75.0-x86_64-unknown-linux-gnu/lib/rustlib/x86_64-unknown-linux-gnu/lib/librustc_demangle-0d10aae2e0f38735.rlib" "/opt/rustwide/rustup-home/toolchains/1.75.0-x86_64-unknown-linux-gnu/lib/rustlib/x86_64-unknown-linux-gnu/lib/libstd_detect-0c17cff739e6745b.rlib" "/opt/rustwide/rustup-home/toolchains/1.75.0-x86_64-unknown-linux-gnu/lib/rustlib/x86_64-unknown-linux-gnu/lib/libhashbrown-b29e17139dde1aa8.rlib" "/opt/rustwide/rustup-home/toolchains/1.75.0-x86_64-unknown-linux-gnu/lib/rustlib/x86_64-unknown-linux-gnu/lib/librustc_std_workspace_alloc-1f975299829cc7bd.rlib" "/opt/rustwide/rustup-home/toolchains/1.75.0-x86_64-unknown-linux-gnu/lib/rustlib/x86_64-unknown-linux-gnu/lib/libminiz_oxide-86bae3bc3079f89b.rlib" "/opt/rustwide/rustup-home/toolchains/1.75.0-x86_64-unknown-linux-gnu/lib/rustlib/x86_64-unknown-linux-gnu/lib/libadler-321b82c30dffdf5f.rlib" "/opt/rustwide/rustup-home/toolchains/1.75.0-x86_64-unknown-linux-gnu/lib/rustlib/x86_64-unknown-linux-gnu/lib/libunwind-3dd8a6810a0bdfef.rlib" "/opt/rustwide/rustup-home/toolchains/1.75.0-x86_64-unknown-linux-gnu/lib/rustlib/x86_64-unknown-linux-gnu/lib/libcfg_if-eb39a61c0c879984.rlib" "/opt/rustwide/rustup-home/toolchains/1.75.0-x86_64-unknown-linux-gnu/lib/rustlib/x86_64-unknown-linux-gnu/lib/liblibc-aa769569f91c3548.rlib" "/opt/rustwide/rustup-home/toolchains/1.75.0-x86_64-unknown-linux-gnu/lib/rustlib/x86_64-unknown-linux-gnu/lib/liballoc-510a192a50a983ed.rlib" "/opt/rustwide/rustup-home/toolchains/1.75.0-x86_64-unknown-linux-gnu/lib/rustlib/x86_64-unknown-linux-gnu/lib/librustc_std_workspace_core-0577018320f99037.rlib" "/opt/rustwide/rustup-home/toolchains/1.75.0-x86_64-unknown-linux-gnu/lib/rustlib/x86_64-unknown-linux-gnu/lib/libcore-193cf992125ccd4c.rlib" "/opt/rustwide/rustup-home/toolchains/1.75.0-x86_64-unknown-linux-gnu/lib/rustlib/x86_64-unknown-linux-gnu/lib/libcompiler_builtins-8e138eaf26ebb4a8.rlib" "-Wl,-Bdynamic" "-lgcc_s" "-lutil" "-lrt" "-lpthread" "-lm" "-ldl" "-lc" "-Wl,--eh-frame-hdr" "-Wl,-z,noexecstack" "-L" "/opt/rustwide/rustup-home/toolchains/1.75.0-x86_64-unknown-linux-gnu/lib/rustlib/x86_64-unknown-linux-gnu/lib" "-o" "/tmp/rustdoctestiSv3sR/rust_out" "-Wl,--gc-sections" "-pie" "-Wl,-z,relro,-z,now" "-nodefaultlibs"
[INFO] [stdout]   = note: collect2: fatal error: ld terminated with signal 9 [Killed]
[INFO] [stdout]           compilation terminated.
[INFO] [stdout]           
[INFO] [stdout] 
[INFO] [stdout] error: aborting due to previous error
[INFO] [stdout] 
[INFO] [stdout] Couldn't compile the test.
[INFO] [stdout] 
[INFO] [stdout] failures:
[INFO] [stdout]     src/adnl/mod.rs - adnl::NetworkBuilder<HNil,(Here,Here)>::with_adnl (line 129)
[INFO] [stdout] 
[INFO] [stdout] test result: FAILED. 7 passed; 1 failed; 0 ignored; 0 measured; 0 filtered out; finished in 7.64s
[INFO] [stdout] 
[INFO] [stderr] error: doctest failed, to rerun pass `--doc`
[INFO] running `Command { std: "docker" "inspect" "216834c2da8191103f8af142fd769983d5e8a3bd08bc7dac5859bdbba7af3abb", kill_on_drop: false }`
[INFO] running `Command { std: "docker" "rm" "-f" "216834c2da8191103f8af142fd769983d5e8a3bd08bc7dac5859bdbba7af3abb", kill_on_drop: false }`
[INFO] [stdout] 216834c2da8191103f8af142fd769983d5e8a3bd08bc7dac5859bdbba7af3abb
