[INFO] fetching crate eventmill 0.4.0...
[INFO] testing eventmill-0.4.0 against 1.75.0 for beta-1.76-1
[INFO] extracting crate eventmill 0.4.0 into /workspace/builds/worker-4-tc1/source
[INFO] validating manifest of crates.io crate eventmill 0.4.0 on toolchain 1.75.0
[INFO] running `Command { std: CARGO_HOME="/workspace/cargo-home" RUSTUP_HOME="/workspace/rustup-home" "/workspace/cargo-home/bin/cargo" "+1.75.0" "metadata" "--manifest-path" "Cargo.toml" "--no-deps", kill_on_drop: false }`
[INFO] started tweaking crates.io crate eventmill 0.4.0
[INFO] finished tweaking crates.io crate eventmill 0.4.0
[INFO] tweaked toml for crates.io crate eventmill 0.4.0 written to /workspace/builds/worker-4-tc1/source/Cargo.toml
[INFO] running `Command { std: CARGO_HOME="/workspace/cargo-home" RUSTUP_HOME="/workspace/rustup-home" "/workspace/cargo-home/bin/cargo" "+1.75.0" "generate-lockfile" "--manifest-path" "Cargo.toml", kill_on_drop: false }`
[INFO] [stderr]     Blocking waiting for file lock on package cache
[INFO] [stderr]     Updating crates.io index
[INFO] running `Command { std: CARGO_HOME="/workspace/cargo-home" RUSTUP_HOME="/workspace/rustup-home" "/workspace/cargo-home/bin/cargo" "+1.75.0" "fetch" "--manifest-path" "Cargo.toml", kill_on_drop: false }`
[INFO] [stderr]     Blocking waiting for file lock on package cache
[INFO] [stderr]     Blocking waiting for file lock on package cache
[INFO] [stderr]  Downloading crates ...
[INFO] [stderr]   Downloaded eventmill_derive v0.3.0
[INFO] [stderr]   Downloaded bigdecimal v0.1.2
[INFO] [stderr]   Downloaded proptest v0.9.6
[INFO] running `Command { std: "docker" "create" "-v" "/var/lib/crater-agent-workspace/builds/worker-4-tc1/target:/opt/rustwide/target:rw,Z" "-v" "/var/lib/crater-agent-workspace/builds/worker-4-tc1/source:/opt/rustwide/workdir:ro,Z" "-v" "/var/lib/crater-agent-workspace/cargo-home:/opt/rustwide/cargo-home:ro,Z" "-v" "/var/lib/crater-agent-workspace/rustup-home:/opt/rustwide/rustup-home:ro,Z" "-e" "SOURCE_DIR=/opt/rustwide/workdir" "-e" "CARGO_TARGET_DIR=/opt/rustwide/target" "-e" "CARGO_HOME=/opt/rustwide/cargo-home" "-e" "RUSTUP_HOME=/opt/rustwide/rustup-home" "-w" "/opt/rustwide/workdir" "-m" "1610612736" "--user" "0:0" "--network" "none" "ghcr.io/rust-lang/crates-build-env/linux@sha256:2788e3201cd34a07e3172128adcd8b3090168a8e3bcc40d7c032b9dda1df7d1c" "/opt/rustwide/cargo-home/bin/cargo" "+1.75.0" "metadata" "--no-deps" "--format-version=1", kill_on_drop: false }`
[INFO] [stdout] 80c55b5a253c563ddf670175f415474156a71ce339cc34d294594adf97268042
[INFO] running `Command { std: "docker" "start" "-a" "80c55b5a253c563ddf670175f415474156a71ce339cc34d294594adf97268042", kill_on_drop: false }`
[INFO] running `Command { std: "docker" "inspect" "80c55b5a253c563ddf670175f415474156a71ce339cc34d294594adf97268042", kill_on_drop: false }`
[INFO] running `Command { std: "docker" "rm" "-f" "80c55b5a253c563ddf670175f415474156a71ce339cc34d294594adf97268042", kill_on_drop: false }`
[INFO] [stdout] 80c55b5a253c563ddf670175f415474156a71ce339cc34d294594adf97268042
[INFO] running `Command { std: "docker" "create" "-v" "/var/lib/crater-agent-workspace/builds/worker-4-tc1/target:/opt/rustwide/target:rw,Z" "-v" "/var/lib/crater-agent-workspace/builds/worker-4-tc1/source:/opt/rustwide/workdir:ro,Z" "-v" "/var/lib/crater-agent-workspace/cargo-home:/opt/rustwide/cargo-home:ro,Z" "-v" "/var/lib/crater-agent-workspace/rustup-home:/opt/rustwide/rustup-home:ro,Z" "-e" "SOURCE_DIR=/opt/rustwide/workdir" "-e" "CARGO_TARGET_DIR=/opt/rustwide/target" "-e" "CARGO_INCREMENTAL=0" "-e" "RUST_BACKTRACE=full" "-e" "RUSTFLAGS=--cap-lints=warn" "-e" "RUSTDOCFLAGS=--cap-lints=warn" "-e" "CARGO_HOME=/opt/rustwide/cargo-home" "-e" "RUSTUP_HOME=/opt/rustwide/rustup-home" "-w" "/opt/rustwide/workdir" "-m" "1610612736" "--user" "0:0" "--network" "none" "ghcr.io/rust-lang/crates-build-env/linux@sha256:2788e3201cd34a07e3172128adcd8b3090168a8e3bcc40d7c032b9dda1df7d1c" "/opt/rustwide/cargo-home/bin/cargo" "+1.75.0" "build" "--frozen" "--message-format=json", kill_on_drop: false }`
[INFO] [stdout] 1b7dfdbe752ed13ade399d44d414209037b5553701cf6c30f91b9613dd15b52e
[INFO] running `Command { std: "docker" "start" "-a" "1b7dfdbe752ed13ade399d44d414209037b5553701cf6c30f91b9613dd15b52e", kill_on_drop: false }`
[INFO] [stderr]    Compiling proc-macro2 v1.0.75
[INFO] [stderr]    Compiling iana-time-zone v0.1.59
[INFO] [stderr]    Compiling quote v1.0.35
[INFO] [stderr]    Compiling syn v2.0.48
[INFO] [stderr]    Compiling serde_derive v1.0.194
[INFO] [stderr]    Compiling thiserror-impl v1.0.56
[INFO] [stderr]    Compiling thiserror v1.0.56
[INFO] [stderr]    Compiling serde v1.0.194
[INFO] [stderr]    Compiling chrono v0.4.31
[INFO] [stderr]    Compiling eventmill v0.4.0 (/opt/rustwide/workdir)
[INFO] [stderr]     Finished dev [unoptimized + debuginfo] target(s) in 14.48s
[INFO] running `Command { std: "docker" "inspect" "1b7dfdbe752ed13ade399d44d414209037b5553701cf6c30f91b9613dd15b52e", kill_on_drop: false }`
[INFO] running `Command { std: "docker" "rm" "-f" "1b7dfdbe752ed13ade399d44d414209037b5553701cf6c30f91b9613dd15b52e", kill_on_drop: false }`
[INFO] [stdout] 1b7dfdbe752ed13ade399d44d414209037b5553701cf6c30f91b9613dd15b52e
[INFO] running `Command { std: "docker" "create" "-v" "/var/lib/crater-agent-workspace/builds/worker-4-tc1/target:/opt/rustwide/target:rw,Z" "-v" "/var/lib/crater-agent-workspace/builds/worker-4-tc1/source:/opt/rustwide/workdir:ro,Z" "-v" "/var/lib/crater-agent-workspace/cargo-home:/opt/rustwide/cargo-home:ro,Z" "-v" "/var/lib/crater-agent-workspace/rustup-home:/opt/rustwide/rustup-home:ro,Z" "-e" "SOURCE_DIR=/opt/rustwide/workdir" "-e" "CARGO_TARGET_DIR=/opt/rustwide/target" "-e" "CARGO_INCREMENTAL=0" "-e" "RUST_BACKTRACE=full" "-e" "RUSTFLAGS=--cap-lints=warn" "-e" "RUSTDOCFLAGS=--cap-lints=warn" "-e" "CARGO_HOME=/opt/rustwide/cargo-home" "-e" "RUSTUP_HOME=/opt/rustwide/rustup-home" "-w" "/opt/rustwide/workdir" "-m" "1610612736" "--user" "0:0" "--network" "none" "ghcr.io/rust-lang/crates-build-env/linux@sha256:2788e3201cd34a07e3172128adcd8b3090168a8e3bcc40d7c032b9dda1df7d1c" "/opt/rustwide/cargo-home/bin/cargo" "+1.75.0" "test" "--frozen" "--no-run" "--message-format=json", kill_on_drop: false }`
[INFO] [stdout] 69ed63cffc89f8c321420f856485a9e6920f9fa8d4919fa6701ac071afd084ba
[INFO] running `Command { std: "docker" "start" "-a" "69ed63cffc89f8c321420f856485a9e6920f9fa8d4919fa6701ac071afd084ba", kill_on_drop: false }`
[INFO] [stderr]    Compiling autocfg v0.1.8
[INFO] [stderr]    Compiling rand_core v0.4.2
[INFO] [stderr]    Compiling libc v0.2.151
[INFO] [stderr]    Compiling num-integer v0.1.45
[INFO] [stderr]    Compiling hashbrown v0.14.3
[INFO] [stderr]    Compiling proc-macro2 v1.0.75
[INFO] [stderr]    Compiling unicase v2.7.0
[INFO] [stderr]    Compiling equivalent v1.0.1
[INFO] [stderr]    Compiling num-bigint v0.2.6
[INFO] [stderr]    Compiling regex-syntax v0.8.2
[INFO] [stderr]    Compiling winnow v0.5.32
[INFO] [stderr]    Compiling pulldown-cmark v0.9.3
[INFO] [stderr]    Compiling unicode-bidi v0.3.14
[INFO] [stderr]    Compiling semver v1.0.21
[INFO] [stderr]    Compiling bit-vec v0.6.3
[INFO] [stderr]    Compiling byteorder v1.5.0
[INFO] [stderr]    Compiling rand_chacha v0.1.1
[INFO] [stderr]    Compiling rand_pcg v0.1.2
[INFO] [stderr]    Compiling rand v0.6.5
[INFO] [stderr]    Compiling rand_core v0.3.1
[INFO] [stderr]    Compiling rand_jitter v0.1.4
[INFO] [stderr]    Compiling rand_hc v0.1.0
[INFO] [stderr]    Compiling rand_isaac v0.1.1
[INFO] [stderr]    Compiling rand_xorshift v0.1.1
[INFO] [stderr]    Compiling bit-set v0.5.3
[INFO] [stderr]    Compiling idna v0.5.0
[INFO] [stderr]    Compiling regex-syntax v0.6.29
[INFO] [stderr]    Compiling quote v1.0.35
[INFO] [stderr]    Compiling indexmap v2.1.0
[INFO] [stderr]    Compiling syn v2.0.48
[INFO] [stderr]    Compiling url v2.5.0
[INFO] [stderr]    Compiling regex-automata v0.4.3
[INFO] [stderr]    Compiling wait-timeout v0.2.0
[INFO] [stderr]    Compiling rand_os v0.1.3
[INFO] [stderr]    Compiling rusty-fork v0.2.2
[INFO] [stderr]    Compiling proptest v0.9.6
[INFO] [stderr]    Compiling regex v1.10.2
[INFO] [stderr]    Compiling serde_derive v1.0.194
[INFO] [stderr]    Compiling thiserror-impl v1.0.56
[INFO] [stderr]    Compiling thiserror v1.0.56
[INFO] [stderr]    Compiling serde v1.0.194
[INFO] [stderr]    Compiling serde_spanned v0.6.5
[INFO] [stderr]    Compiling toml_datetime v0.6.5
[INFO] [stderr]    Compiling chrono v0.4.31
[INFO] [stderr]    Compiling bigdecimal v0.1.2
[INFO] [stderr]    Compiling toml_edit v0.19.15
[INFO] [stderr]    Compiling eventmill v0.4.0 (/opt/rustwide/workdir)
[INFO] [stderr]    Compiling toml v0.7.8
[INFO] [stderr]    Compiling version-sync v0.9.5
[INFO] [stdout] warning: fields `pos_x` and `pos_y` are never read
[INFO] [stdout]   --> src/event/tests.rs:83:9
[INFO] [stdout]    |
[INFO] [stdout] 81 |     struct Turtle {
[INFO] [stdout]    |            ------ fields in this struct
[INFO] [stdout] 82 |         id: u32,
[INFO] [stdout] 83 |         pos_x: i32,
[INFO] [stdout]    |         ^^^^^
[INFO] [stdout] 84 |         pos_y: i32,
[INFO] [stdout]    |         ^^^^^
[INFO] [stdout]    |
[INFO] [stdout]    = note: `Turtle` has a derived impl for the trait `Debug`, but this is intentionally ignored during dead code analysis
[INFO] [stdout]    = note: `#[warn(dead_code)]` on by default
[INFO] [stdout] 
[INFO] [stdout] 
[INFO] [stdout] warning: fields `pos_x` and `pos_y` are never read
[INFO] [stdout]    --> src/event/tests.rs:241:9
[INFO] [stdout]     |
[INFO] [stdout] 239 |     struct Turtle {
[INFO] [stdout]     |            ------ fields in this struct
[INFO] [stdout] 240 |         id: u32,
[INFO] [stdout] 241 |         pos_x: i32,
[INFO] [stdout]     |         ^^^^^
[INFO] [stdout] 242 |         pos_y: i32,
[INFO] [stdout]     |         ^^^^^
[INFO] [stdout]     |
[INFO] [stdout]     = note: `Turtle` has a derived impl for the trait `Debug`, but this is intentionally ignored during dead code analysis
[INFO] [stdout] 
[INFO] [stdout] 
[INFO] [stdout] warning: fields `pos_x` and `pos_y` are never read
[INFO] [stdout]    --> src/event/tests.rs:282:9
[INFO] [stdout]     |
[INFO] [stdout] 280 |     struct Turtle {
[INFO] [stdout]     |            ------ fields in this struct
[INFO] [stdout] 281 |         id: u32,
[INFO] [stdout] 282 |         pos_x: i32,
[INFO] [stdout]     |         ^^^^^
[INFO] [stdout] 283 |         pos_y: i32,
[INFO] [stdout]     |         ^^^^^
[INFO] [stdout]     |
[INFO] [stdout]     = note: `Turtle` has a derived impl for the trait `Debug`, but this is intentionally ignored during dead code analysis
[INFO] [stdout] 
[INFO] [stdout] 
[INFO] [stdout] warning: 3 warnings emitted
[INFO] [stdout] 
[INFO] [stdout] 
[INFO] [stderr]     Finished test [unoptimized + debuginfo] target(s) in 26.41s
[INFO] running `Command { std: "docker" "inspect" "69ed63cffc89f8c321420f856485a9e6920f9fa8d4919fa6701ac071afd084ba", kill_on_drop: false }`
[INFO] running `Command { std: "docker" "rm" "-f" "69ed63cffc89f8c321420f856485a9e6920f9fa8d4919fa6701ac071afd084ba", kill_on_drop: false }`
[INFO] [stdout] 69ed63cffc89f8c321420f856485a9e6920f9fa8d4919fa6701ac071afd084ba
[INFO] running `Command { std: "docker" "create" "-v" "/var/lib/crater-agent-workspace/builds/worker-4-tc1/target:/opt/rustwide/target:rw,Z" "-v" "/var/lib/crater-agent-workspace/builds/worker-4-tc1/source:/opt/rustwide/workdir:ro,Z" "-v" "/var/lib/crater-agent-workspace/cargo-home:/opt/rustwide/cargo-home:ro,Z" "-v" "/var/lib/crater-agent-workspace/rustup-home:/opt/rustwide/rustup-home:ro,Z" "-e" "SOURCE_DIR=/opt/rustwide/workdir" "-e" "CARGO_TARGET_DIR=/opt/rustwide/target" "-e" "CARGO_INCREMENTAL=0" "-e" "RUST_BACKTRACE=full" "-e" "RUSTFLAGS=--cap-lints=warn" "-e" "RUSTDOCFLAGS=--cap-lints=warn" "-e" "CARGO_HOME=/opt/rustwide/cargo-home" "-e" "RUSTUP_HOME=/opt/rustwide/rustup-home" "-w" "/opt/rustwide/workdir" "-m" "1610612736" "--user" "0:0" "--network" "none" "ghcr.io/rust-lang/crates-build-env/linux@sha256:2788e3201cd34a07e3172128adcd8b3090168a8e3bcc40d7c032b9dda1df7d1c" "/opt/rustwide/cargo-home/bin/cargo" "+1.75.0" "test" "--frozen", kill_on_drop: false }`
[INFO] [stdout] 9abb3a10f706c902b9d1ea5b2c3d6696542963db06c570c423cc770bfe433c84
[INFO] running `Command { std: "docker" "start" "-a" "9abb3a10f706c902b9d1ea5b2c3d6696542963db06c570c423cc770bfe433c84", kill_on_drop: false }`
[INFO] [stderr] warning: fields `pos_x` and `pos_y` are never read
[INFO] [stderr]   --> src/event/tests.rs:83:9
[INFO] [stderr]    |
[INFO] [stderr] 81 |     struct Turtle {
[INFO] [stderr]    |            ------ fields in this struct
[INFO] [stderr] 82 |         id: u32,
[INFO] [stderr] 83 |         pos_x: i32,
[INFO] [stderr]    |         ^^^^^
[INFO] [stderr] 84 |         pos_y: i32,
[INFO] [stderr]    |         ^^^^^
[INFO] [stderr]    |
[INFO] [stderr]    = note: `Turtle` has a derived impl for the trait `Debug`, but this is intentionally ignored during dead code analysis
[INFO] [stderr]    = note: `#[warn(dead_code)]` on by default
[INFO] [stderr] 
[INFO] [stderr] warning: fields `pos_x` and `pos_y` are never read
[INFO] [stderr]    --> src/event/tests.rs:241:9
[INFO] [stderr]     |
[INFO] [stderr] 239 |     struct Turtle {
[INFO] [stderr]     |            ------ fields in this struct
[INFO] [stderr] 240 |         id: u32,
[INFO] [stderr] 241 |         pos_x: i32,
[INFO] [stderr]     |         ^^^^^
[INFO] [stderr] 242 |         pos_y: i32,
[INFO] [stderr]     |         ^^^^^
[INFO] [stderr]     |
[INFO] [stderr]     = note: `Turtle` has a derived impl for the trait `Debug`, but this is intentionally ignored during dead code analysis
[INFO] [stderr] 
[INFO] [stderr] warning: fields `pos_x` and `pos_y` are never read
[INFO] [stderr]    --> src/event/tests.rs:282:9
[INFO] [stderr]     |
[INFO] [stderr] 280 |     struct Turtle {
[INFO] [stderr]     |            ------ fields in this struct
[INFO] [stderr] 281 |         id: u32,
[INFO] [stderr] 282 |         pos_x: i32,
[INFO] [stderr]     |         ^^^^^
[INFO] [stderr] 283 |         pos_y: i32,
[INFO] [stderr]     |         ^^^^^
[INFO] [stderr]     |
[INFO] [stderr]     = note: `Turtle` has a derived impl for the trait `Debug`, but this is intentionally ignored during dead code analysis
[INFO] [stderr] 
[INFO] [stderr] warning: `eventmill` (lib test) generated 3 warnings
[INFO] [stderr]     Finished test [unoptimized + debuginfo] target(s) in 0.10s
[INFO] [stderr]      Running unittests src/lib.rs (/opt/rustwide/target/debug/deps/eventmill-0cc731480b692601)
[INFO] [stdout] 
[INFO] [stdout] running 37 tests
[INFO] [stdout] test aggregate::tests::generation::can_be_converted_from_a_sequence ... ok
[INFO] [stdout] test aggregate::tests::generation::default_generation_number_is_0 ... ok
[INFO] [stdout] test aggregate::tests::generation::increment_wraps_around_on_max_value ... ok
[INFO] [stdout] test dispatch::tests::core::increment_counter_with_no_events_in_store ... ok
[INFO] [stdout] test event::tests::domain_event::can_be_cloned_without_requiring_aggregate_to_implement_clone ... ok
[INFO] [stdout] test aggregate::tests::generation::can_be_converted_into_a_sequence ... ok
[INFO] [stdout] test aggregate::tests::generation::increment_increases_the_number_by_1 ... ok
[INFO] [stdout] test event::tests::domain_event::two_events_are_equal_if_all_fields_are_equal ... ok
[INFO] [stdout] test event::tests::domain_event::two_events_are_not_equal_if_the_data_fields_are_different ... ok
[INFO] [stdout] test event::tests::new_event::can_be_cloned_without_requiring_aggregate_to_implement_clone ... ok
[INFO] [stdout] test aggregate::tests::generation::display_formats_like_an_integer ... ok
[INFO] [stdout] test event::tests::domain_event::two_events_are_not_equal_if_the_id_fields_are_different ... ok
[INFO] [stdout] test event::tests::domain_event_view::can_be_cloned_without_requiring_aggregate_to_implement_clone ... ok
[INFO] [stdout] test event::tests::domain_event::two_events_are_not_equal_if_the_sequence_fields_are_different ... ok
[INFO] [stdout] test event::tests::new_event::two_events_are_equal_if_all_fields_are_equal ... ok
[INFO] [stdout] test event::tests::new_event::two_events_are_not_equal_if_the_data_fields_are_different ... ok
[INFO] [stdout] test event::tests::sequence::next_value_returns_this_sequence_plus_1 ... ok
[INFO] [stdout] test event::tests::sequence::can_be_converted_from_a_generation ... ok
[INFO] [stdout] test event::tests::sequence::next_value_wraps_around_on_max_value ... ok
[INFO] [stdout] test event::tests::sequence::default_sequence_number_is_0 ... ok
[INFO] [stdout] test event::tests::sequence::can_be_converted_into_a_generation ... ok
[INFO] [stdout] test event::tests::new_event::two_events_are_not_equal_if_the_id_fields_are_different ... ok
[INFO] [stdout] test event::tests::sequence::display_formats_like_an_integer ... ok
[INFO] [stdout] test event::tests::wrap_events::the_returned_events_have_sequence_numbers_in_ascending_order ... ok
[INFO] [stdout] test event::tests::wrap_events::the_order_of_the_events_does_not_change ... ok
[INFO] [stdout] test event::tests::wrap_events::current_sequence_increases_by_the_number_of_events ... ok
[INFO] [stdout] test event::tests::wrap_events::number_of_returned_events_is_equal_to_the_number_of_input_events ... ok
[INFO] [stdout] test event::tests::wrap_events::the_time_of_the_events_is_between_start_and_end_of_the_wrap_function ... ok
[INFO] [stdout] test event::tests::wrap_events::the_time_of_the_events_is_in_ascending_order ... ok
[INFO] [stdout] test dispatch::tests::core::increment_counter_with_some_events_in_store ... ok
[INFO] [stdout] test event::tests::wrap_events_with_metadata::current_sequence_increases_by_the_number_of_events ... ok
[INFO] [stdout] test event::tests::wrap_events_with_metadata::number_of_returned_events_is_equal_to_the_number_of_input_events ... ok
[INFO] [stdout] test event::tests::wrap_events_with_metadata::the_returned_events_have_sequence_numbers_in_ascending_order ... ok
[INFO] [stdout] test event::tests::wrap_events_with_metadata::the_order_of_the_events_does_not_change ... ok
[INFO] [stdout] test event::tests::wrap_events_with_metadata::the_time_of_the_events_is_between_start_and_end_of_the_wrap_function ... ok
[INFO] [stdout] test event::tests::wrap_events_with_metadata::the_time_of_the_events_is_in_ascending_order ... ok
[INFO] [stdout] test event::tests::wrap_events_with_metadata::all_events_get_a_copy_of_the_same_metadata ... ok
[INFO] [stdout] 
[INFO] [stdout] test result: ok. 37 passed; 0 failed; 0 ignored; 0 measured; 0 filtered out; finished in 0.15s
[INFO] [stdout] 
[INFO] [stderr]      Running tests/version_numbers.rs (/opt/rustwide/target/debug/deps/version_numbers-ead9ce80b30512fa)
[INFO] [stdout] 
[INFO] [stdout] running 2 tests
[INFO] [stdout] test test_html_root_url ... ok
[INFO] [stdout] test test_readme_deps ... FAILED
[INFO] [stdout] 
[INFO] [stdout] failures:
[INFO] [stdout] 
[INFO] [stdout] ---- test_readme_deps stdout ----
[INFO] [stdout] thread 'test_readme_deps' panicked at tests/version_numbers.rs:5:5:
[INFO] [stdout] could not read ../README.md: No such file or directory (os error 2)
[INFO] [stdout] stack backtrace:
[INFO] [stdout]    0:     0x558b5f8de0cc - std::backtrace_rs::backtrace::libunwind::trace::ha637c64ce894333a
[INFO] [stdout]                                at /rustc/82e1608dfa6e0b5569232559e3d385fea5a93112/library/std/src/../../backtrace/src/backtrace/libunwind.rs:104:5
[INFO] [stdout]    1:     0x558b5f8de0cc - std::backtrace_rs::backtrace::trace_unsynchronized::h47f62dea28e0c88d
[INFO] [stdout]                                at /rustc/82e1608dfa6e0b5569232559e3d385fea5a93112/library/std/src/../../backtrace/src/backtrace/mod.rs:66:5
[INFO] [stdout]    2:     0x558b5f8de0cc - std::sys_common::backtrace::_print_fmt::h9eef0abe20ede486
[INFO] [stdout]                                at /rustc/82e1608dfa6e0b5569232559e3d385fea5a93112/library/std/src/sys_common/backtrace.rs:67:5
[INFO] [stdout]    3:     0x558b5f8de0cc - <std::sys_common::backtrace::_print::DisplayBacktrace as core::fmt::Display>::fmt::hed7f999df88cc644
[INFO] [stdout]                                at /rustc/82e1608dfa6e0b5569232559e3d385fea5a93112/library/std/src/sys_common/backtrace.rs:44:22
[INFO] [stdout]    4:     0x558b5f909460 - core::fmt::rt::Argument::fmt::h1539a9308b8d058d
[INFO] [stdout]                                at /rustc/82e1608dfa6e0b5569232559e3d385fea5a93112/library/core/src/fmt/rt.rs:142:9
[INFO] [stdout]    5:     0x558b5f909460 - core::fmt::write::h3a39390d8560d9c9
[INFO] [stdout]                                at /rustc/82e1608dfa6e0b5569232559e3d385fea5a93112/library/core/src/fmt/mod.rs:1120:17
[INFO] [stdout]    6:     0x558b5f8dba6f - std::io::Write::write_fmt::h040b369f3a0f9cbc
[INFO] [stdout]                                at /rustc/82e1608dfa6e0b5569232559e3d385fea5a93112/library/std/src/io/mod.rs:1762:15
[INFO] [stdout]    7:     0x558b5f8ddeb4 - std::sys_common::backtrace::_print::h894006fb5c6f3d45
[INFO] [stdout]                                at /rustc/82e1608dfa6e0b5569232559e3d385fea5a93112/library/std/src/sys_common/backtrace.rs:47:5
[INFO] [stdout]    8:     0x558b5f8ddeb4 - std::sys_common::backtrace::print::h23a2d212c6fff936
[INFO] [stdout]                                at /rustc/82e1608dfa6e0b5569232559e3d385fea5a93112/library/std/src/sys_common/backtrace.rs:34:9
[INFO] [stdout]    9:     0x558b5f8dfb77 - std::panicking::default_hook::{{closure}}::h8a1d2ee00185001a
[INFO] [stdout]   10:     0x558b5f8df863 - std::panicking::default_hook::h6038f2eba384e475
[INFO] [stdout]                                at /rustc/82e1608dfa6e0b5569232559e3d385fea5a93112/library/std/src/panicking.rs:289:9
[INFO] [stdout]   11:     0x558b5f5cb8d7 - <alloc::boxed::Box<F,A> as core::ops::function::Fn<Args>>::call::h0ad024c9bdc6d768
[INFO] [stdout]                                at /rustc/82e1608dfa6e0b5569232559e3d385fea5a93112/library/alloc/src/boxed.rs:2021:9
[INFO] [stdout]   12:     0x558b5f5cb8d7 - test::test_main::{{closure}}::h7500b54257359db6
[INFO] [stdout]                                at /rustc/82e1608dfa6e0b5569232559e3d385fea5a93112/library/test/src/lib.rs:138:21
[INFO] [stdout]   13:     0x558b5f8e0188 - <alloc::boxed::Box<F,A> as core::ops::function::Fn<Args>>::call::h1f8f335eaa9cfaee
[INFO] [stdout]                                at /rustc/82e1608dfa6e0b5569232559e3d385fea5a93112/library/alloc/src/boxed.rs:2021:9
[INFO] [stdout]   14:     0x558b5f8e0188 - std::panicking::rust_panic_with_hook::h2b5517d590cab22e
[INFO] [stdout]                                at /rustc/82e1608dfa6e0b5569232559e3d385fea5a93112/library/std/src/panicking.rs:783:13
[INFO] [stdout]   15:     0x558b5f8dfede - std::panicking::begin_panic_handler::{{closure}}::h233112c06e0ef43e
[INFO] [stdout]                                at /rustc/82e1608dfa6e0b5569232559e3d385fea5a93112/library/std/src/panicking.rs:657:13
[INFO] [stdout]   16:     0x558b5f8de596 - std::sys_common::backtrace::__rust_end_short_backtrace::h6e893f24d7ebbff8
[INFO] [stdout]                                at /rustc/82e1608dfa6e0b5569232559e3d385fea5a93112/library/std/src/sys_common/backtrace.rs:170:18
[INFO] [stdout]   17:     0x558b5f8dfc42 - rust_begin_unwind
[INFO] [stdout]                                at /rustc/82e1608dfa6e0b5569232559e3d385fea5a93112/library/std/src/panicking.rs:645:5
[INFO] [stdout]   18:     0x558b5f596d75 - core::panicking::panic_fmt::hbf0e066aabfa482c
[INFO] [stdout]                                at /rustc/82e1608dfa6e0b5569232559e3d385fea5a93112/library/core/src/panicking.rs:72:14
[INFO] [stdout]   19:     0x558b5f597a4f - core::panicking::panic_display::h0608e8f1d8b03a47
[INFO] [stdout]                                at /rustc/82e1608dfa6e0b5569232559e3d385fea5a93112/library/core/src/panicking.rs:178:5
[INFO] [stdout]   20:     0x558b5f597dda - version_numbers::test_readme_deps::panic_cold_display::hfe7427800d420bc6
[INFO] [stdout]                                at /rustc/82e1608dfa6e0b5569232559e3d385fea5a93112/library/core/src/panic.rs:99:13
[INFO] [stdout]   21:     0x558b5f597d80 - version_numbers::test_readme_deps::h34420b9f6dd4851e
[INFO] [stdout]                                at /opt/rustwide/workdir/tests/version_numbers.rs:5:5
[INFO] [stdout]   22:     0x558b5f597cc7 - version_numbers::test_readme_deps::{{closure}}::h28a5a2c79320c07a
[INFO] [stdout]                                at /opt/rustwide/workdir/tests/version_numbers.rs:4:22
[INFO] [stdout]   23:     0x558b5f5978d6 - core::ops::function::FnOnce::call_once::h7780bf0d6ae4e6f0
[INFO] [stdout]                                at /rustc/82e1608dfa6e0b5569232559e3d385fea5a93112/library/core/src/ops/function.rs:250:5
[INFO] [stdout]   24:     0x558b5f5d0f2f - core::ops::function::FnOnce::call_once::h2b5d431d5046312d
[INFO] [stdout]                                at /rustc/82e1608dfa6e0b5569232559e3d385fea5a93112/library/core/src/ops/function.rs:250:5
[INFO] [stdout]   25:     0x558b5f5d0f2f - test::__rust_begin_short_backtrace::h7714669af176e207
[INFO] [stdout]                                at /rustc/82e1608dfa6e0b5569232559e3d385fea5a93112/library/test/src/lib.rs:628:18
[INFO] [stdout]   26:     0x558b5f5cff45 - test::run_test_in_process::{{closure}}::h85218797dcbcec12
[INFO] [stdout]                                at /rustc/82e1608dfa6e0b5569232559e3d385fea5a93112/library/test/src/lib.rs:651:60
[INFO] [stdout]   27:     0x558b5f5cff45 - <core::panic::unwind_safe::AssertUnwindSafe<F> as core::ops::function::FnOnce<()>>::call_once::h76c106ea31c14d7b
[INFO] [stdout]                                at /rustc/82e1608dfa6e0b5569232559e3d385fea5a93112/library/core/src/panic/unwind_safe.rs:272:9
[INFO] [stdout]   28:     0x558b5f5cff45 - std::panicking::try::do_call::h3bd5d0f6620ee946
[INFO] [stdout]                                at /rustc/82e1608dfa6e0b5569232559e3d385fea5a93112/library/std/src/panicking.rs:552:40
[INFO] [stdout]   29:     0x558b5f5cff45 - std::panicking::try::h232e535e4744fe31
[INFO] [stdout]                                at /rustc/82e1608dfa6e0b5569232559e3d385fea5a93112/library/std/src/panicking.rs:516:19
[INFO] [stdout]   30:     0x558b5f5cff45 - std::panic::catch_unwind::h3ce3bd6ca8dbac68
[INFO] [stdout]                                at /rustc/82e1608dfa6e0b5569232559e3d385fea5a93112/library/std/src/panic.rs:142:14
[INFO] [stdout]   31:     0x558b5f5cff45 - test::run_test_in_process::hc97b257c9621286a
[INFO] [stdout]                                at /rustc/82e1608dfa6e0b5569232559e3d385fea5a93112/library/test/src/lib.rs:651:27
[INFO] [stdout]   32:     0x558b5f5cff45 - test::run_test::{{closure}}::h2aa798823a438d38
[INFO] [stdout]                                at /rustc/82e1608dfa6e0b5569232559e3d385fea5a93112/library/test/src/lib.rs:574:43
[INFO] [stdout]   33:     0x558b5f598206 - test::run_test::{{closure}}::h87d231c78fb59832
[INFO] [stdout]                                at /rustc/82e1608dfa6e0b5569232559e3d385fea5a93112/library/test/src/lib.rs:602:41
[INFO] [stdout]   34:     0x558b5f598206 - std::sys_common::backtrace::__rust_begin_short_backtrace::he6df152596625789
[INFO] [stdout]                                at /rustc/82e1608dfa6e0b5569232559e3d385fea5a93112/library/std/src/sys_common/backtrace.rs:154:18
[INFO] [stdout]   35:     0x558b5f59d2b7 - std::thread::Builder::spawn_unchecked_::{{closure}}::{{closure}}::ha94be15d1e0acf36
[INFO] [stdout]                                at /rustc/82e1608dfa6e0b5569232559e3d385fea5a93112/library/std/src/thread/mod.rs:529:17
[INFO] [stdout]   36:     0x558b5f59d2b7 - <core::panic::unwind_safe::AssertUnwindSafe<F> as core::ops::function::FnOnce<()>>::call_once::h9dc6bd6372f16606
[INFO] [stdout]                                at /rustc/82e1608dfa6e0b5569232559e3d385fea5a93112/library/core/src/panic/unwind_safe.rs:272:9
[INFO] [stdout]   37:     0x558b5f59d2b7 - std::panicking::try::do_call::h9057517f80303cd4
[INFO] [stdout]                                at /rustc/82e1608dfa6e0b5569232559e3d385fea5a93112/library/std/src/panicking.rs:552:40
[INFO] [stdout]   38:     0x558b5f59d2b7 - std::panicking::try::he3a30b11ee45340c
[INFO] [stdout]                                at /rustc/82e1608dfa6e0b5569232559e3d385fea5a93112/library/std/src/panicking.rs:516:19
[INFO] [stdout]   39:     0x558b5f59d2b7 - std::panic::catch_unwind::h410458cfd3528b8b
[INFO] [stdout]                                at /rustc/82e1608dfa6e0b5569232559e3d385fea5a93112/library/std/src/panic.rs:142:14
[INFO] [stdout]   40:     0x558b5f59d2b7 - std::thread::Builder::spawn_unchecked_::{{closure}}::h72ac3bdb567b737b
[INFO] [stdout]                                at /rustc/82e1608dfa6e0b5569232559e3d385fea5a93112/library/std/src/thread/mod.rs:528:30
[INFO] [stdout]   41:     0x558b5f59d2b7 - core::ops::function::FnOnce::call_once{{vtable.shim}}::h38f34da3654a8344
[INFO] [stdout]                                at /rustc/82e1608dfa6e0b5569232559e3d385fea5a93112/library/core/src/ops/function.rs:250:5
[INFO] [stdout]   42:     0x558b5f8e4cf5 - <alloc::boxed::Box<F,A> as core::ops::function::FnOnce<Args>>::call_once::hc7eafaff61e32df9
[INFO] [stdout]                                at /rustc/82e1608dfa6e0b5569232559e3d385fea5a93112/library/alloc/src/boxed.rs:2007:9
[INFO] [stdout]   43:     0x558b5f8e4cf5 - <alloc::boxed::Box<F,A> as core::ops::function::FnOnce<Args>>::call_once::h6ba4a5de48dd2304
[INFO] [stdout]                                at /rustc/82e1608dfa6e0b5569232559e3d385fea5a93112/library/alloc/src/boxed.rs:2007:9
[INFO] [stdout]   44:     0x558b5f8e4cf5 - std::sys::unix::thread::Thread::new::thread_start::he469335aef763e45
[INFO] [stdout]                                at /rustc/82e1608dfa6e0b5569232559e3d385fea5a93112/library/std/src/sys/unix/thread.rs:108:17
[INFO] [stdout]   45:     0x7efdcf751ac3 - <unknown>
[INFO] [stdout]   46:     0x7efdcf7e2bf4 - __clone
[INFO] [stdout]   47:                0x0 - <unknown>
[INFO] [stdout] 
[INFO] [stdout] 
[INFO] [stdout] failures:
[INFO] [stdout]     test_readme_deps
[INFO] [stdout] 
[INFO] [stdout] test result: FAILED. 1 passed; 1 failed; 0 ignored; 0 measured; 0 filtered out; finished in 0.02s
[INFO] [stdout] 
[INFO] [stderr] error: test failed, to rerun pass `--test version_numbers`
[INFO] running `Command { std: "docker" "inspect" "9abb3a10f706c902b9d1ea5b2c3d6696542963db06c570c423cc770bfe433c84", kill_on_drop: false }`
[INFO] running `Command { std: "docker" "rm" "-f" "9abb3a10f706c902b9d1ea5b2c3d6696542963db06c570c423cc770bfe433c84", kill_on_drop: false }`
[INFO] [stdout] 9abb3a10f706c902b9d1ea5b2c3d6696542963db06c570c423cc770bfe433c84
[INFO] testing eventmill-0.4.0 against beta-2023-12-22 for beta-1.76-1
[INFO] extracting crate eventmill 0.4.0 into /workspace/builds/worker-4-tc2/source
[INFO] validating manifest of crates.io crate eventmill 0.4.0 on toolchain beta-2023-12-22
[INFO] running `Command { std: CARGO_HOME="/workspace/cargo-home" RUSTUP_HOME="/workspace/rustup-home" "/workspace/cargo-home/bin/cargo" "+beta-2023-12-22" "metadata" "--manifest-path" "Cargo.toml" "--no-deps", kill_on_drop: false }`
[INFO] started tweaking crates.io crate eventmill 0.4.0
[INFO] finished tweaking crates.io crate eventmill 0.4.0
[INFO] tweaked toml for crates.io crate eventmill 0.4.0 written to /workspace/builds/worker-4-tc2/source/Cargo.toml
[INFO] running `Command { std: CARGO_HOME="/workspace/cargo-home" RUSTUP_HOME="/workspace/rustup-home" "/workspace/cargo-home/bin/cargo" "+beta-2023-12-22" "generate-lockfile" "--manifest-path" "Cargo.toml", kill_on_drop: false }`
[INFO] [stderr]     Updating crates.io index
[INFO] running `Command { std: CARGO_HOME="/workspace/cargo-home" RUSTUP_HOME="/workspace/rustup-home" "/workspace/cargo-home/bin/cargo" "+beta-2023-12-22" "fetch" "--manifest-path" "Cargo.toml", kill_on_drop: false }`
[INFO] running `Command { std: "docker" "create" "-v" "/var/lib/crater-agent-workspace/builds/worker-4-tc2/target:/opt/rustwide/target:rw,Z" "-v" "/var/lib/crater-agent-workspace/builds/worker-4-tc2/source:/opt/rustwide/workdir:ro,Z" "-v" "/var/lib/crater-agent-workspace/cargo-home:/opt/rustwide/cargo-home:ro,Z" "-v" "/var/lib/crater-agent-workspace/rustup-home:/opt/rustwide/rustup-home:ro,Z" "-e" "SOURCE_DIR=/opt/rustwide/workdir" "-e" "CARGO_TARGET_DIR=/opt/rustwide/target" "-e" "CARGO_HOME=/opt/rustwide/cargo-home" "-e" "RUSTUP_HOME=/opt/rustwide/rustup-home" "-w" "/opt/rustwide/workdir" "-m" "1610612736" "--user" "0:0" "--network" "none" "ghcr.io/rust-lang/crates-build-env/linux@sha256:2788e3201cd34a07e3172128adcd8b3090168a8e3bcc40d7c032b9dda1df7d1c" "/opt/rustwide/cargo-home/bin/cargo" "+beta-2023-12-22" "metadata" "--no-deps" "--format-version=1", kill_on_drop: false }`
[INFO] [stdout] b9c1dacce3d4e54e7d024c567e0a07654eeac382a29cdddf8cffd809758f991c
[INFO] running `Command { std: "docker" "start" "-a" "b9c1dacce3d4e54e7d024c567e0a07654eeac382a29cdddf8cffd809758f991c", kill_on_drop: false }`
[INFO] running `Command { std: "docker" "inspect" "b9c1dacce3d4e54e7d024c567e0a07654eeac382a29cdddf8cffd809758f991c", kill_on_drop: false }`
[INFO] running `Command { std: "docker" "rm" "-f" "b9c1dacce3d4e54e7d024c567e0a07654eeac382a29cdddf8cffd809758f991c", kill_on_drop: false }`
[INFO] [stdout] b9c1dacce3d4e54e7d024c567e0a07654eeac382a29cdddf8cffd809758f991c
[INFO] running `Command { std: "docker" "create" "-v" "/var/lib/crater-agent-workspace/builds/worker-4-tc2/target:/opt/rustwide/target:rw,Z" "-v" "/var/lib/crater-agent-workspace/builds/worker-4-tc2/source:/opt/rustwide/workdir:ro,Z" "-v" "/var/lib/crater-agent-workspace/cargo-home:/opt/rustwide/cargo-home:ro,Z" "-v" "/var/lib/crater-agent-workspace/rustup-home:/opt/rustwide/rustup-home:ro,Z" "-e" "SOURCE_DIR=/opt/rustwide/workdir" "-e" "CARGO_TARGET_DIR=/opt/rustwide/target" "-e" "CARGO_INCREMENTAL=0" "-e" "RUST_BACKTRACE=full" "-e" "RUSTFLAGS=--cap-lints=warn" "-e" "RUSTDOCFLAGS=--cap-lints=warn" "-e" "CARGO_HOME=/opt/rustwide/cargo-home" "-e" "RUSTUP_HOME=/opt/rustwide/rustup-home" "-w" "/opt/rustwide/workdir" "-m" "1610612736" "--user" "0:0" "--network" "none" "ghcr.io/rust-lang/crates-build-env/linux@sha256:2788e3201cd34a07e3172128adcd8b3090168a8e3bcc40d7c032b9dda1df7d1c" "/opt/rustwide/cargo-home/bin/cargo" "+beta-2023-12-22" "build" "--frozen" "--message-format=json", kill_on_drop: false }`
[INFO] [stdout] b0faf8f7bad0a87b83b4e7bdf48fcf906f7e96f87a7fa1a332a91cd79f837f11
[INFO] running `Command { std: "docker" "start" "-a" "b0faf8f7bad0a87b83b4e7bdf48fcf906f7e96f87a7fa1a332a91cd79f837f11", kill_on_drop: false }`
[INFO] [stderr]    Compiling proc-macro2 v1.0.75
[INFO] [stderr]    Compiling iana-time-zone v0.1.59
[INFO] [stderr]    Compiling quote v1.0.35
[INFO] [stderr]    Compiling syn v2.0.48
[INFO] [stderr]    Compiling serde_derive v1.0.194
[INFO] [stderr]    Compiling thiserror-impl v1.0.56
[INFO] [stderr]    Compiling thiserror v1.0.56
[INFO] [stderr]    Compiling serde v1.0.194
[INFO] [stderr]    Compiling chrono v0.4.31
[INFO] [stderr]    Compiling eventmill v0.4.0 (/opt/rustwide/workdir)
[INFO] [stderr]     Finished dev [unoptimized + debuginfo] target(s) in 10.04s
[INFO] running `Command { std: "docker" "inspect" "b0faf8f7bad0a87b83b4e7bdf48fcf906f7e96f87a7fa1a332a91cd79f837f11", kill_on_drop: false }`
[INFO] running `Command { std: "docker" "rm" "-f" "b0faf8f7bad0a87b83b4e7bdf48fcf906f7e96f87a7fa1a332a91cd79f837f11", kill_on_drop: false }`
[INFO] [stdout] b0faf8f7bad0a87b83b4e7bdf48fcf906f7e96f87a7fa1a332a91cd79f837f11
[INFO] running `Command { std: "docker" "create" "-v" "/var/lib/crater-agent-workspace/builds/worker-4-tc2/target:/opt/rustwide/target:rw,Z" "-v" "/var/lib/crater-agent-workspace/builds/worker-4-tc2/source:/opt/rustwide/workdir:ro,Z" "-v" "/var/lib/crater-agent-workspace/cargo-home:/opt/rustwide/cargo-home:ro,Z" "-v" "/var/lib/crater-agent-workspace/rustup-home:/opt/rustwide/rustup-home:ro,Z" "-e" "SOURCE_DIR=/opt/rustwide/workdir" "-e" "CARGO_TARGET_DIR=/opt/rustwide/target" "-e" "CARGO_INCREMENTAL=0" "-e" "RUST_BACKTRACE=full" "-e" "RUSTFLAGS=--cap-lints=warn" "-e" "RUSTDOCFLAGS=--cap-lints=warn" "-e" "CARGO_HOME=/opt/rustwide/cargo-home" "-e" "RUSTUP_HOME=/opt/rustwide/rustup-home" "-w" "/opt/rustwide/workdir" "-m" "1610612736" "--user" "0:0" "--network" "none" "ghcr.io/rust-lang/crates-build-env/linux@sha256:2788e3201cd34a07e3172128adcd8b3090168a8e3bcc40d7c032b9dda1df7d1c" "/opt/rustwide/cargo-home/bin/cargo" "+beta-2023-12-22" "test" "--frozen" "--no-run" "--message-format=json", kill_on_drop: false }`
[INFO] [stdout] 09caea1e6f522aefc4c4408c5ebffb39c57e47f96a4d5587eb881ed4fa1cbcdb
[INFO] running `Command { std: "docker" "start" "-a" "09caea1e6f522aefc4c4408c5ebffb39c57e47f96a4d5587eb881ed4fa1cbcdb", kill_on_drop: false }`
[INFO] [stderr]    Compiling proc-macro2 v1.0.75
[INFO] [stderr]    Compiling autocfg v0.1.8
[INFO] [stderr]    Compiling rand_core v0.4.2
[INFO] [stderr]    Compiling libc v0.2.151
[INFO] [stderr]    Compiling num-integer v0.1.45
[INFO] [stderr]    Compiling equivalent v1.0.1
[INFO] [stderr]    Compiling hashbrown v0.14.3
[INFO] [stderr]    Compiling num-bigint v0.2.6
[INFO] [stderr]    Compiling unicase v2.7.0
[INFO] [stderr]    Compiling unicode-bidi v0.3.14
[INFO] [stderr]    Compiling pulldown-cmark v0.9.3
[INFO] [stderr]    Compiling regex-syntax v0.8.2
[INFO] [stderr]    Compiling winnow v0.5.32
[INFO] [stderr]    Compiling semver v1.0.21
[INFO] [stderr]    Compiling bit-vec v0.6.3
[INFO] [stderr]    Compiling byteorder v1.5.0
[INFO] [stderr]    Compiling rand_chacha v0.1.1
[INFO] [stderr]    Compiling rand_pcg v0.1.2
[INFO] [stderr]    Compiling rand v0.6.5
[INFO] [stderr]    Compiling rand_core v0.3.1
[INFO] [stderr]    Compiling rand_jitter v0.1.4
[INFO] [stderr]    Compiling bit-set v0.5.3
[INFO] [stderr]    Compiling rand_isaac v0.1.1
[INFO] [stderr]    Compiling rand_xorshift v0.1.1
[INFO] [stderr]    Compiling idna v0.5.0
[INFO] [stderr]    Compiling rand_hc v0.1.0
[INFO] [stderr]    Compiling regex-syntax v0.6.29
[INFO] [stderr]    Compiling quote v1.0.35
[INFO] [stderr]    Compiling indexmap v2.1.0
[INFO] [stderr]    Compiling syn v2.0.48
[INFO] [stderr]    Compiling url v2.5.0
[INFO] [stderr]    Compiling wait-timeout v0.2.0
[INFO] [stderr]    Compiling rand_os v0.1.3
[INFO] [stderr]    Compiling regex-automata v0.4.3
[INFO] [stderr]    Compiling rusty-fork v0.2.2
[INFO] [stderr]    Compiling proptest v0.9.6
[INFO] [stderr]    Compiling regex v1.10.2
[INFO] [stderr]    Compiling serde_derive v1.0.194
[INFO] [stderr]    Compiling thiserror-impl v1.0.56
[INFO] [stderr]    Compiling thiserror v1.0.56
[INFO] [stderr]    Compiling serde v1.0.194
[INFO] [stderr]    Compiling toml_datetime v0.6.5
[INFO] [stderr]    Compiling serde_spanned v0.6.5
[INFO] [stderr]    Compiling chrono v0.4.31
[INFO] [stderr]    Compiling bigdecimal v0.1.2
[INFO] [stderr]    Compiling toml_edit v0.19.15
[INFO] [stderr]    Compiling eventmill v0.4.0 (/opt/rustwide/workdir)
[INFO] [stderr]    Compiling toml v0.7.8
[INFO] [stderr]    Compiling version-sync v0.9.5
[INFO] [stdout] warning: fields `pos_x` and `pos_y` are never read
[INFO] [stdout]   --> src/event/tests.rs:83:9
[INFO] [stdout]    |
[INFO] [stdout] 81 |     struct Turtle {
[INFO] [stdout]    |            ------ fields in this struct
[INFO] [stdout] 82 |         id: u32,
[INFO] [stdout] 83 |         pos_x: i32,
[INFO] [stdout]    |         ^^^^^
[INFO] [stdout] 84 |         pos_y: i32,
[INFO] [stdout]    |         ^^^^^
[INFO] [stdout]    |
[INFO] [stdout]    = note: `Turtle` has a derived impl for the trait `Debug`, but this is intentionally ignored during dead code analysis
[INFO] [stdout]    = note: `#[warn(dead_code)]` on by default
[INFO] [stdout] 
[INFO] [stdout] 
[INFO] [stdout] warning: fields `pos_x` and `pos_y` are never read
[INFO] [stdout]    --> src/event/tests.rs:241:9
[INFO] [stdout]     |
[INFO] [stdout] 239 |     struct Turtle {
[INFO] [stdout]     |            ------ fields in this struct
[INFO] [stdout] 240 |         id: u32,
[INFO] [stdout] 241 |         pos_x: i32,
[INFO] [stdout]     |         ^^^^^
[INFO] [stdout] 242 |         pos_y: i32,
[INFO] [stdout]     |         ^^^^^
[INFO] [stdout]     |
[INFO] [stdout]     = note: `Turtle` has a derived impl for the trait `Debug`, but this is intentionally ignored during dead code analysis
[INFO] [stdout] 
[INFO] [stdout] 
[INFO] [stdout] warning: fields `pos_x` and `pos_y` are never read
[INFO] [stdout]    --> src/event/tests.rs:282:9
[INFO] [stdout]     |
[INFO] [stdout] 280 |     struct Turtle {
[INFO] [stdout]     |            ------ fields in this struct
[INFO] [stdout] 281 |         id: u32,
[INFO] [stdout] 282 |         pos_x: i32,
[INFO] [stdout]     |         ^^^^^
[INFO] [stdout] 283 |         pos_y: i32,
[INFO] [stdout]     |         ^^^^^
[INFO] [stdout]     |
[INFO] [stdout]     = note: `Turtle` has a derived impl for the trait `Debug`, but this is intentionally ignored during dead code analysis
[INFO] [stdout] 
[INFO] [stdout] 
[INFO] [stdout] warning: 3 warnings emitted
[INFO] [stdout] 
[INFO] [stdout] 
[INFO] [stderr]     Finished test [unoptimized + debuginfo] target(s) in 14.94s
[INFO] running `Command { std: "docker" "inspect" "09caea1e6f522aefc4c4408c5ebffb39c57e47f96a4d5587eb881ed4fa1cbcdb", kill_on_drop: false }`
[INFO] running `Command { std: "docker" "rm" "-f" "09caea1e6f522aefc4c4408c5ebffb39c57e47f96a4d5587eb881ed4fa1cbcdb", kill_on_drop: false }`
[INFO] [stdout] 09caea1e6f522aefc4c4408c5ebffb39c57e47f96a4d5587eb881ed4fa1cbcdb
[INFO] running `Command { std: "docker" "create" "-v" "/var/lib/crater-agent-workspace/builds/worker-4-tc2/target:/opt/rustwide/target:rw,Z" "-v" "/var/lib/crater-agent-workspace/builds/worker-4-tc2/source:/opt/rustwide/workdir:ro,Z" "-v" "/var/lib/crater-agent-workspace/cargo-home:/opt/rustwide/cargo-home:ro,Z" "-v" "/var/lib/crater-agent-workspace/rustup-home:/opt/rustwide/rustup-home:ro,Z" "-e" "SOURCE_DIR=/opt/rustwide/workdir" "-e" "CARGO_TARGET_DIR=/opt/rustwide/target" "-e" "CARGO_INCREMENTAL=0" "-e" "RUST_BACKTRACE=full" "-e" "RUSTFLAGS=--cap-lints=warn" "-e" "RUSTDOCFLAGS=--cap-lints=warn" "-e" "CARGO_HOME=/opt/rustwide/cargo-home" "-e" "RUSTUP_HOME=/opt/rustwide/rustup-home" "-w" "/opt/rustwide/workdir" "-m" "1610612736" "--user" "0:0" "--network" "none" "ghcr.io/rust-lang/crates-build-env/linux@sha256:2788e3201cd34a07e3172128adcd8b3090168a8e3bcc40d7c032b9dda1df7d1c" "/opt/rustwide/cargo-home/bin/cargo" "+beta-2023-12-22" "test" "--frozen", kill_on_drop: false }`
[INFO] [stdout] 68246d5148ea978b8bb7179dd2420bb5d1737086622aea07576eddcae9d0abd6
[INFO] running `Command { std: "docker" "start" "-a" "68246d5148ea978b8bb7179dd2420bb5d1737086622aea07576eddcae9d0abd6", kill_on_drop: false }`
[INFO] [stderr] warning: fields `pos_x` and `pos_y` are never read
[INFO] [stderr]   --> src/event/tests.rs:83:9
[INFO] [stderr]    |
[INFO] [stderr] 81 |     struct Turtle {
[INFO] [stderr]    |            ------ fields in this struct
[INFO] [stderr] 82 |         id: u32,
[INFO] [stderr] 83 |         pos_x: i32,
[INFO] [stderr]    |         ^^^^^
[INFO] [stderr] 84 |         pos_y: i32,
[INFO] [stderr]    |         ^^^^^
[INFO] [stderr]    |
[INFO] [stderr]    = note: `Turtle` has a derived impl for the trait `Debug`, but this is intentionally ignored during dead code analysis
[INFO] [stderr]    = note: `#[warn(dead_code)]` on by default
[INFO] [stderr] 
[INFO] [stderr] warning: fields `pos_x` and `pos_y` are never read
[INFO] [stderr]    --> src/event/tests.rs:241:9
[INFO] [stderr]     |
[INFO] [stderr] 239 |     struct Turtle {
[INFO] [stderr]     |            ------ fields in this struct
[INFO] [stderr] 240 |         id: u32,
[INFO] [stderr] 241 |         pos_x: i32,
[INFO] [stderr]     |         ^^^^^
[INFO] [stderr] 242 |         pos_y: i32,
[INFO] [stderr]     |         ^^^^^
[INFO] [stderr]     |
[INFO] [stderr]     = note: `Turtle` has a derived impl for the trait `Debug`, but this is intentionally ignored during dead code analysis
[INFO] [stderr] 
[INFO] [stderr] warning: fields `pos_x` and `pos_y` are never read
[INFO] [stderr]    --> src/event/tests.rs:282:9
[INFO] [stderr]     |
[INFO] [stderr] 280 |     struct Turtle {
[INFO] [stderr]     |            ------ fields in this struct
[INFO] [stderr] 281 |         id: u32,
[INFO] [stderr] 282 |         pos_x: i32,
[INFO] [stderr]     |         ^^^^^
[INFO] [stderr] 283 |         pos_y: i32,
[INFO] [stderr]     |         ^^^^^
[INFO] [stderr]     |
[INFO] [stderr]     = note: `Turtle` has a derived impl for the trait `Debug`, but this is intentionally ignored during dead code analysis
[INFO] [stderr] 
[INFO] [stderr] warning: `eventmill` (lib test) generated 3 warnings
[INFO] [stderr]     Finished test [unoptimized + debuginfo] target(s) in 0.10s
[INFO] [stderr]      Running unittests src/lib.rs (/opt/rustwide/target/debug/deps/eventmill-f49a5a53428942f9)
[INFO] [stdout] 
[INFO] [stdout] running 37 tests
[INFO] [stdout] test aggregate::tests::generation::can_be_converted_from_a_sequence ... ok
[INFO] [stdout] test aggregate::tests::generation::default_generation_number_is_0 ... ok
[INFO] [stdout] test aggregate::tests::generation::increment_wraps_around_on_max_value ... ok
[INFO] [stdout] test dispatch::tests::core::increment_counter_with_no_events_in_store ... ok
[INFO] [stdout] test event::tests::domain_event::can_be_cloned_without_requiring_aggregate_to_implement_clone ... ok
[INFO] [stdout] test aggregate::tests::generation::increment_increases_the_number_by_1 ... ok
[INFO] [stdout] test event::tests::domain_event_view::can_be_cloned_without_requiring_aggregate_to_implement_clone ... ok
[INFO] [stdout] test event::tests::new_event::can_be_cloned_without_requiring_aggregate_to_implement_clone ... ok
[INFO] [stdout] test aggregate::tests::generation::can_be_converted_into_a_sequence ... ok
[INFO] [stdout] test aggregate::tests::generation::display_formats_like_an_integer ... ok
[INFO] [stdout] test event::tests::sequence::can_be_converted_from_a_generation ... ok
[INFO] [stdout] test event::tests::domain_event::two_events_are_equal_if_all_fields_are_equal ... ok
[INFO] [stdout] test event::tests::domain_event::two_events_are_not_equal_if_the_data_fields_are_different ... ok
[INFO] [stdout] test event::tests::new_event::two_events_are_not_equal_if_the_data_fields_are_different ... ok
[INFO] [stdout] test event::tests::domain_event::two_events_are_not_equal_if_the_id_fields_are_different ... ok
[INFO] [stdout] test event::tests::sequence::next_value_wraps_around_on_max_value ... ok
[INFO] [stdout] test event::tests::sequence::default_sequence_number_is_0 ... ok
[INFO] [stdout] test event::tests::sequence::can_be_converted_into_a_generation ... ok
[INFO] [stdout] test event::tests::sequence::display_formats_like_an_integer ... ok
[INFO] [stdout] test event::tests::new_event::two_events_are_equal_if_all_fields_are_equal ... ok
[INFO] [stdout] test event::tests::new_event::two_events_are_not_equal_if_the_id_fields_are_different ... ok
[INFO] [stdout] test event::tests::sequence::next_value_returns_this_sequence_plus_1 ... ok
[INFO] [stdout] test event::tests::domain_event::two_events_are_not_equal_if_the_sequence_fields_are_different ... ok
[INFO] [stdout] test event::tests::wrap_events::the_time_of_the_events_is_in_ascending_order ... ok
[INFO] [stdout] test event::tests::wrap_events::number_of_returned_events_is_equal_to_the_number_of_input_events ... ok
[INFO] [stdout] test event::tests::wrap_events::current_sequence_increases_by_the_number_of_events ... ok
[INFO] [stdout] test event::tests::wrap_events::the_time_of_the_events_is_between_start_and_end_of_the_wrap_function ... ok
[INFO] [stdout] test event::tests::wrap_events::the_order_of_the_events_does_not_change ... ok
[INFO] [stdout] test event::tests::wrap_events::the_returned_events_have_sequence_numbers_in_ascending_order ... ok
[INFO] [stdout] test dispatch::tests::core::increment_counter_with_some_events_in_store ... ok
[INFO] [stdout] test event::tests::wrap_events_with_metadata::number_of_returned_events_is_equal_to_the_number_of_input_events ... ok
[INFO] [stdout] test event::tests::wrap_events_with_metadata::the_returned_events_have_sequence_numbers_in_ascending_order ... ok
[INFO] [stdout] test event::tests::wrap_events_with_metadata::the_order_of_the_events_does_not_change ... ok
[INFO] [stdout] test event::tests::wrap_events_with_metadata::the_time_of_the_events_is_in_ascending_order ... ok
[INFO] [stdout] test event::tests::wrap_events_with_metadata::current_sequence_increases_by_the_number_of_events ... ok
[INFO] [stdout] test event::tests::wrap_events_with_metadata::the_time_of_the_events_is_between_start_and_end_of_the_wrap_function ... ok
[INFO] [stdout] test event::tests::wrap_events_with_metadata::all_events_get_a_copy_of_the_same_metadata ... ok
[INFO] [stdout] 
[INFO] [stdout] test result: ok. 37 passed; 0 failed; 0 ignored; 0 measured; 0 filtered out; finished in 0.14s
[INFO] [stdout] 
[INFO] [stderr]      Running tests/version_numbers.rs (/opt/rustwide/target/debug/deps/version_numbers-c2104a894edf935a)
[INFO] [stdout] 
[INFO] [stdout] running 2 tests
[INFO] [stdout] test test_html_root_url ... ok
[INFO] [stdout] test test_readme_deps ... FAILED
[INFO] [stdout] 
[INFO] [stdout] failures:
[INFO] [stdout] 
[INFO] [stdout] ---- test_readme_deps stdout ----
[INFO] [stdout] thread 'test_readme_deps' panicked at tests/version_numbers.rs:5:5:
[INFO] [stdout] could not read ../README.md: No such file or directory (os error 2)
[INFO] [stdout] stack backtrace:
[INFO] [stdout]    0:     0x55f679d7f8e6 - std::backtrace_rs::backtrace::libunwind::trace::h261606ad26a499c1
[INFO] [stdout]                                at /rustc/0e09125c6c3c2fd70d7de961bcf0e51575235fad/library/std/src/../../backtrace/src/backtrace/libunwind.rs:104:5
[INFO] [stdout]    1:     0x55f679d7f8e6 - std::backtrace_rs::backtrace::trace_unsynchronized::hd183f0625477fb28
[INFO] [stdout]                                at /rustc/0e09125c6c3c2fd70d7de961bcf0e51575235fad/library/std/src/../../backtrace/src/backtrace/mod.rs:66:5
[INFO] [stdout]    2:     0x55f679d7f8e6 - std::sys_common::backtrace::_print_fmt::hd7f8fef21b4eda67
[INFO] [stdout]                                at /rustc/0e09125c6c3c2fd70d7de961bcf0e51575235fad/library/std/src/sys_common/backtrace.rs:68:5
[INFO] [stdout]    3:     0x55f679d7f8e6 - <std::sys_common::backtrace::_print::DisplayBacktrace as core::fmt::Display>::fmt::h623d9b51f2f453f1
[INFO] [stdout]                                at /rustc/0e09125c6c3c2fd70d7de961bcf0e51575235fad/library/std/src/sys_common/backtrace.rs:44:22
[INFO] [stdout]    4:     0x55f679da9f60 - core::fmt::rt::Argument::fmt::h9f417ac76a86f368
[INFO] [stdout]                                at /rustc/0e09125c6c3c2fd70d7de961bcf0e51575235fad/library/core/src/fmt/rt.rs:142:9
[INFO] [stdout]    5:     0x55f679da9f60 - core::fmt::write::hc9b6faf4ac2aeff7
[INFO] [stdout]                                at /rustc/0e09125c6c3c2fd70d7de961bcf0e51575235fad/library/core/src/fmt/mod.rs:1120:17
[INFO] [stdout]    6:     0x55f679d7d33f - std::io::Write::write_fmt::he04625a3a989fec3
[INFO] [stdout]                                at /rustc/0e09125c6c3c2fd70d7de961bcf0e51575235fad/library/std/src/io/mod.rs:1810:15
[INFO] [stdout]    7:     0x55f679d7f6c4 - std::sys_common::backtrace::_print::hd5d66399c7df88a2
[INFO] [stdout]                                at /rustc/0e09125c6c3c2fd70d7de961bcf0e51575235fad/library/std/src/sys_common/backtrace.rs:47:5
[INFO] [stdout]    8:     0x55f679d7f6c4 - std::sys_common::backtrace::print::he81ed2da642d37e5
[INFO] [stdout]                                at /rustc/0e09125c6c3c2fd70d7de961bcf0e51575235fad/library/std/src/sys_common/backtrace.rs:34:9
[INFO] [stdout]    9:     0x55f679d81437 - std::panicking::default_hook::{{closure}}::h85773f4fa117163d
[INFO] [stdout]   10:     0x55f679d8111d - std::panicking::default_hook::h6a1694a91d09b278
[INFO] [stdout]                                at /rustc/0e09125c6c3c2fd70d7de961bcf0e51575235fad/library/std/src/panicking.rs:289:9
[INFO] [stdout]   11:     0x55f679a64857 - <alloc::boxed::Box<F,A> as core::ops::function::Fn<Args>>::call::h616ac37fa3cd6c8f
[INFO] [stdout]                                at /rustc/0e09125c6c3c2fd70d7de961bcf0e51575235fad/library/alloc/src/boxed.rs:2029:9
[INFO] [stdout]   12:     0x55f679a64857 - test::test_main::{{closure}}::h00d84697cefdcbb6
[INFO] [stdout]                                at /rustc/0e09125c6c3c2fd70d7de961bcf0e51575235fad/library/test/src/lib.rs:138:21
[INFO] [stdout]   13:     0x55f679d81a56 - <alloc::boxed::Box<F,A> as core::ops::function::Fn<Args>>::call::hcb3fe3b9bb537ba8
[INFO] [stdout]                                at /rustc/0e09125c6c3c2fd70d7de961bcf0e51575235fad/library/alloc/src/boxed.rs:2029:9
[INFO] [stdout]   14:     0x55f679d81a56 - std::panicking::rust_panic_with_hook::h0a7ad96e90f7145b
[INFO] [stdout]                                at /rustc/0e09125c6c3c2fd70d7de961bcf0e51575235fad/library/std/src/panicking.rs:783:13
[INFO] [stdout]   15:     0x55f679d817a2 - std::panicking::begin_panic_handler::{{closure}}::h7919090525c6485e
[INFO] [stdout]                                at /rustc/0e09125c6c3c2fd70d7de961bcf0e51575235fad/library/std/src/panicking.rs:657:13
[INFO] [stdout]   16:     0x55f679d7fde6 - std::sys_common::backtrace::__rust_end_short_backtrace::hf3289479464f7dfe
[INFO] [stdout]                                at /rustc/0e09125c6c3c2fd70d7de961bcf0e51575235fad/library/std/src/sys_common/backtrace.rs:171:18
[INFO] [stdout]   17:     0x55f679d81500 - rust_begin_unwind
[INFO] [stdout]                                at /rustc/0e09125c6c3c2fd70d7de961bcf0e51575235fad/library/std/src/panicking.rs:645:5
[INFO] [stdout]   18:     0x55f679a2ed45 - core::panicking::panic_fmt::hcc9f77c5c132af55
[INFO] [stdout]                                at /rustc/0e09125c6c3c2fd70d7de961bcf0e51575235fad/library/core/src/panicking.rs:72:14
[INFO] [stdout]   19:     0x55f679a2fa2f - core::panicking::panic_display::h3210bbb902575600
[INFO] [stdout]                                at /rustc/0e09125c6c3c2fd70d7de961bcf0e51575235fad/library/core/src/panicking.rs:196:5
[INFO] [stdout]   20:     0x55f679a2fdba - version_numbers::test_readme_deps::panic_cold_display::hd6139ea6c7018380
[INFO] [stdout]                                at /rustc/0e09125c6c3c2fd70d7de961bcf0e51575235fad/library/core/src/panic.rs:99:13
[INFO] [stdout]   21:     0x55f679a2fd66 - version_numbers::test_readme_deps::h2faeaea89d121884
[INFO] [stdout]                                at /opt/rustwide/workdir/tests/version_numbers.rs:5:5
[INFO] [stdout]   22:     0x55f679a2fca7 - version_numbers::test_readme_deps::{{closure}}::h1f2691fcdd1bac71
[INFO] [stdout]                                at /opt/rustwide/workdir/tests/version_numbers.rs:4:22
[INFO] [stdout]   23:     0x55f679a2f946 - core::ops::function::FnOnce::call_once::he20e1a0cad2ee9b1
[INFO] [stdout]                                at /rustc/0e09125c6c3c2fd70d7de961bcf0e51575235fad/library/core/src/ops/function.rs:250:5
[INFO] [stdout]   24:     0x55f679a6a12f - core::ops::function::FnOnce::call_once::hd64d26f405258157
[INFO] [stdout]                                at /rustc/0e09125c6c3c2fd70d7de961bcf0e51575235fad/library/core/src/ops/function.rs:250:5
[INFO] [stdout]   25:     0x55f679a6a12f - test::__rust_begin_short_backtrace::he21b0b7a6d731bf9
[INFO] [stdout]                                at /rustc/0e09125c6c3c2fd70d7de961bcf0e51575235fad/library/test/src/lib.rs:627:18
[INFO] [stdout]   26:     0x55f679a68eb1 - test::run_test_in_process::{{closure}}::hf5c73986d7bdfde2
[INFO] [stdout]                                at /rustc/0e09125c6c3c2fd70d7de961bcf0e51575235fad/library/test/src/lib.rs:650:60
[INFO] [stdout]   27:     0x55f679a68eb1 - <core::panic::unwind_safe::AssertUnwindSafe<F> as core::ops::function::FnOnce<()>>::call_once::h330011ad032aadc0
[INFO] [stdout]                                at /rustc/0e09125c6c3c2fd70d7de961bcf0e51575235fad/library/core/src/panic/unwind_safe.rs:272:9
[INFO] [stdout]   28:     0x55f679a68eb1 - std::panicking::try::do_call::he61b0a958b795a41
[INFO] [stdout]                                at /rustc/0e09125c6c3c2fd70d7de961bcf0e51575235fad/library/std/src/panicking.rs:552:40
[INFO] [stdout]   29:     0x55f679a68eb1 - std::panicking::try::h7309da130f906eb7
[INFO] [stdout]                                at /rustc/0e09125c6c3c2fd70d7de961bcf0e51575235fad/library/std/src/panicking.rs:516:19
[INFO] [stdout]   30:     0x55f679a68eb1 - std::panic::catch_unwind::hc5c3a06fdaf0a92a
[INFO] [stdout]                                at /rustc/0e09125c6c3c2fd70d7de961bcf0e51575235fad/library/std/src/panic.rs:142:14
[INFO] [stdout]   31:     0x55f679a68eb1 - test::run_test_in_process::h7e7b7c71c3324e0f
[INFO] [stdout]                                at /rustc/0e09125c6c3c2fd70d7de961bcf0e51575235fad/library/test/src/lib.rs:650:27
[INFO] [stdout]   32:     0x55f679a68eb1 - test::run_test::{{closure}}::h1f509f28f5cf20b1
[INFO] [stdout]                                at /rustc/0e09125c6c3c2fd70d7de961bcf0e51575235fad/library/test/src/lib.rs:573:43
[INFO] [stdout]   33:     0x55f679a301e6 - test::run_test::{{closure}}::h1754218abf443f6d
[INFO] [stdout]                                at /rustc/0e09125c6c3c2fd70d7de961bcf0e51575235fad/library/test/src/lib.rs:601:41
[INFO] [stdout]   34:     0x55f679a301e6 - std::sys_common::backtrace::__rust_begin_short_backtrace::h2ee174b9d5954948
[INFO] [stdout]                                at /rustc/0e09125c6c3c2fd70d7de961bcf0e51575235fad/library/std/src/sys_common/backtrace.rs:155:18
[INFO] [stdout]   35:     0x55f679a35247 - std::thread::Builder::spawn_unchecked_::{{closure}}::{{closure}}::hf60bee9c1a17ef09
[INFO] [stdout]                                at /rustc/0e09125c6c3c2fd70d7de961bcf0e51575235fad/library/std/src/thread/mod.rs:529:17
[INFO] [stdout]   36:     0x55f679a35247 - <core::panic::unwind_safe::AssertUnwindSafe<F> as core::ops::function::FnOnce<()>>::call_once::h33d0dddec5216160
[INFO] [stdout]                                at /rustc/0e09125c6c3c2fd70d7de961bcf0e51575235fad/library/core/src/panic/unwind_safe.rs:272:9
[INFO] [stdout]   37:     0x55f679a35247 - std::panicking::try::do_call::h144b3048b546f835
[INFO] [stdout]                                at /rustc/0e09125c6c3c2fd70d7de961bcf0e51575235fad/library/std/src/panicking.rs:552:40
[INFO] [stdout]   38:     0x55f679a35247 - std::panicking::try::h978244d04646189f
[INFO] [stdout]                                at /rustc/0e09125c6c3c2fd70d7de961bcf0e51575235fad/library/std/src/panicking.rs:516:19
[INFO] [stdout]   39:     0x55f679a35247 - std::panic::catch_unwind::hdf436369d188fe86
[INFO] [stdout]                                at /rustc/0e09125c6c3c2fd70d7de961bcf0e51575235fad/library/std/src/panic.rs:142:14
[INFO] [stdout]   40:     0x55f679a35247 - std::thread::Builder::spawn_unchecked_::{{closure}}::h87329cbdd33c79ec
[INFO] [stdout]                                at /rustc/0e09125c6c3c2fd70d7de961bcf0e51575235fad/library/std/src/thread/mod.rs:528:30
[INFO] [stdout]   41:     0x55f679a35247 - core::ops::function::FnOnce::call_once{{vtable.shim}}::h401abbe67897d450
[INFO] [stdout]                                at /rustc/0e09125c6c3c2fd70d7de961bcf0e51575235fad/library/core/src/ops/function.rs:250:5
[INFO] [stdout]   42:     0x55f679d865e5 - <alloc::boxed::Box<F,A> as core::ops::function::FnOnce<Args>>::call_once::h5d7c8f150ab9c84c
[INFO] [stdout]                                at /rustc/0e09125c6c3c2fd70d7de961bcf0e51575235fad/library/alloc/src/boxed.rs:2015:9
[INFO] [stdout]   43:     0x55f679d865e5 - <alloc::boxed::Box<F,A> as core::ops::function::FnOnce<Args>>::call_once::h570d5b005c242c15
[INFO] [stdout]                                at /rustc/0e09125c6c3c2fd70d7de961bcf0e51575235fad/library/alloc/src/boxed.rs:2015:9
[INFO] [stdout]   44:     0x55f679d865e5 - std::sys::unix::thread::Thread::new::thread_start::h36b0a20c0b2361ad
[INFO] [stdout]                                at /rustc/0e09125c6c3c2fd70d7de961bcf0e51575235fad/library/std/src/sys/unix/thread.rs:108:17
[INFO] [stdout]   45:     0x7f029ccb7ac3 - <unknown>
[INFO] [stdout]   46:     0x7f029cd48bf4 - __clone
[INFO] [stdout]   47:                0x0 - <unknown>
[INFO] [stdout] 
[INFO] [stdout] 
[INFO] [stdout] failures:
[INFO] [stdout]     test_readme_deps
[INFO] [stdout] 
[INFO] [stdout] test result: FAILED. 1 passed; 1 failed; 0 ignored; 0 measured; 0 filtered out; finished in 0.02s
[INFO] [stdout] 
[INFO] [stderr] error: test failed, to rerun pass `--test version_numbers`
[INFO] running `Command { std: "docker" "inspect" "68246d5148ea978b8bb7179dd2420bb5d1737086622aea07576eddcae9d0abd6", kill_on_drop: false }`
[INFO] running `Command { std: "docker" "rm" "-f" "68246d5148ea978b8bb7179dd2420bb5d1737086622aea07576eddcae9d0abd6", kill_on_drop: false }`
[INFO] [stdout] 68246d5148ea978b8bb7179dd2420bb5d1737086622aea07576eddcae9d0abd6
