[INFO] fetching crate evelyn 0.1.0...
[INFO] testing evelyn-0.1.0 against 1.75.0 for beta-1.76-1
[INFO] extracting crate evelyn 0.1.0 into /workspace/builds/worker-7-tc1/source
[INFO] validating manifest of crates.io crate evelyn 0.1.0 on toolchain 1.75.0
[INFO] running `Command { std: CARGO_HOME="/workspace/cargo-home" RUSTUP_HOME="/workspace/rustup-home" "/workspace/cargo-home/bin/cargo" "+1.75.0" "metadata" "--manifest-path" "Cargo.toml" "--no-deps", kill_on_drop: false }`
[INFO] started tweaking crates.io crate evelyn 0.1.0
[INFO] finished tweaking crates.io crate evelyn 0.1.0
[INFO] tweaked toml for crates.io crate evelyn 0.1.0 written to /workspace/builds/worker-7-tc1/source/Cargo.toml
[INFO] running `Command { std: CARGO_HOME="/workspace/cargo-home" RUSTUP_HOME="/workspace/rustup-home" "/workspace/cargo-home/bin/cargo" "+1.75.0" "generate-lockfile" "--manifest-path" "Cargo.toml", kill_on_drop: false }`
[INFO] running `Command { std: CARGO_HOME="/workspace/cargo-home" RUSTUP_HOME="/workspace/rustup-home" "/workspace/cargo-home/bin/cargo" "+1.75.0" "fetch" "--manifest-path" "Cargo.toml", kill_on_drop: false }`
[INFO] [stderr] warning: only one of `license` or `license-file` is necessary
[INFO] [stderr] `license` should be used if the package license can be expressed with a standard SPDX expression.
[INFO] [stderr] `license-file` should be used if the package uses a non-standard license.
[INFO] [stderr] See https://doc.rust-lang.org/cargo/reference/manifest.html#the-license-and-license-file-fields for more information.
[INFO] running `Command { std: "docker" "create" "-v" "/var/lib/crater-agent-workspace/builds/worker-7-tc1/target:/opt/rustwide/target:rw,Z" "-v" "/var/lib/crater-agent-workspace/builds/worker-7-tc1/source:/opt/rustwide/workdir:ro,Z" "-v" "/var/lib/crater-agent-workspace/cargo-home:/opt/rustwide/cargo-home:ro,Z" "-v" "/var/lib/crater-agent-workspace/rustup-home:/opt/rustwide/rustup-home:ro,Z" "-e" "SOURCE_DIR=/opt/rustwide/workdir" "-e" "CARGO_TARGET_DIR=/opt/rustwide/target" "-e" "CARGO_HOME=/opt/rustwide/cargo-home" "-e" "RUSTUP_HOME=/opt/rustwide/rustup-home" "-w" "/opt/rustwide/workdir" "-m" "1610612736" "--user" "0:0" "--network" "none" "ghcr.io/rust-lang/crates-build-env/linux@sha256:2788e3201cd34a07e3172128adcd8b3090168a8e3bcc40d7c032b9dda1df7d1c" "/opt/rustwide/cargo-home/bin/cargo" "+1.75.0" "metadata" "--no-deps" "--format-version=1", kill_on_drop: false }`
[INFO] [stdout] 46da234c972339d01aa9530dcc8e6f905efa8fea492c28e3de3b709436511d46
[INFO] running `Command { std: "docker" "start" "-a" "46da234c972339d01aa9530dcc8e6f905efa8fea492c28e3de3b709436511d46", kill_on_drop: false }`
[INFO] running `Command { std: "docker" "inspect" "46da234c972339d01aa9530dcc8e6f905efa8fea492c28e3de3b709436511d46", kill_on_drop: false }`
[INFO] running `Command { std: "docker" "rm" "-f" "46da234c972339d01aa9530dcc8e6f905efa8fea492c28e3de3b709436511d46", kill_on_drop: false }`
[INFO] [stdout] 46da234c972339d01aa9530dcc8e6f905efa8fea492c28e3de3b709436511d46
[INFO] running `Command { std: "docker" "create" "-v" "/var/lib/crater-agent-workspace/builds/worker-7-tc1/target:/opt/rustwide/target:rw,Z" "-v" "/var/lib/crater-agent-workspace/builds/worker-7-tc1/source:/opt/rustwide/workdir:ro,Z" "-v" "/var/lib/crater-agent-workspace/cargo-home:/opt/rustwide/cargo-home:ro,Z" "-v" "/var/lib/crater-agent-workspace/rustup-home:/opt/rustwide/rustup-home:ro,Z" "-e" "SOURCE_DIR=/opt/rustwide/workdir" "-e" "CARGO_TARGET_DIR=/opt/rustwide/target" "-e" "CARGO_INCREMENTAL=0" "-e" "RUST_BACKTRACE=full" "-e" "RUSTFLAGS=--cap-lints=warn" "-e" "RUSTDOCFLAGS=--cap-lints=warn" "-e" "CARGO_HOME=/opt/rustwide/cargo-home" "-e" "RUSTUP_HOME=/opt/rustwide/rustup-home" "-w" "/opt/rustwide/workdir" "-m" "1610612736" "--user" "0:0" "--network" "none" "ghcr.io/rust-lang/crates-build-env/linux@sha256:2788e3201cd34a07e3172128adcd8b3090168a8e3bcc40d7c032b9dda1df7d1c" "/opt/rustwide/cargo-home/bin/cargo" "+1.75.0" "build" "--frozen" "--message-format=json", kill_on_drop: false }`
[INFO] [stdout] bbb91366ae8bf052821ac6e38eb8a2bf670b0b5f380517beba1d78d8eb6b2f83
[INFO] running `Command { std: "docker" "start" "-a" "bbb91366ae8bf052821ac6e38eb8a2bf670b0b5f380517beba1d78d8eb6b2f83", kill_on_drop: false }`
[INFO] [stderr] warning: only one of `license` or `license-file` is necessary
[INFO] [stderr] `license` should be used if the package license can be expressed with a standard SPDX expression.
[INFO] [stderr] `license-file` should be used if the package uses a non-standard license.
[INFO] [stderr] See https://doc.rust-lang.org/cargo/reference/manifest.html#the-license-and-license-file-fields for more information.
[INFO] [stderr]    Compiling evelyn v0.1.0 (/opt/rustwide/workdir)
[INFO] [stdout] warning: variants `A` and `B` are never constructed
[INFO] [stdout]    --> src/lib.rs:108:9
[INFO] [stdout]     |
[INFO] [stdout] 107 |     enum TestMessage {
[INFO] [stdout]     |          ----------- variants in this enum
[INFO] [stdout] 108 |         A,
[INFO] [stdout]     |         ^
[INFO] [stdout] 109 |         B,
[INFO] [stdout]     |         ^
[INFO] [stdout]     |
[INFO] [stdout]     = note: `TestMessage` has a derived impl for the trait `Clone`, but this is intentionally ignored during dead code analysis
[INFO] [stdout]     = note: `#[warn(dead_code)]` on by default
[INFO] [stdout] 
[INFO] [stdout] 
[INFO] [stdout] warning: 1 warning emitted
[INFO] [stdout] 
[INFO] [stdout] 
[INFO] [stderr]     Finished dev [unoptimized + debuginfo] target(s) in 0.13s
[INFO] running `Command { std: "docker" "inspect" "bbb91366ae8bf052821ac6e38eb8a2bf670b0b5f380517beba1d78d8eb6b2f83", kill_on_drop: false }`
[INFO] running `Command { std: "docker" "rm" "-f" "bbb91366ae8bf052821ac6e38eb8a2bf670b0b5f380517beba1d78d8eb6b2f83", kill_on_drop: false }`
[INFO] [stdout] bbb91366ae8bf052821ac6e38eb8a2bf670b0b5f380517beba1d78d8eb6b2f83
[INFO] running `Command { std: "docker" "create" "-v" "/var/lib/crater-agent-workspace/builds/worker-7-tc1/target:/opt/rustwide/target:rw,Z" "-v" "/var/lib/crater-agent-workspace/builds/worker-7-tc1/source:/opt/rustwide/workdir:ro,Z" "-v" "/var/lib/crater-agent-workspace/cargo-home:/opt/rustwide/cargo-home:ro,Z" "-v" "/var/lib/crater-agent-workspace/rustup-home:/opt/rustwide/rustup-home:ro,Z" "-e" "SOURCE_DIR=/opt/rustwide/workdir" "-e" "CARGO_TARGET_DIR=/opt/rustwide/target" "-e" "CARGO_INCREMENTAL=0" "-e" "RUST_BACKTRACE=full" "-e" "RUSTFLAGS=--cap-lints=warn" "-e" "RUSTDOCFLAGS=--cap-lints=warn" "-e" "CARGO_HOME=/opt/rustwide/cargo-home" "-e" "RUSTUP_HOME=/opt/rustwide/rustup-home" "-w" "/opt/rustwide/workdir" "-m" "1610612736" "--user" "0:0" "--network" "none" "ghcr.io/rust-lang/crates-build-env/linux@sha256:2788e3201cd34a07e3172128adcd8b3090168a8e3bcc40d7c032b9dda1df7d1c" "/opt/rustwide/cargo-home/bin/cargo" "+1.75.0" "test" "--frozen" "--no-run" "--message-format=json", kill_on_drop: false }`
[INFO] [stdout] 1ba4bb0caa4dbd25e736c39d6fcf883858f5eb38c1d78f9f92c24e9aa26a4905
[INFO] running `Command { std: "docker" "start" "-a" "1ba4bb0caa4dbd25e736c39d6fcf883858f5eb38c1d78f9f92c24e9aa26a4905", kill_on_drop: false }`
[INFO] [stderr] warning: only one of `license` or `license-file` is necessary
[INFO] [stderr] `license` should be used if the package license can be expressed with a standard SPDX expression.
[INFO] [stderr] `license-file` should be used if the package uses a non-standard license.
[INFO] [stderr] See https://doc.rust-lang.org/cargo/reference/manifest.html#the-license-and-license-file-fields for more information.
[INFO] [stderr]    Compiling evelyn v0.1.0 (/opt/rustwide/workdir)
[INFO] [stdout] warning: variants `A` and `B` are never constructed
[INFO] [stdout]    --> src/lib.rs:108:9
[INFO] [stdout]     |
[INFO] [stdout] 107 |     enum TestMessage {
[INFO] [stdout]     |          ----------- variants in this enum
[INFO] [stdout] 108 |         A,
[INFO] [stdout]     |         ^
[INFO] [stdout] 109 |         B,
[INFO] [stdout]     |         ^
[INFO] [stdout]     |
[INFO] [stdout]     = note: `TestMessage` has a derived impl for the trait `Clone`, but this is intentionally ignored during dead code analysis
[INFO] [stdout]     = note: `#[warn(dead_code)]` on by default
[INFO] [stdout] 
[INFO] [stdout] 
[INFO] [stdout] warning: 1 warning emitted
[INFO] [stdout] 
[INFO] [stdout] 
[INFO] [stdout] warning: variants `A` and `B` are never constructed
[INFO] [stdout]    --> src/lib.rs:108:9
[INFO] [stdout]     |
[INFO] [stdout] 107 |     enum TestMessage {
[INFO] [stdout]     |          ----------- variants in this enum
[INFO] [stdout] 108 |         A,
[INFO] [stdout]     |         ^
[INFO] [stdout] 109 |         B,
[INFO] [stdout]     |         ^
[INFO] [stdout]     |
[INFO] [stdout]     = note: `TestMessage` has a derived impl for the trait `Clone`, but this is intentionally ignored during dead code analysis
[INFO] [stdout]     = note: `#[warn(dead_code)]` on by default
[INFO] [stdout] 
[INFO] [stdout] 
[INFO] [stdout] warning: 1 warning emitted
[INFO] [stdout] 
[INFO] [stdout] 
[INFO] [stderr]     Finished test [unoptimized + debuginfo] target(s) in 0.64s
[INFO] running `Command { std: "docker" "inspect" "1ba4bb0caa4dbd25e736c39d6fcf883858f5eb38c1d78f9f92c24e9aa26a4905", kill_on_drop: false }`
[INFO] running `Command { std: "docker" "rm" "-f" "1ba4bb0caa4dbd25e736c39d6fcf883858f5eb38c1d78f9f92c24e9aa26a4905", kill_on_drop: false }`
[INFO] [stdout] 1ba4bb0caa4dbd25e736c39d6fcf883858f5eb38c1d78f9f92c24e9aa26a4905
[INFO] running `Command { std: "docker" "create" "-v" "/var/lib/crater-agent-workspace/builds/worker-7-tc1/target:/opt/rustwide/target:rw,Z" "-v" "/var/lib/crater-agent-workspace/builds/worker-7-tc1/source:/opt/rustwide/workdir:ro,Z" "-v" "/var/lib/crater-agent-workspace/cargo-home:/opt/rustwide/cargo-home:ro,Z" "-v" "/var/lib/crater-agent-workspace/rustup-home:/opt/rustwide/rustup-home:ro,Z" "-e" "SOURCE_DIR=/opt/rustwide/workdir" "-e" "CARGO_TARGET_DIR=/opt/rustwide/target" "-e" "CARGO_INCREMENTAL=0" "-e" "RUST_BACKTRACE=full" "-e" "RUSTFLAGS=--cap-lints=warn" "-e" "RUSTDOCFLAGS=--cap-lints=warn" "-e" "CARGO_HOME=/opt/rustwide/cargo-home" "-e" "RUSTUP_HOME=/opt/rustwide/rustup-home" "-w" "/opt/rustwide/workdir" "-m" "1610612736" "--user" "0:0" "--network" "none" "ghcr.io/rust-lang/crates-build-env/linux@sha256:2788e3201cd34a07e3172128adcd8b3090168a8e3bcc40d7c032b9dda1df7d1c" "/opt/rustwide/cargo-home/bin/cargo" "+1.75.0" "test" "--frozen", kill_on_drop: false }`
[INFO] [stdout] a92f7669c45726b9b254517a7198043fbadc8bdd24002ccdfd2ba29c1d1ee49b
[INFO] running `Command { std: "docker" "start" "-a" "a92f7669c45726b9b254517a7198043fbadc8bdd24002ccdfd2ba29c1d1ee49b", kill_on_drop: false }`
[INFO] [stderr] warning: only one of `license` or `license-file` is necessary
[INFO] [stderr] `license` should be used if the package license can be expressed with a standard SPDX expression.
[INFO] [stderr] `license-file` should be used if the package uses a non-standard license.
[INFO] [stderr] See https://doc.rust-lang.org/cargo/reference/manifest.html#the-license-and-license-file-fields for more information.
[INFO] [stderr] warning: variants `A` and `B` are never constructed
[INFO] [stderr]    --> src/lib.rs:108:9
[INFO] [stderr]     |
[INFO] [stderr] 107 |     enum TestMessage {
[INFO] [stderr]     |          ----------- variants in this enum
[INFO] [stderr] 108 |         A,
[INFO] [stderr]     |         ^
[INFO] [stderr] 109 |         B,
[INFO] [stderr]     |         ^
[INFO] [stderr]     |
[INFO] [stderr]     = note: `TestMessage` has a derived impl for the trait `Clone`, but this is intentionally ignored during dead code analysis
[INFO] [stderr]     = note: `#[warn(dead_code)]` on by default
[INFO] [stderr] 
[INFO] [stderr] warning: `evelyn` (lib) generated 1 warning
[INFO] [stderr] warning: `evelyn` (lib test) generated 1 warning (1 duplicate)
[INFO] [stderr]     Finished test [unoptimized + debuginfo] target(s) in 0.00s
[INFO] [stderr]      Running unittests src/lib.rs (/opt/rustwide/target/debug/deps/evelyn-6d1f4f55413f664d)
[INFO] [stdout] 
[INFO] [stdout] running 3 tests
[INFO] [stdout] test tests::can_accept_subscribers ... ok
[INFO] [stdout] test tests::bus_terminated_by_message ... ok
[INFO] [stdout] test tests::subscriber_recieves_events ... ok
[INFO] [stdout] 
[INFO] [stdout] test result: ok. 3 passed; 0 failed; 0 ignored; 0 measured; 0 filtered out; finished in 0.00s
[INFO] [stdout] 
[INFO] [stderr]    Doc-tests evelyn
[INFO] [stdout] 
[INFO] [stdout] running 1 test
[INFO] [stdout] test src/lib.rs - Discriminant (line 20) ... FAILED
[INFO] [stdout] 
[INFO] [stdout] failures:
[INFO] [stdout] 
[INFO] [stdout] ---- src/lib.rs - Discriminant (line 20) stdout ----
[INFO] [stdout] error: expected `;`, found keyword `use`
[INFO] [stdout]  --> src/lib.rs:22:20
[INFO] [stdout]   |
[INFO] [stdout] 5 | use evelyn::Message
[INFO] [stdout]   |                    ^ help: add `;` here
[INFO] [stdout] 6 | use evelyn::Discriminant
[INFO] [stdout]   | --- unexpected token
[INFO] [stdout] 
[INFO] [stdout] error: expected `;`, found keyword `enum`
[INFO] [stdout]  --> src/lib.rs:23:25
[INFO] [stdout]   |
[INFO] [stdout] 6 | use evelyn::Discriminant
[INFO] [stdout]   |                         ^ help: add `;` here
[INFO] [stdout] 7 | // For enums Discriminant trait is implemented for `std::mem::Discriminant`
[INFO] [stdout] 8 | enum TestMessage {
[INFO] [stdout]   | ---- unexpected token
[INFO] [stdout] 
[INFO] [stdout] error[E0117]: only traits defined in the current crate can be implemented for types defined outside of the crate
[INFO] [stdout]   --> src/lib.rs:36:1
[INFO] [stdout]    |
[INFO] [stdout] 19 | impl Message for String {
[INFO] [stdout]    | ^^^^^^^^^^^^^^^^^------
[INFO] [stdout]    | |                |
[INFO] [stdout]    | |                `String` is not defined in the current crate
[INFO] [stdout]    | impl doesn't use only types from inside the current crate
[INFO] [stdout]    |
[INFO] [stdout]    = note: define and implement a trait or new type instead
[INFO] [stdout] 
[INFO] [stdout] error: aborting due to 3 previous errors
[INFO] [stdout] 
[INFO] [stdout] For more information about this error, try `rustc --explain E0117`.
[INFO] [stdout] Couldn't compile the test.
[INFO] [stdout] 
[INFO] [stdout] failures:
[INFO] [stdout]     src/lib.rs - Discriminant (line 20)
[INFO] [stdout] 
[INFO] [stdout] test result: FAILED. 0 passed; 1 failed; 0 ignored; 0 measured; 0 filtered out; finished in 0.05s
[INFO] [stdout] 
[INFO] [stderr] error: doctest failed, to rerun pass `--doc`
[INFO] running `Command { std: "docker" "inspect" "a92f7669c45726b9b254517a7198043fbadc8bdd24002ccdfd2ba29c1d1ee49b", kill_on_drop: false }`
[INFO] running `Command { std: "docker" "rm" "-f" "a92f7669c45726b9b254517a7198043fbadc8bdd24002ccdfd2ba29c1d1ee49b", kill_on_drop: false }`
[INFO] [stdout] a92f7669c45726b9b254517a7198043fbadc8bdd24002ccdfd2ba29c1d1ee49b
