[INFO] fetching crate evaluatorrs 0.0.1...
[INFO] testing evaluatorrs-0.0.1 against 1.75.0 for beta-1.76-1
[INFO] extracting crate evaluatorrs 0.0.1 into /workspace/builds/worker-2-tc1/source
[INFO] validating manifest of crates.io crate evaluatorrs 0.0.1 on toolchain 1.75.0
[INFO] running `Command { std: CARGO_HOME="/workspace/cargo-home" RUSTUP_HOME="/workspace/rustup-home" "/workspace/cargo-home/bin/cargo" "+1.75.0" "metadata" "--manifest-path" "Cargo.toml" "--no-deps", kill_on_drop: false }`
[INFO] started tweaking crates.io crate evaluatorrs 0.0.1
[INFO] finished tweaking crates.io crate evaluatorrs 0.0.1
[INFO] tweaked toml for crates.io crate evaluatorrs 0.0.1 written to /workspace/builds/worker-2-tc1/source/Cargo.toml
[INFO] running `Command { std: CARGO_HOME="/workspace/cargo-home" RUSTUP_HOME="/workspace/rustup-home" "/workspace/cargo-home/bin/cargo" "+1.75.0" "generate-lockfile" "--manifest-path" "Cargo.toml", kill_on_drop: false }`
[INFO] [stderr]     Updating crates.io index
[INFO] running `Command { std: CARGO_HOME="/workspace/cargo-home" RUSTUP_HOME="/workspace/rustup-home" "/workspace/cargo-home/bin/cargo" "+1.75.0" "fetch" "--manifest-path" "Cargo.toml", kill_on_drop: false }`
[INFO] [stderr]  Downloading crates ...
[INFO] [stderr]   Downloaded evalexpr v11.3.0
[INFO] running `Command { std: "docker" "create" "-v" "/var/lib/crater-agent-workspace/builds/worker-2-tc1/target:/opt/rustwide/target:rw,Z" "-v" "/var/lib/crater-agent-workspace/builds/worker-2-tc1/source:/opt/rustwide/workdir:ro,Z" "-v" "/var/lib/crater-agent-workspace/cargo-home:/opt/rustwide/cargo-home:ro,Z" "-v" "/var/lib/crater-agent-workspace/rustup-home:/opt/rustwide/rustup-home:ro,Z" "-e" "SOURCE_DIR=/opt/rustwide/workdir" "-e" "CARGO_TARGET_DIR=/opt/rustwide/target" "-e" "CARGO_HOME=/opt/rustwide/cargo-home" "-e" "RUSTUP_HOME=/opt/rustwide/rustup-home" "-w" "/opt/rustwide/workdir" "-m" "1610612736" "--user" "0:0" "--network" "none" "ghcr.io/rust-lang/crates-build-env/linux@sha256:2788e3201cd34a07e3172128adcd8b3090168a8e3bcc40d7c032b9dda1df7d1c" "/opt/rustwide/cargo-home/bin/cargo" "+1.75.0" "metadata" "--no-deps" "--format-version=1", kill_on_drop: false }`
[INFO] [stdout] 956011c05546353f780290ed90fd69ed0ed8b6efbd63260eb0369314beb2c305
[INFO] running `Command { std: "docker" "start" "-a" "956011c05546353f780290ed90fd69ed0ed8b6efbd63260eb0369314beb2c305", kill_on_drop: false }`
[INFO] running `Command { std: "docker" "inspect" "956011c05546353f780290ed90fd69ed0ed8b6efbd63260eb0369314beb2c305", kill_on_drop: false }`
[INFO] running `Command { std: "docker" "rm" "-f" "956011c05546353f780290ed90fd69ed0ed8b6efbd63260eb0369314beb2c305", kill_on_drop: false }`
[INFO] [stdout] 956011c05546353f780290ed90fd69ed0ed8b6efbd63260eb0369314beb2c305
[INFO] running `Command { std: "docker" "create" "-v" "/var/lib/crater-agent-workspace/builds/worker-2-tc1/target:/opt/rustwide/target:rw,Z" "-v" "/var/lib/crater-agent-workspace/builds/worker-2-tc1/source:/opt/rustwide/workdir:ro,Z" "-v" "/var/lib/crater-agent-workspace/cargo-home:/opt/rustwide/cargo-home:ro,Z" "-v" "/var/lib/crater-agent-workspace/rustup-home:/opt/rustwide/rustup-home:ro,Z" "-e" "SOURCE_DIR=/opt/rustwide/workdir" "-e" "CARGO_TARGET_DIR=/opt/rustwide/target" "-e" "CARGO_INCREMENTAL=0" "-e" "RUST_BACKTRACE=full" "-e" "RUSTFLAGS=--cap-lints=warn" "-e" "RUSTDOCFLAGS=--cap-lints=warn" "-e" "CARGO_HOME=/opt/rustwide/cargo-home" "-e" "RUSTUP_HOME=/opt/rustwide/rustup-home" "-w" "/opt/rustwide/workdir" "-m" "1610612736" "--user" "0:0" "--network" "none" "ghcr.io/rust-lang/crates-build-env/linux@sha256:2788e3201cd34a07e3172128adcd8b3090168a8e3bcc40d7c032b9dda1df7d1c" "/opt/rustwide/cargo-home/bin/cargo" "+1.75.0" "build" "--frozen" "--message-format=json", kill_on_drop: false }`
[INFO] [stdout] 02371e82fb09d7a810af76e2ff77e75866fe8ef254bd00598264ecf38d6caf46
[INFO] running `Command { std: "docker" "start" "-a" "02371e82fb09d7a810af76e2ff77e75866fe8ef254bd00598264ecf38d6caf46", kill_on_drop: false }`
[INFO] [stderr]    Compiling evaluatorrs v0.0.1 (/opt/rustwide/workdir)
[INFO] [stderr]     Finished dev [unoptimized + debuginfo] target(s) in 0.88s
[INFO] running `Command { std: "docker" "inspect" "02371e82fb09d7a810af76e2ff77e75866fe8ef254bd00598264ecf38d6caf46", kill_on_drop: false }`
[INFO] running `Command { std: "docker" "rm" "-f" "02371e82fb09d7a810af76e2ff77e75866fe8ef254bd00598264ecf38d6caf46", kill_on_drop: false }`
[INFO] [stdout] 02371e82fb09d7a810af76e2ff77e75866fe8ef254bd00598264ecf38d6caf46
[INFO] running `Command { std: "docker" "create" "-v" "/var/lib/crater-agent-workspace/builds/worker-2-tc1/target:/opt/rustwide/target:rw,Z" "-v" "/var/lib/crater-agent-workspace/builds/worker-2-tc1/source:/opt/rustwide/workdir:ro,Z" "-v" "/var/lib/crater-agent-workspace/cargo-home:/opt/rustwide/cargo-home:ro,Z" "-v" "/var/lib/crater-agent-workspace/rustup-home:/opt/rustwide/rustup-home:ro,Z" "-e" "SOURCE_DIR=/opt/rustwide/workdir" "-e" "CARGO_TARGET_DIR=/opt/rustwide/target" "-e" "CARGO_INCREMENTAL=0" "-e" "RUST_BACKTRACE=full" "-e" "RUSTFLAGS=--cap-lints=warn" "-e" "RUSTDOCFLAGS=--cap-lints=warn" "-e" "CARGO_HOME=/opt/rustwide/cargo-home" "-e" "RUSTUP_HOME=/opt/rustwide/rustup-home" "-w" "/opt/rustwide/workdir" "-m" "1610612736" "--user" "0:0" "--network" "none" "ghcr.io/rust-lang/crates-build-env/linux@sha256:2788e3201cd34a07e3172128adcd8b3090168a8e3bcc40d7c032b9dda1df7d1c" "/opt/rustwide/cargo-home/bin/cargo" "+1.75.0" "test" "--frozen" "--no-run" "--message-format=json", kill_on_drop: false }`
[INFO] [stdout] d2cb8e11964f5422ab4b4fa00449fb9b48dd22b30b79c9f295c3829528bcee08
[INFO] running `Command { std: "docker" "start" "-a" "d2cb8e11964f5422ab4b4fa00449fb9b48dd22b30b79c9f295c3829528bcee08", kill_on_drop: false }`
[INFO] [stderr]    Compiling crossbeam-utils v0.8.18
[INFO] [stderr]    Compiling rayon-core v1.12.0
[INFO] [stderr]    Compiling num-traits v0.2.17
[INFO] [stderr]    Compiling either v1.9.0
[INFO] [stderr]    Compiling rustix v0.38.28
[INFO] [stderr]    Compiling half v1.8.2
[INFO] [stderr]    Compiling syn v2.0.48
[INFO] [stderr]    Compiling linux-raw-sys v0.4.12
[INFO] [stderr]    Compiling anstyle v1.0.4
[INFO] [stderr]    Compiling bitflags v2.4.1
[INFO] [stderr]    Compiling ciborium-io v0.2.1
[INFO] [stderr]    Compiling clap_lex v0.6.0
[INFO] [stderr]    Compiling plotters-backend v0.3.5
[INFO] [stderr]    Compiling ciborium-ll v0.2.1
[INFO] [stderr]    Compiling regex-automata v0.4.3
[INFO] [stderr]    Compiling clap_builder v4.4.12
[INFO] [stderr]    Compiling plotters-svg v0.3.5
[INFO] [stderr]    Compiling itertools v0.10.5
[INFO] [stderr]    Compiling crossbeam-epoch v0.9.17
[INFO] [stderr]    Compiling cast v0.3.0
[INFO] [stderr]    Compiling crossbeam-deque v0.8.4
[INFO] [stderr]    Compiling same-file v1.0.6
[INFO] [stderr]    Compiling walkdir v2.4.0
[INFO] [stderr]    Compiling is-terminal v0.4.10
[INFO] [stderr]    Compiling plotters v0.3.5
[INFO] [stderr]    Compiling once_cell v1.19.0
[INFO] [stderr]    Compiling oorandom v11.1.3
[INFO] [stderr]    Compiling anes v0.1.6
[INFO] [stderr]    Compiling evalexpr v11.3.0
[INFO] [stderr]    Compiling rayon v1.8.0
[INFO] [stderr]    Compiling criterion-plot v0.5.0
[INFO] [stderr]    Compiling clap v4.4.13
[INFO] [stderr]    Compiling regex v1.10.2
[INFO] [stderr]    Compiling serde_derive v1.0.194
[INFO] [stderr]    Compiling serde v1.0.194
[INFO] [stderr]    Compiling serde_json v1.0.111
[INFO] [stderr]    Compiling ciborium v0.2.1
[INFO] [stderr]    Compiling tinytemplate v1.2.1
[INFO] [stderr]    Compiling criterion v0.5.1
[INFO] [stderr]    Compiling evaluatorrs v0.0.1 (/opt/rustwide/workdir)
[INFO] [stderr]     Finished test [unoptimized + debuginfo] target(s) in 27.05s
[INFO] running `Command { std: "docker" "inspect" "d2cb8e11964f5422ab4b4fa00449fb9b48dd22b30b79c9f295c3829528bcee08", kill_on_drop: false }`
[INFO] running `Command { std: "docker" "rm" "-f" "d2cb8e11964f5422ab4b4fa00449fb9b48dd22b30b79c9f295c3829528bcee08", kill_on_drop: false }`
[INFO] [stdout] d2cb8e11964f5422ab4b4fa00449fb9b48dd22b30b79c9f295c3829528bcee08
[INFO] running `Command { std: "docker" "create" "-v" "/var/lib/crater-agent-workspace/builds/worker-2-tc1/target:/opt/rustwide/target:rw,Z" "-v" "/var/lib/crater-agent-workspace/builds/worker-2-tc1/source:/opt/rustwide/workdir:ro,Z" "-v" "/var/lib/crater-agent-workspace/cargo-home:/opt/rustwide/cargo-home:ro,Z" "-v" "/var/lib/crater-agent-workspace/rustup-home:/opt/rustwide/rustup-home:ro,Z" "-e" "SOURCE_DIR=/opt/rustwide/workdir" "-e" "CARGO_TARGET_DIR=/opt/rustwide/target" "-e" "CARGO_INCREMENTAL=0" "-e" "RUST_BACKTRACE=full" "-e" "RUSTFLAGS=--cap-lints=warn" "-e" "RUSTDOCFLAGS=--cap-lints=warn" "-e" "CARGO_HOME=/opt/rustwide/cargo-home" "-e" "RUSTUP_HOME=/opt/rustwide/rustup-home" "-w" "/opt/rustwide/workdir" "-m" "1610612736" "--user" "0:0" "--network" "none" "ghcr.io/rust-lang/crates-build-env/linux@sha256:2788e3201cd34a07e3172128adcd8b3090168a8e3bcc40d7c032b9dda1df7d1c" "/opt/rustwide/cargo-home/bin/cargo" "+1.75.0" "test" "--frozen", kill_on_drop: false }`
[INFO] [stdout] 1b3d01f51444133cfe075fbe980ce87776a8bf23ad209badbe5569b3ded11ee1
[INFO] running `Command { std: "docker" "start" "-a" "1b3d01f51444133cfe075fbe980ce87776a8bf23ad209badbe5569b3ded11ee1", kill_on_drop: false }`
[INFO] [stderr]     Finished test [unoptimized + debuginfo] target(s) in 0.07s
[INFO] [stderr]      Running unittests src/lib.rs (/opt/rustwide/target/debug/deps/evaluatorrs-4df8233eba11c83c)
[INFO] [stdout] 
[INFO] [stdout] running 27 tests
[INFO] [stdout] test formulas::root_formula::lexer::test::basic_test_lex ... ok
[INFO] [stdout] test formulas::root_formula::lexer::test::number_parser ... ok
[INFO] [stdout] test formulas::root_formula::lexer::test::test_lex_open_bracket ... ok
[INFO] [stdout] test formulas::root_formula::parser::compress_test::easy_test ... ok
[INFO] [stdout] test formulas::root_formula::lexer::test::test_remove_all_spaces ... ok
[INFO] [stdout] test formulas::root_formula::parser::rpn_test::bracket_test ... ok
[INFO] [stdout] test formulas::root_formula::lexer::test::test_function_lex ... ok
[INFO] [stdout] test formulas::root_formula::lexer::test::test_collect_arguments ... ok
[INFO] [stdout] test formulas::root_formula::parser::rpn_test::double_bracket_test ... ok
[INFO] [stdout] test formulas::root_formula::parser::rpn_test::double_wrong_bracket_test ... ok
[INFO] [stdout] test formulas::root_formula::lexer::test::test_remove_spaces ... ok
[INFO] [stdout] test formulas::root_formula::lexer::test::test_lex_close_bracket ... ok
[INFO] [stdout] test formulas::root_formula::lexer::test::space_test_lex ... ok
[INFO] [stdout] test formulas::root_formula::lexer::test::test_remove_spaces_with_text ... ok
[INFO] [stdout] test formulas::root_formula::parser::rpn_test::easy_rpn_test ... ok
[INFO] [stdout] test formulas::root_formula::parser::rpn_test::priority_test ... ok
[INFO] [stdout] test formulas::root_formula::test_root_formula::test_collapse ... ok
[INFO] [stdout] test formulas::root_formula::test_root_formula::test_collapse_shared_to_owned ... ok
[INFO] [stdout] test formulas::root_formula::parser::rpn_test::power_test ... ok
[INFO] [stdout] test variable_stores::empty_store::test::test_set_and_get ... ok
[INFO] [stdout] test variable_stores::empty_store::test::test_set_and_pop ... ok
[INFO] [stdout] test tokens::operator::correctness_tests::test_side ... ok
[INFO] [stdout] test tokens::base_token::test::parse_close_bracket ... ok
[INFO] [stdout] test tokens::operator::correctness_tests::test_parse ... ok
[INFO] [stdout] test tokens::operator::correctness_tests::test_priority ... ok
[INFO] [stdout] test tokens::base_token::test::fail_parse ... ok
[INFO] [stdout] test tokens::base_token::test::parse_open_bracket ... ok
[INFO] [stdout] 
[INFO] [stdout] test result: ok. 27 passed; 0 failed; 0 ignored; 0 measured; 0 filtered out; finished in 0.03s
[INFO] [stdout] 
[INFO] [stderr]    Doc-tests evaluatorrs
[INFO] [stdout] 
[INFO] [stdout] running 5 tests
[INFO] [stdout] test src/lib.rs - (line 133) ... FAILED
[INFO] [stdout] test src/formulas/macros.rs - formulas::macros::impl_one_arg_function (line 19) ... ok
[INFO] [stdout] test src/lib.rs - (line 37) ... ok
[INFO] [stdout] test src/lib.rs - (line 23) ... ok
[INFO] [stdout] test src/formulas/macros.rs - formulas::macros::impl_one_arg_function (line 8) ... ok
[INFO] [stdout] 
[INFO] [stdout] failures:
[INFO] [stdout] 
[INFO] [stdout] ---- src/lib.rs - (line 133) stdout ----
[INFO] [stdout] error[E0412]: cannot find type `ParserError` in this scope
[INFO] [stdout]  --> src/lib.rs:138:28
[INFO] [stdout]   |
[INFO] [stdout] 8 | fn example() -> Result<(), ParserError> {
[INFO] [stdout]   |                            ^^^^^^^^^^^ not found in this scope
[INFO] [stdout]   |
[INFO] [stdout] help: consider importing this enum
[INFO] [stdout]   |
[INFO] [stdout] 2 + use evaluatorrs::formulas::ParserError;
[INFO] [stdout]   |
[INFO] [stdout] 
[INFO] [stdout] error: aborting due to previous error
[INFO] [stdout] 
[INFO] [stdout] For more information about this error, try `rustc --explain E0412`.
[INFO] [stdout] Couldn't compile the test.
[INFO] [stdout] 
[INFO] [stdout] failures:
[INFO] [stdout]     src/lib.rs - (line 133)
[INFO] [stdout] 
[INFO] [stdout] test result: FAILED. 4 passed; 1 failed; 0 ignored; 0 measured; 0 filtered out; finished in 0.45s
[INFO] [stdout] 
[INFO] [stderr] error: doctest failed, to rerun pass `--doc`
[INFO] running `Command { std: "docker" "inspect" "1b3d01f51444133cfe075fbe980ce87776a8bf23ad209badbe5569b3ded11ee1", kill_on_drop: false }`
[INFO] running `Command { std: "docker" "rm" "-f" "1b3d01f51444133cfe075fbe980ce87776a8bf23ad209badbe5569b3ded11ee1", kill_on_drop: false }`
[INFO] [stdout] 1b3d01f51444133cfe075fbe980ce87776a8bf23ad209badbe5569b3ded11ee1
[INFO] testing evaluatorrs-0.0.1 against beta-2023-12-22 for beta-1.76-1
[INFO] extracting crate evaluatorrs 0.0.1 into /workspace/builds/worker-2-tc2/source
[INFO] validating manifest of crates.io crate evaluatorrs 0.0.1 on toolchain beta-2023-12-22
[INFO] running `Command { std: CARGO_HOME="/workspace/cargo-home" RUSTUP_HOME="/workspace/rustup-home" "/workspace/cargo-home/bin/cargo" "+beta-2023-12-22" "metadata" "--manifest-path" "Cargo.toml" "--no-deps", kill_on_drop: false }`
[INFO] started tweaking crates.io crate evaluatorrs 0.0.1
[INFO] finished tweaking crates.io crate evaluatorrs 0.0.1
[INFO] tweaked toml for crates.io crate evaluatorrs 0.0.1 written to /workspace/builds/worker-2-tc2/source/Cargo.toml
[INFO] running `Command { std: CARGO_HOME="/workspace/cargo-home" RUSTUP_HOME="/workspace/rustup-home" "/workspace/cargo-home/bin/cargo" "+beta-2023-12-22" "generate-lockfile" "--manifest-path" "Cargo.toml", kill_on_drop: false }`
[INFO] [stderr]     Updating crates.io index
[INFO] running `Command { std: CARGO_HOME="/workspace/cargo-home" RUSTUP_HOME="/workspace/rustup-home" "/workspace/cargo-home/bin/cargo" "+beta-2023-12-22" "fetch" "--manifest-path" "Cargo.toml", kill_on_drop: false }`
[INFO] running `Command { std: "docker" "create" "-v" "/var/lib/crater-agent-workspace/builds/worker-2-tc2/target:/opt/rustwide/target:rw,Z" "-v" "/var/lib/crater-agent-workspace/builds/worker-2-tc2/source:/opt/rustwide/workdir:ro,Z" "-v" "/var/lib/crater-agent-workspace/cargo-home:/opt/rustwide/cargo-home:ro,Z" "-v" "/var/lib/crater-agent-workspace/rustup-home:/opt/rustwide/rustup-home:ro,Z" "-e" "SOURCE_DIR=/opt/rustwide/workdir" "-e" "CARGO_TARGET_DIR=/opt/rustwide/target" "-e" "CARGO_HOME=/opt/rustwide/cargo-home" "-e" "RUSTUP_HOME=/opt/rustwide/rustup-home" "-w" "/opt/rustwide/workdir" "-m" "1610612736" "--user" "0:0" "--network" "none" "ghcr.io/rust-lang/crates-build-env/linux@sha256:2788e3201cd34a07e3172128adcd8b3090168a8e3bcc40d7c032b9dda1df7d1c" "/opt/rustwide/cargo-home/bin/cargo" "+beta-2023-12-22" "metadata" "--no-deps" "--format-version=1", kill_on_drop: false }`
[INFO] [stdout] fa6c67407c719841d584620bc6f57135a4274c4940a60aa8d7cbe73789fc1957
[INFO] running `Command { std: "docker" "start" "-a" "fa6c67407c719841d584620bc6f57135a4274c4940a60aa8d7cbe73789fc1957", kill_on_drop: false }`
[INFO] running `Command { std: "docker" "inspect" "fa6c67407c719841d584620bc6f57135a4274c4940a60aa8d7cbe73789fc1957", kill_on_drop: false }`
[INFO] running `Command { std: "docker" "rm" "-f" "fa6c67407c719841d584620bc6f57135a4274c4940a60aa8d7cbe73789fc1957", kill_on_drop: false }`
[INFO] [stdout] fa6c67407c719841d584620bc6f57135a4274c4940a60aa8d7cbe73789fc1957
[INFO] running `Command { std: "docker" "create" "-v" "/var/lib/crater-agent-workspace/builds/worker-2-tc2/target:/opt/rustwide/target:rw,Z" "-v" "/var/lib/crater-agent-workspace/builds/worker-2-tc2/source:/opt/rustwide/workdir:ro,Z" "-v" "/var/lib/crater-agent-workspace/cargo-home:/opt/rustwide/cargo-home:ro,Z" "-v" "/var/lib/crater-agent-workspace/rustup-home:/opt/rustwide/rustup-home:ro,Z" "-e" "SOURCE_DIR=/opt/rustwide/workdir" "-e" "CARGO_TARGET_DIR=/opt/rustwide/target" "-e" "CARGO_INCREMENTAL=0" "-e" "RUST_BACKTRACE=full" "-e" "RUSTFLAGS=--cap-lints=warn" "-e" "RUSTDOCFLAGS=--cap-lints=warn" "-e" "CARGO_HOME=/opt/rustwide/cargo-home" "-e" "RUSTUP_HOME=/opt/rustwide/rustup-home" "-w" "/opt/rustwide/workdir" "-m" "1610612736" "--user" "0:0" "--network" "none" "ghcr.io/rust-lang/crates-build-env/linux@sha256:2788e3201cd34a07e3172128adcd8b3090168a8e3bcc40d7c032b9dda1df7d1c" "/opt/rustwide/cargo-home/bin/cargo" "+beta-2023-12-22" "build" "--frozen" "--message-format=json", kill_on_drop: false }`
[INFO] [stdout] 6e04c8d91f46975e0a41a872c5b7a9478aff605aa276343f6b1a86501bc185f6
[INFO] running `Command { std: "docker" "start" "-a" "6e04c8d91f46975e0a41a872c5b7a9478aff605aa276343f6b1a86501bc185f6", kill_on_drop: false }`
[INFO] [stderr]    Compiling evaluatorrs v0.0.1 (/opt/rustwide/workdir)
[INFO] [stderr]     Finished dev [unoptimized + debuginfo] target(s) in 0.59s
[INFO] running `Command { std: "docker" "inspect" "6e04c8d91f46975e0a41a872c5b7a9478aff605aa276343f6b1a86501bc185f6", kill_on_drop: false }`
[INFO] running `Command { std: "docker" "rm" "-f" "6e04c8d91f46975e0a41a872c5b7a9478aff605aa276343f6b1a86501bc185f6", kill_on_drop: false }`
[INFO] [stdout] 6e04c8d91f46975e0a41a872c5b7a9478aff605aa276343f6b1a86501bc185f6
[INFO] running `Command { std: "docker" "create" "-v" "/var/lib/crater-agent-workspace/builds/worker-2-tc2/target:/opt/rustwide/target:rw,Z" "-v" "/var/lib/crater-agent-workspace/builds/worker-2-tc2/source:/opt/rustwide/workdir:ro,Z" "-v" "/var/lib/crater-agent-workspace/cargo-home:/opt/rustwide/cargo-home:ro,Z" "-v" "/var/lib/crater-agent-workspace/rustup-home:/opt/rustwide/rustup-home:ro,Z" "-e" "SOURCE_DIR=/opt/rustwide/workdir" "-e" "CARGO_TARGET_DIR=/opt/rustwide/target" "-e" "CARGO_INCREMENTAL=0" "-e" "RUST_BACKTRACE=full" "-e" "RUSTFLAGS=--cap-lints=warn" "-e" "RUSTDOCFLAGS=--cap-lints=warn" "-e" "CARGO_HOME=/opt/rustwide/cargo-home" "-e" "RUSTUP_HOME=/opt/rustwide/rustup-home" "-w" "/opt/rustwide/workdir" "-m" "1610612736" "--user" "0:0" "--network" "none" "ghcr.io/rust-lang/crates-build-env/linux@sha256:2788e3201cd34a07e3172128adcd8b3090168a8e3bcc40d7c032b9dda1df7d1c" "/opt/rustwide/cargo-home/bin/cargo" "+beta-2023-12-22" "test" "--frozen" "--no-run" "--message-format=json", kill_on_drop: false }`
[INFO] [stdout] 5bd06aae8cefe89b0263b465b50bdf0bc0265de06c10bacea9773a13ca62eb29
[INFO] running `Command { std: "docker" "start" "-a" "5bd06aae8cefe89b0263b465b50bdf0bc0265de06c10bacea9773a13ca62eb29", kill_on_drop: false }`
[INFO] [stderr]    Compiling crossbeam-utils v0.8.18
[INFO] [stderr]    Compiling rayon-core v1.12.0
[INFO] [stderr]    Compiling rustix v0.38.28
[INFO] [stderr]    Compiling num-traits v0.2.17
[INFO] [stderr]    Compiling either v1.9.0
[INFO] [stderr]    Compiling bitflags v2.4.1
[INFO] [stderr]    Compiling syn v2.0.48
[INFO] [stderr]    Compiling half v1.8.2
[INFO] [stderr]    Compiling ciborium-io v0.2.1
[INFO] [stderr]    Compiling plotters-backend v0.3.5
[INFO] [stderr]    Compiling linux-raw-sys v0.4.12
[INFO] [stderr]    Compiling clap_lex v0.6.0
[INFO] [stderr]    Compiling anstyle v1.0.4
[INFO] [stderr]    Compiling regex-automata v0.4.3
[INFO] [stderr]    Compiling clap_builder v4.4.12
[INFO] [stderr]    Compiling plotters-svg v0.3.5
[INFO] [stderr]    Compiling ciborium-ll v0.2.1
[INFO] [stderr]    Compiling crossbeam-epoch v0.9.17
[INFO] [stderr]    Compiling itertools v0.10.5
[INFO] [stderr]    Compiling crossbeam-deque v0.8.4
[INFO] [stderr]    Compiling same-file v1.0.6
[INFO] [stderr]    Compiling cast v0.3.0
[INFO] [stderr]    Compiling is-terminal v0.4.10
[INFO] [stderr]    Compiling walkdir v2.4.0
[INFO] [stderr]    Compiling plotters v0.3.5
[INFO] [stderr]    Compiling rayon v1.8.0
[INFO] [stderr]    Compiling oorandom v11.1.3
[INFO] [stderr]    Compiling criterion-plot v0.5.0
[INFO] [stderr]    Compiling regex v1.10.2
[INFO] [stderr]    Compiling anes v0.1.6
[INFO] [stderr]    Compiling once_cell v1.19.0
[INFO] [stderr]    Compiling evalexpr v11.3.0
[INFO] [stderr]    Compiling clap v4.4.13
[INFO] [stderr]    Compiling serde_derive v1.0.194
[INFO] [stderr]    Compiling serde v1.0.194
[INFO] [stderr]    Compiling serde_json v1.0.111
[INFO] [stderr]    Compiling ciborium v0.2.1
[INFO] [stderr]    Compiling tinytemplate v1.2.1
[INFO] [stderr]    Compiling criterion v0.5.1
[INFO] [stderr]    Compiling evaluatorrs v0.0.1 (/opt/rustwide/workdir)
[INFO] [stderr]     Finished test [unoptimized + debuginfo] target(s) in 22.59s
[INFO] running `Command { std: "docker" "inspect" "5bd06aae8cefe89b0263b465b50bdf0bc0265de06c10bacea9773a13ca62eb29", kill_on_drop: false }`
[INFO] running `Command { std: "docker" "rm" "-f" "5bd06aae8cefe89b0263b465b50bdf0bc0265de06c10bacea9773a13ca62eb29", kill_on_drop: false }`
[INFO] [stdout] 5bd06aae8cefe89b0263b465b50bdf0bc0265de06c10bacea9773a13ca62eb29
[INFO] running `Command { std: "docker" "create" "-v" "/var/lib/crater-agent-workspace/builds/worker-2-tc2/target:/opt/rustwide/target:rw,Z" "-v" "/var/lib/crater-agent-workspace/builds/worker-2-tc2/source:/opt/rustwide/workdir:ro,Z" "-v" "/var/lib/crater-agent-workspace/cargo-home:/opt/rustwide/cargo-home:ro,Z" "-v" "/var/lib/crater-agent-workspace/rustup-home:/opt/rustwide/rustup-home:ro,Z" "-e" "SOURCE_DIR=/opt/rustwide/workdir" "-e" "CARGO_TARGET_DIR=/opt/rustwide/target" "-e" "CARGO_INCREMENTAL=0" "-e" "RUST_BACKTRACE=full" "-e" "RUSTFLAGS=--cap-lints=warn" "-e" "RUSTDOCFLAGS=--cap-lints=warn" "-e" "CARGO_HOME=/opt/rustwide/cargo-home" "-e" "RUSTUP_HOME=/opt/rustwide/rustup-home" "-w" "/opt/rustwide/workdir" "-m" "1610612736" "--user" "0:0" "--network" "none" "ghcr.io/rust-lang/crates-build-env/linux@sha256:2788e3201cd34a07e3172128adcd8b3090168a8e3bcc40d7c032b9dda1df7d1c" "/opt/rustwide/cargo-home/bin/cargo" "+beta-2023-12-22" "test" "--frozen", kill_on_drop: false }`
[INFO] [stdout] 4701e2bc98a3dace8b7be857cc85f0ed650c580f95bd45fc90a0be0f9eb3395d
[INFO] running `Command { std: "docker" "start" "-a" "4701e2bc98a3dace8b7be857cc85f0ed650c580f95bd45fc90a0be0f9eb3395d", kill_on_drop: false }`
[INFO] [stderr]     Finished test [unoptimized + debuginfo] target(s) in 0.09s
[INFO] [stderr]      Running unittests src/lib.rs (/opt/rustwide/target/debug/deps/evaluatorrs-2dfb4fd91d82ab86)
[INFO] [stdout] 
[INFO] [stdout] running 27 tests
[INFO] [stdout] test formulas::root_formula::lexer::test::test_lex_close_bracket ... ok
[INFO] [stdout] test formulas::root_formula::lexer::test::test_function_lex ... ok
[INFO] [stdout] test formulas::root_formula::lexer::test::space_test_lex ... ok
[INFO] [stdout] test formulas::root_formula::lexer::test::number_parser ... ok
[INFO] [stdout] test formulas::root_formula::lexer::test::test_lex_open_bracket ... ok
[INFO] [stdout] test formulas::root_formula::lexer::test::test_collect_arguments ... ok
[INFO] [stdout] test formulas::root_formula::lexer::test::basic_test_lex ... ok
[INFO] [stdout] test formulas::root_formula::parser::compress_test::easy_test ... ok
[INFO] [stdout] test formulas::root_formula::lexer::test::test_remove_all_spaces ... ok
[INFO] [stdout] test formulas::root_formula::parser::rpn_test::bracket_test ... ok
[INFO] [stdout] test formulas::root_formula::lexer::test::test_remove_spaces ... ok
[INFO] [stdout] test formulas::root_formula::lexer::test::test_remove_spaces_with_text ... ok
[INFO] [stdout] test formulas::root_formula::parser::rpn_test::priority_test ... ok
[INFO] [stdout] test formulas::root_formula::parser::rpn_test::double_wrong_bracket_test ... ok
[INFO] [stdout] test formulas::root_formula::parser::rpn_test::double_bracket_test ... ok
[INFO] [stdout] test formulas::root_formula::parser::rpn_test::easy_rpn_test ... ok
[INFO] [stdout] test formulas::root_formula::test_root_formula::test_collapse ... ok
[INFO] [stdout] test tokens::operator::correctness_tests::test_priority ... ok
[INFO] [stdout] test tokens::operator::correctness_tests::test_side ... ok
[INFO] [stdout] test variable_stores::empty_store::test::test_set_and_get ... ok
[INFO] [stdout] test variable_stores::empty_store::test::test_set_and_pop ... ok
[INFO] [stdout] test tokens::base_token::test::parse_open_bracket ... ok
[INFO] [stdout] test tokens::base_token::test::fail_parse ... ok
[INFO] [stdout] test tokens::operator::correctness_tests::test_parse ... ok
[INFO] [stdout] test formulas::root_formula::test_root_formula::test_collapse_shared_to_owned ... ok
[INFO] [stdout] test formulas::root_formula::parser::rpn_test::power_test ... ok
[INFO] [stdout] test tokens::base_token::test::parse_close_bracket ... ok
[INFO] [stdout] 
[INFO] [stdout] test result: ok. 27 passed; 0 failed; 0 ignored; 0 measured; 0 filtered out; finished in 0.03s
[INFO] [stdout] 
[INFO] [stderr]    Doc-tests evaluatorrs
[INFO] [stdout] 
[INFO] [stdout] running 5 tests
[INFO] [stdout] test src/lib.rs - (line 133) ... FAILED
[INFO] [stdout] test src/lib.rs - (line 23) ... ok
[INFO] [stdout] test src/lib.rs - (line 37) ... ok
[INFO] [stdout] test src/formulas/macros.rs - formulas::macros::impl_one_arg_function (line 8) ... ok
[INFO] [stdout] test src/formulas/macros.rs - formulas::macros::impl_one_arg_function (line 19) ... ok
[INFO] [stdout] 
[INFO] [stdout] failures:
[INFO] [stdout] 
[INFO] [stdout] ---- src/lib.rs - (line 133) stdout ----
[INFO] [stdout] error[E0412]: cannot find type `ParserError` in this scope
[INFO] [stdout]  --> src/lib.rs:138:28
[INFO] [stdout]   |
[INFO] [stdout] 8 | fn example() -> Result<(), ParserError> {
[INFO] [stdout]   |                            ^^^^^^^^^^^ not found in this scope
[INFO] [stdout]   |
[INFO] [stdout] help: consider importing this enum
[INFO] [stdout]   |
[INFO] [stdout] 2 + use evaluatorrs::formulas::ParserError;
[INFO] [stdout]   |
[INFO] [stdout] 
[INFO] [stdout] error: aborting due to 1 previous error
[INFO] [stdout] 
[INFO] [stdout] For more information about this error, try `rustc --explain E0412`.
[INFO] [stdout] Couldn't compile the test.
[INFO] [stdout] 
[INFO] [stdout] failures:
[INFO] [stdout]     src/lib.rs - (line 133)
[INFO] [stdout] 
[INFO] [stdout] test result: FAILED. 4 passed; 1 failed; 0 ignored; 0 measured; 0 filtered out; finished in 0.67s
[INFO] [stdout] 
[INFO] [stderr] error: doctest failed, to rerun pass `--doc`
[INFO] running `Command { std: "docker" "inspect" "4701e2bc98a3dace8b7be857cc85f0ed650c580f95bd45fc90a0be0f9eb3395d", kill_on_drop: false }`
[INFO] running `Command { std: "docker" "rm" "-f" "4701e2bc98a3dace8b7be857cc85f0ed650c580f95bd45fc90a0be0f9eb3395d", kill_on_drop: false }`
[INFO] [stdout] 4701e2bc98a3dace8b7be857cc85f0ed650c580f95bd45fc90a0be0f9eb3395d
