[INFO] fetching crate ethers-hardhat-rs 0.1.0...
[INFO] testing ethers-hardhat-rs-0.1.0 against 1.75.0 for beta-1.76-1
[INFO] extracting crate ethers-hardhat-rs 0.1.0 into /workspace/builds/worker-5-tc1/source
[INFO] validating manifest of crates.io crate ethers-hardhat-rs 0.1.0 on toolchain 1.75.0
[INFO] running `Command { std: CARGO_HOME="/workspace/cargo-home" RUSTUP_HOME="/workspace/rustup-home" "/workspace/cargo-home/bin/cargo" "+1.75.0" "metadata" "--manifest-path" "Cargo.toml" "--no-deps", kill_on_drop: false }`
[INFO] started tweaking crates.io crate ethers-hardhat-rs 0.1.0
[INFO] finished tweaking crates.io crate ethers-hardhat-rs 0.1.0
[INFO] tweaked toml for crates.io crate ethers-hardhat-rs 0.1.0 written to /workspace/builds/worker-5-tc1/source/Cargo.toml
[INFO] crate crates.io crate ethers-hardhat-rs 0.1.0 already has a lockfile, it will not be regenerated
[INFO] running `Command { std: CARGO_HOME="/workspace/cargo-home" RUSTUP_HOME="/workspace/rustup-home" "/workspace/cargo-home/bin/cargo" "+1.75.0" "fetch" "--manifest-path" "Cargo.toml", kill_on_drop: false }`
[INFO] [stderr]     Updating crates.io index
[INFO] [stderr]  Downloading crates ...
[INFO] [stderr]   Downloaded ethers-impl-codec v0.6.0
[INFO] [stderr]   Downloaded ethers-primitive-types-rs v0.12.1
[INFO] [stderr]   Downloaded async-timer-rs v0.1.0
[INFO] [stderr]   Downloaded ethers-ethereum-types v0.14.1
[INFO] [stderr]   Downloaded value-bag v1.0.0-alpha.9
[INFO] [stderr]   Downloaded ecdsa v0.15.1
[INFO] [stderr]   Downloaded async-global-executor v2.3.1
[INFO] [stderr]   Downloaded parity-scale-codec-derive v3.1.4
[INFO] [stderr]   Downloaded ethers-impl-serde v0.4.0
[INFO] [stderr]   Downloaded ethers-hash-rs v0.1.0
[INFO] [stderr]   Downloaded completeq-rs v0.1.1
[INFO] [stderr]   Downloaded signature v2.0.0
[INFO] [stderr]   Downloaded k256 v0.12.0
[INFO] [stderr]   Downloaded ethers-impl-rlp v0.3.0
[INFO] [stderr]   Downloaded cxxbridge-flags v1.0.88
[INFO] [stderr]   Downloaded serde_with_macros v2.2.0
[INFO] [stderr]   Downloaded serde_with v2.2.0
[INFO] [stderr]   Downloaded async-trait v0.1.63
[INFO] [stderr]   Downloaded colorable v0.1.4
[INFO] [stderr]   Downloaded ethers-uint-rs v0.9.5
[INFO] [stderr]   Downloaded parity-scale-codec v3.3.0
[INFO] [stderr]   Downloaded cxx-build v1.0.88
[INFO] [stderr]   Downloaded ethers-fixed-hash v0.8.0
[INFO] [stderr]   Downloaded cxx v1.0.88
[INFO] [stderr]   Downloaded ethers-providers-rs v0.1.0
[INFO] [stderr]   Downloaded ethers-abi v18.0.0
[INFO] [stderr]   Downloaded cxxbridge-macro v1.0.88
[INFO] [stderr]   Downloaded ethers-types-rs v0.1.0
[INFO] [stderr]   Downloaded ethers-signer-rs v0.1.0
[INFO] [stderr]   Downloaded ethers-wallet-rs v0.1.0
[INFO] [stderr]   Downloaded jsonrpc-rs v0.1.6
[INFO] running `Command { std: "docker" "create" "-v" "/var/lib/crater-agent-workspace/builds/worker-5-tc1/target:/opt/rustwide/target:rw,Z" "-v" "/var/lib/crater-agent-workspace/builds/worker-5-tc1/source:/opt/rustwide/workdir:ro,Z" "-v" "/var/lib/crater-agent-workspace/cargo-home:/opt/rustwide/cargo-home:ro,Z" "-v" "/var/lib/crater-agent-workspace/rustup-home:/opt/rustwide/rustup-home:ro,Z" "-e" "SOURCE_DIR=/opt/rustwide/workdir" "-e" "CARGO_TARGET_DIR=/opt/rustwide/target" "-e" "CARGO_HOME=/opt/rustwide/cargo-home" "-e" "RUSTUP_HOME=/opt/rustwide/rustup-home" "-w" "/opt/rustwide/workdir" "-m" "1610612736" "--user" "0:0" "--network" "none" "ghcr.io/rust-lang/crates-build-env/linux@sha256:2788e3201cd34a07e3172128adcd8b3090168a8e3bcc40d7c032b9dda1df7d1c" "/opt/rustwide/cargo-home/bin/cargo" "+1.75.0" "metadata" "--no-deps" "--format-version=1", kill_on_drop: false }`
[INFO] [stdout] b565ccb4a6efe87aa49ddb428694a390c79ddb536c5e2b9bd567478185f8fe83
[INFO] running `Command { std: "docker" "start" "-a" "b565ccb4a6efe87aa49ddb428694a390c79ddb536c5e2b9bd567478185f8fe83", kill_on_drop: false }`
[INFO] running `Command { std: "docker" "inspect" "b565ccb4a6efe87aa49ddb428694a390c79ddb536c5e2b9bd567478185f8fe83", kill_on_drop: false }`
[INFO] running `Command { std: "docker" "rm" "-f" "b565ccb4a6efe87aa49ddb428694a390c79ddb536c5e2b9bd567478185f8fe83", kill_on_drop: false }`
[INFO] [stdout] b565ccb4a6efe87aa49ddb428694a390c79ddb536c5e2b9bd567478185f8fe83
[INFO] running `Command { std: "docker" "create" "-v" "/var/lib/crater-agent-workspace/builds/worker-5-tc1/target:/opt/rustwide/target:rw,Z" "-v" "/var/lib/crater-agent-workspace/builds/worker-5-tc1/source:/opt/rustwide/workdir:ro,Z" "-v" "/var/lib/crater-agent-workspace/cargo-home:/opt/rustwide/cargo-home:ro,Z" "-v" "/var/lib/crater-agent-workspace/rustup-home:/opt/rustwide/rustup-home:ro,Z" "-e" "SOURCE_DIR=/opt/rustwide/workdir" "-e" "CARGO_TARGET_DIR=/opt/rustwide/target" "-e" "CARGO_INCREMENTAL=0" "-e" "RUST_BACKTRACE=full" "-e" "RUSTFLAGS=--cap-lints=warn" "-e" "RUSTDOCFLAGS=--cap-lints=warn" "-e" "CARGO_HOME=/opt/rustwide/cargo-home" "-e" "RUSTUP_HOME=/opt/rustwide/rustup-home" "-w" "/opt/rustwide/workdir" "-m" "1610612736" "--user" "0:0" "--network" "none" "ghcr.io/rust-lang/crates-build-env/linux@sha256:2788e3201cd34a07e3172128adcd8b3090168a8e3bcc40d7c032b9dda1df7d1c" "/opt/rustwide/cargo-home/bin/cargo" "+1.75.0" "build" "--frozen" "--message-format=json", kill_on_drop: false }`
[INFO] [stdout] a6a694b55f7315b589213d0993a3d200f05a74968dcfbeff4c2e6302529b75cf
[INFO] running `Command { std: "docker" "start" "-a" "a6a694b55f7315b589213d0993a3d200f05a74968dcfbeff4c2e6302529b75cf", kill_on_drop: false }`
[INFO] [stderr]    Compiling proc-macro2 v1.0.50
[INFO] [stderr]    Compiling syn v1.0.107
[INFO] [stderr]    Compiling libc v0.2.139
[INFO] [stderr]    Compiling value-bag v1.0.0-alpha.9
[INFO] [stderr]    Compiling memchr v2.5.0
[INFO] [stderr]    Compiling log v0.4.17
[INFO] [stderr]    Compiling subtle v2.4.1
[INFO] [stderr]    Compiling pin-project-lite v0.2.9
[INFO] [stderr]    Compiling bytes v1.3.0
[INFO] [stderr]    Compiling futures-core v0.3.25
[INFO] [stderr]    Compiling digest v0.10.6
[INFO] [stderr]    Compiling slab v0.4.7
[INFO] [stderr]    Compiling once_cell v1.17.0
[INFO] [stderr]    Compiling futures-io v0.3.25
[INFO] [stderr]    Compiling serde v1.0.152
[INFO] [stderr]    Compiling futures-channel v0.3.25
[INFO] [stderr]    Compiling futures-sink v0.3.25
[INFO] [stderr]    Compiling quote v1.0.23
[INFO] [stderr]    Compiling getrandom v0.2.8
[INFO] [stderr]    Compiling num_cpus v1.15.0
[INFO] [stderr]    Compiling futures-task v0.3.25
[INFO] [stderr]    Compiling futures-util v0.3.25
[INFO] [stderr]    Compiling base64ct v1.5.3
[INFO] [stderr]    Compiling rand_core v0.6.4
[INFO] [stderr]    Compiling rustc-hex v2.1.0
[INFO] [stderr]    Compiling parking_lot_core v0.9.6
[INFO] [stderr]    Compiling crunchy v0.2.2
[INFO] [stderr]    Compiling zeroize v1.5.7
[INFO] [stderr]    Compiling lock_api v0.4.9
[INFO] [stderr]    Compiling signal-hook-registry v1.4.0
[INFO] [stderr]    Compiling rand_chacha v0.3.1
[INFO] [stderr]    Compiling socket2 v0.4.7
[INFO] [stderr]    Compiling scopeguard v1.1.0
[INFO] [stderr]    Compiling static_assertions v1.1.0
[INFO] [stderr]    Compiling rand v0.8.5
[INFO] [stderr]    Compiling smallvec v1.10.0
[INFO] [stderr]    Compiling tokio v1.25.0
[INFO] [stderr]    Compiling const-oid v0.9.1
[INFO] [stderr]    Compiling pkg-config v0.3.26
[INFO] [stderr]    Compiling cc v1.0.79
[INFO] [stderr]    Compiling parking_lot v0.12.1
[INFO] [stderr]    Compiling der v0.6.1
[INFO] [stderr]    Compiling rlp v0.5.2
[INFO] [stderr]    Compiling hmac v0.12.1
[INFO] [stderr]    Compiling strsim v0.10.0
[INFO] [stderr]    Compiling tiny-keccak v2.0.2
[INFO] [stderr]    Compiling ident_case v1.0.1
[INFO] [stderr]    Compiling crypto-bigint v0.4.9
[INFO] [stderr]    Compiling ff v0.12.1
[INFO] [stderr]    Compiling sha2 v0.10.6
[INFO] [stderr]    Compiling http v0.2.8
[INFO] [stderr]    Compiling aho-corasick v0.7.20
[INFO] [stderr]    Compiling num-bigint v0.4.3
[INFO] [stderr]    Compiling spki v0.6.0
[INFO] [stderr]    Compiling serde_json v1.0.91
[INFO] [stderr]    Compiling openssl-sys v0.9.80
[INFO] [stderr]    Compiling pkcs8 v0.9.0
[INFO] [stderr]    Compiling httparse v1.8.0
[INFO] [stderr]    Compiling base16ct v0.1.1
[INFO] [stderr]    Compiling tinyvec_macros v0.1.0
[INFO] [stderr]    Compiling regex-syntax v0.6.28
[INFO] [stderr]    Compiling sec1 v0.3.0
[INFO] [stderr]    Compiling tinyvec v1.6.0
[INFO] [stderr]    Compiling group v0.12.1
[INFO] [stderr]    Compiling impl-rlp v0.3.0
[INFO] [stderr]    Compiling ethers-impl-rlp v0.3.0
[INFO] [stderr]    Compiling ethers-uint-rs v0.9.5
[INFO] [stderr]    Compiling ethers-fixed-hash v0.8.0
[INFO] [stderr]    Compiling fixed-hash v0.8.0
[INFO] [stderr]    Compiling password-hash v0.4.2
[INFO] [stderr]    Compiling tracing-core v0.1.30
[INFO] [stderr]    Compiling inout v0.1.3
[INFO] [stderr]    Compiling num-iter v0.1.43
[INFO] [stderr]    Compiling num-rational v0.4.1
[INFO] [stderr]    Compiling openssl v0.10.45
[INFO] [stderr]    Compiling anyhow v1.0.68
[INFO] [stderr]    Compiling keccak v0.1.3
[INFO] [stderr]    Compiling foreign-types-shared v0.1.1
[INFO] [stderr]    Compiling percent-encoding v2.2.0
[INFO] [stderr]    Compiling foreign-types v0.3.2
[INFO] [stderr]    Compiling form_urlencoded v1.1.0
[INFO] [stderr]    Compiling sha3 v0.10.6
[INFO] [stderr]    Compiling unicode-normalization v0.1.22
[INFO] [stderr]    Compiling pbkdf2 v0.11.0
[INFO] [stderr]    Compiling tracing v0.1.37
[INFO] [stderr]    Compiling cipher v0.4.3
[INFO] [stderr]    Compiling indexmap v1.9.2
[INFO] [stderr]    Compiling darling_core v0.14.2
[INFO] [stderr]    Compiling elliptic-curve v0.12.3
[INFO] [stderr]    Compiling rfc6979 v0.3.1
[INFO] [stderr]    Compiling regex v1.7.1
[INFO] [stderr]    Compiling signature v2.0.0
[INFO] [stderr]    Compiling hashbrown v0.12.3
[INFO] [stderr]    Compiling native-tls v0.2.11
[INFO] [stderr]    Compiling unicode-bidi v0.3.10
[INFO] [stderr]    Compiling idna v0.3.0
[INFO] [stderr]    Compiling ecdsa v0.15.1
[INFO] [stderr]    Compiling uint v0.9.5
[INFO] [stderr]    Compiling num-complex v0.4.3
[INFO] [stderr]    Compiling openssl-probe v0.1.5
[INFO] [stderr]    Compiling try-lock v0.2.4
[INFO] [stderr]    Compiling crossbeam-utils v0.8.14
[INFO] [stderr]    Compiling k256 v0.12.0
[INFO] [stderr]    Compiling url v2.3.1
[INFO] [stderr]    Compiling ethers-hash-rs v0.1.0
[INFO] [stderr]    Compiling num v0.4.0
[INFO] [stderr]    Compiling http-body v0.4.5
[INFO] [stderr]    Compiling polling v2.5.2
[INFO] [stderr]    Compiling parking v2.0.0
[INFO] [stderr]    Compiling encoding_rs v0.8.31
[INFO] [stderr]    Compiling httpdate v1.0.2
[INFO] [stderr]    Compiling fastrand v1.8.0
[INFO] [stderr]    Compiling waker-fn v1.1.0
[INFO] [stderr]    Compiling ctor v0.1.26
[INFO] [stderr]    Compiling serde_derive v1.0.152
[INFO] [stderr]    Compiling futures-macro v0.3.25
[INFO] [stderr]    Compiling thiserror-impl v1.0.38
[INFO] [stderr]    Compiling tokio-macros v1.8.2
[INFO] [stderr]    Compiling darling_macro v0.14.2
[INFO] [stderr]    Compiling openssl-macros v0.1.0
[INFO] [stderr]    Compiling tower-service v0.3.2
[INFO] [stderr]    Compiling futures-lite v1.12.0
[INFO] [stderr]    Compiling darling v0.14.2
[INFO] [stderr]    Compiling mio v0.8.5
[INFO] [stderr]    Compiling async-timer-rs v0.1.0
[INFO] [stderr]    Compiling serde_with_macros v2.2.0
[INFO] [stderr]    Compiling want v0.3.0
[INFO] [stderr]    Compiling salsa20 v0.10.2
[INFO] [stderr]    Compiling sha1 v0.10.5
[INFO] [stderr]    Compiling thiserror v1.0.38
[INFO] [stderr]    Compiling async-io v1.12.0
[INFO] [stderr]    Compiling quick-error v1.2.3
[INFO] [stderr]    Compiling base64 v0.13.1
[INFO] [stderr]    Compiling either v1.8.1
[INFO] [stderr]    Compiling signal-hook v0.3.14
[INFO] [stderr]    Compiling event-listener v2.5.3
[INFO] [stderr]    Compiling utf-8 v0.7.6
[INFO] [stderr]    Compiling async-lock v2.6.0
[INFO] [stderr]    Compiling tungstenite v0.18.0
[INFO] [stderr]    Compiling humantime v1.3.0
[INFO] [stderr]    Compiling concurrent-queue v2.1.0
[INFO] [stderr]    Compiling scrypt v0.10.0
[INFO] [stderr]    Compiling aes v0.8.2
[INFO] [stderr]    Compiling ctr v0.9.2
[INFO] [stderr]    Compiling atty v0.2.14
[INFO] [stderr]    Compiling async-process v1.6.0
[INFO] [stderr]    Compiling mime v0.3.16
[INFO] [stderr]    Compiling futures-executor v0.3.25
[INFO] [stderr]    Compiling async-trait v0.1.63
[INFO] [stderr]    Compiling futures v0.3.25
[INFO] [stderr]    Compiling completeq-rs v0.1.1
[INFO] [stderr]    Compiling ipnet v2.7.1
[INFO] [stderr]    Compiling base64 v0.21.0
[INFO] [stderr]    Compiling env_logger v0.7.1
[INFO] [stderr]    Compiling pretty_env_logger v0.4.0
[INFO] [stderr]    Compiling tokio-util v0.7.4
[INFO] [stderr]    Compiling tokio-native-tls v0.3.0
[INFO] [stderr]    Compiling tokio-socks v0.5.1
[INFO] [stderr]    Compiling h2 v0.3.15
[INFO] [stderr]    Compiling tokio-tungstenite v0.18.0
[INFO] [stderr]    Compiling colorable v0.1.4
[INFO] [stderr]    Compiling impl-serde v0.4.0
[INFO] [stderr]    Compiling ethers-impl-serde v0.4.0
[INFO] [stderr]    Compiling serde_with v2.2.0
[INFO] [stderr]    Compiling uuid v1.2.2
[INFO] [stderr]    Compiling serde_urlencoded v0.7.1
[INFO] [stderr]    Compiling ethers-primitive-types-rs v0.12.1
[INFO] [stderr]    Compiling ethbloom v0.13.0
[INFO] [stderr]    Compiling jsonrpc-rs v0.1.6
[INFO] [stderr]    Compiling ethers-ethereum-types v0.14.1
[INFO] [stderr]    Compiling hyper v0.14.23
[INFO] [stderr]    Compiling ethers-abi v18.0.0
[INFO] [stderr]    Compiling ethers-types-rs v0.1.0
[INFO] [stderr]    Compiling hyper-tls v0.5.0
[INFO] [stderr]    Compiling ethers-wallet-rs v0.1.0
[INFO] [stderr]    Compiling reqwest v0.11.14
[INFO] [stderr]    Compiling ethers-signer-rs v0.1.0
[INFO] [stderr]    Compiling ethers-providers-rs v0.1.0
[INFO] [stderr]    Compiling ethers-hardhat-rs v0.1.0 (/opt/rustwide/workdir)
[INFO] [stderr]     Finished dev [unoptimized + debuginfo] target(s) in 44.25s
[INFO] running `Command { std: "docker" "inspect" "a6a694b55f7315b589213d0993a3d200f05a74968dcfbeff4c2e6302529b75cf", kill_on_drop: false }`
[INFO] running `Command { std: "docker" "rm" "-f" "a6a694b55f7315b589213d0993a3d200f05a74968dcfbeff4c2e6302529b75cf", kill_on_drop: false }`
[INFO] [stdout] a6a694b55f7315b589213d0993a3d200f05a74968dcfbeff4c2e6302529b75cf
[INFO] running `Command { std: "docker" "create" "-v" "/var/lib/crater-agent-workspace/builds/worker-5-tc1/target:/opt/rustwide/target:rw,Z" "-v" "/var/lib/crater-agent-workspace/builds/worker-5-tc1/source:/opt/rustwide/workdir:ro,Z" "-v" "/var/lib/crater-agent-workspace/cargo-home:/opt/rustwide/cargo-home:ro,Z" "-v" "/var/lib/crater-agent-workspace/rustup-home:/opt/rustwide/rustup-home:ro,Z" "-e" "SOURCE_DIR=/opt/rustwide/workdir" "-e" "CARGO_TARGET_DIR=/opt/rustwide/target" "-e" "CARGO_INCREMENTAL=0" "-e" "RUST_BACKTRACE=full" "-e" "RUSTFLAGS=--cap-lints=warn" "-e" "RUSTDOCFLAGS=--cap-lints=warn" "-e" "CARGO_HOME=/opt/rustwide/cargo-home" "-e" "RUSTUP_HOME=/opt/rustwide/rustup-home" "-w" "/opt/rustwide/workdir" "-m" "1610612736" "--user" "0:0" "--network" "none" "ghcr.io/rust-lang/crates-build-env/linux@sha256:2788e3201cd34a07e3172128adcd8b3090168a8e3bcc40d7c032b9dda1df7d1c" "/opt/rustwide/cargo-home/bin/cargo" "+1.75.0" "test" "--frozen" "--no-run" "--message-format=json", kill_on_drop: false }`
[INFO] [stdout] 89b7dbe0728af3e9953cbab7f9f09d1fba7918de3623a1bad835798a5a673b46
[INFO] running `Command { std: "docker" "start" "-a" "89b7dbe0728af3e9953cbab7f9f09d1fba7918de3623a1bad835798a5a673b46", kill_on_drop: false }`
[INFO] [stderr]    Compiling memoffset v0.7.1
[INFO] [stderr]    Compiling crossbeam-epoch v0.9.13
[INFO] [stderr]    Compiling async-task v4.3.0
[INFO] [stderr]    Compiling rayon-core v1.10.2
[INFO] [stderr]    Compiling async-channel v1.8.0
[INFO] [stderr]    Compiling crossbeam-channel v0.5.6
[INFO] [stderr]    Compiling atomic-waker v1.1.0
[INFO] [stderr]    Compiling half v1.8.2
[INFO] [stderr]    Compiling ciborium-io v0.2.0
[INFO] [stderr]    Compiling os_str_bytes v6.4.1
[INFO] [stderr]    Compiling plotters-backend v0.3.4
[INFO] [stderr]    Compiling async-executor v1.5.0
[INFO] [stderr]    Compiling blocking v1.3.0
[INFO] [stderr]    Compiling ciborium-ll v0.2.0
[INFO] [stderr]    Compiling itertools v0.10.5
[INFO] [stderr]    Compiling plotters-svg v0.3.3
[INFO] [stderr]    Compiling clap_lex v0.2.4
[INFO] [stderr]    Compiling cast v0.3.0
[INFO] [stderr]    Compiling crossbeam-deque v0.8.2
[INFO] [stderr]    Compiling textwrap v0.16.0
[INFO] [stderr]    Compiling walkdir v2.3.2
[INFO] [stderr]    Compiling plotters v0.3.4
[INFO] [stderr]    Compiling ciborium v0.2.0
[INFO] [stderr]    Compiling clap v3.2.23
[INFO] [stderr]    Compiling async-global-executor v2.3.1
[INFO] [stderr]    Compiling tinytemplate v1.2.1
[INFO] [stderr]    Compiling kv-log-macro v1.0.7
[INFO] [stderr]    Compiling async-attributes v1.1.2
[INFO] [stderr]    Compiling oorandom v11.1.3
[INFO] [stderr]    Compiling rayon v1.6.1
[INFO] [stderr]    Compiling criterion-plot v0.5.0
[INFO] [stderr]    Compiling anes v0.1.6
[INFO] [stderr]    Compiling dotenv v0.15.0
[INFO] [stderr]    Compiling async-std v1.12.0
[INFO] [stderr]    Compiling criterion v0.4.0
[INFO] [stderr]    Compiling ethers-hardhat-rs v0.1.0 (/opt/rustwide/workdir)
[INFO] [stderr]     Finished test [unoptimized + debuginfo] target(s) in 15.48s
[INFO] running `Command { std: "docker" "inspect" "89b7dbe0728af3e9953cbab7f9f09d1fba7918de3623a1bad835798a5a673b46", kill_on_drop: false }`
[INFO] running `Command { std: "docker" "rm" "-f" "89b7dbe0728af3e9953cbab7f9f09d1fba7918de3623a1bad835798a5a673b46", kill_on_drop: false }`
[INFO] [stdout] 89b7dbe0728af3e9953cbab7f9f09d1fba7918de3623a1bad835798a5a673b46
[INFO] running `Command { std: "docker" "create" "-v" "/var/lib/crater-agent-workspace/builds/worker-5-tc1/target:/opt/rustwide/target:rw,Z" "-v" "/var/lib/crater-agent-workspace/builds/worker-5-tc1/source:/opt/rustwide/workdir:ro,Z" "-v" "/var/lib/crater-agent-workspace/cargo-home:/opt/rustwide/cargo-home:ro,Z" "-v" "/var/lib/crater-agent-workspace/rustup-home:/opt/rustwide/rustup-home:ro,Z" "-e" "SOURCE_DIR=/opt/rustwide/workdir" "-e" "CARGO_TARGET_DIR=/opt/rustwide/target" "-e" "CARGO_INCREMENTAL=0" "-e" "RUST_BACKTRACE=full" "-e" "RUSTFLAGS=--cap-lints=warn" "-e" "RUSTDOCFLAGS=--cap-lints=warn" "-e" "CARGO_HOME=/opt/rustwide/cargo-home" "-e" "RUSTUP_HOME=/opt/rustwide/rustup-home" "-w" "/opt/rustwide/workdir" "-m" "1610612736" "--user" "0:0" "--network" "none" "ghcr.io/rust-lang/crates-build-env/linux@sha256:2788e3201cd34a07e3172128adcd8b3090168a8e3bcc40d7c032b9dda1df7d1c" "/opt/rustwide/cargo-home/bin/cargo" "+1.75.0" "test" "--frozen", kill_on_drop: false }`
[INFO] [stdout] cad51b3ac9ade02a0b645e6e527a9f5b8db6a19b06ad6a4388f205ff3acee398
[INFO] running `Command { std: "docker" "start" "-a" "cad51b3ac9ade02a0b645e6e527a9f5b8db6a19b06ad6a4388f205ff3acee398", kill_on_drop: false }`
[INFO] [stderr]     Finished test [unoptimized + debuginfo] target(s) in 0.24s
[INFO] [stderr]      Running unittests src/lib.rs (/opt/rustwide/target/debug/deps/ethers_hardhat_rs-4be085bea018b44f)
[INFO] [stdout] 
[INFO] [stdout] running 3 tests
[INFO] [stdout] test utils::tests::test_manifest_dir ... ok
[INFO] [stdout] test cmds::tests::test_start_network ... FAILED
[INFO] [stdout] test cmds::tests::test_create_new_project ... FAILED
[INFO] [stdout] 
[INFO] [stdout] failures:
[INFO] [stdout] 
[INFO] [stdout] ---- cmds::tests::test_start_network stdout ----
[INFO] [stdout] thread 'cmds::tests::test_start_network' panicked at src/cmds.rs:150:31:
[INFO] [stdout] Start hardhat network: Nodejs env not found
[INFO] [stdout] stack backtrace:
[INFO] [stdout]    0:     0x55a411ee6f9c - std::backtrace_rs::backtrace::libunwind::trace::ha637c64ce894333a
[INFO] [stdout]                                at /rustc/82e1608dfa6e0b5569232559e3d385fea5a93112/library/std/src/../../backtrace/src/backtrace/libunwind.rs:104:5
[INFO] [stdout]    1:     0x55a411ee6f9c - std::backtrace_rs::backtrace::trace_unsynchronized::h47f62dea28e0c88d
[INFO] [stdout]                                at /rustc/82e1608dfa6e0b5569232559e3d385fea5a93112/library/std/src/../../backtrace/src/backtrace/mod.rs:66:5
[INFO] [stdout]    2:     0x55a411ee6f9c - std::sys_common::backtrace::_print_fmt::h9eef0abe20ede486
[INFO] [stdout]                                at /rustc/82e1608dfa6e0b5569232559e3d385fea5a93112/library/std/src/sys_common/backtrace.rs:67:5
[INFO] [stdout]    3:     0x55a411ee6f9c - <std::sys_common::backtrace::_print::DisplayBacktrace as core::fmt::Display>::fmt::hed7f999df88cc644
[INFO] [stdout]                                at /rustc/82e1608dfa6e0b5569232559e3d385fea5a93112/library/std/src/sys_common/backtrace.rs:44:22
[INFO] [stdout]    4:     0x55a411f12a90 - core::fmt::rt::Argument::fmt::h1539a9308b8d058d
[INFO] [stdout]                                at /rustc/82e1608dfa6e0b5569232559e3d385fea5a93112/library/core/src/fmt/rt.rs:142:9
[INFO] [stdout]    5:     0x55a411f12a90 - core::fmt::write::h3a39390d8560d9c9
[INFO] [stdout]                                at /rustc/82e1608dfa6e0b5569232559e3d385fea5a93112/library/core/src/fmt/mod.rs:1120:17
[INFO] [stdout]    6:     0x55a411ee3e6f - std::io::Write::write_fmt::h040b369f3a0f9cbc
[INFO] [stdout]                                at /rustc/82e1608dfa6e0b5569232559e3d385fea5a93112/library/std/src/io/mod.rs:1762:15
[INFO] [stdout]    7:     0x55a411ee6d84 - std::sys_common::backtrace::_print::h894006fb5c6f3d45
[INFO] [stdout]                                at /rustc/82e1608dfa6e0b5569232559e3d385fea5a93112/library/std/src/sys_common/backtrace.rs:47:5
[INFO] [stdout]    8:     0x55a411ee6d84 - std::sys_common::backtrace::print::h23a2d212c6fff936
[INFO] [stdout]                                at /rustc/82e1608dfa6e0b5569232559e3d385fea5a93112/library/std/src/sys_common/backtrace.rs:34:9
[INFO] [stdout]    9:     0x55a411ee8ac7 - std::panicking::default_hook::{{closure}}::h8a1d2ee00185001a
[INFO] [stdout]   10:     0x55a411ee87b3 - std::panicking::default_hook::h6038f2eba384e475
[INFO] [stdout]                                at /rustc/82e1608dfa6e0b5569232559e3d385fea5a93112/library/std/src/panicking.rs:289:9
[INFO] [stdout]   11:     0x55a411c4c107 - <alloc::boxed::Box<F,A> as core::ops::function::Fn<Args>>::call::h0ad024c9bdc6d768
[INFO] [stdout]                                at /rustc/82e1608dfa6e0b5569232559e3d385fea5a93112/library/alloc/src/boxed.rs:2021:9
[INFO] [stdout]   12:     0x55a411c4c107 - test::test_main::{{closure}}::h7500b54257359db6
[INFO] [stdout]                                at /rustc/82e1608dfa6e0b5569232559e3d385fea5a93112/library/test/src/lib.rs:138:21
[INFO] [stdout]   13:     0x55a411ee90d8 - <alloc::boxed::Box<F,A> as core::ops::function::Fn<Args>>::call::h1f8f335eaa9cfaee
[INFO] [stdout]                                at /rustc/82e1608dfa6e0b5569232559e3d385fea5a93112/library/alloc/src/boxed.rs:2021:9
[INFO] [stdout]   14:     0x55a411ee90d8 - std::panicking::rust_panic_with_hook::h2b5517d590cab22e
[INFO] [stdout]                                at /rustc/82e1608dfa6e0b5569232559e3d385fea5a93112/library/std/src/panicking.rs:783:13
[INFO] [stdout]   15:     0x55a411ee8e2e - std::panicking::begin_panic_handler::{{closure}}::h233112c06e0ef43e
[INFO] [stdout]                                at /rustc/82e1608dfa6e0b5569232559e3d385fea5a93112/library/std/src/panicking.rs:657:13
[INFO] [stdout]   16:     0x55a411ee7466 - std::sys_common::backtrace::__rust_end_short_backtrace::h6e893f24d7ebbff8
[INFO] [stdout]                                at /rustc/82e1608dfa6e0b5569232559e3d385fea5a93112/library/std/src/sys_common/backtrace.rs:170:18
[INFO] [stdout]   17:     0x55a411ee8b92 - rust_begin_unwind
[INFO] [stdout]                                at /rustc/82e1608dfa6e0b5569232559e3d385fea5a93112/library/std/src/panicking.rs:645:5
[INFO] [stdout]   18:     0x55a411bfb695 - core::panicking::panic_fmt::hbf0e066aabfa482c
[INFO] [stdout]                                at /rustc/82e1608dfa6e0b5569232559e3d385fea5a93112/library/core/src/panicking.rs:72:14
[INFO] [stdout]   19:     0x55a411bfbc63 - core::result::unwrap_failed::hddb4fea594200c52
[INFO] [stdout]                                at /rustc/82e1608dfa6e0b5569232559e3d385fea5a93112/library/core/src/result.rs:1653:5
[INFO] [stdout]   20:     0x55a411c0d30c - core::result::Result<T,E>::expect::hd8278240a6a65960
[INFO] [stdout]                                at /rustc/82e1608dfa6e0b5569232559e3d385fea5a93112/library/core/src/result.rs:1034:23
[INFO] [stdout]   21:     0x55a411c09be3 - ethers_hardhat_rs::cmds::tests::test_start_network::{{closure}}::hc7c402252c6be80a
[INFO] [stdout]                                at /opt/rustwide/workdir/src/cmds.rs:150:9
[INFO] [stdout]   22:     0x55a411c10752 - <async_std::task::builder::SupportTaskLocals<F> as core::future::future::Future>::poll::{{closure}}::hf68d466de205f68e
[INFO] [stdout]                                at /opt/rustwide/cargo-home/registry/src/index.crates.io-6f17d22bba15001f/async-std-1.12.0/src/task/builder.rs:199:17
[INFO] [stdout]   23:     0x55a411c04a23 - async_std::task::task_locals_wrapper::TaskLocalsWrapper::set_current::{{closure}}::h31d6e2e5b6fa8a4a
[INFO] [stdout]                                at /opt/rustwide/cargo-home/registry/src/index.crates.io-6f17d22bba15001f/async-std-1.12.0/src/task/task_locals_wrapper.rs:60:13
[INFO] [stdout]   24:     0x55a411bfe5be - std::thread::local::LocalKey<T>::try_with::ha6f8abe88b3ffe0b
[INFO] [stdout]                                at /rustc/82e1608dfa6e0b5569232559e3d385fea5a93112/library/std/src/thread/local.rs:270:16
[INFO] [stdout]   25:     0x55a411bfceba - std::thread::local::LocalKey<T>::with::hc089c7fd171a7a30
[INFO] [stdout]                                at /rustc/82e1608dfa6e0b5569232559e3d385fea5a93112/library/std/src/thread/local.rs:246:9
[INFO] [stdout]   26:     0x55a411c04738 - async_std::task::task_locals_wrapper::TaskLocalsWrapper::set_current::h20b6801464f3e8ad
[INFO] [stdout]                                at /opt/rustwide/cargo-home/registry/src/index.crates.io-6f17d22bba15001f/async-std-1.12.0/src/task/task_locals_wrapper.rs:55:9
[INFO] [stdout]   27:     0x55a411c106be - <async_std::task::builder::SupportTaskLocals<F> as core::future::future::Future>::poll::h256c02c43db321a2
[INFO] [stdout]                                at /opt/rustwide/cargo-home/registry/src/index.crates.io-6f17d22bba15001f/async-std-1.12.0/src/task/builder.rs:197:13
[INFO] [stdout]   28:     0x55a411c0e464 - <futures_lite::future::Or<F1,F2> as core::future::future::Future>::poll::h47571c6cea7e9e3c
[INFO] [stdout]                                at /opt/rustwide/cargo-home/registry/src/index.crates.io-6f17d22bba15001f/futures-lite-1.12.0/src/future.rs:526:33
[INFO] [stdout]   29:     0x55a411c11dc9 - async_executor::Executor::run::{{closure}}::h0e8b182cebe596e5
[INFO] [stdout]                                at /opt/rustwide/cargo-home/registry/src/index.crates.io-6f17d22bba15001f/async-executor-1.5.0/src/lib.rs:237:32
[INFO] [stdout]   30:     0x55a411c116c2 - async_executor::LocalExecutor::run::{{closure}}::h0006b7b4b22efb89
[INFO] [stdout]                                at /opt/rustwide/cargo-home/registry/src/index.crates.io-6f17d22bba15001f/async-executor-1.5.0/src/lib.rs:436:34
[INFO] [stdout]   31:     0x55a411c0153c - async_io::driver::block_on::hca0b005250d2620a
[INFO] [stdout]                                at /opt/rustwide/cargo-home/registry/src/index.crates.io-6f17d22bba15001f/async-io-1.12.0/src/driver.rs:146:33
[INFO] [stdout]   32:     0x55a411c0beff - async_global_executor::reactor::block_on::{{closure}}::hcc0cb103f066420f
[INFO] [stdout]                                at /opt/rustwide/cargo-home/registry/src/index.crates.io-6f17d22bba15001f/async-global-executor-2.3.1/src/reactor.rs:3:18
[INFO] [stdout]   33:     0x55a411c0be9f - async_global_executor::reactor::block_on::hfb6a196d67053048
[INFO] [stdout]                                at /opt/rustwide/cargo-home/registry/src/index.crates.io-6f17d22bba15001f/async-global-executor-2.3.1/src/reactor.rs:12:5
[INFO] [stdout]   34:     0x55a411c1321d - async_global_executor::executor::block_on::{{closure}}::h66c53bfbc4b32bf1
[INFO] [stdout]                                at /opt/rustwide/cargo-home/registry/src/index.crates.io-6f17d22bba15001f/async-global-executor-2.3.1/src/executor.rs:26:36
[INFO] [stdout]   35:     0x55a411bfd9c7 - std::thread::local::LocalKey<T>::try_with::h22182514f70b5ff2
[INFO] [stdout]                                at /rustc/82e1608dfa6e0b5569232559e3d385fea5a93112/library/std/src/thread/local.rs:270:16
[INFO] [stdout]   36:     0x55a411bfd04a - std::thread::local::LocalKey<T>::with::hd20ca1909981099b
[INFO] [stdout]                                at /rustc/82e1608dfa6e0b5569232559e3d385fea5a93112/library/std/src/thread/local.rs:246:9
[INFO] [stdout]   37:     0x55a411c13166 - async_global_executor::executor::block_on::h548039b92e06bb75
[INFO] [stdout]                                at /opt/rustwide/cargo-home/registry/src/index.crates.io-6f17d22bba15001f/async-global-executor-2.3.1/src/executor.rs:26:5
[INFO] [stdout]   38:     0x55a411c15a10 - async_std::task::builder::Builder::blocking::{{closure}}::{{closure}}::hea1796fc655847dd
[INFO] [stdout]                                at /opt/rustwide/cargo-home/registry/src/index.crates.io-6f17d22bba15001f/async-std-1.12.0/src/task/builder.rs:171:25
[INFO] [stdout]   39:     0x55a411c048ff - async_std::task::task_locals_wrapper::TaskLocalsWrapper::set_current::{{closure}}::h0917767be4a7a950
[INFO] [stdout]                                at /opt/rustwide/cargo-home/registry/src/index.crates.io-6f17d22bba15001f/async-std-1.12.0/src/task/task_locals_wrapper.rs:60:13
[INFO] [stdout]   40:     0x55a411bfe085 - std::thread::local::LocalKey<T>::try_with::h450b9ee0ce298e9f
[INFO] [stdout]                                at /rustc/82e1608dfa6e0b5569232559e3d385fea5a93112/library/std/src/thread/local.rs:270:16
[INFO] [stdout]   41:     0x55a411bfcd5a - std::thread::local::LocalKey<T>::with::h709dff6afda25563
[INFO] [stdout]                                at /rustc/82e1608dfa6e0b5569232559e3d385fea5a93112/library/std/src/thread/local.rs:246:9
[INFO] [stdout]   42:     0x55a411c04817 - async_std::task::task_locals_wrapper::TaskLocalsWrapper::set_current::h926e0c76f2151f58
[INFO] [stdout]                                at /opt/rustwide/cargo-home/registry/src/index.crates.io-6f17d22bba15001f/async-std-1.12.0/src/task/task_locals_wrapper.rs:55:9
[INFO] [stdout]   43:     0x55a411c156f6 - async_std::task::builder::Builder::blocking::{{closure}}::h1fb7a768bd33e85d
[INFO] [stdout]                                at /opt/rustwide/cargo-home/registry/src/index.crates.io-6f17d22bba15001f/async-std-1.12.0/src/task/builder.rs:168:17
[INFO] [stdout]   44:     0x55a411bfeb47 - std::thread::local::LocalKey<T>::try_with::hc0ab283f1133cc22
[INFO] [stdout]                                at /rustc/82e1608dfa6e0b5569232559e3d385fea5a93112/library/std/src/thread/local.rs:270:16
[INFO] [stdout]   45:     0x55a411bfccea - std::thread::local::LocalKey<T>::with::h3b8d1131de5d2c44
[INFO] [stdout]                                at /rustc/82e1608dfa6e0b5569232559e3d385fea5a93112/library/std/src/thread/local.rs:246:9
[INFO] [stdout]   46:     0x55a411c153a8 - async_std::task::builder::Builder::blocking::he6faee3f02d2fa22
[INFO] [stdout]                                at /opt/rustwide/cargo-home/registry/src/index.crates.io-6f17d22bba15001f/async-std-1.12.0/src/task/builder.rs:161:9
[INFO] [stdout]   47:     0x55a411c15bde - async_std::task::block_on::block_on::he14748b31c1bf3bc
[INFO] [stdout]                                at /opt/rustwide/cargo-home/registry/src/index.crates.io-6f17d22bba15001f/async-std-1.12.0/src/task/block_on.rs:33:5
[INFO] [stdout]   48:     0x55a411c09919 - ethers_hardhat_rs::cmds::tests::test_start_network::haed7b4d37db2b975
[INFO] [stdout]                                at /opt/rustwide/workdir/src/cmds.rs:141:5
[INFO] [stdout]   49:     0x55a411c098e7 - ethers_hardhat_rs::cmds::tests::test_start_network::{{closure}}::h1e5741b8a2118ce7
[INFO] [stdout]                                at /opt/rustwide/workdir/src/cmds.rs:141:23
[INFO] [stdout]   50:     0x55a411c16026 - core::ops::function::FnOnce::call_once::h9b8572f0c3cfb003
[INFO] [stdout]                                at /rustc/82e1608dfa6e0b5569232559e3d385fea5a93112/library/core/src/ops/function.rs:250:5
[INFO] [stdout]   51:     0x55a411c5175f - core::ops::function::FnOnce::call_once::h2b5d431d5046312d
[INFO] [stdout]                                at /rustc/82e1608dfa6e0b5569232559e3d385fea5a93112/library/core/src/ops/function.rs:250:5
[INFO] [stdout]   52:     0x55a411c5175f - test::__rust_begin_short_backtrace::h7714669af176e207
[INFO] [stdout]                                at /rustc/82e1608dfa6e0b5569232559e3d385fea5a93112/library/test/src/lib.rs:628:18
[INFO] [stdout]   53:     0x55a411c50775 - test::run_test_in_process::{{closure}}::h85218797dcbcec12
[INFO] [stdout]                                at /rustc/82e1608dfa6e0b5569232559e3d385fea5a93112/library/test/src/lib.rs:651:60
[INFO] [stdout]   54:     0x55a411c50775 - <core::panic::unwind_safe::AssertUnwindSafe<F> as core::ops::function::FnOnce<()>>::call_once::h76c106ea31c14d7b
[INFO] [stdout]                                at /rustc/82e1608dfa6e0b5569232559e3d385fea5a93112/library/core/src/panic/unwind_safe.rs:272:9
[INFO] [stdout]   55:     0x55a411c50775 - std::panicking::try::do_call::h3bd5d0f6620ee946
[INFO] [stdout]                                at /rustc/82e1608dfa6e0b5569232559e3d385fea5a93112/library/std/src/panicking.rs:552:40
[INFO] [stdout]   56:     0x55a411c50775 - std::panicking::try::h232e535e4744fe31
[INFO] [stdout]                                at /rustc/82e1608dfa6e0b5569232559e3d385fea5a93112/library/std/src/panicking.rs:516:19
[INFO] [stdout]   57:     0x55a411c50775 - std::panic::catch_unwind::h3ce3bd6ca8dbac68
[INFO] [stdout]                                at /rustc/82e1608dfa6e0b5569232559e3d385fea5a93112/library/std/src/panic.rs:142:14
[INFO] [stdout]   58:     0x55a411c50775 - test::run_test_in_process::hc97b257c9621286a
[INFO] [stdout]                                at /rustc/82e1608dfa6e0b5569232559e3d385fea5a93112/library/test/src/lib.rs:651:27
[INFO] [stdout]   59:     0x55a411c50775 - test::run_test::{{closure}}::h2aa798823a438d38
[INFO] [stdout]                                at /rustc/82e1608dfa6e0b5569232559e3d385fea5a93112/library/test/src/lib.rs:574:43
[INFO] [stdout]   60:     0x55a411c18a36 - test::run_test::{{closure}}::h87d231c78fb59832
[INFO] [stdout]                                at /rustc/82e1608dfa6e0b5569232559e3d385fea5a93112/library/test/src/lib.rs:602:41
[INFO] [stdout]   61:     0x55a411c18a36 - std::sys_common::backtrace::__rust_begin_short_backtrace::he6df152596625789
[INFO] [stdout]                                at /rustc/82e1608dfa6e0b5569232559e3d385fea5a93112/library/std/src/sys_common/backtrace.rs:154:18
[INFO] [stdout]   62:     0x55a411c1dae7 - std::thread::Builder::spawn_unchecked_::{{closure}}::{{closure}}::ha94be15d1e0acf36
[INFO] [stdout]                                at /rustc/82e1608dfa6e0b5569232559e3d385fea5a93112/library/std/src/thread/mod.rs:529:17
[INFO] [stdout]   63:     0x55a411c1dae7 - <core::panic::unwind_safe::AssertUnwindSafe<F> as core::ops::function::FnOnce<()>>::call_once::h9dc6bd6372f16606
[INFO] [stdout]                                at /rustc/82e1608dfa6e0b5569232559e3d385fea5a93112/library/core/src/panic/unwind_safe.rs:272:9
[INFO] [stdout]   64:     0x55a411c1dae7 - std::panicking::try::do_call::h9057517f80303cd4
[INFO] [stdout]                                at /rustc/82e1608dfa6e0b5569232559e3d385fea5a93112/library/std/src/panicking.rs:552:40
[INFO] [stdout]   65:     0x55a411c1dae7 - std::panicking::try::he3a30b11ee45340c
[INFO] [stdout]                                at /rustc/82e1608dfa6e0b5569232559e3d385fea5a93112/library/std/src/panicking.rs:516:19
[INFO] [stdout]   66:     0x55a411c1dae7 - std::panic::catch_unwind::h410458cfd3528b8b
[INFO] [stdout]                                at /rustc/82e1608dfa6e0b5569232559e3d385fea5a93112/library/std/src/panic.rs:142:14
[INFO] [stdout]   67:     0x55a411c1dae7 - std::thread::Builder::spawn_unchecked_::{{closure}}::h72ac3bdb567b737b
[INFO] [stdout]                                at /rustc/82e1608dfa6e0b5569232559e3d385fea5a93112/library/std/src/thread/mod.rs:528:30
[INFO] [stdout]   68:     0x55a411c1dae7 - core::ops::function::FnOnce::call_once{{vtable.shim}}::h38f34da3654a8344
[INFO] [stdout]                                at /rustc/82e1608dfa6e0b5569232559e3d385fea5a93112/library/core/src/ops/function.rs:250:5
[INFO] [stdout]   69:     0x55a411eef085 - <alloc::boxed::Box<F,A> as core::ops::function::FnOnce<Args>>::call_once::hc7eafaff61e32df9
[INFO] [stdout]                                at /rustc/82e1608dfa6e0b5569232559e3d385fea5a93112/library/alloc/src/boxed.rs:2007:9
[INFO] [stdout]   70:     0x55a411eef085 - <alloc::boxed::Box<F,A> as core::ops::function::FnOnce<Args>>::call_once::h6ba4a5de48dd2304
[INFO] [stdout]                                at /rustc/82e1608dfa6e0b5569232559e3d385fea5a93112/library/alloc/src/boxed.rs:2007:9
[INFO] [stdout]   71:     0x55a411eef085 - std::sys::unix::thread::Thread::new::thread_start::he469335aef763e45
[INFO] [stdout]                                at /rustc/82e1608dfa6e0b5569232559e3d385fea5a93112/library/std/src/sys/unix/thread.rs:108:17
[INFO] [stdout]   72:     0x7fbfad34bac3 - <unknown>
[INFO] [stdout]   73:     0x7fbfad3dcbf4 - __clone
[INFO] [stdout]   74:                0x0 - <unknown>
[INFO] [stdout] 
[INFO] [stdout] ---- cmds::tests::test_create_new_project stdout ----
[INFO] [stdout] thread 'cmds::tests::test_create_new_project' panicked at src/cmds.rs:158:43:
[INFO] [stdout] Create default hardhat new project command: Read-only file system (os error 30)
[INFO] [stdout] stack backtrace:
[INFO] [stdout]    0:     0x55a411ee6f9c - std::backtrace_rs::backtrace::libunwind::trace::ha637c64ce894333a
[INFO] [stdout]                                at /rustc/82e1608dfa6e0b5569232559e3d385fea5a93112/library/std/src/../../backtrace/src/backtrace/libunwind.rs:104:5
[INFO] [stdout]    1:     0x55a411ee6f9c - std::backtrace_rs::backtrace::trace_unsynchronized::h47f62dea28e0c88d
[INFO] [stdout]                                at /rustc/82e1608dfa6e0b5569232559e3d385fea5a93112/library/std/src/../../backtrace/src/backtrace/mod.rs:66:5
[INFO] [stdout]    2:     0x55a411ee6f9c - std::sys_common::backtrace::_print_fmt::h9eef0abe20ede486
[INFO] [stdout]                                at /rustc/82e1608dfa6e0b5569232559e3d385fea5a93112/library/std/src/sys_common/backtrace.rs:67:5
[INFO] [stdout]    3:     0x55a411ee6f9c - <std::sys_common::backtrace::_print::DisplayBacktrace as core::fmt::Display>::fmt::hed7f999df88cc644
[INFO] [stdout]                                at /rustc/82e1608dfa6e0b5569232559e3d385fea5a93112/library/std/src/sys_common/backtrace.rs:44:22
[INFO] [stdout]    4:     0x55a411f12a90 - core::fmt::rt::Argument::fmt::h1539a9308b8d058d
[INFO] [stdout]                                at /rustc/82e1608dfa6e0b5569232559e3d385fea5a93112/library/core/src/fmt/rt.rs:142:9
[INFO] [stdout]    5:     0x55a411f12a90 - core::fmt::write::h3a39390d8560d9c9
[INFO] [stdout]                                at /rustc/82e1608dfa6e0b5569232559e3d385fea5a93112/library/core/src/fmt/mod.rs:1120:17
[INFO] [stdout]    6:     0x55a411ee3e6f - std::io::Write::write_fmt::h040b369f3a0f9cbc
[INFO] [stdout]                                at /rustc/82e1608dfa6e0b5569232559e3d385fea5a93112/library/std/src/io/mod.rs:1762:15
[INFO] [stdout]    7:     0x55a411ee6d84 - std::sys_common::backtrace::_print::h894006fb5c6f3d45
[INFO] [stdout]                                at /rustc/82e1608dfa6e0b5569232559e3d385fea5a93112/library/std/src/sys_common/backtrace.rs:47:5
[INFO] [stdout]    8:     0x55a411ee6d84 - std::sys_common::backtrace::print::h23a2d212c6fff936
[INFO] [stdout]                                at /rustc/82e1608dfa6e0b5569232559e3d385fea5a93112/library/std/src/sys_common/backtrace.rs:34:9
[INFO] [stdout]    9:     0x55a411ee8ac7 - std::panicking::default_hook::{{closure}}::h8a1d2ee00185001a
[INFO] [stdout]   10:     0x55a411ee87b3 - std::panicking::default_hook::h6038f2eba384e475
[INFO] [stdout]                                at /rustc/82e1608dfa6e0b5569232559e3d385fea5a93112/library/std/src/panicking.rs:289:9
[INFO] [stdout]   11:     0x55a411c4c107 - <alloc::boxed::Box<F,A> as core::ops::function::Fn<Args>>::call::h0ad024c9bdc6d768
[INFO] [stdout]                                at /rustc/82e1608dfa6e0b5569232559e3d385fea5a93112/library/alloc/src/boxed.rs:2021:9
[INFO] [stdout]   12:     0x55a411c4c107 - test::test_main::{{closure}}::h7500b54257359db6
[INFO] [stdout]                                at /rustc/82e1608dfa6e0b5569232559e3d385fea5a93112/library/test/src/lib.rs:138:21
[INFO] [stdout]   13:     0x55a411ee90d8 - <alloc::boxed::Box<F,A> as core::ops::function::Fn<Args>>::call::h1f8f335eaa9cfaee
[INFO] [stdout]                                at /rustc/82e1608dfa6e0b5569232559e3d385fea5a93112/library/alloc/src/boxed.rs:2021:9
[INFO] [stdout]   14:     0x55a411ee90d8 - std::panicking::rust_panic_with_hook::h2b5517d590cab22e
[INFO] [stdout]                                at /rustc/82e1608dfa6e0b5569232559e3d385fea5a93112/library/std/src/panicking.rs:783:13
[INFO] [stdout]   15:     0x55a411ee8e2e - std::panicking::begin_panic_handler::{{closure}}::h233112c06e0ef43e
[INFO] [stdout]                                at /rustc/82e1608dfa6e0b5569232559e3d385fea5a93112/library/std/src/panicking.rs:657:13
[INFO] [stdout]   16:     0x55a411ee7466 - std::sys_common::backtrace::__rust_end_short_backtrace::h6e893f24d7ebbff8
[INFO] [stdout]                                at /rustc/82e1608dfa6e0b5569232559e3d385fea5a93112/library/std/src/sys_common/backtrace.rs:170:18
[INFO] [stdout]   17:     0x55a411ee8b92 - rust_begin_unwind
[INFO] [stdout]                                at /rustc/82e1608dfa6e0b5569232559e3d385fea5a93112/library/std/src/panicking.rs:645:5
[INFO] [stdout]   18:     0x55a411bfb695 - core::panicking::panic_fmt::hbf0e066aabfa482c
[INFO] [stdout]                                at /rustc/82e1608dfa6e0b5569232559e3d385fea5a93112/library/core/src/panicking.rs:72:14
[INFO] [stdout]   19:     0x55a411bfbc63 - core::result::unwrap_failed::hddb4fea594200c52
[INFO] [stdout]                                at /rustc/82e1608dfa6e0b5569232559e3d385fea5a93112/library/core/src/result.rs:1653:5
[INFO] [stdout]   20:     0x55a411c0d24e - core::result::Result<T,E>::expect::hd4d0bcdd965210c5
[INFO] [stdout]                                at /rustc/82e1608dfa6e0b5569232559e3d385fea5a93112/library/core/src/result.rs:1034:23
[INFO] [stdout]   21:     0x55a411c09d72 - ethers_hardhat_rs::cmds::tests::test_create_new_project::{{closure}}::h67b7837e2e04f068
[INFO] [stdout]                                at /opt/rustwide/workdir/src/cmds.rs:158:13
[INFO] [stdout]   22:     0x55a411c10792 - <async_std::task::builder::SupportTaskLocals<F> as core::future::future::Future>::poll::{{closure}}::hfa9ba60fee5a1de1
[INFO] [stdout]                                at /opt/rustwide/cargo-home/registry/src/index.crates.io-6f17d22bba15001f/async-std-1.12.0/src/task/builder.rs:199:17
[INFO] [stdout]   23:     0x55a411c04c83 - async_std::task::task_locals_wrapper::TaskLocalsWrapper::set_current::{{closure}}::hdab53855b6090cdc
[INFO] [stdout]                                at /opt/rustwide/cargo-home/registry/src/index.crates.io-6f17d22bba15001f/async-std-1.12.0/src/task/task_locals_wrapper.rs:60:13
[INFO] [stdout]   24:     0x55a411bfe1fe - std::thread::local::LocalKey<T>::try_with::h4d5b10c54604cf37
[INFO] [stdout]                                at /rustc/82e1608dfa6e0b5569232559e3d385fea5a93112/library/std/src/thread/local.rs:270:16
[INFO] [stdout]   25:     0x55a411bfcf1a - std::thread::local::LocalKey<T>::with::hc88472004a11f74f
[INFO] [stdout]                                at /rustc/82e1608dfa6e0b5569232559e3d385fea5a93112/library/std/src/thread/local.rs:246:9
[INFO] [stdout]   26:     0x55a411c047c8 - async_std::task::task_locals_wrapper::TaskLocalsWrapper::set_current::h6ef00403c2dbf352
[INFO] [stdout]                                at /opt/rustwide/cargo-home/registry/src/index.crates.io-6f17d22bba15001f/async-std-1.12.0/src/task/task_locals_wrapper.rs:55:9
[INFO] [stdout]   27:     0x55a411c1070e - <async_std::task::builder::SupportTaskLocals<F> as core::future::future::Future>::poll::hcc4c3ebcf601a0fb
[INFO] [stdout]                                at /opt/rustwide/cargo-home/registry/src/index.crates.io-6f17d22bba15001f/async-std-1.12.0/src/task/builder.rs:197:13
[INFO] [stdout]   28:     0x55a411c0e504 - <futures_lite::future::Or<F1,F2> as core::future::future::Future>::poll::h67229f2c258910d8
[INFO] [stdout]                                at /opt/rustwide/cargo-home/registry/src/index.crates.io-6f17d22bba15001f/futures-lite-1.12.0/src/future.rs:526:33
[INFO] [stdout]   29:     0x55a411c12169 - async_executor::Executor::run::{{closure}}::h11ee0e1ca0ac70a5
[INFO] [stdout]                                at /opt/rustwide/cargo-home/registry/src/index.crates.io-6f17d22bba15001f/async-executor-1.5.0/src/lib.rs:237:32
[INFO] [stdout]   30:     0x55a411c119a2 - async_executor::LocalExecutor::run::{{closure}}::h7e4e122cab7a49a4
[INFO] [stdout]                                at /opt/rustwide/cargo-home/registry/src/index.crates.io-6f17d22bba15001f/async-executor-1.5.0/src/lib.rs:436:34
[INFO] [stdout]   31:     0x55a411c0027c - async_io::driver::block_on::h73bee5724ae13ac6
[INFO] [stdout]                                at /opt/rustwide/cargo-home/registry/src/index.crates.io-6f17d22bba15001f/async-io-1.12.0/src/driver.rs:146:33
[INFO] [stdout]   32:     0x55a411c0becf - async_global_executor::reactor::block_on::{{closure}}::h9205f89405c5ff1e
[INFO] [stdout]                                at /opt/rustwide/cargo-home/registry/src/index.crates.io-6f17d22bba15001f/async-global-executor-2.3.1/src/reactor.rs:3:18
[INFO] [stdout]   33:     0x55a411c0be6f - async_global_executor::reactor::block_on::h230dd2df02dbc49a
[INFO] [stdout]                                at /opt/rustwide/cargo-home/registry/src/index.crates.io-6f17d22bba15001f/async-global-executor-2.3.1/src/reactor.rs:12:5
[INFO] [stdout]   34:     0x55a411c131bd - async_global_executor::executor::block_on::{{closure}}::h5624ecc9b620bba9
[INFO] [stdout]                                at /opt/rustwide/cargo-home/registry/src/index.crates.io-6f17d22bba15001f/async-global-executor-2.3.1/src/executor.rs:26:36
[INFO] [stdout]   35:     0x55a411bfece7 - std::thread::local::LocalKey<T>::try_with::hc76b2ce7f64c6d99
[INFO] [stdout]                                at /rustc/82e1608dfa6e0b5569232559e3d385fea5a93112/library/std/src/thread/local.rs:270:16
[INFO] [stdout]   36:     0x55a411bfceea - std::thread::local::LocalKey<T>::with::hc1cdb0e480893d95
[INFO] [stdout]                                at /rustc/82e1608dfa6e0b5569232559e3d385fea5a93112/library/std/src/thread/local.rs:246:9
[INFO] [stdout]   37:     0x55a411c13136 - async_global_executor::executor::block_on::h257060f2d0b6cb4f
[INFO] [stdout]                                at /opt/rustwide/cargo-home/registry/src/index.crates.io-6f17d22bba15001f/async-global-executor-2.3.1/src/executor.rs:26:5
[INFO] [stdout]   38:     0x55a411c15910 - async_std::task::builder::Builder::blocking::{{closure}}::{{closure}}::hc53d1e8f9be5b0f2
[INFO] [stdout]                                at /opt/rustwide/cargo-home/registry/src/index.crates.io-6f17d22bba15001f/async-std-1.12.0/src/task/builder.rs:171:25
[INFO] [stdout]   39:     0x55a411c04b5f - async_std::task::task_locals_wrapper::TaskLocalsWrapper::set_current::{{closure}}::h3720a2453418596f
[INFO] [stdout]                                at /opt/rustwide/cargo-home/registry/src/index.crates.io-6f17d22bba15001f/async-std-1.12.0/src/task/task_locals_wrapper.rs:60:13
[INFO] [stdout]   40:     0x55a411bfdb65 - std::thread::local::LocalKey<T>::try_with::h324f2829c0aa4323
[INFO] [stdout]                                at /rustc/82e1608dfa6e0b5569232559e3d385fea5a93112/library/std/src/thread/local.rs:270:16
[INFO] [stdout]   41:     0x55a411bfcdca - std::thread::local::LocalKey<T>::with::h8a05be27e44b084b
[INFO] [stdout]                                at /rustc/82e1608dfa6e0b5569232559e3d385fea5a93112/library/std/src/thread/local.rs:246:9
[INFO] [stdout]   42:     0x55a411c04787 - async_std::task::task_locals_wrapper::TaskLocalsWrapper::set_current::h368eb6171f5e2b1c
[INFO] [stdout]                                at /opt/rustwide/cargo-home/registry/src/index.crates.io-6f17d22bba15001f/async-std-1.12.0/src/task/task_locals_wrapper.rs:55:9
[INFO] [stdout]   43:     0x55a411c15876 - async_std::task::builder::Builder::blocking::{{closure}}::h8de1585d6df77c2f
[INFO] [stdout]                                at /opt/rustwide/cargo-home/registry/src/index.crates.io-6f17d22bba15001f/async-std-1.12.0/src/task/builder.rs:168:17
[INFO] [stdout]   44:     0x55a411bfe9a7 - std::thread::local::LocalKey<T>::try_with::hbf04e9728d60c103
[INFO] [stdout]                                at /rustc/82e1608dfa6e0b5569232559e3d385fea5a93112/library/std/src/thread/local.rs:270:16
[INFO] [stdout]   45:     0x55a411bfd07a - std::thread::local::LocalKey<T>::with::he06f4136efb3abac
[INFO] [stdout]                                at /rustc/82e1608dfa6e0b5569232559e3d385fea5a93112/library/std/src/thread/local.rs:246:9
[INFO] [stdout]   46:     0x55a411c150f8 - async_std::task::builder::Builder::blocking::h4a9b99828df65bbb
[INFO] [stdout]                                at /opt/rustwide/cargo-home/registry/src/index.crates.io-6f17d22bba15001f/async-std-1.12.0/src/task/builder.rs:161:9
[INFO] [stdout]   47:     0x55a411c15b2e - async_std::task::block_on::block_on::h69fa304526f9bdd6
[INFO] [stdout]                                at /opt/rustwide/cargo-home/registry/src/index.crates.io-6f17d22bba15001f/async-std-1.12.0/src/task/block_on.rs:33:5
[INFO] [stdout]   48:     0x55a411c09c69 - ethers_hardhat_rs::cmds::tests::test_create_new_project::h038462b75ee1e4b1
[INFO] [stdout]                                at /opt/rustwide/workdir/src/cmds.rs:153:5
[INFO] [stdout]   49:     0x55a411c09c37 - ethers_hardhat_rs::cmds::tests::test_create_new_project::{{closure}}::hed607a2b944e6344
[INFO] [stdout]                                at /opt/rustwide/workdir/src/cmds.rs:153:23
[INFO] [stdout]   50:     0x55a411c16116 - core::ops::function::FnOnce::call_once::hfd9aa3d2faafc6d6
[INFO] [stdout]                                at /rustc/82e1608dfa6e0b5569232559e3d385fea5a93112/library/core/src/ops/function.rs:250:5
[INFO] [stdout]   51:     0x55a411c5175f - core::ops::function::FnOnce::call_once::h2b5d431d5046312d
[INFO] [stdout]                                at /rustc/82e1608dfa6e0b5569232559e3d385fea5a93112/library/core/src/ops/function.rs:250:5
[INFO] [stdout]   52:     0x55a411c5175f - test::__rust_begin_short_backtrace::h7714669af176e207
[INFO] [stdout]                                at /rustc/82e1608dfa6e0b5569232559e3d385fea5a93112/library/test/src/lib.rs:628:18
[INFO] [stdout]   53:     0x55a411c50775 - test::run_test_in_process::{{closure}}::h85218797dcbcec12
[INFO] [stdout]                                at /rustc/82e1608dfa6e0b5569232559e3d385fea5a93112/library/test/src/lib.rs:651:60
[INFO] [stdout]   54:     0x55a411c50775 - <core::panic::unwind_safe::AssertUnwindSafe<F> as core::ops::function::FnOnce<()>>::call_once::h76c106ea31c14d7b
[INFO] [stdout]                                at /rustc/82e1608dfa6e0b5569232559e3d385fea5a93112/library/core/src/panic/unwind_safe.rs:272:9
[INFO] [stdout]   55:     0x55a411c50775 - std::panicking::try::do_call::h3bd5d0f6620ee946
[INFO] [stdout]                                at /rustc/82e1608dfa6e0b5569232559e3d385fea5a93112/library/std/src/panicking.rs:552:40
[INFO] [stdout]   56:     0x55a411c50775 - std::panicking::try::h232e535e4744fe31
[INFO] [stdout]                                at /rustc/82e1608dfa6e0b5569232559e3d385fea5a93112/library/std/src/panicking.rs:516:19
[INFO] [stdout]   57:     0x55a411c50775 - std::panic::catch_unwind::h3ce3bd6ca8dbac68
[INFO] [stdout]                                at /rustc/82e1608dfa6e0b5569232559e3d385fea5a93112/library/std/src/panic.rs:142:14
[INFO] [stdout]   58:     0x55a411c50775 - test::run_test_in_process::hc97b257c9621286a
[INFO] [stdout]                                at /rustc/82e1608dfa6e0b5569232559e3d385fea5a93112/library/test/src/lib.rs:651:27
[INFO] [stdout]   59:     0x55a411c50775 - test::run_test::{{closure}}::h2aa798823a438d38
[INFO] [stdout]                                at /rustc/82e1608dfa6e0b5569232559e3d385fea5a93112/library/test/src/lib.rs:574:43
[INFO] [stdout]   60:     0x55a411c18a36 - test::run_test::{{closure}}::h87d231c78fb59832
[INFO] [stdout]                                at /rustc/82e1608dfa6e0b5569232559e3d385fea5a93112/library/test/src/lib.rs:602:41
[INFO] [stdout]   61:     0x55a411c18a36 - std::sys_common::backtrace::__rust_begin_short_backtrace::he6df152596625789
[INFO] [stdout]                                at /rustc/82e1608dfa6e0b5569232559e3d385fea5a93112/library/std/src/sys_common/backtrace.rs:154:18
[INFO] [stdout]   62:     0x55a411c1dae7 - std::thread::Builder::spawn_unchecked_::{{closure}}::{{closure}}::ha94be15d1e0acf36
[INFO] [stdout]                                at /rustc/82e1608dfa6e0b5569232559e3d385fea5a93112/library/std/src/thread/mod.rs:529:17
[INFO] [stdout]   63:     0x55a411c1dae7 - <core::panic::unwind_safe::AssertUnwindSafe<F> as core::ops::function::FnOnce<()>>::call_once::h9dc6bd6372f16606
[INFO] [stdout]                                at /rustc/82e1608dfa6e0b5569232559e3d385fea5a93112/library/core/src/panic/unwind_safe.rs:272:9
[INFO] [stdout]   64:     0x55a411c1dae7 - std::panicking::try::do_call::h9057517f80303cd4
[INFO] [stdout]                                at /rustc/82e1608dfa6e0b5569232559e3d385fea5a93112/library/std/src/panicking.rs:552:40
[INFO] [stdout]   65:     0x55a411c1dae7 - std::panicking::try::he3a30b11ee45340c
[INFO] [stdout]                                at /rustc/82e1608dfa6e0b5569232559e3d385fea5a93112/library/std/src/panicking.rs:516:19
[INFO] [stdout]   66:     0x55a411c1dae7 - std::panic::catch_unwind::h410458cfd3528b8b
[INFO] [stdout]                                at /rustc/82e1608dfa6e0b5569232559e3d385fea5a93112/library/std/src/panic.rs:142:14
[INFO] [stdout]   67:     0x55a411c1dae7 - std::thread::Builder::spawn_unchecked_::{{closure}}::h72ac3bdb567b737b
[INFO] [stdout]                                at /rustc/82e1608dfa6e0b5569232559e3d385fea5a93112/library/std/src/thread/mod.rs:528:30
[INFO] [stdout]   68:     0x55a411c1dae7 - core::ops::function::FnOnce::call_once{{vtable.shim}}::h38f34da3654a8344
[INFO] [stdout]                                at /rustc/82e1608dfa6e0b5569232559e3d385fea5a93112/library/core/src/ops/function.rs:250:5
[INFO] [stdout]   69:     0x55a411eef085 - <alloc::boxed::Box<F,A> as core::ops::function::FnOnce<Args>>::call_once::hc7eafaff61e32df9
[INFO] [stdout]                                at /rustc/82e1608dfa6e0b5569232559e3d385fea5a93112/library/alloc/src/boxed.rs:2007:9
[INFO] [stdout]   70:     0x55a411eef085 - <alloc::boxed::Box<F,A> as core::ops::function::FnOnce<Args>>::call_once::h6ba4a5de48dd2304
[INFO] [stdout]                                at /rustc/82e1608dfa6e0b5569232559e3d385fea5a93112/library/alloc/src/boxed.rs:2007:9
[INFO] [stdout]   71:     0x55a411eef085 - std::sys::unix::thread::Thread::new::thread_start::he469335aef763e45
[INFO] [stdout]                                at /rustc/82e1608dfa6e0b5569232559e3d385fea5a93112/library/std/src/sys/unix/thread.rs:108:17
[INFO] [stdout]   72:     0x7fbfad34bac3 - <unknown>
[INFO] [stdout]   73:     0x7fbfad3dcbf4 - __clone
[INFO] [stdout]   74:                0x0 - <unknown>
[INFO] [stdout] 
[INFO] [stdout] 
[INFO] [stdout] failures:
[INFO] [stdout]     cmds::tests::test_create_new_project
[INFO] [stdout]     cmds::tests::test_start_network
[INFO] [stdout] 
[INFO] [stdout] test result: FAILED. 1 passed; 2 failed; 0 ignored; 0 measured; 0 filtered out; finished in 0.15s
[INFO] [stdout] 
[INFO] [stderr] error: test failed, to rerun pass `--lib`
[INFO] running `Command { std: "docker" "inspect" "cad51b3ac9ade02a0b645e6e527a9f5b8db6a19b06ad6a4388f205ff3acee398", kill_on_drop: false }`
[INFO] running `Command { std: "docker" "rm" "-f" "cad51b3ac9ade02a0b645e6e527a9f5b8db6a19b06ad6a4388f205ff3acee398", kill_on_drop: false }`
[INFO] [stdout] cad51b3ac9ade02a0b645e6e527a9f5b8db6a19b06ad6a4388f205ff3acee398
