[INFO] fetching crate ethers-ccip-read 0.1.1...
[INFO] testing ethers-ccip-read-0.1.1 against 1.75.0 for beta-1.76-1
[INFO] extracting crate ethers-ccip-read 0.1.1 into /workspace/builds/worker-1-tc1/source
[INFO] validating manifest of crates.io crate ethers-ccip-read 0.1.1 on toolchain 1.75.0
[INFO] running `Command { std: CARGO_HOME="/workspace/cargo-home" RUSTUP_HOME="/workspace/rustup-home" "/workspace/cargo-home/bin/cargo" "+1.75.0" "metadata" "--manifest-path" "Cargo.toml" "--no-deps", kill_on_drop: false }`
[INFO] started tweaking crates.io crate ethers-ccip-read 0.1.1
[INFO] finished tweaking crates.io crate ethers-ccip-read 0.1.1
[INFO] tweaked toml for crates.io crate ethers-ccip-read 0.1.1 written to /workspace/builds/worker-1-tc1/source/Cargo.toml
[INFO] crate crates.io crate ethers-ccip-read 0.1.1 already has a lockfile, it will not be regenerated
[INFO] running `Command { std: CARGO_HOME="/workspace/cargo-home" RUSTUP_HOME="/workspace/rustup-home" "/workspace/cargo-home/bin/cargo" "+1.75.0" "fetch" "--manifest-path" "Cargo.toml", kill_on_drop: false }`
[INFO] [stderr]     Updating crates.io index
[INFO] [stderr]  Downloading crates ...
[INFO] [stderr]   Downloaded parity-scale-codec-derive v3.1.4
[INFO] [stderr]   Downloaded scale-info-derive v2.6.0
[INFO] [stderr]   Downloaded spki v0.7.1
[INFO] [stderr]   Downloaded coins-core v0.8.3
[INFO] [stderr]   Downloaded ecdsa v0.16.6
[INFO] [stderr]   Downloaded ethers-contract-derive v2.0.4
[INFO] [stderr]   Downloaded solang-parser v0.2.4
[INFO] [stderr]   Downloaded libc v0.2.142
[INFO] [stderr]   Downloaded linux-raw-sys v0.3.6
[INFO] [stderr]   Downloaded sha3 v0.10.7
[INFO] [stderr]   Downloaded elliptic-curve v0.13.4
[INFO] [stderr]   Downloaded ethers-core v2.0.4
[INFO] [stderr]   Downloaded ethers-contract-abigen v2.0.4
[INFO] [stderr]   Downloaded openssl v0.10.52
[INFO] [stderr]   Downloaded ethers v2.0.4
[INFO] [stderr]   Downloaded winnow v0.4.4
[INFO] [stderr]   Downloaded ethers-solc v2.0.4
[INFO] [stderr]   Downloaded der v0.7.5
[INFO] [stderr]   Downloaded aes v0.8.2
[INFO] [stderr]   Downloaded rustix v0.37.18
[INFO] [stderr]   Downloaded coins-bip39 v0.8.6
[INFO] [stderr]   Downloaded zip v0.6.4
[INFO] [stderr]   Downloaded enr v0.8.1
[INFO] [stderr]   Downloaded prettyplease v0.2.4
[INFO] [stderr]   Downloaded ethers-etherscan v2.0.4
[INFO] [stderr]   Downloaded ethers-contract v2.0.4
[INFO] [stderr]   Downloaded auto_impl v1.0.1
[INFO] [stderr]   Downloaded openssl-sys v0.9.87
[INFO] [stderr]   Downloaded camino v1.1.4
[INFO] [stderr]   Downloaded parity-scale-codec v3.4.0
[INFO] [stderr]   Downloaded primitive-types v0.12.1
[INFO] [stderr]   Downloaded keccak v0.1.3
[INFO] [stderr]   Downloaded ethers-signers v2.0.4
[INFO] [stderr]   Downloaded coins-bip32 v0.8.3
[INFO] [stderr]   Downloaded tokio-tungstenite v0.18.0
[INFO] [stderr]   Downloaded sec1 v0.7.2
[INFO] [stderr]   Downloaded dialoguer v0.8.0
[INFO] [stderr]   Downloaded svm-rs v0.2.22
[INFO] [stderr]   Downloaded send_wrapper v0.4.0
[INFO] [stderr]   Downloaded cpufeatures v0.2.7
[INFO] [stderr]   Downloaded console v0.15.5
[INFO] [stderr]   Downloaded ethers-addressbook v2.0.4
[INFO] [stderr]   Downloaded scale-info v2.6.0
[INFO] [stderr]   Downloaded ethers-middleware v2.0.4
[INFO] [stderr]   Downloaded pbkdf2 v0.12.1
[INFO] [stderr]   Downloaded const-oid v0.9.2
[INFO] [stderr]   Downloaded indicatif v0.16.2
[INFO] [stderr]   Downloaded bumpalo v3.12.1
[INFO] [stderr]   Downloaded crypto-bigint v0.5.2
[INFO] [stderr]   Downloaded ethers-providers v2.0.4
[INFO] [stderr]   Downloaded h2 v0.3.18
[INFO] [stderr]   Downloaded console v0.14.1
[INFO] running `Command { std: "docker" "create" "-v" "/var/lib/crater-agent-workspace/builds/worker-1-tc1/target:/opt/rustwide/target:rw,Z" "-v" "/var/lib/crater-agent-workspace/builds/worker-1-tc1/source:/opt/rustwide/workdir:ro,Z" "-v" "/var/lib/crater-agent-workspace/cargo-home:/opt/rustwide/cargo-home:ro,Z" "-v" "/var/lib/crater-agent-workspace/rustup-home:/opt/rustwide/rustup-home:ro,Z" "-e" "SOURCE_DIR=/opt/rustwide/workdir" "-e" "CARGO_TARGET_DIR=/opt/rustwide/target" "-e" "CARGO_HOME=/opt/rustwide/cargo-home" "-e" "RUSTUP_HOME=/opt/rustwide/rustup-home" "-w" "/opt/rustwide/workdir" "-m" "1610612736" "--user" "0:0" "--network" "none" "ghcr.io/rust-lang/crates-build-env/linux@sha256:2788e3201cd34a07e3172128adcd8b3090168a8e3bcc40d7c032b9dda1df7d1c" "/opt/rustwide/cargo-home/bin/cargo" "+1.75.0" "metadata" "--no-deps" "--format-version=1", kill_on_drop: false }`
[INFO] [stdout] 3fff154f5a38bffb6b2e4594a534c39b867ac9178e3230d45c367cc7c6b4dcc0
[INFO] running `Command { std: "docker" "start" "-a" "3fff154f5a38bffb6b2e4594a534c39b867ac9178e3230d45c367cc7c6b4dcc0", kill_on_drop: false }`
[INFO] running `Command { std: "docker" "inspect" "3fff154f5a38bffb6b2e4594a534c39b867ac9178e3230d45c367cc7c6b4dcc0", kill_on_drop: false }`
[INFO] running `Command { std: "docker" "rm" "-f" "3fff154f5a38bffb6b2e4594a534c39b867ac9178e3230d45c367cc7c6b4dcc0", kill_on_drop: false }`
[INFO] [stdout] 3fff154f5a38bffb6b2e4594a534c39b867ac9178e3230d45c367cc7c6b4dcc0
[INFO] running `Command { std: "docker" "create" "-v" "/var/lib/crater-agent-workspace/builds/worker-1-tc1/target:/opt/rustwide/target:rw,Z" "-v" "/var/lib/crater-agent-workspace/builds/worker-1-tc1/source:/opt/rustwide/workdir:ro,Z" "-v" "/var/lib/crater-agent-workspace/cargo-home:/opt/rustwide/cargo-home:ro,Z" "-v" "/var/lib/crater-agent-workspace/rustup-home:/opt/rustwide/rustup-home:ro,Z" "-e" "SOURCE_DIR=/opt/rustwide/workdir" "-e" "CARGO_TARGET_DIR=/opt/rustwide/target" "-e" "CARGO_INCREMENTAL=0" "-e" "RUST_BACKTRACE=full" "-e" "RUSTFLAGS=--cap-lints=warn" "-e" "RUSTDOCFLAGS=--cap-lints=warn" "-e" "CARGO_HOME=/opt/rustwide/cargo-home" "-e" "RUSTUP_HOME=/opt/rustwide/rustup-home" "-w" "/opt/rustwide/workdir" "-m" "1610612736" "--user" "0:0" "--network" "none" "ghcr.io/rust-lang/crates-build-env/linux@sha256:2788e3201cd34a07e3172128adcd8b3090168a8e3bcc40d7c032b9dda1df7d1c" "/opt/rustwide/cargo-home/bin/cargo" "+1.75.0" "build" "--frozen" "--message-format=json", kill_on_drop: false }`
[INFO] [stdout] a26f934ca62fb0f9df0f6768d4f4c502192ad13c9c70c28a142f2e12e78659b9
[INFO] running `Command { std: "docker" "start" "-a" "a26f934ca62fb0f9df0f6768d4f4c502192ad13c9c70c28a142f2e12e78659b9", kill_on_drop: false }`
[INFO] [stderr]    Compiling proc-macro2 v1.0.56
[INFO] [stderr]    Compiling unicode-ident v1.0.8
[INFO] [stderr]    Compiling libc v0.2.142
[INFO] [stderr]    Compiling serde_derive v1.0.160
[INFO] [stderr]    Compiling serde v1.0.160
[INFO] [stderr]    Compiling syn v1.0.109
[INFO] [stderr]    Compiling log v0.4.17
[INFO] [stderr]    Compiling zeroize v1.6.0
[INFO] [stderr]    Compiling cc v1.0.79
[INFO] [stderr]    Compiling hashbrown v0.12.3
[INFO] [stderr]    Compiling quote v1.0.26
[INFO] [stderr]    Compiling indexmap v1.9.3
[INFO] [stderr]    Compiling generic-array v0.14.7
[INFO] [stderr]    Compiling const-oid v0.9.2
[INFO] [stderr]    Compiling subtle v2.4.1
[INFO] [stderr]    Compiling winnow v0.4.4
[INFO] [stderr]    Compiling itoa v1.0.6
[INFO] [stderr]    Compiling tokio v1.28.0
[INFO] [stderr]    Compiling futures-channel v0.3.28
[INFO] [stderr]    Compiling rustc-hex v2.1.0
[INFO] [stderr]    Compiling spin v0.5.2
[INFO] [stderr]    Compiling crunchy v0.2.2
[INFO] [stderr]    Compiling untrusted v0.7.1
[INFO] [stderr]    Compiling pkg-config v0.3.26
[INFO] [stderr]    Compiling arrayvec v0.7.2
[INFO] [stderr]    Compiling futures-task v0.3.28
[INFO] [stderr]    Compiling fnv v1.0.7
[INFO] [stderr]    Compiling wasm-bindgen-shared v0.2.84
[INFO] [stderr]    Compiling byte-slice-cast v1.2.2
[INFO] [stderr]    Compiling der v0.7.5
[INFO] [stderr]    Compiling tracing-core v0.1.30
[INFO] [stderr]    Compiling futures-util v0.3.28
[INFO] [stderr]    Compiling httparse v1.8.0
[INFO] [stderr]    Compiling futures-io v0.3.28
[INFO] [stderr]    Compiling thiserror v1.0.40
[INFO] [stderr]    Compiling tiny-keccak v2.0.2
[INFO] [stderr]    Compiling bumpalo v3.12.1
[INFO] [stderr]    Compiling block-buffer v0.10.4
[INFO] [stderr]    Compiling crypto-common v0.1.6
[INFO] [stderr]    Compiling syn v2.0.15
[INFO] [stderr]    Compiling digest v0.10.6
[INFO] [stderr]    Compiling cpufeatures v0.2.7
[INFO] [stderr]    Compiling rustls v0.20.8
[INFO] [stderr]    Compiling proc-macro-error-attr v1.0.4
[INFO] [stderr]    Compiling base16ct v0.2.0
[INFO] [stderr]    Compiling serde_json v1.0.96
[INFO] [stderr]    Compiling openssl v0.10.52
[INFO] [stderr]    Compiling foreign-types-shared v0.1.1
[INFO] [stderr]    Compiling percent-encoding v2.2.0
[INFO] [stderr]    Compiling ryu v1.0.13
[INFO] [stderr]    Compiling foreign-types v0.3.2
[INFO] [stderr]    Compiling form_urlencoded v1.1.0
[INFO] [stderr]    Compiling hmac v0.12.1
[INFO] [stderr]    Compiling unicode-normalization v0.1.22
[INFO] [stderr]    Compiling uint v0.9.5
[INFO] [stderr]    Compiling proc-macro-error v1.0.4
[INFO] [stderr]    Compiling unicode-bidi v0.3.13
[INFO] [stderr]    Compiling rustversion v1.0.12
[INFO] [stderr]    Compiling wasm-bindgen v0.2.84
[INFO] [stderr]    Compiling try-lock v0.2.4
[INFO] [stderr]    Compiling native-tls v0.2.11
[INFO] [stderr]    Compiling io-lifetimes v1.0.10
[INFO] [stderr]    Compiling want v0.3.0
[INFO] [stderr]    Compiling spki v0.7.1
[INFO] [stderr]    Compiling getrandom v0.2.9
[INFO] [stderr]    Compiling ring v0.16.20
[INFO] [stderr]    Compiling mio v0.8.6
[INFO] [stderr]    Compiling num_cpus v1.15.0
[INFO] [stderr]    Compiling socket2 v0.4.9
[INFO] [stderr]    Compiling openssl-sys v0.9.87
[INFO] [stderr]    Compiling pkcs8 v0.10.2
[INFO] [stderr]    Compiling sec1 v0.7.2
[INFO] [stderr]    Compiling rand_core v0.6.4
[INFO] [stderr]    Compiling rand_chacha v0.3.1
[INFO] [stderr]    Compiling ff v0.13.0
[INFO] [stderr]    Compiling crypto-bigint v0.5.2
[INFO] [stderr]    Compiling group v0.13.0
[INFO] [stderr]    Compiling idna v0.3.0
[INFO] [stderr]    Compiling rand v0.8.5
[INFO] [stderr]    Compiling signature v2.1.0
[INFO] [stderr]    Compiling rfc6979 v0.4.0
[INFO] [stderr]    Compiling semver v1.0.17
[INFO] [stderr]    Compiling keccak v0.1.3
[INFO] [stderr]    Compiling httpdate v1.0.2
[INFO] [stderr]    Compiling tower-service v0.3.2
[INFO] [stderr]    Compiling rustix v0.37.18
[INFO] [stderr]    Compiling openssl-probe v0.1.5
[INFO] [stderr]    Compiling camino v1.1.4
[INFO] [stderr]    Compiling url v2.3.1
[INFO] [stderr]    Compiling sha3 v0.10.7
[INFO] [stderr]    Compiling sha2 v0.10.6
[INFO] [stderr]    Compiling aho-corasick v1.0.1
[INFO] [stderr]    Compiling linux-raw-sys v0.3.6
[INFO] [stderr]    Compiling regex-syntax v0.7.1
[INFO] [stderr]    Compiling base64 v0.13.1
[INFO] [stderr]    Compiling elliptic-curve v0.13.4
[INFO] [stderr]    Compiling sha1 v0.10.5
[INFO] [stderr]    Compiling ecdsa v0.16.6
[INFO] [stderr]    Compiling base64 v0.21.0
[INFO] [stderr]    Compiling utf-8 v0.7.6
[INFO] [stderr]    Compiling async-trait v0.1.68
[INFO] [stderr]    Compiling chrono v0.4.24
[INFO] [stderr]    Compiling fixed-hash v0.8.0
[INFO] [stderr]    Compiling fxhash v0.2.1
[INFO] [stderr]    Compiling rustls-pemfile v1.0.2
[INFO] [stderr]    Compiling encoding_rs v0.8.32
[INFO] [stderr]    Compiling k256 v0.13.1
[INFO] [stderr]    Compiling send_wrapper v0.4.0
[INFO] [stderr]    Compiling mime v0.3.17
[INFO] [stderr]    Compiling unicode-xid v0.2.4
[INFO] [stderr]    Compiling ipnet v2.7.2
[INFO] [stderr]    Compiling hashers v1.0.1
[INFO] [stderr]    Compiling instant v0.1.12
[INFO] [stderr]    Compiling wasm-bindgen-backend v0.2.84
[INFO] [stderr]    Compiling wasm-bindgen-macro-support v0.2.84
[INFO] [stderr]    Compiling regex v1.8.1
[INFO] [stderr]    Compiling impl-trait-for-tuples v0.2.2
[INFO] [stderr]    Compiling rlp-derive v0.1.0
[INFO] [stderr]    Compiling derive_more v0.99.17
[INFO] [stderr]    Compiling auto_impl v1.0.1
[INFO] [stderr]    Compiling pin-project-internal v1.0.12
[INFO] [stderr]    Compiling strum_macros v0.24.3
[INFO] [stderr]    Compiling tempfile v3.5.0
[INFO] [stderr]    Compiling wasm-bindgen-macro v0.2.84
[INFO] [stderr]    Compiling webpki v0.22.0
[INFO] [stderr]    Compiling sct v0.7.0
[INFO] [stderr]    Compiling webpki-roots v0.22.6
[INFO] [stderr]    Compiling tokio-macros v2.1.0
[INFO] [stderr]    Compiling tracing-attributes v0.1.24
[INFO] [stderr]    Compiling futures-macro v0.3.28
[INFO] [stderr]    Compiling thiserror-impl v1.0.40
[INFO] [stderr]    Compiling openssl-macros v0.1.1
[INFO] [stderr]    Compiling async-recursion v1.0.4
[INFO] [stderr]    Compiling js-sys v0.3.61
[INFO] [stderr]    Compiling pin-project v1.0.12
[INFO] [stderr]    Compiling strum v0.24.1
[INFO] [stderr]    Compiling tracing v0.1.37
[INFO] [stderr]    Compiling tracing-futures v0.2.5
[INFO] [stderr]    Compiling gloo-timers v0.2.6
[INFO] [stderr]    Compiling futures-timer v3.0.2
[INFO] [stderr]    Compiling bytes v1.4.0
[INFO] [stderr]    Compiling serde_spanned v0.6.1
[INFO] [stderr]    Compiling toml_datetime v0.6.1
[INFO] [stderr]    Compiling impl-serde v0.4.0
[INFO] [stderr]    Compiling cargo-platform v0.1.2
[INFO] [stderr]    Compiling serde_urlencoded v0.7.1
[INFO] [stderr]    Compiling toml_edit v0.19.8
[INFO] [stderr]    Compiling http v0.2.9
[INFO] [stderr]    Compiling rlp v0.5.2
[INFO] [stderr]    Compiling open-fastrlp-derive v0.1.1
[INFO] [stderr]    Compiling impl-rlp v0.3.0
[INFO] [stderr]    Compiling enr v0.8.1
[INFO] [stderr]    Compiling http-body v0.4.5
[INFO] [stderr]    Compiling tungstenite v0.18.0
[INFO] [stderr]    Compiling cargo_metadata v0.15.4
[INFO] [stderr]    Compiling proc-macro-crate v1.3.1
[INFO] [stderr]    Compiling parity-scale-codec-derive v3.1.4
[INFO] [stderr]    Compiling scale-info-derive v2.6.0
[INFO] [stderr]    Compiling num_enum_derive v0.6.1
[INFO] [stderr]    Compiling tokio-util v0.7.8
[INFO] [stderr]    Compiling tokio-rustls v0.23.4
[INFO] [stderr]    Compiling tokio-native-tls v0.3.1
[INFO] [stderr]    Compiling tokio-tungstenite v0.18.0
[INFO] [stderr]    Compiling num_enum v0.6.1
[INFO] [stderr]    Compiling h2 v0.3.18
[INFO] [stderr]    Compiling parity-scale-codec v3.4.0
[INFO] [stderr]    Compiling scale-info v2.6.0
[INFO] [stderr]    Compiling impl-codec v0.6.0
[INFO] [stderr]    Compiling ethbloom v0.13.0
[INFO] [stderr]    Compiling primitive-types v0.12.1
[INFO] [stderr]    Compiling hyper v0.14.26
[INFO] [stderr]    Compiling ethereum-types v0.14.1
[INFO] [stderr]    Compiling open-fastrlp v0.1.4
[INFO] [stderr]    Compiling ethabi v18.0.0
[INFO] [stderr]    Compiling ethers-core v2.0.4
[INFO] [stderr]    Compiling hyper-tls v0.5.0
[INFO] [stderr]    Compiling hyper-rustls v0.23.2
[INFO] [stderr]    Compiling reqwest v0.11.17
[INFO] [stderr]    Compiling ethers-providers v2.0.4
[INFO] [stderr]    Compiling ethers-ccip-read v0.1.1 (/opt/rustwide/workdir)
[INFO] [stderr]     Finished dev [unoptimized + debuginfo] target(s) in 1m 04s
[INFO] running `Command { std: "docker" "inspect" "a26f934ca62fb0f9df0f6768d4f4c502192ad13c9c70c28a142f2e12e78659b9", kill_on_drop: false }`
[INFO] running `Command { std: "docker" "rm" "-f" "a26f934ca62fb0f9df0f6768d4f4c502192ad13c9c70c28a142f2e12e78659b9", kill_on_drop: false }`
[INFO] [stdout] a26f934ca62fb0f9df0f6768d4f4c502192ad13c9c70c28a142f2e12e78659b9
[INFO] running `Command { std: "docker" "create" "-v" "/var/lib/crater-agent-workspace/builds/worker-1-tc1/target:/opt/rustwide/target:rw,Z" "-v" "/var/lib/crater-agent-workspace/builds/worker-1-tc1/source:/opt/rustwide/workdir:ro,Z" "-v" "/var/lib/crater-agent-workspace/cargo-home:/opt/rustwide/cargo-home:ro,Z" "-v" "/var/lib/crater-agent-workspace/rustup-home:/opt/rustwide/rustup-home:ro,Z" "-e" "SOURCE_DIR=/opt/rustwide/workdir" "-e" "CARGO_TARGET_DIR=/opt/rustwide/target" "-e" "CARGO_INCREMENTAL=0" "-e" "RUST_BACKTRACE=full" "-e" "RUSTFLAGS=--cap-lints=warn" "-e" "RUSTDOCFLAGS=--cap-lints=warn" "-e" "CARGO_HOME=/opt/rustwide/cargo-home" "-e" "RUSTUP_HOME=/opt/rustwide/rustup-home" "-w" "/opt/rustwide/workdir" "-m" "1610612736" "--user" "0:0" "--network" "none" "ghcr.io/rust-lang/crates-build-env/linux@sha256:2788e3201cd34a07e3172128adcd8b3090168a8e3bcc40d7c032b9dda1df7d1c" "/opt/rustwide/cargo-home/bin/cargo" "+1.75.0" "test" "--frozen" "--no-run" "--message-format=json", kill_on_drop: false }`
[INFO] [stdout] 4896b06fabe7dfe78ebb87581d69720d7da7efd5ecd16b91fa0a57346bb3afc3
[INFO] running `Command { std: "docker" "start" "-a" "4896b06fabe7dfe78ebb87581d69720d7da7efd5ecd16b91fa0a57346bb3afc3", kill_on_drop: false }`
[INFO] [stderr]    Compiling winnow v0.4.4
[INFO] [stderr]    Compiling toml_datetime v0.6.1
[INFO] [stderr]    Compiling serde_spanned v0.6.1
[INFO] [stderr]    Compiling scopeguard v1.1.0
[INFO] [stderr]    Compiling siphasher v0.3.10
[INFO] [stderr]    Compiling either v1.8.1
[INFO] [stderr]    Compiling lock_api v0.4.9
[INFO] [stderr]    Compiling parking_lot_core v0.9.7
[INFO] [stderr]    Compiling dirs-sys-next v0.1.2
[INFO] [stderr]    Compiling crossbeam-utils v0.8.15
[INFO] [stderr]    Compiling smallvec v1.10.0
[INFO] [stderr]    Compiling memoffset v0.8.0
[INFO] [stderr]    Compiling crossbeam-epoch v0.9.14
[INFO] [stderr]    Compiling new_debug_unreachable v1.0.4
[INFO] [stderr]    Compiling precomputed-hash v0.1.1
[INFO] [stderr]    Compiling bit-vec v0.6.3
[INFO] [stderr]    Compiling fixedbitset v0.4.2
[INFO] [stderr]    Compiling is-terminal v0.4.7
[INFO] [stderr]    Compiling lalrpop-util v0.19.12
[INFO] [stderr]    Compiling ena v0.14.2
[INFO] [stderr]    Compiling regex-syntax v0.6.29
[INFO] [stderr]    Compiling phf_shared v0.10.0
[INFO] [stderr]    Compiling petgraph v0.6.3
[INFO] [stderr]    Compiling phf_shared v0.11.1
[INFO] [stderr]    Compiling bit-set v0.5.3
[INFO] [stderr]    Compiling dirs-next v2.0.0
[INFO] [stderr]    Compiling term v0.7.0
[INFO] [stderr]    Compiling itertools v0.10.5
[INFO] [stderr]    Compiling diff v0.1.13
[INFO] [stderr]    Compiling rayon-core v1.11.0
[INFO] [stderr]    Compiling inout v0.1.3
[INFO] [stderr]    Compiling phf_generator v0.11.1
[INFO] [stderr]    Compiling block-buffer v0.9.0
[INFO] [stderr]    Compiling digest v0.9.0
[INFO] [stderr]    Compiling opaque-debug v0.3.0
[INFO] [stderr]    Compiling phf_macros v0.11.1
[INFO] [stderr]    Compiling cipher v0.4.4
[INFO] [stderr]    Compiling same-file v1.0.6
[INFO] [stderr]    Compiling sha2 v0.9.9
[INFO] [stderr]    Compiling ascii-canvas v3.0.0
[INFO] [stderr]    Compiling md-5 v0.10.5
[INFO] [stderr]    Compiling walkdir v2.3.3
[INFO] [stderr]    Compiling glob v0.3.1
[INFO] [stderr]    Compiling parking_lot v0.12.1
[INFO] [stderr]    Compiling yansi v0.5.1
[INFO] [stderr]    Compiling dunce v1.0.4
[INFO] [stderr]    Compiling prettyplease v0.2.4
[INFO] [stderr]    Compiling crossbeam-channel v0.5.8
[INFO] [stderr]    Compiling path-slash v0.2.1
[INFO] [stderr]    Compiling string_cache v0.8.7
[INFO] [stderr]    Compiling ripemd v0.1.3
[INFO] [stderr]    Compiling bech32 v0.7.3
[INFO] [stderr]    Compiling bs58 v0.4.0
[INFO] [stderr]    Compiling crossbeam-deque v0.8.3
[INFO] [stderr]    Compiling salsa20 v0.10.2
[INFO] [stderr]    Compiling Inflector v0.11.4
[INFO] [stderr]    Compiling pbkdf2 v0.11.0
[INFO] [stderr]    Compiling bincode v1.3.3
[INFO] [stderr]    Compiling radium v0.3.0
[INFO] [stderr]    Compiling scrypt v0.10.0
[INFO] [stderr]    Compiling ctr v0.9.2
[INFO] [stderr]    Compiling aes v0.8.2
[INFO] [stderr]    Compiling pbkdf2 v0.12.1
[INFO] [stderr]    Compiling bitvec v0.17.4
[INFO] [stderr]    Compiling uuid v0.8.2
[INFO] [stderr]    Compiling futures-locks v0.7.1
[INFO] [stderr]    Compiling anyhow v1.0.71
[INFO] [stderr]    Compiling eth-keystore v0.5.0
[INFO] [stderr]    Compiling rayon v1.7.0
[INFO] [stderr]    Compiling phf v0.11.1
[INFO] [stderr]    Compiling coins-core v0.8.3
[INFO] [stderr]    Compiling lalrpop v0.19.12
[INFO] [stderr]    Compiling toml_edit v0.19.8
[INFO] [stderr]    Compiling coins-bip32 v0.8.3
[INFO] [stderr]    Compiling coins-bip39 v0.8.6
[INFO] [stderr]    Compiling proc-macro-crate v1.3.1
[INFO] [stderr]    Compiling toml v0.7.3
[INFO] [stderr]    Compiling parity-scale-codec-derive v3.1.4
[INFO] [stderr]    Compiling scale-info-derive v2.6.0
[INFO] [stderr]    Compiling num_enum_derive v0.6.1
[INFO] [stderr]    Compiling num_enum v0.6.1
[INFO] [stderr]    Compiling parity-scale-codec v3.4.0
[INFO] [stderr]    Compiling impl-codec v0.6.0
[INFO] [stderr]    Compiling scale-info v2.6.0
[INFO] [stderr]    Compiling ethbloom v0.13.0
[INFO] [stderr]    Compiling primitive-types v0.12.1
[INFO] [stderr]    Compiling ethereum-types v0.14.1
[INFO] [stderr]    Compiling ethabi v18.0.0
[INFO] [stderr]    Compiling open-fastrlp v0.1.4
[INFO] [stderr]    Compiling ethers-core v2.0.4
[INFO] [stderr]    Compiling solang-parser v0.2.4
[INFO] [stderr]    Compiling ethers-providers v2.0.4
[INFO] [stderr]    Compiling ethers-signers v2.0.4
[INFO] [stderr]    Compiling ethers-addressbook v2.0.4
[INFO] [stderr]    Compiling ethers-ccip-read v0.1.1 (/opt/rustwide/workdir)
[INFO] [stderr]    Compiling ethers-solc v2.0.4
[INFO] [stderr]    Compiling ethers-etherscan v2.0.4
[INFO] [stderr]    Compiling ethers-contract-abigen v2.0.4
[INFO] [stderr]    Compiling ethers-contract-derive v2.0.4
[INFO] [stderr]    Compiling ethers-contract v2.0.4
[INFO] [stderr]    Compiling ethers-middleware v2.0.4
[INFO] [stderr]    Compiling ethers v2.0.4
[INFO] [stderr]     Finished test [unoptimized + debuginfo] target(s) in 1m 45s
[INFO] running `Command { std: "docker" "inspect" "4896b06fabe7dfe78ebb87581d69720d7da7efd5ecd16b91fa0a57346bb3afc3", kill_on_drop: false }`
[INFO] running `Command { std: "docker" "rm" "-f" "4896b06fabe7dfe78ebb87581d69720d7da7efd5ecd16b91fa0a57346bb3afc3", kill_on_drop: false }`
[INFO] [stdout] 4896b06fabe7dfe78ebb87581d69720d7da7efd5ecd16b91fa0a57346bb3afc3
[INFO] running `Command { std: "docker" "create" "-v" "/var/lib/crater-agent-workspace/builds/worker-1-tc1/target:/opt/rustwide/target:rw,Z" "-v" "/var/lib/crater-agent-workspace/builds/worker-1-tc1/source:/opt/rustwide/workdir:ro,Z" "-v" "/var/lib/crater-agent-workspace/cargo-home:/opt/rustwide/cargo-home:ro,Z" "-v" "/var/lib/crater-agent-workspace/rustup-home:/opt/rustwide/rustup-home:ro,Z" "-e" "SOURCE_DIR=/opt/rustwide/workdir" "-e" "CARGO_TARGET_DIR=/opt/rustwide/target" "-e" "CARGO_INCREMENTAL=0" "-e" "RUST_BACKTRACE=full" "-e" "RUSTFLAGS=--cap-lints=warn" "-e" "RUSTDOCFLAGS=--cap-lints=warn" "-e" "CARGO_HOME=/opt/rustwide/cargo-home" "-e" "RUSTUP_HOME=/opt/rustwide/rustup-home" "-w" "/opt/rustwide/workdir" "-m" "1610612736" "--user" "0:0" "--network" "none" "ghcr.io/rust-lang/crates-build-env/linux@sha256:2788e3201cd34a07e3172128adcd8b3090168a8e3bcc40d7c032b9dda1df7d1c" "/opt/rustwide/cargo-home/bin/cargo" "+1.75.0" "test" "--frozen", kill_on_drop: false }`
[INFO] [stdout] eca15332ad9aa1cc21a73742db83f44859543b11bb7e3bf32cc78ccf87532f09
[INFO] running `Command { std: "docker" "start" "-a" "eca15332ad9aa1cc21a73742db83f44859543b11bb7e3bf32cc78ccf87532f09", kill_on_drop: false }`
[INFO] [stderr]     Finished test [unoptimized + debuginfo] target(s) in 0.58s
[INFO] [stderr]      Running unittests src/lib.rs (/opt/rustwide/target/debug/deps/ethers_ccip_read-305cd427f2e2349e)
[INFO] [stdout] 
[INFO] [stdout] running 4 tests
[INFO] [stdout] test utils::tests::test_dns_encode ... ok
[INFO] [stdout] test utils::tests::test_dns_encode_with_a_long_name ... ok
[INFO] [stdout] test middleware::tests::test_eip_2544_ens_wildcards ... FAILED
[INFO] [stdout] test middleware::tests::test_ccip_call ... FAILED
[INFO] [stdout] 
[INFO] [stdout] failures:
[INFO] [stdout] 
[INFO] [stdout] ---- middleware::tests::test_eip_2544_ens_wildcards stdout ----
[INFO] [stdout] thread 'middleware::tests::test_eip_2544_ens_wildcards' panicked at src/middleware.rs:281:66:
[INFO] [stdout] called `Option::unwrap()` on a `None` value
[INFO] [stdout] stack backtrace:
[INFO] [stdout]    0:     0x55910e00a9dc - std::backtrace_rs::backtrace::libunwind::trace::ha637c64ce894333a
[INFO] [stdout]                                at /rustc/82e1608dfa6e0b5569232559e3d385fea5a93112/library/std/src/../../backtrace/src/backtrace/libunwind.rs:104:5
[INFO] [stdout]    1:     0x55910e00a9dc - std::backtrace_rs::backtrace::trace_unsynchronized::h47f62dea28e0c88d
[INFO] [stdout]                                at /rustc/82e1608dfa6e0b5569232559e3d385fea5a93112/library/std/src/../../backtrace/src/backtrace/mod.rs:66:5
[INFO] [stdout]    2:     0x55910e00a9dc - std::sys_common::backtrace::_print_fmt::h9eef0abe20ede486
[INFO] [stdout]                                at /rustc/82e1608dfa6e0b5569232559e3d385fea5a93112/library/std/src/sys_common/backtrace.rs:67:5
[INFO] [stdout]    3:     0x55910e00a9dc - <std::sys_common::backtrace::_print::DisplayBacktrace as core::fmt::Display>::fmt::hed7f999df88cc644
[INFO] [stdout]                                at /rustc/82e1608dfa6e0b5569232559e3d385fea5a93112/library/std/src/sys_common/backtrace.rs:44:22
[INFO] [stdout]    4:     0x55910e0384b0 - core::fmt::rt::Argument::fmt::h1539a9308b8d058d
[INFO] [stdout]                                at /rustc/82e1608dfa6e0b5569232559e3d385fea5a93112/library/core/src/fmt/rt.rs:142:9
[INFO] [stdout]    5:     0x55910e0384b0 - core::fmt::write::h3a39390d8560d9c9
[INFO] [stdout]                                at /rustc/82e1608dfa6e0b5569232559e3d385fea5a93112/library/core/src/fmt/mod.rs:1120:17
[INFO] [stdout]    6:     0x55910e00792f - std::io::Write::write_fmt::h040b369f3a0f9cbc
[INFO] [stdout]                                at /rustc/82e1608dfa6e0b5569232559e3d385fea5a93112/library/std/src/io/mod.rs:1762:15
[INFO] [stdout]    7:     0x55910e00a7c4 - std::sys_common::backtrace::_print::h894006fb5c6f3d45
[INFO] [stdout]                                at /rustc/82e1608dfa6e0b5569232559e3d385fea5a93112/library/std/src/sys_common/backtrace.rs:47:5
[INFO] [stdout]    8:     0x55910e00a7c4 - std::sys_common::backtrace::print::h23a2d212c6fff936
[INFO] [stdout]                                at /rustc/82e1608dfa6e0b5569232559e3d385fea5a93112/library/std/src/sys_common/backtrace.rs:34:9
[INFO] [stdout]    9:     0x55910e00c487 - std::panicking::default_hook::{{closure}}::h8a1d2ee00185001a
[INFO] [stdout]   10:     0x55910e00c173 - std::panicking::default_hook::h6038f2eba384e475
[INFO] [stdout]                                at /rustc/82e1608dfa6e0b5569232559e3d385fea5a93112/library/std/src/panicking.rs:289:9
[INFO] [stdout]   11:     0x55910d9f15e7 - <alloc::boxed::Box<F,A> as core::ops::function::Fn<Args>>::call::h0ad024c9bdc6d768
[INFO] [stdout]                                at /rustc/82e1608dfa6e0b5569232559e3d385fea5a93112/library/alloc/src/boxed.rs:2021:9
[INFO] [stdout]   12:     0x55910d9f15e7 - test::test_main::{{closure}}::h7500b54257359db6
[INFO] [stdout]                                at /rustc/82e1608dfa6e0b5569232559e3d385fea5a93112/library/test/src/lib.rs:138:21
[INFO] [stdout]   13:     0x55910e00ca98 - <alloc::boxed::Box<F,A> as core::ops::function::Fn<Args>>::call::h1f8f335eaa9cfaee
[INFO] [stdout]                                at /rustc/82e1608dfa6e0b5569232559e3d385fea5a93112/library/alloc/src/boxed.rs:2021:9
[INFO] [stdout]   14:     0x55910e00ca98 - std::panicking::rust_panic_with_hook::h2b5517d590cab22e
[INFO] [stdout]                                at /rustc/82e1608dfa6e0b5569232559e3d385fea5a93112/library/std/src/panicking.rs:783:13
[INFO] [stdout]   15:     0x55910e00c7b9 - std::panicking::begin_panic_handler::{{closure}}::h233112c06e0ef43e
[INFO] [stdout]                                at /rustc/82e1608dfa6e0b5569232559e3d385fea5a93112/library/std/src/panicking.rs:649:13
[INFO] [stdout]   16:     0x55910e00aea6 - std::sys_common::backtrace::__rust_end_short_backtrace::h6e893f24d7ebbff8
[INFO] [stdout]                                at /rustc/82e1608dfa6e0b5569232559e3d385fea5a93112/library/std/src/sys_common/backtrace.rs:170:18
[INFO] [stdout]   17:     0x55910e00c552 - rust_begin_unwind
[INFO] [stdout]                                at /rustc/82e1608dfa6e0b5569232559e3d385fea5a93112/library/std/src/panicking.rs:645:5
[INFO] [stdout]   18:     0x55910d98e695 - core::panicking::panic_fmt::hbf0e066aabfa482c
[INFO] [stdout]                                at /rustc/82e1608dfa6e0b5569232559e3d385fea5a93112/library/core/src/panicking.rs:72:14
[INFO] [stdout]   19:     0x55910d98e733 - core::panicking::panic::h195fc2a96298d4c3
[INFO] [stdout]                                at /rustc/82e1608dfa6e0b5569232559e3d385fea5a93112/library/core/src/panicking.rs:127:5
[INFO] [stdout]   20:     0x55910d993a70 - core::option::Option<T>::unwrap::h83631f77f19b746d
[INFO] [stdout]                                at /rustc/82e1608dfa6e0b5569232559e3d385fea5a93112/library/core/src/option.rs:931:21
[INFO] [stdout]   21:     0x55910d9a28b3 - ethers_ccip_read::middleware::CCIPReadMiddleware<M>::_call::{{closure}}::h8d34fbc88defb3af
[INFO] [stdout]                                at /opt/rustwide/workdir/src/middleware.rs:281:31
[INFO] [stdout]   22:     0x55910d9ac64d - <core::pin::Pin<P> as core::future::future::Future>::poll::hdd380574241ff314
[INFO] [stdout]                                at /rustc/82e1608dfa6e0b5569232559e3d385fea5a93112/library/core/src/future/future.rs:125:9
[INFO] [stdout]   23:     0x55910d9a4c07 - <ethers_ccip_read::middleware::CCIPReadMiddleware<M> as ethers_providers::middleware::Middleware>::call::{{closure}}::h5f234b89152f0654
[INFO] [stdout]                                at /opt/rustwide/workdir/src/middleware.rs:396:41
[INFO] [stdout]   24:     0x55910d9ac64d - <core::pin::Pin<P> as core::future::future::Future>::poll::hdd380574241ff314
[INFO] [stdout]                                at /rustc/82e1608dfa6e0b5569232559e3d385fea5a93112/library/core/src/future/future.rs:125:9
[INFO] [stdout]   25:     0x55910d99f766 - ethers_ccip_read::middleware::CCIPReadMiddleware<M>::get_resolver::{{closure}}::h3cf04aef107a86b6
[INFO] [stdout]                                at /opt/rustwide/workdir/src/middleware.rs:168:18
[INFO] [stdout]   26:     0x55910d9bcab2 - ethers_ccip_read::middleware::tests::test_eip_2544_ens_wildcards::{{closure}}::h496f574c8e56a6a0
[INFO] [stdout]                                at /opt/rustwide/workdir/src/middleware.rs:510:64
[INFO] [stdout]   27:     0x55910d9ac588 - <core::pin::Pin<P> as core::future::future::Future>::poll::h9d7aa237470f2f8e
[INFO] [stdout]                                at /rustc/82e1608dfa6e0b5569232559e3d385fea5a93112/library/core/src/future/future.rs:125:9
[INFO] [stdout]   28:     0x55910d9ac5db - <core::pin::Pin<P> as core::future::future::Future>::poll::hb62d9ad307af68f3
[INFO] [stdout]                                at /rustc/82e1608dfa6e0b5569232559e3d385fea5a93112/library/core/src/future/future.rs:125:9
[INFO] [stdout]   29:     0x55910d9992f4 - tokio::runtime::scheduler::current_thread::CoreGuard::block_on::{{closure}}::{{closure}}::{{closure}}::h0c08c0e87b13481b
[INFO] [stdout]                                at /opt/rustwide/cargo-home/registry/src/index.crates.io-6f17d22bba15001f/tokio-1.28.0/src/runtime/scheduler/current_thread.rs:541:57
[INFO] [stdout]   30:     0x55910d99921a - tokio::runtime::coop::with_budget::h653a9c1e3f8575b4
[INFO] [stdout]                                at /opt/rustwide/cargo-home/registry/src/index.crates.io-6f17d22bba15001f/tokio-1.28.0/src/runtime/coop.rs:107:5
[INFO] [stdout]   31:     0x55910d99921a - tokio::runtime::coop::budget::h0cc8861aa21599fc
[INFO] [stdout]                                at /opt/rustwide/cargo-home/registry/src/index.crates.io-6f17d22bba15001f/tokio-1.28.0/src/runtime/coop.rs:73:5
[INFO] [stdout]   32:     0x55910d99921a - tokio::runtime::scheduler::current_thread::CoreGuard::block_on::{{closure}}::{{closure}}::h8172f1be3a519180
[INFO] [stdout]                                at /opt/rustwide/cargo-home/registry/src/index.crates.io-6f17d22bba15001f/tokio-1.28.0/src/runtime/scheduler/current_thread.rs:541:25
[INFO] [stdout]   33:     0x55910d997cdc - tokio::runtime::scheduler::current_thread::Context::enter::h6b5158001978c236
[INFO] [stdout]                                at /opt/rustwide/cargo-home/registry/src/index.crates.io-6f17d22bba15001f/tokio-1.28.0/src/runtime/scheduler/current_thread.rs:350:19
[INFO] [stdout]   34:     0x55910d9987ca - tokio::runtime::scheduler::current_thread::CoreGuard::block_on::{{closure}}::h3f69d6aeed71d595
[INFO] [stdout]                                at /opt/rustwide/cargo-home/registry/src/index.crates.io-6f17d22bba15001f/tokio-1.28.0/src/runtime/scheduler/current_thread.rs:540:36
[INFO] [stdout]   35:     0x55910d9984db - tokio::runtime::scheduler::current_thread::CoreGuard::enter::{{closure}}::h8cc134282574d2da
[INFO] [stdout]                                at /opt/rustwide/cargo-home/registry/src/index.crates.io-6f17d22bba15001f/tokio-1.28.0/src/runtime/scheduler/current_thread.rs:615:57
[INFO] [stdout]   36:     0x55910d9b1258 - tokio::macros::scoped_tls::ScopedKey<T>::set::h53ced7370438655e
[INFO] [stdout]                                at /opt/rustwide/cargo-home/registry/src/index.crates.io-6f17d22bba15001f/tokio-1.28.0/src/macros/scoped_tls.rs:61:9
[INFO] [stdout]   37:     0x55910d99826f - tokio::runtime::scheduler::current_thread::CoreGuard::enter::h6483c8fe16134ced
[INFO] [stdout]                                at /opt/rustwide/cargo-home/registry/src/index.crates.io-6f17d22bba15001f/tokio-1.28.0/src/runtime/scheduler/current_thread.rs:615:27
[INFO] [stdout]   38:     0x55910d99850d - tokio::runtime::scheduler::current_thread::CoreGuard::block_on::ha985b28ff5ec2bc8
[INFO] [stdout]                                at /opt/rustwide/cargo-home/registry/src/index.crates.io-6f17d22bba15001f/tokio-1.28.0/src/runtime/scheduler/current_thread.rs:530:19
[INFO] [stdout]   39:     0x55910d99748d - tokio::runtime::scheduler::current_thread::CurrentThread::block_on::h2593c658aa8350b0
[INFO] [stdout]                                at /opt/rustwide/cargo-home/registry/src/index.crates.io-6f17d22bba15001f/tokio-1.28.0/src/runtime/scheduler/current_thread.rs:154:24
[INFO] [stdout]   40:     0x55910d9bb34d - tokio::runtime::runtime::Runtime::block_on::h498d38f18fe1a0e3
[INFO] [stdout]                                at /opt/rustwide/cargo-home/registry/src/index.crates.io-6f17d22bba15001f/tokio-1.28.0/src/runtime/runtime.rs:302:47
[INFO] [stdout]   41:     0x55910d9bc79c - ethers_ccip_read::middleware::tests::test_eip_2544_ens_wildcards::hf6e286fe1799a94e
[INFO] [stdout]                                at /opt/rustwide/workdir/src/middleware.rs:525:9
[INFO] [stdout]   42:     0x55910d9bc627 - ethers_ccip_read::middleware::tests::test_eip_2544_ens_wildcards::{{closure}}::h9b185c78015a5da4
[INFO] [stdout]                                at /opt/rustwide/workdir/src/middleware.rs:506:43
[INFO] [stdout]   43:     0x55910d9915f6 - core::ops::function::FnOnce::call_once::hb4a74734ed075943
[INFO] [stdout]                                at /rustc/82e1608dfa6e0b5569232559e3d385fea5a93112/library/core/src/ops/function.rs:250:5
[INFO] [stdout]   44:     0x55910d9f6c3f - core::ops::function::FnOnce::call_once::h2b5d431d5046312d
[INFO] [stdout]                                at /rustc/82e1608dfa6e0b5569232559e3d385fea5a93112/library/core/src/ops/function.rs:250:5
[INFO] [stdout]   45:     0x55910d9f6c3f - test::__rust_begin_short_backtrace::h7714669af176e207
[INFO] [stdout]                                at /rustc/82e1608dfa6e0b5569232559e3d385fea5a93112/library/test/src/lib.rs:628:18
[INFO] [stdout]   46:     0x55910d9f5c55 - test::run_test_in_process::{{closure}}::h85218797dcbcec12
[INFO] [stdout]                                at /rustc/82e1608dfa6e0b5569232559e3d385fea5a93112/library/test/src/lib.rs:651:60
[INFO] [stdout]   47:     0x55910d9f5c55 - <core::panic::unwind_safe::AssertUnwindSafe<F> as core::ops::function::FnOnce<()>>::call_once::h76c106ea31c14d7b
[INFO] [stdout]                                at /rustc/82e1608dfa6e0b5569232559e3d385fea5a93112/library/core/src/panic/unwind_safe.rs:272:9
[INFO] [stdout]   48:     0x55910d9f5c55 - std::panicking::try::do_call::h3bd5d0f6620ee946
[INFO] [stdout]                                at /rustc/82e1608dfa6e0b5569232559e3d385fea5a93112/library/std/src/panicking.rs:552:40
[INFO] [stdout]   49:     0x55910d9f5c55 - std::panicking::try::h232e535e4744fe31
[INFO] [stdout]                                at /rustc/82e1608dfa6e0b5569232559e3d385fea5a93112/library/std/src/panicking.rs:516:19
[INFO] [stdout]   50:     0x55910d9f5c55 - std::panic::catch_unwind::h3ce3bd6ca8dbac68
[INFO] [stdout]                                at /rustc/82e1608dfa6e0b5569232559e3d385fea5a93112/library/std/src/panic.rs:142:14
[INFO] [stdout]   51:     0x55910d9f5c55 - test::run_test_in_process::hc97b257c9621286a
[INFO] [stdout]                                at /rustc/82e1608dfa6e0b5569232559e3d385fea5a93112/library/test/src/lib.rs:651:27
[INFO] [stdout]   52:     0x55910d9f5c55 - test::run_test::{{closure}}::h2aa798823a438d38
[INFO] [stdout]                                at /rustc/82e1608dfa6e0b5569232559e3d385fea5a93112/library/test/src/lib.rs:574:43
[INFO] [stdout]   53:     0x55910d9bdf16 - test::run_test::{{closure}}::h87d231c78fb59832
[INFO] [stdout]                                at /rustc/82e1608dfa6e0b5569232559e3d385fea5a93112/library/test/src/lib.rs:602:41
[INFO] [stdout]   54:     0x55910d9bdf16 - std::sys_common::backtrace::__rust_begin_short_backtrace::he6df152596625789
[INFO] [stdout]                                at /rustc/82e1608dfa6e0b5569232559e3d385fea5a93112/library/std/src/sys_common/backtrace.rs:154:18
[INFO] [stdout]   55:     0x55910d9c2fc7 - std::thread::Builder::spawn_unchecked_::{{closure}}::{{closure}}::ha94be15d1e0acf36
[INFO] [stdout]                                at /rustc/82e1608dfa6e0b5569232559e3d385fea5a93112/library/std/src/thread/mod.rs:529:17
[INFO] [stdout]   56:     0x55910d9c2fc7 - <core::panic::unwind_safe::AssertUnwindSafe<F> as core::ops::function::FnOnce<()>>::call_once::h9dc6bd6372f16606
[INFO] [stdout]                                at /rustc/82e1608dfa6e0b5569232559e3d385fea5a93112/library/core/src/panic/unwind_safe.rs:272:9
[INFO] [stdout]   57:     0x55910d9c2fc7 - std::panicking::try::do_call::h9057517f80303cd4
[INFO] [stdout]                                at /rustc/82e1608dfa6e0b5569232559e3d385fea5a93112/library/std/src/panicking.rs:552:40
[INFO] [stdout]   58:     0x55910d9c2fc7 - std::panicking::try::he3a30b11ee45340c
[INFO] [stdout]                                at /rustc/82e1608dfa6e0b5569232559e3d385fea5a93112/library/std/src/panicking.rs:516:19
[INFO] [stdout]   59:     0x55910d9c2fc7 - std::panic::catch_unwind::h410458cfd3528b8b
[INFO] [stdout]                                at /rustc/82e1608dfa6e0b5569232559e3d385fea5a93112/library/std/src/panic.rs:142:14
[INFO] [stdout]   60:     0x55910d9c2fc7 - std::thread::Builder::spawn_unchecked_::{{closure}}::h72ac3bdb567b737b
[INFO] [stdout]                                at /rustc/82e1608dfa6e0b5569232559e3d385fea5a93112/library/std/src/thread/mod.rs:528:30
[INFO] [stdout]   61:     0x55910d9c2fc7 - core::ops::function::FnOnce::call_once{{vtable.shim}}::h38f34da3654a8344
[INFO] [stdout]                                at /rustc/82e1608dfa6e0b5569232559e3d385fea5a93112/library/core/src/ops/function.rs:250:5
[INFO] [stdout]   62:     0x55910e0117b5 - <alloc::boxed::Box<F,A> as core::ops::function::FnOnce<Args>>::call_once::hc7eafaff61e32df9
[INFO] [stdout]                                at /rustc/82e1608dfa6e0b5569232559e3d385fea5a93112/library/alloc/src/boxed.rs:2007:9
[INFO] [stdout]   63:     0x55910e0117b5 - <alloc::boxed::Box<F,A> as core::ops::function::FnOnce<Args>>::call_once::h6ba4a5de48dd2304
[INFO] [stdout]                                at /rustc/82e1608dfa6e0b5569232559e3d385fea5a93112/library/alloc/src/boxed.rs:2007:9
[INFO] [stdout]   64:     0x55910e0117b5 - std::sys::unix::thread::Thread::new::thread_start::he469335aef763e45
[INFO] [stdout]                                at /rustc/82e1608dfa6e0b5569232559e3d385fea5a93112/library/std/src/sys/unix/thread.rs:108:17
[INFO] [stdout]   65:     0x7f4658ff0ac3 - <unknown>
[INFO] [stdout]   66:     0x7f4659081bf4 - __clone
[INFO] [stdout]   67:                0x0 - <unknown>
[INFO] [stdout] 
[INFO] [stdout] ---- middleware::tests::test_ccip_call stdout ----
[INFO] [stdout] thread 'middleware::tests::test_ccip_call' panicked at src/middleware.rs:281:66:
[INFO] [stdout] called `Option::unwrap()` on a `None` value
[INFO] [stdout] stack backtrace:
[INFO] [stdout]    0:     0x55910e00a9dc - std::backtrace_rs::backtrace::libunwind::trace::ha637c64ce894333a
[INFO] [stdout]                                at /rustc/82e1608dfa6e0b5569232559e3d385fea5a93112/library/std/src/../../backtrace/src/backtrace/libunwind.rs:104:5
[INFO] [stdout]    1:     0x55910e00a9dc - std::backtrace_rs::backtrace::trace_unsynchronized::h47f62dea28e0c88d
[INFO] [stdout]                                at /rustc/82e1608dfa6e0b5569232559e3d385fea5a93112/library/std/src/../../backtrace/src/backtrace/mod.rs:66:5
[INFO] [stdout]    2:     0x55910e00a9dc - std::sys_common::backtrace::_print_fmt::h9eef0abe20ede486
[INFO] [stdout]                                at /rustc/82e1608dfa6e0b5569232559e3d385fea5a93112/library/std/src/sys_common/backtrace.rs:67:5
[INFO] [stdout]    3:     0x55910e00a9dc - <std::sys_common::backtrace::_print::DisplayBacktrace as core::fmt::Display>::fmt::hed7f999df88cc644
[INFO] [stdout]                                at /rustc/82e1608dfa6e0b5569232559e3d385fea5a93112/library/std/src/sys_common/backtrace.rs:44:22
[INFO] [stdout]    4:     0x55910e0384b0 - core::fmt::rt::Argument::fmt::h1539a9308b8d058d
[INFO] [stdout]                                at /rustc/82e1608dfa6e0b5569232559e3d385fea5a93112/library/core/src/fmt/rt.rs:142:9
[INFO] [stdout]    5:     0x55910e0384b0 - core::fmt::write::h3a39390d8560d9c9
[INFO] [stdout]                                at /rustc/82e1608dfa6e0b5569232559e3d385fea5a93112/library/core/src/fmt/mod.rs:1120:17
[INFO] [stdout]    6:     0x55910e00792f - std::io::Write::write_fmt::h040b369f3a0f9cbc
[INFO] [stdout]                                at /rustc/82e1608dfa6e0b5569232559e3d385fea5a93112/library/std/src/io/mod.rs:1762:15
[INFO] [stdout]    7:     0x55910e00a7c4 - std::sys_common::backtrace::_print::h894006fb5c6f3d45
[INFO] [stdout]                                at /rustc/82e1608dfa6e0b5569232559e3d385fea5a93112/library/std/src/sys_common/backtrace.rs:47:5
[INFO] [stdout]    8:     0x55910e00a7c4 - std::sys_common::backtrace::print::h23a2d212c6fff936
[INFO] [stdout]                                at /rustc/82e1608dfa6e0b5569232559e3d385fea5a93112/library/std/src/sys_common/backtrace.rs:34:9
[INFO] [stdout]    9:     0x55910e00c487 - std::panicking::default_hook::{{closure}}::h8a1d2ee00185001a
[INFO] [stdout]   10:     0x55910e00c173 - std::panicking::default_hook::h6038f2eba384e475
[INFO] [stdout]                                at /rustc/82e1608dfa6e0b5569232559e3d385fea5a93112/library/std/src/panicking.rs:289:9
[INFO] [stdout]   11:     0x55910d9f15e7 - <alloc::boxed::Box<F,A> as core::ops::function::Fn<Args>>::call::h0ad024c9bdc6d768
[INFO] [stdout]                                at /rustc/82e1608dfa6e0b5569232559e3d385fea5a93112/library/alloc/src/boxed.rs:2021:9
[INFO] [stdout]   12:     0x55910d9f15e7 - test::test_main::{{closure}}::h7500b54257359db6
[INFO] [stdout]                                at /rustc/82e1608dfa6e0b5569232559e3d385fea5a93112/library/test/src/lib.rs:138:21
[INFO] [stdout]   13:     0x55910e00ca98 - <alloc::boxed::Box<F,A> as core::ops::function::Fn<Args>>::call::h1f8f335eaa9cfaee
[INFO] [stdout]                                at /rustc/82e1608dfa6e0b5569232559e3d385fea5a93112/library/alloc/src/boxed.rs:2021:9
[INFO] [stdout]   14:     0x55910e00ca98 - std::panicking::rust_panic_with_hook::h2b5517d590cab22e
[INFO] [stdout]                                at /rustc/82e1608dfa6e0b5569232559e3d385fea5a93112/library/std/src/panicking.rs:783:13
[INFO] [stdout]   15:     0x55910e00c7b9 - std::panicking::begin_panic_handler::{{closure}}::h233112c06e0ef43e
[INFO] [stdout]                                at /rustc/82e1608dfa6e0b5569232559e3d385fea5a93112/library/std/src/panicking.rs:649:13
[INFO] [stdout]   16:     0x55910e00aea6 - std::sys_common::backtrace::__rust_end_short_backtrace::h6e893f24d7ebbff8
[INFO] [stdout]                                at /rustc/82e1608dfa6e0b5569232559e3d385fea5a93112/library/std/src/sys_common/backtrace.rs:170:18
[INFO] [stdout]   17:     0x55910e00c552 - rust_begin_unwind
[INFO] [stdout]                                at /rustc/82e1608dfa6e0b5569232559e3d385fea5a93112/library/std/src/panicking.rs:645:5
[INFO] [stdout]   18:     0x55910d98e695 - core::panicking::panic_fmt::hbf0e066aabfa482c
[INFO] [stdout]                                at /rustc/82e1608dfa6e0b5569232559e3d385fea5a93112/library/core/src/panicking.rs:72:14
[INFO] [stdout]   19:     0x55910d98e733 - core::panicking::panic::h195fc2a96298d4c3
[INFO] [stdout]                                at /rustc/82e1608dfa6e0b5569232559e3d385fea5a93112/library/core/src/panicking.rs:127:5
[INFO] [stdout]   20:     0x55910d993a70 - core::option::Option<T>::unwrap::h83631f77f19b746d
[INFO] [stdout]                                at /rustc/82e1608dfa6e0b5569232559e3d385fea5a93112/library/core/src/option.rs:931:21
[INFO] [stdout]   21:     0x55910d9a28b3 - ethers_ccip_read::middleware::CCIPReadMiddleware<M>::_call::{{closure}}::h8d34fbc88defb3af
[INFO] [stdout]                                at /opt/rustwide/workdir/src/middleware.rs:281:31
[INFO] [stdout]   22:     0x55910d9ac64d - <core::pin::Pin<P> as core::future::future::Future>::poll::hdd380574241ff314
[INFO] [stdout]                                at /rustc/82e1608dfa6e0b5569232559e3d385fea5a93112/library/core/src/future/future.rs:125:9
[INFO] [stdout]   23:     0x55910d9a4c07 - <ethers_ccip_read::middleware::CCIPReadMiddleware<M> as ethers_providers::middleware::Middleware>::call::{{closure}}::h5f234b89152f0654
[INFO] [stdout]                                at /opt/rustwide/workdir/src/middleware.rs:396:41
[INFO] [stdout]   24:     0x55910d9ac64d - <core::pin::Pin<P> as core::future::future::Future>::poll::hdd380574241ff314
[INFO] [stdout]                                at /rustc/82e1608dfa6e0b5569232559e3d385fea5a93112/library/core/src/future/future.rs:125:9
[INFO] [stdout]   25:     0x55910d9bda47 - ethers_ccip_read::middleware::tests::test_ccip_call::{{closure}}::hd6c0391439476ff3
[INFO] [stdout]                                at /opt/rustwide/workdir/src/middleware.rs:549:47
[INFO] [stdout]   26:     0x55910d9ac588 - <core::pin::Pin<P> as core::future::future::Future>::poll::h9d7aa237470f2f8e
[INFO] [stdout]                                at /rustc/82e1608dfa6e0b5569232559e3d385fea5a93112/library/core/src/future/future.rs:125:9
[INFO] [stdout]   27:     0x55910d9ac5db - <core::pin::Pin<P> as core::future::future::Future>::poll::hb62d9ad307af68f3
[INFO] [stdout]                                at /rustc/82e1608dfa6e0b5569232559e3d385fea5a93112/library/core/src/future/future.rs:125:9
[INFO] [stdout]   28:     0x55910d9992f4 - tokio::runtime::scheduler::current_thread::CoreGuard::block_on::{{closure}}::{{closure}}::{{closure}}::h0c08c0e87b13481b
[INFO] [stdout]                                at /opt/rustwide/cargo-home/registry/src/index.crates.io-6f17d22bba15001f/tokio-1.28.0/src/runtime/scheduler/current_thread.rs:541:57
[INFO] [stdout]   29:     0x55910d99921a - tokio::runtime::coop::with_budget::h653a9c1e3f8575b4
[INFO] [stdout]                                at /opt/rustwide/cargo-home/registry/src/index.crates.io-6f17d22bba15001f/tokio-1.28.0/src/runtime/coop.rs:107:5
[INFO] [stdout]   30:     0x55910d99921a - tokio::runtime::coop::budget::h0cc8861aa21599fc
[INFO] [stdout]                                at /opt/rustwide/cargo-home/registry/src/index.crates.io-6f17d22bba15001f/tokio-1.28.0/src/runtime/coop.rs:73:5
[INFO] [stdout]   31:     0x55910d99921a - tokio::runtime::scheduler::current_thread::CoreGuard::block_on::{{closure}}::{{closure}}::h8172f1be3a519180
[INFO] [stdout]                                at /opt/rustwide/cargo-home/registry/src/index.crates.io-6f17d22bba15001f/tokio-1.28.0/src/runtime/scheduler/current_thread.rs:541:25
[INFO] [stdout]   32:     0x55910d997cdc - tokio::runtime::scheduler::current_thread::Context::enter::h6b5158001978c236
[INFO] [stdout]                                at /opt/rustwide/cargo-home/registry/src/index.crates.io-6f17d22bba15001f/tokio-1.28.0/src/runtime/scheduler/current_thread.rs:350:19
[INFO] [stdout]   33:     0x55910d9987ca - tokio::runtime::scheduler::current_thread::CoreGuard::block_on::{{closure}}::h3f69d6aeed71d595
[INFO] [stdout]                                at /opt/rustwide/cargo-home/registry/src/index.crates.io-6f17d22bba15001f/tokio-1.28.0/src/runtime/scheduler/current_thread.rs:540:36
[INFO] [stdout]   34:     0x55910d9984db - tokio::runtime::scheduler::current_thread::CoreGuard::enter::{{closure}}::h8cc134282574d2da
[INFO] [stdout]                                at /opt/rustwide/cargo-home/registry/src/index.crates.io-6f17d22bba15001f/tokio-1.28.0/src/runtime/scheduler/current_thread.rs:615:57
[INFO] [stdout]   35:     0x55910d9b1258 - tokio::macros::scoped_tls::ScopedKey<T>::set::h53ced7370438655e
[INFO] [stdout]                                at /opt/rustwide/cargo-home/registry/src/index.crates.io-6f17d22bba15001f/tokio-1.28.0/src/macros/scoped_tls.rs:61:9
[INFO] [stdout]   36:     0x55910d99826f - tokio::runtime::scheduler::current_thread::CoreGuard::enter::h6483c8fe16134ced
[INFO] [stdout]                                at /opt/rustwide/cargo-home/registry/src/index.crates.io-6f17d22bba15001f/tokio-1.28.0/src/runtime/scheduler/current_thread.rs:615:27
[INFO] [stdout]   37:     0x55910d99850d - tokio::runtime::scheduler::current_thread::CoreGuard::block_on::ha985b28ff5ec2bc8
[INFO] [stdout]                                at /opt/rustwide/cargo-home/registry/src/index.crates.io-6f17d22bba15001f/tokio-1.28.0/src/runtime/scheduler/current_thread.rs:530:19
[INFO] [stdout]   38:     0x55910d99748d - tokio::runtime::scheduler::current_thread::CurrentThread::block_on::h2593c658aa8350b0
[INFO] [stdout]                                at /opt/rustwide/cargo-home/registry/src/index.crates.io-6f17d22bba15001f/tokio-1.28.0/src/runtime/scheduler/current_thread.rs:154:24
[INFO] [stdout]   39:     0x55910d9bb34d - tokio::runtime::runtime::Runtime::block_on::h498d38f18fe1a0e3
[INFO] [stdout]                                at /opt/rustwide/cargo-home/registry/src/index.crates.io-6f17d22bba15001f/tokio-1.28.0/src/runtime/runtime.rs:302:47
[INFO] [stdout]   40:     0x55910d9bd46c - ethers_ccip_read::middleware::tests::test_ccip_call::h8a50a77b66405210
[INFO] [stdout]                                at /opt/rustwide/workdir/src/middleware.rs:554:9
[INFO] [stdout]   41:     0x55910d9bd2f7 - ethers_ccip_read::middleware::tests::test_ccip_call::{{closure}}::h8c3db67057e5ea7e
[INFO] [stdout]                                at /opt/rustwide/workdir/src/middleware.rs:534:30
[INFO] [stdout]   42:     0x55910d991466 - core::ops::function::FnOnce::call_once::h1556f6b27f7c8de1
[INFO] [stdout]                                at /rustc/82e1608dfa6e0b5569232559e3d385fea5a93112/library/core/src/ops/function.rs:250:5
[INFO] [stdout]   43:     0x55910d9f6c3f - core::ops::function::FnOnce::call_once::h2b5d431d5046312d
[INFO] [stdout]                                at /rustc/82e1608dfa6e0b5569232559e3d385fea5a93112/library/core/src/ops/function.rs:250:5
[INFO] [stdout]   44:     0x55910d9f6c3f - test::__rust_begin_short_backtrace::h7714669af176e207
[INFO] [stdout]                                at /rustc/82e1608dfa6e0b5569232559e3d385fea5a93112/library/test/src/lib.rs:628:18
[INFO] [stdout]   45:     0x55910d9f5c55 - test::run_test_in_process::{{closure}}::h85218797dcbcec12
[INFO] [stdout]                                at /rustc/82e1608dfa6e0b5569232559e3d385fea5a93112/library/test/src/lib.rs:651:60
[INFO] [stdout]   46:     0x55910d9f5c55 - <core::panic::unwind_safe::AssertUnwindSafe<F> as core::ops::function::FnOnce<()>>::call_once::h76c106ea31c14d7b
[INFO] [stdout]                                at /rustc/82e1608dfa6e0b5569232559e3d385fea5a93112/library/core/src/panic/unwind_safe.rs:272:9
[INFO] [stdout]   47:     0x55910d9f5c55 - std::panicking::try::do_call::h3bd5d0f6620ee946
[INFO] [stdout]                                at /rustc/82e1608dfa6e0b5569232559e3d385fea5a93112/library/std/src/panicking.rs:552:40
[INFO] [stdout]   48:     0x55910d9f5c55 - std::panicking::try::h232e535e4744fe31
[INFO] [stdout]                                at /rustc/82e1608dfa6e0b5569232559e3d385fea5a93112/library/std/src/panicking.rs:516:19
[INFO] [stdout]   49:     0x55910d9f5c55 - std::panic::catch_unwind::h3ce3bd6ca8dbac68
[INFO] [stdout]                                at /rustc/82e1608dfa6e0b5569232559e3d385fea5a93112/library/std/src/panic.rs:142:14
[INFO] [stdout]   50:     0x55910d9f5c55 - test::run_test_in_process::hc97b257c9621286a
[INFO] [stdout]                                at /rustc/82e1608dfa6e0b5569232559e3d385fea5a93112/library/test/src/lib.rs:651:27
[INFO] [stdout]   51:     0x55910d9f5c55 - test::run_test::{{closure}}::h2aa798823a438d38
[INFO] [stdout]                                at /rustc/82e1608dfa6e0b5569232559e3d385fea5a93112/library/test/src/lib.rs:574:43
[INFO] [stdout]   52:     0x55910d9bdf16 - test::run_test::{{closure}}::h87d231c78fb59832
[INFO] [stdout]                                at /rustc/82e1608dfa6e0b5569232559e3d385fea5a93112/library/test/src/lib.rs:602:41
[INFO] [stdout]   53:     0x55910d9bdf16 - std::sys_common::backtrace::__rust_begin_short_backtrace::he6df152596625789
[INFO] [stdout]                                at /rustc/82e1608dfa6e0b5569232559e3d385fea5a93112/library/std/src/sys_common/backtrace.rs:154:18
[INFO] [stdout]   54:     0x55910d9c2fc7 - std::thread::Builder::spawn_unchecked_::{{closure}}::{{closure}}::ha94be15d1e0acf36
[INFO] [stdout]                                at /rustc/82e1608dfa6e0b5569232559e3d385fea5a93112/library/std/src/thread/mod.rs:529:17
[INFO] [stdout]   55:     0x55910d9c2fc7 - <core::panic::unwind_safe::AssertUnwindSafe<F> as core::ops::function::FnOnce<()>>::call_once::h9dc6bd6372f16606
[INFO] [stdout]                                at /rustc/82e1608dfa6e0b5569232559e3d385fea5a93112/library/core/src/panic/unwind_safe.rs:272:9
[INFO] [stdout]   56:     0x55910d9c2fc7 - std::panicking::try::do_call::h9057517f80303cd4
[INFO] [stdout]                                at /rustc/82e1608dfa6e0b5569232559e3d385fea5a93112/library/std/src/panicking.rs:552:40
[INFO] [stdout]   57:     0x55910d9c2fc7 - std::panicking::try::he3a30b11ee45340c
[INFO] [stdout]                                at /rustc/82e1608dfa6e0b5569232559e3d385fea5a93112/library/std/src/panicking.rs:516:19
[INFO] [stdout]   58:     0x55910d9c2fc7 - std::panic::catch_unwind::h410458cfd3528b8b
[INFO] [stdout]                                at /rustc/82e1608dfa6e0b5569232559e3d385fea5a93112/library/std/src/panic.rs:142:14
[INFO] [stdout]   59:     0x55910d9c2fc7 - std::thread::Builder::spawn_unchecked_::{{closure}}::h72ac3bdb567b737b
[INFO] [stdout]                                at /rustc/82e1608dfa6e0b5569232559e3d385fea5a93112/library/std/src/thread/mod.rs:528:30
[INFO] [stdout]   60:     0x55910d9c2fc7 - core::ops::function::FnOnce::call_once{{vtable.shim}}::h38f34da3654a8344
[INFO] [stdout]                                at /rustc/82e1608dfa6e0b5569232559e3d385fea5a93112/library/core/src/ops/function.rs:250:5
[INFO] [stdout]   61:     0x55910e0117b5 - <alloc::boxed::Box<F,A> as core::ops::function::FnOnce<Args>>::call_once::hc7eafaff61e32df9
[INFO] [stdout]                                at /rustc/82e1608dfa6e0b5569232559e3d385fea5a93112/library/alloc/src/boxed.rs:2007:9
[INFO] [stdout]   62:     0x55910e0117b5 - <alloc::boxed::Box<F,A> as core::ops::function::FnOnce<Args>>::call_once::h6ba4a5de48dd2304
[INFO] [stdout]                                at /rustc/82e1608dfa6e0b5569232559e3d385fea5a93112/library/alloc/src/boxed.rs:2007:9
[INFO] [stdout]   63:     0x55910e0117b5 - std::sys::unix::thread::Thread::new::thread_start::he469335aef763e45
[INFO] [stdout]                                at /rustc/82e1608dfa6e0b5569232559e3d385fea5a93112/library/std/src/sys/unix/thread.rs:108:17
[INFO] [stdout]   64:     0x7f4658ff0ac3 - <unknown>
[INFO] [stdout]   65:     0x7f4659081bf4 - __clone
[INFO] [stdout]   66:                0x0 - <unknown>
[INFO] [stdout] 
[INFO] [stdout] 
[INFO] [stdout] failures:
[INFO] [stdout]     middleware::tests::test_ccip_call
[INFO] [stdout]     middleware::tests::test_eip_2544_ens_wildcards
[INFO] [stdout] 
[INFO] [stdout] test result: FAILED. 2 passed; 2 failed; 0 ignored; 0 measured; 0 filtered out; finished in 0.31s
[INFO] [stdout] 
[INFO] [stderr] error: test failed, to rerun pass `--lib`
[INFO] running `Command { std: "docker" "inspect" "eca15332ad9aa1cc21a73742db83f44859543b11bb7e3bf32cc78ccf87532f09", kill_on_drop: false }`
[INFO] running `Command { std: "docker" "rm" "-f" "eca15332ad9aa1cc21a73742db83f44859543b11bb7e3bf32cc78ccf87532f09", kill_on_drop: false }`
[INFO] [stdout] eca15332ad9aa1cc21a73742db83f44859543b11bb7e3bf32cc78ccf87532f09
[INFO] testing ethers-ccip-read-0.1.1 against beta-2023-12-22 for beta-1.76-1
[INFO] extracting crate ethers-ccip-read 0.1.1 into /workspace/builds/worker-1-tc2/source
[INFO] validating manifest of crates.io crate ethers-ccip-read 0.1.1 on toolchain beta-2023-12-22
[INFO] running `Command { std: CARGO_HOME="/workspace/cargo-home" RUSTUP_HOME="/workspace/rustup-home" "/workspace/cargo-home/bin/cargo" "+beta-2023-12-22" "metadata" "--manifest-path" "Cargo.toml" "--no-deps", kill_on_drop: false }`
[INFO] started tweaking crates.io crate ethers-ccip-read 0.1.1
[INFO] finished tweaking crates.io crate ethers-ccip-read 0.1.1
[INFO] tweaked toml for crates.io crate ethers-ccip-read 0.1.1 written to /workspace/builds/worker-1-tc2/source/Cargo.toml
[INFO] crate crates.io crate ethers-ccip-read 0.1.1 already has a lockfile, it will not be regenerated
[INFO] running `Command { std: CARGO_HOME="/workspace/cargo-home" RUSTUP_HOME="/workspace/rustup-home" "/workspace/cargo-home/bin/cargo" "+beta-2023-12-22" "fetch" "--manifest-path" "Cargo.toml", kill_on_drop: false }`
[INFO] running `Command { std: "docker" "create" "-v" "/var/lib/crater-agent-workspace/builds/worker-1-tc2/target:/opt/rustwide/target:rw,Z" "-v" "/var/lib/crater-agent-workspace/builds/worker-1-tc2/source:/opt/rustwide/workdir:ro,Z" "-v" "/var/lib/crater-agent-workspace/cargo-home:/opt/rustwide/cargo-home:ro,Z" "-v" "/var/lib/crater-agent-workspace/rustup-home:/opt/rustwide/rustup-home:ro,Z" "-e" "SOURCE_DIR=/opt/rustwide/workdir" "-e" "CARGO_TARGET_DIR=/opt/rustwide/target" "-e" "CARGO_HOME=/opt/rustwide/cargo-home" "-e" "RUSTUP_HOME=/opt/rustwide/rustup-home" "-w" "/opt/rustwide/workdir" "-m" "1610612736" "--user" "0:0" "--network" "none" "ghcr.io/rust-lang/crates-build-env/linux@sha256:2788e3201cd34a07e3172128adcd8b3090168a8e3bcc40d7c032b9dda1df7d1c" "/opt/rustwide/cargo-home/bin/cargo" "+beta-2023-12-22" "metadata" "--no-deps" "--format-version=1", kill_on_drop: false }`
[INFO] [stdout] 0653299e711b0b9ad26f380a7628c3df538aa1a835cf27ec8ddaaa3fc2ba0329
[INFO] running `Command { std: "docker" "start" "-a" "0653299e711b0b9ad26f380a7628c3df538aa1a835cf27ec8ddaaa3fc2ba0329", kill_on_drop: false }`
[INFO] running `Command { std: "docker" "inspect" "0653299e711b0b9ad26f380a7628c3df538aa1a835cf27ec8ddaaa3fc2ba0329", kill_on_drop: false }`
[INFO] running `Command { std: "docker" "rm" "-f" "0653299e711b0b9ad26f380a7628c3df538aa1a835cf27ec8ddaaa3fc2ba0329", kill_on_drop: false }`
[INFO] [stdout] 0653299e711b0b9ad26f380a7628c3df538aa1a835cf27ec8ddaaa3fc2ba0329
[INFO] running `Command { std: "docker" "create" "-v" "/var/lib/crater-agent-workspace/builds/worker-1-tc2/target:/opt/rustwide/target:rw,Z" "-v" "/var/lib/crater-agent-workspace/builds/worker-1-tc2/source:/opt/rustwide/workdir:ro,Z" "-v" "/var/lib/crater-agent-workspace/cargo-home:/opt/rustwide/cargo-home:ro,Z" "-v" "/var/lib/crater-agent-workspace/rustup-home:/opt/rustwide/rustup-home:ro,Z" "-e" "SOURCE_DIR=/opt/rustwide/workdir" "-e" "CARGO_TARGET_DIR=/opt/rustwide/target" "-e" "CARGO_INCREMENTAL=0" "-e" "RUST_BACKTRACE=full" "-e" "RUSTFLAGS=--cap-lints=warn" "-e" "RUSTDOCFLAGS=--cap-lints=warn" "-e" "CARGO_HOME=/opt/rustwide/cargo-home" "-e" "RUSTUP_HOME=/opt/rustwide/rustup-home" "-w" "/opt/rustwide/workdir" "-m" "1610612736" "--user" "0:0" "--network" "none" "ghcr.io/rust-lang/crates-build-env/linux@sha256:2788e3201cd34a07e3172128adcd8b3090168a8e3bcc40d7c032b9dda1df7d1c" "/opt/rustwide/cargo-home/bin/cargo" "+beta-2023-12-22" "build" "--frozen" "--message-format=json", kill_on_drop: false }`
[INFO] [stdout] c6d926ac959833778de1ce6233dd99b0c4e26eb66473d97e784ae1b4e6ab93ad
[INFO] running `Command { std: "docker" "start" "-a" "c6d926ac959833778de1ce6233dd99b0c4e26eb66473d97e784ae1b4e6ab93ad", kill_on_drop: false }`
[INFO] [stderr]    Compiling proc-macro2 v1.0.56
[INFO] [stderr]    Compiling unicode-ident v1.0.8
[INFO] [stderr]    Compiling libc v0.2.142
[INFO] [stderr]    Compiling serde_derive v1.0.160
[INFO] [stderr]    Compiling serde v1.0.160
[INFO] [stderr]    Compiling syn v1.0.109
[INFO] [stderr]    Compiling log v0.4.17
[INFO] [stderr]    Compiling zeroize v1.6.0
[INFO] [stderr]    Compiling cc v1.0.79
[INFO] [stderr]    Compiling hashbrown v0.12.3
[INFO] [stderr]    Compiling quote v1.0.26
[INFO] [stderr]    Compiling indexmap v1.9.3
[INFO] [stderr]    Compiling generic-array v0.14.7
[INFO] [stderr]    Compiling const-oid v0.9.2
[INFO] [stderr]    Compiling subtle v2.4.1
[INFO] [stderr]    Compiling winnow v0.4.4
[INFO] [stderr]    Compiling itoa v1.0.6
[INFO] [stderr]    Compiling tokio v1.28.0
[INFO] [stderr]    Compiling futures-channel v0.3.28
[INFO] [stderr]    Compiling untrusted v0.7.1
[INFO] [stderr]    Compiling rustc-hex v2.1.0
[INFO] [stderr]    Compiling crunchy v0.2.2
[INFO] [stderr]    Compiling pkg-config v0.3.26
[INFO] [stderr]    Compiling spin v0.5.2
[INFO] [stderr]    Compiling fnv v1.0.7
[INFO] [stderr]    Compiling futures-task v0.3.28
[INFO] [stderr]    Compiling arrayvec v0.7.2
[INFO] [stderr]    Compiling wasm-bindgen-shared v0.2.84
[INFO] [stderr]    Compiling byte-slice-cast v1.2.2
[INFO] [stderr]    Compiling der v0.7.5
[INFO] [stderr]    Compiling tracing-core v0.1.30
[INFO] [stderr]    Compiling httparse v1.8.0
[INFO] [stderr]    Compiling futures-util v0.3.28
[INFO] [stderr]    Compiling tinyvec_macros v0.1.1
[INFO] [stderr]    Compiling bumpalo v3.12.1
[INFO] [stderr]    Compiling futures-io v0.3.28
[INFO] [stderr]    Compiling thiserror v1.0.40
[INFO] [stderr]    Compiling hex v0.4.3
[INFO] [stderr]    Compiling cpufeatures v0.2.7
[INFO] [stderr]    Compiling rustls v0.20.8
[INFO] [stderr]    Compiling tiny-keccak v2.0.2
[INFO] [stderr]    Compiling crypto-common v0.1.6
[INFO] [stderr]    Compiling block-buffer v0.10.4
[INFO] [stderr]    Compiling syn v2.0.15
[INFO] [stderr]    Compiling digest v0.10.6
[INFO] [stderr]    Compiling tinyvec v1.6.0
[INFO] [stderr]    Compiling proc-macro-error-attr v1.0.4
[INFO] [stderr]    Compiling foreign-types-shared v0.1.1
[INFO] [stderr]    Compiling base16ct v0.2.0
[INFO] [stderr]    Compiling openssl v0.10.52
[INFO] [stderr]    Compiling percent-encoding v2.2.0
[INFO] [stderr]    Compiling ryu v1.0.13
[INFO] [stderr]    Compiling serde_json v1.0.96
[INFO] [stderr]    Compiling foreign-types v0.3.2
[INFO] [stderr]    Compiling hmac v0.12.1
[INFO] [stderr]    Compiling form_urlencoded v1.1.0
[INFO] [stderr]    Compiling uint v0.9.5
[INFO] [stderr]    Compiling proc-macro-error v1.0.4
[INFO] [stderr]    Compiling native-tls v0.2.11
[INFO] [stderr]    Compiling try-lock v0.2.4
[INFO] [stderr]    Compiling spki v0.7.1
[INFO] [stderr]    Compiling sec1 v0.7.2
[INFO] [stderr]    Compiling ring v0.16.20
[INFO] [stderr]    Compiling openssl-sys v0.9.87
[INFO] [stderr]    Compiling wasm-bindgen v0.2.84
[INFO] [stderr]    Compiling io-lifetimes v1.0.10
[INFO] [stderr]    Compiling unicode-bidi v0.3.13
[INFO] [stderr]    Compiling rustversion v1.0.12
[INFO] [stderr]    Compiling pkcs8 v0.10.2
[INFO] [stderr]    Compiling getrandom v0.2.9
[INFO] [stderr]    Compiling rand_core v0.6.4
[INFO] [stderr]    Compiling socket2 v0.4.9
[INFO] [stderr]    Compiling num_cpus v1.15.0
[INFO] [stderr]    Compiling mio v0.8.6
[INFO] [stderr]    Compiling unicode-normalization v0.1.22
[INFO] [stderr]    Compiling rand_chacha v0.3.1
[INFO] [stderr]    Compiling ff v0.13.0
[INFO] [stderr]    Compiling crypto-bigint v0.5.2
[INFO] [stderr]    Compiling signature v2.1.0
[INFO] [stderr]    Compiling rfc6979 v0.4.0
[INFO] [stderr]    Compiling group v0.13.0
[INFO] [stderr]    Compiling want v0.3.0
[INFO] [stderr]    Compiling tower-service v0.3.2
[INFO] [stderr]    Compiling rand v0.8.5
[INFO] [stderr]    Compiling httpdate v1.0.2
[INFO] [stderr]    Compiling rustix v0.37.18
[INFO] [stderr]    Compiling camino v1.1.4
[INFO] [stderr]    Compiling keccak v0.1.3
[INFO] [stderr]    Compiling idna v0.3.0
[INFO] [stderr]    Compiling openssl-probe v0.1.5
[INFO] [stderr]    Compiling semver v1.0.17
[INFO] [stderr]    Compiling sha3 v0.10.7
[INFO] [stderr]    Compiling sha2 v0.10.6
[INFO] [stderr]    Compiling aho-corasick v1.0.1
[INFO] [stderr]    Compiling base64 v0.13.1
[INFO] [stderr]    Compiling regex-syntax v0.7.1
[INFO] [stderr]    Compiling linux-raw-sys v0.3.6
[INFO] [stderr]    Compiling url v2.3.1
[INFO] [stderr]    Compiling fixed-hash v0.8.0
[INFO] [stderr]    Compiling elliptic-curve v0.13.4
[INFO] [stderr]    Compiling sha1 v0.10.5
[INFO] [stderr]    Compiling base64 v0.21.0
[INFO] [stderr]    Compiling utf-8 v0.7.6
[INFO] [stderr]    Compiling async-trait v0.1.68
[INFO] [stderr]    Compiling chrono v0.4.24
[INFO] [stderr]    Compiling fxhash v0.2.1
[INFO] [stderr]    Compiling encoding_rs v0.8.32
[INFO] [stderr]    Compiling unicode-xid v0.2.4
[INFO] [stderr]    Compiling rustls-pemfile v1.0.2
[INFO] [stderr]    Compiling ipnet v2.7.2
[INFO] [stderr]    Compiling ecdsa v0.16.6
[INFO] [stderr]    Compiling send_wrapper v0.4.0
[INFO] [stderr]    Compiling mime v0.3.17
[INFO] [stderr]    Compiling hashers v1.0.1
[INFO] [stderr]    Compiling instant v0.1.12
[INFO] [stderr]    Compiling k256 v0.13.1
[INFO] [stderr]    Compiling regex v1.8.1
[INFO] [stderr]    Compiling wasm-bindgen-backend v0.2.84
[INFO] [stderr]    Compiling tempfile v3.5.0
[INFO] [stderr]    Compiling tokio-macros v2.1.0
[INFO] [stderr]    Compiling tracing-attributes v0.1.24
[INFO] [stderr]    Compiling futures-macro v0.3.28
[INFO] [stderr]    Compiling thiserror-impl v1.0.40
[INFO] [stderr]    Compiling openssl-macros v0.1.1
[INFO] [stderr]    Compiling async-recursion v1.0.4
[INFO] [stderr]    Compiling webpki v0.22.0
[INFO] [stderr]    Compiling sct v0.7.0
[INFO] [stderr]    Compiling wasm-bindgen-macro-support v0.2.84
[INFO] [stderr]    Compiling webpki-roots v0.22.6
[INFO] [stderr]    Compiling impl-trait-for-tuples v0.2.2
[INFO] [stderr]    Compiling rlp-derive v0.1.0
[INFO] [stderr]    Compiling derive_more v0.99.17
[INFO] [stderr]    Compiling wasm-bindgen-macro v0.2.84
[INFO] [stderr]    Compiling pin-project-internal v1.0.12
[INFO] [stderr]    Compiling strum_macros v0.24.3
[INFO] [stderr]    Compiling auto_impl v1.0.1
[INFO] [stderr]    Compiling tracing v0.1.37
[INFO] [stderr]    Compiling pin-project v1.0.12
[INFO] [stderr]    Compiling tracing-futures v0.2.5
[INFO] [stderr]    Compiling js-sys v0.3.61
[INFO] [stderr]    Compiling strum v0.24.1
[INFO] [stderr]    Compiling gloo-timers v0.2.6
[INFO] [stderr]    Compiling futures-timer v3.0.2
[INFO] [stderr]    Compiling bytes v1.4.0
[INFO] [stderr]    Compiling serde_spanned v0.6.1
[INFO] [stderr]    Compiling toml_datetime v0.6.1
[INFO] [stderr]    Compiling impl-serde v0.4.0
[INFO] [stderr]    Compiling cargo-platform v0.1.2
[INFO] [stderr]    Compiling serde_urlencoded v0.7.1
[INFO] [stderr]    Compiling toml_edit v0.19.8
[INFO] [stderr]    Compiling http v0.2.9
[INFO] [stderr]    Compiling rlp v0.5.2
[INFO] [stderr]    Compiling impl-rlp v0.3.0
[INFO] [stderr]    Compiling enr v0.8.1
[INFO] [stderr]    Compiling open-fastrlp-derive v0.1.1
[INFO] [stderr]    Compiling cargo_metadata v0.15.4
[INFO] [stderr]    Compiling http-body v0.4.5
[INFO] [stderr]    Compiling tungstenite v0.18.0
[INFO] [stderr]    Compiling proc-macro-crate v1.3.1
[INFO] [stderr]    Compiling parity-scale-codec-derive v3.1.4
[INFO] [stderr]    Compiling scale-info-derive v2.6.0
[INFO] [stderr]    Compiling num_enum_derive v0.6.1
[INFO] [stderr]    Compiling tokio-util v0.7.8
[INFO] [stderr]    Compiling tokio-rustls v0.23.4
[INFO] [stderr]    Compiling tokio-native-tls v0.3.1
[INFO] [stderr]    Compiling tokio-tungstenite v0.18.0
[INFO] [stderr]    Compiling parity-scale-codec v3.4.0
[INFO] [stderr]    Compiling num_enum v0.6.1
[INFO] [stderr]    Compiling h2 v0.3.18
[INFO] [stderr]    Compiling scale-info v2.6.0
[INFO] [stderr]    Compiling impl-codec v0.6.0
[INFO] [stderr]    Compiling primitive-types v0.12.1
[INFO] [stderr]    Compiling ethbloom v0.13.0
[INFO] [stderr]    Compiling ethereum-types v0.14.1
[INFO] [stderr]    Compiling open-fastrlp v0.1.4
[INFO] [stderr]    Compiling ethabi v18.0.0
[INFO] [stderr]    Compiling hyper v0.14.26
[INFO] [stderr]    Compiling ethers-core v2.0.4
[INFO] [stderr]    Compiling hyper-rustls v0.23.2
[INFO] [stderr]    Compiling hyper-tls v0.5.0
[INFO] [stderr]    Compiling reqwest v0.11.17
[INFO] [stderr]    Compiling ethers-providers v2.0.4
[INFO] [stderr]    Compiling ethers-ccip-read v0.1.1 (/opt/rustwide/workdir)
[INFO] [stderr]     Finished dev [unoptimized + debuginfo] target(s) in 1m 00s
[INFO] running `Command { std: "docker" "inspect" "c6d926ac959833778de1ce6233dd99b0c4e26eb66473d97e784ae1b4e6ab93ad", kill_on_drop: false }`
[INFO] running `Command { std: "docker" "rm" "-f" "c6d926ac959833778de1ce6233dd99b0c4e26eb66473d97e784ae1b4e6ab93ad", kill_on_drop: false }`
[INFO] [stdout] c6d926ac959833778de1ce6233dd99b0c4e26eb66473d97e784ae1b4e6ab93ad
[INFO] running `Command { std: "docker" "create" "-v" "/var/lib/crater-agent-workspace/builds/worker-1-tc2/target:/opt/rustwide/target:rw,Z" "-v" "/var/lib/crater-agent-workspace/builds/worker-1-tc2/source:/opt/rustwide/workdir:ro,Z" "-v" "/var/lib/crater-agent-workspace/cargo-home:/opt/rustwide/cargo-home:ro,Z" "-v" "/var/lib/crater-agent-workspace/rustup-home:/opt/rustwide/rustup-home:ro,Z" "-e" "SOURCE_DIR=/opt/rustwide/workdir" "-e" "CARGO_TARGET_DIR=/opt/rustwide/target" "-e" "CARGO_INCREMENTAL=0" "-e" "RUST_BACKTRACE=full" "-e" "RUSTFLAGS=--cap-lints=warn" "-e" "RUSTDOCFLAGS=--cap-lints=warn" "-e" "CARGO_HOME=/opt/rustwide/cargo-home" "-e" "RUSTUP_HOME=/opt/rustwide/rustup-home" "-w" "/opt/rustwide/workdir" "-m" "1610612736" "--user" "0:0" "--network" "none" "ghcr.io/rust-lang/crates-build-env/linux@sha256:2788e3201cd34a07e3172128adcd8b3090168a8e3bcc40d7c032b9dda1df7d1c" "/opt/rustwide/cargo-home/bin/cargo" "+beta-2023-12-22" "test" "--frozen" "--no-run" "--message-format=json", kill_on_drop: false }`
[INFO] [stdout] ba51701f71e63c74bd42a7714981135de3023e9da6fc5f3cffcb832f11a201af
[INFO] running `Command { std: "docker" "start" "-a" "ba51701f71e63c74bd42a7714981135de3023e9da6fc5f3cffcb832f11a201af", kill_on_drop: false }`
[INFO] [stderr]    Compiling winnow v0.4.4
[INFO] [stderr]    Compiling toml_datetime v0.6.1
[INFO] [stderr]    Compiling serde_spanned v0.6.1
[INFO] [stderr]    Compiling scopeguard v1.1.0
[INFO] [stderr]    Compiling siphasher v0.3.10
[INFO] [stderr]    Compiling either v1.8.1
[INFO] [stderr]    Compiling lock_api v0.4.9
[INFO] [stderr]    Compiling parking_lot_core v0.9.7
[INFO] [stderr]    Compiling dirs-sys-next v0.1.2
[INFO] [stderr]    Compiling smallvec v1.10.0
[INFO] [stderr]    Compiling crossbeam-utils v0.8.15
[INFO] [stderr]    Compiling memoffset v0.8.0
[INFO] [stderr]    Compiling crossbeam-epoch v0.9.14
[INFO] [stderr]    Compiling fixedbitset v0.4.2
[INFO] [stderr]    Compiling new_debug_unreachable v1.0.4
[INFO] [stderr]    Compiling precomputed-hash v0.1.1
[INFO] [stderr]    Compiling bit-vec v0.6.3
[INFO] [stderr]    Compiling is-terminal v0.4.7
[INFO] [stderr]    Compiling itertools v0.10.5
[INFO] [stderr]    Compiling lalrpop-util v0.19.12
[INFO] [stderr]    Compiling dirs-next v2.0.0
[INFO] [stderr]    Compiling ena v0.14.2
[INFO] [stderr]    Compiling term v0.7.0
[INFO] [stderr]    Compiling phf_shared v0.10.0
[INFO] [stderr]    Compiling bit-set v0.5.3
[INFO] [stderr]    Compiling petgraph v0.6.3
[INFO] [stderr]    Compiling phf_shared v0.11.1
[INFO] [stderr]    Compiling regex-syntax v0.6.29
[INFO] [stderr]    Compiling diff v0.1.13
[INFO] [stderr]    Compiling phf_generator v0.11.1
[INFO] [stderr]    Compiling rayon-core v1.11.0
[INFO] [stderr]    Compiling inout v0.1.3
[INFO] [stderr]    Compiling phf_macros v0.11.1
[INFO] [stderr]    Compiling digest v0.9.0
[INFO] [stderr]    Compiling block-buffer v0.9.0
[INFO] [stderr]    Compiling opaque-debug v0.3.0
[INFO] [stderr]    Compiling same-file v1.0.6
[INFO] [stderr]    Compiling cipher v0.4.4
[INFO] [stderr]    Compiling md-5 v0.10.5
[INFO] [stderr]    Compiling prettyplease v0.2.4
[INFO] [stderr]    Compiling sha2 v0.9.9
[INFO] [stderr]    Compiling walkdir v2.3.3
[INFO] [stderr]    Compiling path-slash v0.2.1
[INFO] [stderr]    Compiling dunce v1.0.4
[INFO] [stderr]    Compiling parking_lot v0.12.1
[INFO] [stderr]    Compiling yansi v0.5.1
[INFO] [stderr]    Compiling glob v0.3.1
[INFO] [stderr]    Compiling home v0.5.5
[INFO] [stderr]    Compiling ripemd v0.1.3
[INFO] [stderr]    Compiling ascii-canvas v3.0.0
[INFO] [stderr]    Compiling string_cache v0.8.7
[INFO] [stderr]    Compiling crossbeam-channel v0.5.8
[INFO] [stderr]    Compiling crossbeam-deque v0.8.3
[INFO] [stderr]    Compiling bs58 v0.4.0
[INFO] [stderr]    Compiling bech32 v0.7.3
[INFO] [stderr]    Compiling salsa20 v0.10.2
[INFO] [stderr]    Compiling Inflector v0.11.4
[INFO] [stderr]    Compiling pbkdf2 v0.11.0
[INFO] [stderr]    Compiling bincode v1.3.3
[INFO] [stderr]    Compiling radium v0.3.0
[INFO] [stderr]    Compiling scrypt v0.10.0
[INFO] [stderr]    Compiling aes v0.8.2
[INFO] [stderr]    Compiling ctr v0.9.2
[INFO] [stderr]    Compiling pbkdf2 v0.12.1
[INFO] [stderr]    Compiling uuid v0.8.2
[INFO] [stderr]    Compiling bitvec v0.17.4
[INFO] [stderr]    Compiling toml_edit v0.19.8
[INFO] [stderr]    Compiling futures-locks v0.7.1
[INFO] [stderr]    Compiling anyhow v1.0.71
[INFO] [stderr]    Compiling coins-core v0.8.3
[INFO] [stderr]    Compiling eth-keystore v0.5.0
[INFO] [stderr]    Compiling rayon v1.7.0
[INFO] [stderr]    Compiling coins-bip32 v0.8.3
[INFO] [stderr]    Compiling phf v0.11.1
[INFO] [stderr]    Compiling lalrpop v0.19.12
[INFO] [stderr]    Compiling coins-bip39 v0.8.6
[INFO] [stderr]    Compiling proc-macro-crate v1.3.1
[INFO] [stderr]    Compiling toml v0.7.3
[INFO] [stderr]    Compiling parity-scale-codec-derive v3.1.4
[INFO] [stderr]    Compiling scale-info-derive v2.6.0
[INFO] [stderr]    Compiling num_enum_derive v0.6.1
[INFO] [stderr]    Compiling num_enum v0.6.1
[INFO] [stderr]    Compiling parity-scale-codec v3.4.0
[INFO] [stderr]    Compiling scale-info v2.6.0
[INFO] [stderr]    Compiling impl-codec v0.6.0
[INFO] [stderr]    Compiling ethbloom v0.13.0
[INFO] [stderr]    Compiling primitive-types v0.12.1
[INFO] [stderr]    Compiling ethereum-types v0.14.1
[INFO] [stderr]    Compiling ethabi v18.0.0
[INFO] [stderr]    Compiling open-fastrlp v0.1.4
[INFO] [stderr]    Compiling ethers-core v2.0.4
[INFO] [stderr]    Compiling solang-parser v0.2.4
[INFO] [stderr]    Compiling ethers-providers v2.0.4
[INFO] [stderr]    Compiling ethers-signers v2.0.4
[INFO] [stderr]    Compiling ethers-addressbook v2.0.4
[INFO] [stderr]    Compiling ethers-ccip-read v0.1.1 (/opt/rustwide/workdir)
[INFO] [stderr]    Compiling ethers-solc v2.0.4
[INFO] [stderr]    Compiling ethers-etherscan v2.0.4
[INFO] [stderr]    Compiling ethers-contract-abigen v2.0.4
[INFO] [stderr]    Compiling ethers-contract-derive v2.0.4
[INFO] [stderr]    Compiling ethers-contract v2.0.4
[INFO] [stderr]    Compiling ethers-middleware v2.0.4
[INFO] [stderr]    Compiling ethers v2.0.4
[INFO] [stderr]     Finished test [unoptimized + debuginfo] target(s) in 1m 37s
[INFO] running `Command { std: "docker" "inspect" "ba51701f71e63c74bd42a7714981135de3023e9da6fc5f3cffcb832f11a201af", kill_on_drop: false }`
[INFO] running `Command { std: "docker" "rm" "-f" "ba51701f71e63c74bd42a7714981135de3023e9da6fc5f3cffcb832f11a201af", kill_on_drop: false }`
[INFO] [stdout] ba51701f71e63c74bd42a7714981135de3023e9da6fc5f3cffcb832f11a201af
[INFO] running `Command { std: "docker" "create" "-v" "/var/lib/crater-agent-workspace/builds/worker-1-tc2/target:/opt/rustwide/target:rw,Z" "-v" "/var/lib/crater-agent-workspace/builds/worker-1-tc2/source:/opt/rustwide/workdir:ro,Z" "-v" "/var/lib/crater-agent-workspace/cargo-home:/opt/rustwide/cargo-home:ro,Z" "-v" "/var/lib/crater-agent-workspace/rustup-home:/opt/rustwide/rustup-home:ro,Z" "-e" "SOURCE_DIR=/opt/rustwide/workdir" "-e" "CARGO_TARGET_DIR=/opt/rustwide/target" "-e" "CARGO_INCREMENTAL=0" "-e" "RUST_BACKTRACE=full" "-e" "RUSTFLAGS=--cap-lints=warn" "-e" "RUSTDOCFLAGS=--cap-lints=warn" "-e" "CARGO_HOME=/opt/rustwide/cargo-home" "-e" "RUSTUP_HOME=/opt/rustwide/rustup-home" "-w" "/opt/rustwide/workdir" "-m" "1610612736" "--user" "0:0" "--network" "none" "ghcr.io/rust-lang/crates-build-env/linux@sha256:2788e3201cd34a07e3172128adcd8b3090168a8e3bcc40d7c032b9dda1df7d1c" "/opt/rustwide/cargo-home/bin/cargo" "+beta-2023-12-22" "test" "--frozen", kill_on_drop: false }`
[INFO] [stdout] 7045211f563c0e06b58b94b1f2c4cf5f09ddab4bf329b86c454ec0d6e56ccb12
[INFO] running `Command { std: "docker" "start" "-a" "7045211f563c0e06b58b94b1f2c4cf5f09ddab4bf329b86c454ec0d6e56ccb12", kill_on_drop: false }`
[INFO] [stderr]     Finished test [unoptimized + debuginfo] target(s) in 0.39s
[INFO] [stderr]      Running unittests src/lib.rs (/opt/rustwide/target/debug/deps/ethers_ccip_read-fb4624eb4755b4ab)
[INFO] [stdout] 
[INFO] [stdout] running 4 tests
[INFO] [stdout] test utils::tests::test_dns_encode_with_a_long_name ... ok
[INFO] [stdout] test utils::tests::test_dns_encode ... ok
[INFO] [stdout] test middleware::tests::test_ccip_call ... FAILED
[INFO] [stdout] test middleware::tests::test_eip_2544_ens_wildcards ... FAILED
[INFO] [stdout] 
[INFO] [stdout] failures:
[INFO] [stdout] 
[INFO] [stdout] ---- middleware::tests::test_ccip_call stdout ----
[INFO] [stdout] thread 'middleware::tests::test_ccip_call' panicked at src/middleware.rs:281:66:
[INFO] [stdout] called `Option::unwrap()` on a `None` value
[INFO] [stdout] stack backtrace:
[INFO] [stdout]    0:     0x5618c7e09b56 - std::backtrace_rs::backtrace::libunwind::trace::h261606ad26a499c1
[INFO] [stdout]                                at /rustc/0e09125c6c3c2fd70d7de961bcf0e51575235fad/library/std/src/../../backtrace/src/backtrace/libunwind.rs:104:5
[INFO] [stdout]    1:     0x5618c7e09b56 - std::backtrace_rs::backtrace::trace_unsynchronized::hd183f0625477fb28
[INFO] [stdout]                                at /rustc/0e09125c6c3c2fd70d7de961bcf0e51575235fad/library/std/src/../../backtrace/src/backtrace/mod.rs:66:5
[INFO] [stdout]    2:     0x5618c7e09b56 - std::sys_common::backtrace::_print_fmt::hd7f8fef21b4eda67
[INFO] [stdout]                                at /rustc/0e09125c6c3c2fd70d7de961bcf0e51575235fad/library/std/src/sys_common/backtrace.rs:68:5
[INFO] [stdout]    3:     0x5618c7e09b56 - <std::sys_common::backtrace::_print::DisplayBacktrace as core::fmt::Display>::fmt::h623d9b51f2f453f1
[INFO] [stdout]                                at /rustc/0e09125c6c3c2fd70d7de961bcf0e51575235fad/library/std/src/sys_common/backtrace.rs:44:22
[INFO] [stdout]    4:     0x5618c7e368d0 - core::fmt::rt::Argument::fmt::h9f417ac76a86f368
[INFO] [stdout]                                at /rustc/0e09125c6c3c2fd70d7de961bcf0e51575235fad/library/core/src/fmt/rt.rs:142:9
[INFO] [stdout]    5:     0x5618c7e368d0 - core::fmt::write::hc9b6faf4ac2aeff7
[INFO] [stdout]                                at /rustc/0e09125c6c3c2fd70d7de961bcf0e51575235fad/library/core/src/fmt/mod.rs:1120:17
[INFO] [stdout]    6:     0x5618c7e06b6f - std::io::Write::write_fmt::he04625a3a989fec3
[INFO] [stdout]                                at /rustc/0e09125c6c3c2fd70d7de961bcf0e51575235fad/library/std/src/io/mod.rs:1810:15
[INFO] [stdout]    7:     0x5618c7e09934 - std::sys_common::backtrace::_print::hd5d66399c7df88a2
[INFO] [stdout]                                at /rustc/0e09125c6c3c2fd70d7de961bcf0e51575235fad/library/std/src/sys_common/backtrace.rs:47:5
[INFO] [stdout]    8:     0x5618c7e09934 - std::sys_common::backtrace::print::he81ed2da642d37e5
[INFO] [stdout]                                at /rustc/0e09125c6c3c2fd70d7de961bcf0e51575235fad/library/std/src/sys_common/backtrace.rs:34:9
[INFO] [stdout]    9:     0x5618c7e0b6a7 - std::panicking::default_hook::{{closure}}::h85773f4fa117163d
[INFO] [stdout]   10:     0x5618c7e0b38d - std::panicking::default_hook::h6a1694a91d09b278
[INFO] [stdout]                                at /rustc/0e09125c6c3c2fd70d7de961bcf0e51575235fad/library/std/src/panicking.rs:289:9
[INFO] [stdout]   11:     0x5618c77ec607 - <alloc::boxed::Box<F,A> as core::ops::function::Fn<Args>>::call::h616ac37fa3cd6c8f
[INFO] [stdout]                                at /rustc/0e09125c6c3c2fd70d7de961bcf0e51575235fad/library/alloc/src/boxed.rs:2029:9
[INFO] [stdout]   12:     0x5618c77ec607 - test::test_main::{{closure}}::h00d84697cefdcbb6
[INFO] [stdout]                                at /rustc/0e09125c6c3c2fd70d7de961bcf0e51575235fad/library/test/src/lib.rs:138:21
[INFO] [stdout]   13:     0x5618c7e0bcc6 - <alloc::boxed::Box<F,A> as core::ops::function::Fn<Args>>::call::hcb3fe3b9bb537ba8
[INFO] [stdout]                                at /rustc/0e09125c6c3c2fd70d7de961bcf0e51575235fad/library/alloc/src/boxed.rs:2029:9
[INFO] [stdout]   14:     0x5618c7e0bcc6 - std::panicking::rust_panic_with_hook::h0a7ad96e90f7145b
[INFO] [stdout]                                at /rustc/0e09125c6c3c2fd70d7de961bcf0e51575235fad/library/std/src/panicking.rs:783:13
[INFO] [stdout]   15:     0x5618c7e0b9d9 - std::panicking::begin_panic_handler::{{closure}}::h7919090525c6485e
[INFO] [stdout]                                at /rustc/0e09125c6c3c2fd70d7de961bcf0e51575235fad/library/std/src/panicking.rs:649:13
[INFO] [stdout]   16:     0x5618c7e0a056 - std::sys_common::backtrace::__rust_end_short_backtrace::hf3289479464f7dfe
[INFO] [stdout]                                at /rustc/0e09125c6c3c2fd70d7de961bcf0e51575235fad/library/std/src/sys_common/backtrace.rs:171:18
[INFO] [stdout]   17:     0x5618c7e0b770 - rust_begin_unwind
[INFO] [stdout]                                at /rustc/0e09125c6c3c2fd70d7de961bcf0e51575235fad/library/std/src/panicking.rs:645:5
[INFO] [stdout]   18:     0x5618c7788675 - core::panicking::panic_fmt::hcc9f77c5c132af55
[INFO] [stdout]                                at /rustc/0e09125c6c3c2fd70d7de961bcf0e51575235fad/library/core/src/panicking.rs:72:14
[INFO] [stdout]   19:     0x5618c7788733 - core::panicking::panic::h5a1259c1164bd480
[INFO] [stdout]                                at /rustc/0e09125c6c3c2fd70d7de961bcf0e51575235fad/library/core/src/panicking.rs:144:5
[INFO] [stdout]   20:     0x5618c778f2e0 - core::option::Option<T>::unwrap::hc58e386abe4137b4
[INFO] [stdout]                                at /rustc/0e09125c6c3c2fd70d7de961bcf0e51575235fad/library/core/src/option.rs:931:21
[INFO] [stdout]   21:     0x5618c779f1ab - ethers_ccip_read::middleware::CCIPReadMiddleware<M>::_call::{{closure}}::hbe3c7d07df2dc858
[INFO] [stdout]                                at /opt/rustwide/workdir/src/middleware.rs:281:31
[INFO] [stdout]   22:     0x5618c77b6f8d - <core::pin::Pin<P> as core::future::future::Future>::poll::hb6a40406e1c3ed2f
[INFO] [stdout]                                at /rustc/0e09125c6c3c2fd70d7de961bcf0e51575235fad/library/core/src/future/future.rs:124:9
[INFO] [stdout]   23:     0x5618c77a14f1 - <ethers_ccip_read::middleware::CCIPReadMiddleware<M> as ethers_providers::middleware::Middleware>::call::{{closure}}::h6f5b271ea22b9725
[INFO] [stdout]                                at /opt/rustwide/workdir/src/middleware.rs:396:41
[INFO] [stdout]   24:     0x5618c77b6f8d - <core::pin::Pin<P> as core::future::future::Future>::poll::hb6a40406e1c3ed2f
[INFO] [stdout]                                at /rustc/0e09125c6c3c2fd70d7de961bcf0e51575235fad/library/core/src/future/future.rs:124:9
[INFO] [stdout]   25:     0x5618c77a62ff - ethers_ccip_read::middleware::tests::test_ccip_call::{{closure}}::h18e0c94a25fb99b9
[INFO] [stdout]                                at /opt/rustwide/workdir/src/middleware.rs:549:47
[INFO] [stdout]   26:     0x5618c77b70a8 - <core::pin::Pin<P> as core::future::future::Future>::poll::he248ac5de068384e
[INFO] [stdout]                                at /rustc/0e09125c6c3c2fd70d7de961bcf0e51575235fad/library/core/src/future/future.rs:124:9
[INFO] [stdout]   27:     0x5618c77b6fdb - <core::pin::Pin<P> as core::future::future::Future>::poll::hdb4031bcde4ed728
[INFO] [stdout]                                at /rustc/0e09125c6c3c2fd70d7de961bcf0e51575235fad/library/core/src/future/future.rs:124:9
[INFO] [stdout]   28:     0x5618c7795a14 - tokio::runtime::scheduler::current_thread::CoreGuard::block_on::{{closure}}::{{closure}}::{{closure}}::h4b8bb24fc54f6039
[INFO] [stdout]                                at /opt/rustwide/cargo-home/registry/src/index.crates.io-6f17d22bba15001f/tokio-1.28.0/src/runtime/scheduler/current_thread.rs:541:57
[INFO] [stdout]   29:     0x5618c779594a - tokio::runtime::coop::with_budget::h8075825863844255
[INFO] [stdout]                                at /opt/rustwide/cargo-home/registry/src/index.crates.io-6f17d22bba15001f/tokio-1.28.0/src/runtime/coop.rs:107:5
[INFO] [stdout]   30:     0x5618c779594a - tokio::runtime::coop::budget::he835b74a0dd4bcb9
[INFO] [stdout]                                at /opt/rustwide/cargo-home/registry/src/index.crates.io-6f17d22bba15001f/tokio-1.28.0/src/runtime/coop.rs:73:5
[INFO] [stdout]   31:     0x5618c779594a - tokio::runtime::scheduler::current_thread::CoreGuard::block_on::{{closure}}::{{closure}}::he11879f313d4ae55
[INFO] [stdout]                                at /opt/rustwide/cargo-home/registry/src/index.crates.io-6f17d22bba15001f/tokio-1.28.0/src/runtime/scheduler/current_thread.rs:541:25
[INFO] [stdout]   32:     0x5618c779440c - tokio::runtime::scheduler::current_thread::Context::enter::h8d6b49da4830c3d4
[INFO] [stdout]                                at /opt/rustwide/cargo-home/registry/src/index.crates.io-6f17d22bba15001f/tokio-1.28.0/src/runtime/scheduler/current_thread.rs:350:19
[INFO] [stdout]   33:     0x5618c7794efa - tokio::runtime::scheduler::current_thread::CoreGuard::block_on::{{closure}}::h1b8d9d07a3c42bc5
[INFO] [stdout]                                at /opt/rustwide/cargo-home/registry/src/index.crates.io-6f17d22bba15001f/tokio-1.28.0/src/runtime/scheduler/current_thread.rs:540:36
[INFO] [stdout]   34:     0x5618c7794c0b - tokio::runtime::scheduler::current_thread::CoreGuard::enter::{{closure}}::h1df65938f2244172
[INFO] [stdout]                                at /opt/rustwide/cargo-home/registry/src/index.crates.io-6f17d22bba15001f/tokio-1.28.0/src/runtime/scheduler/current_thread.rs:615:57
[INFO] [stdout]   35:     0x5618c77aceb8 - tokio::macros::scoped_tls::ScopedKey<T>::set::hd6aef8599719afcc
[INFO] [stdout]                                at /opt/rustwide/cargo-home/registry/src/index.crates.io-6f17d22bba15001f/tokio-1.28.0/src/macros/scoped_tls.rs:61:9
[INFO] [stdout]   36:     0x5618c779499f - tokio::runtime::scheduler::current_thread::CoreGuard::enter::he030a9ab44d47035
[INFO] [stdout]                                at /opt/rustwide/cargo-home/registry/src/index.crates.io-6f17d22bba15001f/tokio-1.28.0/src/runtime/scheduler/current_thread.rs:615:27
[INFO] [stdout]   37:     0x5618c7794c3d - tokio::runtime::scheduler::current_thread::CoreGuard::block_on::hc2583f00f0c543f5
[INFO] [stdout]                                at /opt/rustwide/cargo-home/registry/src/index.crates.io-6f17d22bba15001f/tokio-1.28.0/src/runtime/scheduler/current_thread.rs:530:19
[INFO] [stdout]   38:     0x5618c7793bbb - tokio::runtime::scheduler::current_thread::CurrentThread::block_on::hc7a3a72835b1f68c
[INFO] [stdout]                                at /opt/rustwide/cargo-home/registry/src/index.crates.io-6f17d22bba15001f/tokio-1.28.0/src/runtime/scheduler/current_thread.rs:154:24
[INFO] [stdout]   39:     0x5618c77ad03d - tokio::runtime::runtime::Runtime::block_on::hbe5395788e0cc134
[INFO] [stdout]                                at /opt/rustwide/cargo-home/registry/src/index.crates.io-6f17d22bba15001f/tokio-1.28.0/src/runtime/runtime.rs:302:47
[INFO] [stdout]   40:     0x5618c77a5d2c - ethers_ccip_read::middleware::tests::test_ccip_call::ha3bcdfc5247800d6
[INFO] [stdout]                                at /opt/rustwide/workdir/src/middleware.rs:554:9
[INFO] [stdout]   41:     0x5618c77a5bb7 - ethers_ccip_read::middleware::tests::test_ccip_call::{{closure}}::h177cac202ce90167
[INFO] [stdout]                                at /opt/rustwide/workdir/src/middleware.rs:534:30
[INFO] [stdout]   42:     0x5618c778d066 - core::ops::function::FnOnce::call_once::h86ec2e436acb55b1
[INFO] [stdout]                                at /rustc/0e09125c6c3c2fd70d7de961bcf0e51575235fad/library/core/src/ops/function.rs:250:5
[INFO] [stdout]   43:     0x5618c77f1edf - core::ops::function::FnOnce::call_once::hd64d26f405258157
[INFO] [stdout]                                at /rustc/0e09125c6c3c2fd70d7de961bcf0e51575235fad/library/core/src/ops/function.rs:250:5
[INFO] [stdout]   44:     0x5618c77f1edf - test::__rust_begin_short_backtrace::he21b0b7a6d731bf9
[INFO] [stdout]                                at /rustc/0e09125c6c3c2fd70d7de961bcf0e51575235fad/library/test/src/lib.rs:627:18
[INFO] [stdout]   45:     0x5618c77f0c61 - test::run_test_in_process::{{closure}}::hf5c73986d7bdfde2
[INFO] [stdout]                                at /rustc/0e09125c6c3c2fd70d7de961bcf0e51575235fad/library/test/src/lib.rs:650:60
[INFO] [stdout]   46:     0x5618c77f0c61 - <core::panic::unwind_safe::AssertUnwindSafe<F> as core::ops::function::FnOnce<()>>::call_once::h330011ad032aadc0
[INFO] [stdout]                                at /rustc/0e09125c6c3c2fd70d7de961bcf0e51575235fad/library/core/src/panic/unwind_safe.rs:272:9
[INFO] [stdout]   47:     0x5618c77f0c61 - std::panicking::try::do_call::he61b0a958b795a41
[INFO] [stdout]                                at /rustc/0e09125c6c3c2fd70d7de961bcf0e51575235fad/library/std/src/panicking.rs:552:40
[INFO] [stdout]   48:     0x5618c77f0c61 - std::panicking::try::h7309da130f906eb7
[INFO] [stdout]                                at /rustc/0e09125c6c3c2fd70d7de961bcf0e51575235fad/library/std/src/panicking.rs:516:19
[INFO] [stdout]   49:     0x5618c77f0c61 - std::panic::catch_unwind::hc5c3a06fdaf0a92a
[INFO] [stdout]                                at /rustc/0e09125c6c3c2fd70d7de961bcf0e51575235fad/library/std/src/panic.rs:142:14
[INFO] [stdout]   50:     0x5618c77f0c61 - test::run_test_in_process::h7e7b7c71c3324e0f
[INFO] [stdout]                                at /rustc/0e09125c6c3c2fd70d7de961bcf0e51575235fad/library/test/src/lib.rs:650:27
[INFO] [stdout]   51:     0x5618c77f0c61 - test::run_test::{{closure}}::h1f509f28f5cf20b1
[INFO] [stdout]                                at /rustc/0e09125c6c3c2fd70d7de961bcf0e51575235fad/library/test/src/lib.rs:573:43
[INFO] [stdout]   52:     0x5618c77b7f96 - test::run_test::{{closure}}::h1754218abf443f6d
[INFO] [stdout]                                at /rustc/0e09125c6c3c2fd70d7de961bcf0e51575235fad/library/test/src/lib.rs:601:41
[INFO] [stdout]   53:     0x5618c77b7f96 - std::sys_common::backtrace::__rust_begin_short_backtrace::h2ee174b9d5954948
[INFO] [stdout]                                at /rustc/0e09125c6c3c2fd70d7de961bcf0e51575235fad/library/std/src/sys_common/backtrace.rs:155:18
[INFO] [stdout]   54:     0x5618c77bcff7 - std::thread::Builder::spawn_unchecked_::{{closure}}::{{closure}}::hf60bee9c1a17ef09
[INFO] [stdout]                                at /rustc/0e09125c6c3c2fd70d7de961bcf0e51575235fad/library/std/src/thread/mod.rs:529:17
[INFO] [stdout]   55:     0x5618c77bcff7 - <core::panic::unwind_safe::AssertUnwindSafe<F> as core::ops::function::FnOnce<()>>::call_once::h33d0dddec5216160
[INFO] [stdout]                                at /rustc/0e09125c6c3c2fd70d7de961bcf0e51575235fad/library/core/src/panic/unwind_safe.rs:272:9
[INFO] [stdout]   56:     0x5618c77bcff7 - std::panicking::try::do_call::h144b3048b546f835
[INFO] [stdout]                                at /rustc/0e09125c6c3c2fd70d7de961bcf0e51575235fad/library/std/src/panicking.rs:552:40
[INFO] [stdout]   57:     0x5618c77bcff7 - std::panicking::try::h978244d04646189f
[INFO] [stdout]                                at /rustc/0e09125c6c3c2fd70d7de961bcf0e51575235fad/library/std/src/panicking.rs:516:19
[INFO] [stdout]   58:     0x5618c77bcff7 - std::panic::catch_unwind::hdf436369d188fe86
[INFO] [stdout]                                at /rustc/0e09125c6c3c2fd70d7de961bcf0e51575235fad/library/std/src/panic.rs:142:14
[INFO] [stdout]   59:     0x5618c77bcff7 - std::thread::Builder::spawn_unchecked_::{{closure}}::h87329cbdd33c79ec
[INFO] [stdout]                                at /rustc/0e09125c6c3c2fd70d7de961bcf0e51575235fad/library/std/src/thread/mod.rs:528:30
[INFO] [stdout]   60:     0x5618c77bcff7 - core::ops::function::FnOnce::call_once{{vtable.shim}}::h401abbe67897d450
[INFO] [stdout]                                at /rustc/0e09125c6c3c2fd70d7de961bcf0e51575235fad/library/core/src/ops/function.rs:250:5
[INFO] [stdout]   61:     0x5618c7e10a05 - <alloc::boxed::Box<F,A> as core::ops::function::FnOnce<Args>>::call_once::h5d7c8f150ab9c84c
[INFO] [stdout]                                at /rustc/0e09125c6c3c2fd70d7de961bcf0e51575235fad/library/alloc/src/boxed.rs:2015:9
[INFO] [stdout]   62:     0x5618c7e10a05 - <alloc::boxed::Box<F,A> as core::ops::function::FnOnce<Args>>::call_once::h570d5b005c242c15
[INFO] [stdout]                                at /rustc/0e09125c6c3c2fd70d7de961bcf0e51575235fad/library/alloc/src/boxed.rs:2015:9
[INFO] [stdout]   63:     0x5618c7e10a05 - std::sys::unix::thread::Thread::new::thread_start::h36b0a20c0b2361ad
[INFO] [stdout]                                at /rustc/0e09125c6c3c2fd70d7de961bcf0e51575235fad/library/std/src/sys/unix/thread.rs:108:17
[INFO] [stdout]   64:     0x7f1719026ac3 - <unknown>
[INFO] [stdout]   65:     0x7f17190b7bf4 - __clone
[INFO] [stdout]   66:                0x0 - <unknown>
[INFO] [stdout] 
[INFO] [stdout] ---- middleware::tests::test_eip_2544_ens_wildcards stdout ----
[INFO] [stdout] thread 'middleware::tests::test_eip_2544_ens_wildcards' panicked at src/middleware.rs:281:66:
[INFO] [stdout] called `Option::unwrap()` on a `None` value
[INFO] [stdout] stack backtrace:
[INFO] [stdout]    0:     0x5618c7e09b56 - std::backtrace_rs::backtrace::libunwind::trace::h261606ad26a499c1
[INFO] [stdout]                                at /rustc/0e09125c6c3c2fd70d7de961bcf0e51575235fad/library/std/src/../../backtrace/src/backtrace/libunwind.rs:104:5
[INFO] [stdout]    1:     0x5618c7e09b56 - std::backtrace_rs::backtrace::trace_unsynchronized::hd183f0625477fb28
[INFO] [stdout]                                at /rustc/0e09125c6c3c2fd70d7de961bcf0e51575235fad/library/std/src/../../backtrace/src/backtrace/mod.rs:66:5
[INFO] [stdout]    2:     0x5618c7e09b56 - std::sys_common::backtrace::_print_fmt::hd7f8fef21b4eda67
[INFO] [stdout]                                at /rustc/0e09125c6c3c2fd70d7de961bcf0e51575235fad/library/std/src/sys_common/backtrace.rs:68:5
[INFO] [stdout]    3:     0x5618c7e09b56 - <std::sys_common::backtrace::_print::DisplayBacktrace as core::fmt::Display>::fmt::h623d9b51f2f453f1
[INFO] [stdout]                                at /rustc/0e09125c6c3c2fd70d7de961bcf0e51575235fad/library/std/src/sys_common/backtrace.rs:44:22
[INFO] [stdout]    4:     0x5618c7e368d0 - core::fmt::rt::Argument::fmt::h9f417ac76a86f368
[INFO] [stdout]                                at /rustc/0e09125c6c3c2fd70d7de961bcf0e51575235fad/library/core/src/fmt/rt.rs:142:9
[INFO] [stdout]    5:     0x5618c7e368d0 - core::fmt::write::hc9b6faf4ac2aeff7
[INFO] [stdout]                                at /rustc/0e09125c6c3c2fd70d7de961bcf0e51575235fad/library/core/src/fmt/mod.rs:1120:17
[INFO] [stdout]    6:     0x5618c7e06b6f - std::io::Write::write_fmt::he04625a3a989fec3
[INFO] [stdout]                                at /rustc/0e09125c6c3c2fd70d7de961bcf0e51575235fad/library/std/src/io/mod.rs:1810:15
[INFO] [stdout]    7:     0x5618c7e09934 - std::sys_common::backtrace::_print::hd5d66399c7df88a2
[INFO] [stdout]                                at /rustc/0e09125c6c3c2fd70d7de961bcf0e51575235fad/library/std/src/sys_common/backtrace.rs:47:5
[INFO] [stdout]    8:     0x5618c7e09934 - std::sys_common::backtrace::print::he81ed2da642d37e5
[INFO] [stdout]                                at /rustc/0e09125c6c3c2fd70d7de961bcf0e51575235fad/library/std/src/sys_common/backtrace.rs:34:9
[INFO] [stdout]    9:     0x5618c7e0b6a7 - std::panicking::default_hook::{{closure}}::h85773f4fa117163d
[INFO] [stdout]   10:     0x5618c7e0b38d - std::panicking::default_hook::h6a1694a91d09b278
[INFO] [stdout]                                at /rustc/0e09125c6c3c2fd70d7de961bcf0e51575235fad/library/std/src/panicking.rs:289:9
[INFO] [stdout]   11:     0x5618c77ec607 - <alloc::boxed::Box<F,A> as core::ops::function::Fn<Args>>::call::h616ac37fa3cd6c8f
[INFO] [stdout]                                at /rustc/0e09125c6c3c2fd70d7de961bcf0e51575235fad/library/alloc/src/boxed.rs:2029:9
[INFO] [stdout]   12:     0x5618c77ec607 - test::test_main::{{closure}}::h00d84697cefdcbb6
[INFO] [stdout]                                at /rustc/0e09125c6c3c2fd70d7de961bcf0e51575235fad/library/test/src/lib.rs:138:21
[INFO] [stdout]   13:     0x5618c7e0bcc6 - <alloc::boxed::Box<F,A> as core::ops::function::Fn<Args>>::call::hcb3fe3b9bb537ba8
[INFO] [stdout]                                at /rustc/0e09125c6c3c2fd70d7de961bcf0e51575235fad/library/alloc/src/boxed.rs:2029:9
[INFO] [stdout]   14:     0x5618c7e0bcc6 - std::panicking::rust_panic_with_hook::h0a7ad96e90f7145b
[INFO] [stdout]                                at /rustc/0e09125c6c3c2fd70d7de961bcf0e51575235fad/library/std/src/panicking.rs:783:13
[INFO] [stdout]   15:     0x5618c7e0b9d9 - std::panicking::begin_panic_handler::{{closure}}::h7919090525c6485e
[INFO] [stdout]                                at /rustc/0e09125c6c3c2fd70d7de961bcf0e51575235fad/library/std/src/panicking.rs:649:13
[INFO] [stdout]   16:     0x5618c7e0a056 - std::sys_common::backtrace::__rust_end_short_backtrace::hf3289479464f7dfe
[INFO] [stdout]                                at /rustc/0e09125c6c3c2fd70d7de961bcf0e51575235fad/library/std/src/sys_common/backtrace.rs:171:18
[INFO] [stdout]   17:     0x5618c7e0b770 - rust_begin_unwind
[INFO] [stdout]                                at /rustc/0e09125c6c3c2fd70d7de961bcf0e51575235fad/library/std/src/panicking.rs:645:5
[INFO] [stdout]   18:     0x5618c7788675 - core::panicking::panic_fmt::hcc9f77c5c132af55
[INFO] [stdout]                                at /rustc/0e09125c6c3c2fd70d7de961bcf0e51575235fad/library/core/src/panicking.rs:72:14
[INFO] [stdout]   19:     0x5618c7788733 - core::panicking::panic::h5a1259c1164bd480
[INFO] [stdout]                                at /rustc/0e09125c6c3c2fd70d7de961bcf0e51575235fad/library/core/src/panicking.rs:144:5
[INFO] [stdout]   20:     0x5618c778f2e0 - core::option::Option<T>::unwrap::hc58e386abe4137b4
[INFO] [stdout]                                at /rustc/0e09125c6c3c2fd70d7de961bcf0e51575235fad/library/core/src/option.rs:931:21
[INFO] [stdout]   21:     0x5618c779f1ab - ethers_ccip_read::middleware::CCIPReadMiddleware<M>::_call::{{closure}}::hbe3c7d07df2dc858
[INFO] [stdout]                                at /opt/rustwide/workdir/src/middleware.rs:281:31
[INFO] [stdout]   22:     0x5618c77b6f8d - <core::pin::Pin<P> as core::future::future::Future>::poll::hb6a40406e1c3ed2f
[INFO] [stdout]                                at /rustc/0e09125c6c3c2fd70d7de961bcf0e51575235fad/library/core/src/future/future.rs:124:9
[INFO] [stdout]   23:     0x5618c77a14f1 - <ethers_ccip_read::middleware::CCIPReadMiddleware<M> as ethers_providers::middleware::Middleware>::call::{{closure}}::h6f5b271ea22b9725
[INFO] [stdout]                                at /opt/rustwide/workdir/src/middleware.rs:396:41
[INFO] [stdout]   24:     0x5618c77b6f8d - <core::pin::Pin<P> as core::future::future::Future>::poll::hb6a40406e1c3ed2f
[INFO] [stdout]                                at /rustc/0e09125c6c3c2fd70d7de961bcf0e51575235fad/library/core/src/future/future.rs:124:9
[INFO] [stdout]   25:     0x5618c779c060 - ethers_ccip_read::middleware::CCIPReadMiddleware<M>::get_resolver::{{closure}}::h13c46cb79cb19e24
[INFO] [stdout]                                at /opt/rustwide/workdir/src/middleware.rs:168:18
[INFO] [stdout]   26:     0x5618c77a536c - ethers_ccip_read::middleware::tests::test_eip_2544_ens_wildcards::{{closure}}::hfb5d82c91b8aa6bb
[INFO] [stdout]                                at /opt/rustwide/workdir/src/middleware.rs:510:64
[INFO] [stdout]   27:     0x5618c77b70a8 - <core::pin::Pin<P> as core::future::future::Future>::poll::he248ac5de068384e
[INFO] [stdout]                                at /rustc/0e09125c6c3c2fd70d7de961bcf0e51575235fad/library/core/src/future/future.rs:124:9
[INFO] [stdout]   28:     0x5618c77b6fdb - <core::pin::Pin<P> as core::future::future::Future>::poll::hdb4031bcde4ed728
[INFO] [stdout]                                at /rustc/0e09125c6c3c2fd70d7de961bcf0e51575235fad/library/core/src/future/future.rs:124:9
[INFO] [stdout]   29:     0x5618c7795a14 - tokio::runtime::scheduler::current_thread::CoreGuard::block_on::{{closure}}::{{closure}}::{{closure}}::h4b8bb24fc54f6039
[INFO] [stdout]                                at /opt/rustwide/cargo-home/registry/src/index.crates.io-6f17d22bba15001f/tokio-1.28.0/src/runtime/scheduler/current_thread.rs:541:57
[INFO] [stdout]   30:     0x5618c779594a - tokio::runtime::coop::with_budget::h8075825863844255
[INFO] [stdout]                                at /opt/rustwide/cargo-home/registry/src/index.crates.io-6f17d22bba15001f/tokio-1.28.0/src/runtime/coop.rs:107:5
[INFO] [stdout]   31:     0x5618c779594a - tokio::runtime::coop::budget::he835b74a0dd4bcb9
[INFO] [stdout]                                at /opt/rustwide/cargo-home/registry/src/index.crates.io-6f17d22bba15001f/tokio-1.28.0/src/runtime/coop.rs:73:5
[INFO] [stdout]   32:     0x5618c779594a - tokio::runtime::scheduler::current_thread::CoreGuard::block_on::{{closure}}::{{closure}}::he11879f313d4ae55
[INFO] [stdout]                                at /opt/rustwide/cargo-home/registry/src/index.crates.io-6f17d22bba15001f/tokio-1.28.0/src/runtime/scheduler/current_thread.rs:541:25
[INFO] [stdout]   33:     0x5618c779440c - tokio::runtime::scheduler::current_thread::Context::enter::h8d6b49da4830c3d4
[INFO] [stdout]                                at /opt/rustwide/cargo-home/registry/src/index.crates.io-6f17d22bba15001f/tokio-1.28.0/src/runtime/scheduler/current_thread.rs:350:19
[INFO] [stdout]   34:     0x5618c7794efa - tokio::runtime::scheduler::current_thread::CoreGuard::block_on::{{closure}}::h1b8d9d07a3c42bc5
[INFO] [stdout]                                at /opt/rustwide/cargo-home/registry/src/index.crates.io-6f17d22bba15001f/tokio-1.28.0/src/runtime/scheduler/current_thread.rs:540:36
[INFO] [stdout]   35:     0x5618c7794c0b - tokio::runtime::scheduler::current_thread::CoreGuard::enter::{{closure}}::h1df65938f2244172
[INFO] [stdout]                                at /opt/rustwide/cargo-home/registry/src/index.crates.io-6f17d22bba15001f/tokio-1.28.0/src/runtime/scheduler/current_thread.rs:615:57
[INFO] [stdout]   36:     0x5618c77aceb8 - tokio::macros::scoped_tls::ScopedKey<T>::set::hd6aef8599719afcc
[INFO] [stdout]                                at /opt/rustwide/cargo-home/registry/src/index.crates.io-6f17d22bba15001f/tokio-1.28.0/src/macros/scoped_tls.rs:61:9
[INFO] [stdout]   37:     0x5618c779499f - tokio::runtime::scheduler::current_thread::CoreGuard::enter::he030a9ab44d47035
[INFO] [stdout]                                at /opt/rustwide/cargo-home/registry/src/index.crates.io-6f17d22bba15001f/tokio-1.28.0/src/runtime/scheduler/current_thread.rs:615:27
[INFO] [stdout]   38:     0x5618c7794c3d - tokio::runtime::scheduler::current_thread::CoreGuard::block_on::hc2583f00f0c543f5
[INFO] [stdout]                                at /opt/rustwide/cargo-home/registry/src/index.crates.io-6f17d22bba15001f/tokio-1.28.0/src/runtime/scheduler/current_thread.rs:530:19
[INFO] [stdout]   39:     0x5618c7793bbb - tokio::runtime::scheduler::current_thread::CurrentThread::block_on::hc7a3a72835b1f68c
[INFO] [stdout]                                at /opt/rustwide/cargo-home/registry/src/index.crates.io-6f17d22bba15001f/tokio-1.28.0/src/runtime/scheduler/current_thread.rs:154:24
[INFO] [stdout]   40:     0x5618c77ad03d - tokio::runtime::runtime::Runtime::block_on::hbe5395788e0cc134
[INFO] [stdout]                                at /opt/rustwide/cargo-home/registry/src/index.crates.io-6f17d22bba15001f/tokio-1.28.0/src/runtime/runtime.rs:302:47
[INFO] [stdout]   41:     0x5618c77a505c - ethers_ccip_read::middleware::tests::test_eip_2544_ens_wildcards::hd128179c5a58e326
[INFO] [stdout]                                at /opt/rustwide/workdir/src/middleware.rs:525:9
[INFO] [stdout]   42:     0x5618c77a4ee7 - ethers_ccip_read::middleware::tests::test_eip_2544_ens_wildcards::{{closure}}::h3af8d60395139b2c
[INFO] [stdout]                                at /opt/rustwide/workdir/src/middleware.rs:506:43
[INFO] [stdout]   43:     0x5618c778cfd6 - core::ops::function::FnOnce::call_once::h743b15bc7e73e25e
[INFO] [stdout]                                at /rustc/0e09125c6c3c2fd70d7de961bcf0e51575235fad/library/core/src/ops/function.rs:250:5
[INFO] [stdout]   44:     0x5618c77f1edf - core::ops::function::FnOnce::call_once::hd64d26f405258157
[INFO] [stdout]                                at /rustc/0e09125c6c3c2fd70d7de961bcf0e51575235fad/library/core/src/ops/function.rs:250:5
[INFO] [stdout]   45:     0x5618c77f1edf - test::__rust_begin_short_backtrace::he21b0b7a6d731bf9
[INFO] [stdout]                                at /rustc/0e09125c6c3c2fd70d7de961bcf0e51575235fad/library/test/src/lib.rs:627:18
[INFO] [stdout]   46:     0x5618c77f0c61 - test::run_test_in_process::{{closure}}::hf5c73986d7bdfde2
[INFO] [stdout]                                at /rustc/0e09125c6c3c2fd70d7de961bcf0e51575235fad/library/test/src/lib.rs:650:60
[INFO] [stdout]   47:     0x5618c77f0c61 - <core::panic::unwind_safe::AssertUnwindSafe<F> as core::ops::function::FnOnce<()>>::call_once::h330011ad032aadc0
[INFO] [stdout]                                at /rustc/0e09125c6c3c2fd70d7de961bcf0e51575235fad/library/core/src/panic/unwind_safe.rs:272:9
[INFO] [stdout]   48:     0x5618c77f0c61 - std::panicking::try::do_call::he61b0a958b795a41
[INFO] [stdout]                                at /rustc/0e09125c6c3c2fd70d7de961bcf0e51575235fad/library/std/src/panicking.rs:552:40
[INFO] [stdout]   49:     0x5618c77f0c61 - std::panicking::try::h7309da130f906eb7
[INFO] [stdout]                                at /rustc/0e09125c6c3c2fd70d7de961bcf0e51575235fad/library/std/src/panicking.rs:516:19
[INFO] [stdout]   50:     0x5618c77f0c61 - std::panic::catch_unwind::hc5c3a06fdaf0a92a
[INFO] [stdout]                                at /rustc/0e09125c6c3c2fd70d7de961bcf0e51575235fad/library/std/src/panic.rs:142:14
[INFO] [stdout]   51:     0x5618c77f0c61 - test::run_test_in_process::h7e7b7c71c3324e0f
[INFO] [stdout]                                at /rustc/0e09125c6c3c2fd70d7de961bcf0e51575235fad/library/test/src/lib.rs:650:27
[INFO] [stdout]   52:     0x5618c77f0c61 - test::run_test::{{closure}}::h1f509f28f5cf20b1
[INFO] [stdout]                                at /rustc/0e09125c6c3c2fd70d7de961bcf0e51575235fad/library/test/src/lib.rs:573:43
[INFO] [stdout]   53:     0x5618c77b7f96 - test::run_test::{{closure}}::h1754218abf443f6d
[INFO] [stdout]                                at /rustc/0e09125c6c3c2fd70d7de961bcf0e51575235fad/library/test/src/lib.rs:601:41
[INFO] [stdout]   54:     0x5618c77b7f96 - std::sys_common::backtrace::__rust_begin_short_backtrace::h2ee174b9d5954948
[INFO] [stdout]                                at /rustc/0e09125c6c3c2fd70d7de961bcf0e51575235fad/library/std/src/sys_common/backtrace.rs:155:18
[INFO] [stdout]   55:     0x5618c77bcff7 - std::thread::Builder::spawn_unchecked_::{{closure}}::{{closure}}::hf60bee9c1a17ef09
[INFO] [stdout]                                at /rustc/0e09125c6c3c2fd70d7de961bcf0e51575235fad/library/std/src/thread/mod.rs:529:17
[INFO] [stdout]   56:     0x5618c77bcff7 - <core::panic::unwind_safe::AssertUnwindSafe<F> as core::ops::function::FnOnce<()>>::call_once::h33d0dddec5216160
[INFO] [stdout]                                at /rustc/0e09125c6c3c2fd70d7de961bcf0e51575235fad/library/core/src/panic/unwind_safe.rs:272:9
[INFO] [stdout]   57:     0x5618c77bcff7 - std::panicking::try::do_call::h144b3048b546f835
[INFO] [stdout]                                at /rustc/0e09125c6c3c2fd70d7de961bcf0e51575235fad/library/std/src/panicking.rs:552:40
[INFO] [stdout]   58:     0x5618c77bcff7 - std::panicking::try::h978244d04646189f
[INFO] [stdout]                                at /rustc/0e09125c6c3c2fd70d7de961bcf0e51575235fad/library/std/src/panicking.rs:516:19
[INFO] [stdout]   59:     0x5618c77bcff7 - std::panic::catch_unwind::hdf436369d188fe86
[INFO] [stdout]                                at /rustc/0e09125c6c3c2fd70d7de961bcf0e51575235fad/library/std/src/panic.rs:142:14
[INFO] [stdout]   60:     0x5618c77bcff7 - std::thread::Builder::spawn_unchecked_::{{closure}}::h87329cbdd33c79ec
[INFO] [stdout]                                at /rustc/0e09125c6c3c2fd70d7de961bcf0e51575235fad/library/std/src/thread/mod.rs:528:30
[INFO] [stdout]   61:     0x5618c77bcff7 - core::ops::function::FnOnce::call_once{{vtable.shim}}::h401abbe67897d450
[INFO] [stdout]                                at /rustc/0e09125c6c3c2fd70d7de961bcf0e51575235fad/library/core/src/ops/function.rs:250:5
[INFO] [stdout]   62:     0x5618c7e10a05 - <alloc::boxed::Box<F,A> as core::ops::function::FnOnce<Args>>::call_once::h5d7c8f150ab9c84c
[INFO] [stdout]                                at /rustc/0e09125c6c3c2fd70d7de961bcf0e51575235fad/library/alloc/src/boxed.rs:2015:9
[INFO] [stdout]   63:     0x5618c7e10a05 - <alloc::boxed::Box<F,A> as core::ops::function::FnOnce<Args>>::call_once::h570d5b005c242c15
[INFO] [stdout]                                at /rustc/0e09125c6c3c2fd70d7de961bcf0e51575235fad/library/alloc/src/boxed.rs:2015:9
[INFO] [stdout]   64:     0x5618c7e10a05 - std::sys::unix::thread::Thread::new::thread_start::h36b0a20c0b2361ad
[INFO] [stdout]                                at /rustc/0e09125c6c3c2fd70d7de961bcf0e51575235fad/library/std/src/sys/unix/thread.rs:108:17
[INFO] [stdout]   65:     0x7f1719026ac3 - <unknown>
[INFO] [stdout]   66:     0x7f17190b7bf4 - __clone
[INFO] [stdout]   67:                0x0 - <unknown>
[INFO] [stdout] 
[INFO] [stdout] 
[INFO] [stdout] failures:
[INFO] [stdout]     middleware::tests::test_ccip_call
[INFO] [stdout]     middleware::tests::test_eip_2544_ens_wildcards
[INFO] [stdout] 
[INFO] [stdout] test result: FAILED. 2 passed; 2 failed; 0 ignored; 0 measured; 0 filtered out; finished in 0.28s
[INFO] [stdout] 
[INFO] [stderr] error: test failed, to rerun pass `--lib`
[INFO] running `Command { std: "docker" "inspect" "7045211f563c0e06b58b94b1f2c4cf5f09ddab4bf329b86c454ec0d6e56ccb12", kill_on_drop: false }`
[INFO] running `Command { std: "docker" "rm" "-f" "7045211f563c0e06b58b94b1f2c4cf5f09ddab4bf329b86c454ec0d6e56ccb12", kill_on_drop: false }`
[INFO] [stdout] 7045211f563c0e06b58b94b1f2c4cf5f09ddab4bf329b86c454ec0d6e56ccb12
