[INFO] fetching crate ethereum-provider 0.2.0...
[INFO] testing ethereum-provider-0.2.0 against 1.75.0 for beta-1.76-1
[INFO] extracting crate ethereum-provider 0.2.0 into /workspace/builds/worker-3-tc1/source
[INFO] validating manifest of crates.io crate ethereum-provider 0.2.0 on toolchain 1.75.0
[INFO] running `Command { std: CARGO_HOME="/workspace/cargo-home" RUSTUP_HOME="/workspace/rustup-home" "/workspace/cargo-home/bin/cargo" "+1.75.0" "metadata" "--manifest-path" "Cargo.toml" "--no-deps", kill_on_drop: false }`
[INFO] started tweaking crates.io crate ethereum-provider 0.2.0
[INFO] finished tweaking crates.io crate ethereum-provider 0.2.0
[INFO] tweaked toml for crates.io crate ethereum-provider 0.2.0 written to /workspace/builds/worker-3-tc1/source/Cargo.toml
[INFO] running `Command { std: CARGO_HOME="/workspace/cargo-home" RUSTUP_HOME="/workspace/rustup-home" "/workspace/cargo-home/bin/cargo" "+1.75.0" "generate-lockfile" "--manifest-path" "Cargo.toml", kill_on_drop: false }`
[INFO] [stderr]     Updating crates.io index
[INFO] running `Command { std: CARGO_HOME="/workspace/cargo-home" RUSTUP_HOME="/workspace/rustup-home" "/workspace/cargo-home/bin/cargo" "+1.75.0" "fetch" "--manifest-path" "Cargo.toml", kill_on_drop: false }`
[INFO] running `Command { std: "docker" "create" "-v" "/var/lib/crater-agent-workspace/builds/worker-3-tc1/target:/opt/rustwide/target:rw,Z" "-v" "/var/lib/crater-agent-workspace/builds/worker-3-tc1/source:/opt/rustwide/workdir:ro,Z" "-v" "/var/lib/crater-agent-workspace/cargo-home:/opt/rustwide/cargo-home:ro,Z" "-v" "/var/lib/crater-agent-workspace/rustup-home:/opt/rustwide/rustup-home:ro,Z" "-e" "SOURCE_DIR=/opt/rustwide/workdir" "-e" "CARGO_TARGET_DIR=/opt/rustwide/target" "-e" "CARGO_HOME=/opt/rustwide/cargo-home" "-e" "RUSTUP_HOME=/opt/rustwide/rustup-home" "-w" "/opt/rustwide/workdir" "-m" "1610612736" "--user" "0:0" "--network" "none" "ghcr.io/rust-lang/crates-build-env/linux@sha256:2788e3201cd34a07e3172128adcd8b3090168a8e3bcc40d7c032b9dda1df7d1c" "/opt/rustwide/cargo-home/bin/cargo" "+1.75.0" "metadata" "--no-deps" "--format-version=1", kill_on_drop: false }`
[INFO] [stdout] 3ec52b6d28717d94eb36a9a258d00da3df6aafcd59988e0e36dba119a1d47286
[INFO] running `Command { std: "docker" "start" "-a" "3ec52b6d28717d94eb36a9a258d00da3df6aafcd59988e0e36dba119a1d47286", kill_on_drop: false }`
[INFO] running `Command { std: "docker" "inspect" "3ec52b6d28717d94eb36a9a258d00da3df6aafcd59988e0e36dba119a1d47286", kill_on_drop: false }`
[INFO] running `Command { std: "docker" "rm" "-f" "3ec52b6d28717d94eb36a9a258d00da3df6aafcd59988e0e36dba119a1d47286", kill_on_drop: false }`
[INFO] [stdout] 3ec52b6d28717d94eb36a9a258d00da3df6aafcd59988e0e36dba119a1d47286
[INFO] running `Command { std: "docker" "create" "-v" "/var/lib/crater-agent-workspace/builds/worker-3-tc1/target:/opt/rustwide/target:rw,Z" "-v" "/var/lib/crater-agent-workspace/builds/worker-3-tc1/source:/opt/rustwide/workdir:ro,Z" "-v" "/var/lib/crater-agent-workspace/cargo-home:/opt/rustwide/cargo-home:ro,Z" "-v" "/var/lib/crater-agent-workspace/rustup-home:/opt/rustwide/rustup-home:ro,Z" "-e" "SOURCE_DIR=/opt/rustwide/workdir" "-e" "CARGO_TARGET_DIR=/opt/rustwide/target" "-e" "CARGO_INCREMENTAL=0" "-e" "RUST_BACKTRACE=full" "-e" "RUSTFLAGS=--cap-lints=warn" "-e" "RUSTDOCFLAGS=--cap-lints=warn" "-e" "CARGO_HOME=/opt/rustwide/cargo-home" "-e" "RUSTUP_HOME=/opt/rustwide/rustup-home" "-w" "/opt/rustwide/workdir" "-m" "1610612736" "--user" "0:0" "--network" "none" "ghcr.io/rust-lang/crates-build-env/linux@sha256:2788e3201cd34a07e3172128adcd8b3090168a8e3bcc40d7c032b9dda1df7d1c" "/opt/rustwide/cargo-home/bin/cargo" "+1.75.0" "build" "--frozen" "--message-format=json", kill_on_drop: false }`
[INFO] [stdout] b1f3602ee49cd26b454c16a308e39ddd6956d08a72325a0b4868f6fcf1950129
[INFO] running `Command { std: "docker" "start" "-a" "b1f3602ee49cd26b454c16a308e39ddd6956d08a72325a0b4868f6fcf1950129", kill_on_drop: false }`
[INFO] [stderr]    Compiling wasm-bindgen-shared v0.2.89
[INFO] [stderr]    Compiling once_cell v1.19.0
[INFO] [stderr]    Compiling bumpalo v3.14.0
[INFO] [stderr]    Compiling wasm-bindgen v0.2.89
[INFO] [stderr]    Compiling thiserror-impl v1.0.56
[INFO] [stderr]    Compiling wasm-bindgen-backend v0.2.89
[INFO] [stderr]    Compiling thiserror v1.0.56
[INFO] [stderr]    Compiling wasm-bindgen-macro-support v0.2.89
[INFO] [stderr]    Compiling wasm-bindgen-macro v0.2.89
[INFO] [stderr]    Compiling js-sys v0.3.66
[INFO] [stderr]    Compiling web-sys v0.3.66
[INFO] [stderr]    Compiling wasm-bindgen-futures v0.4.39
[INFO] [stderr]    Compiling serde-wasm-bindgen v0.5.0
[INFO] [stderr]    Compiling ethereum-provider v0.2.0 (/opt/rustwide/workdir)
[INFO] [stderr]     Finished dev [unoptimized + debuginfo] target(s) in 8.83s
[INFO] running `Command { std: "docker" "inspect" "b1f3602ee49cd26b454c16a308e39ddd6956d08a72325a0b4868f6fcf1950129", kill_on_drop: false }`
[INFO] running `Command { std: "docker" "rm" "-f" "b1f3602ee49cd26b454c16a308e39ddd6956d08a72325a0b4868f6fcf1950129", kill_on_drop: false }`
[INFO] [stdout] b1f3602ee49cd26b454c16a308e39ddd6956d08a72325a0b4868f6fcf1950129
[INFO] running `Command { std: "docker" "create" "-v" "/var/lib/crater-agent-workspace/builds/worker-3-tc1/target:/opt/rustwide/target:rw,Z" "-v" "/var/lib/crater-agent-workspace/builds/worker-3-tc1/source:/opt/rustwide/workdir:ro,Z" "-v" "/var/lib/crater-agent-workspace/cargo-home:/opt/rustwide/cargo-home:ro,Z" "-v" "/var/lib/crater-agent-workspace/rustup-home:/opt/rustwide/rustup-home:ro,Z" "-e" "SOURCE_DIR=/opt/rustwide/workdir" "-e" "CARGO_TARGET_DIR=/opt/rustwide/target" "-e" "CARGO_INCREMENTAL=0" "-e" "RUST_BACKTRACE=full" "-e" "RUSTFLAGS=--cap-lints=warn" "-e" "RUSTDOCFLAGS=--cap-lints=warn" "-e" "CARGO_HOME=/opt/rustwide/cargo-home" "-e" "RUSTUP_HOME=/opt/rustwide/rustup-home" "-w" "/opt/rustwide/workdir" "-m" "1610612736" "--user" "0:0" "--network" "none" "ghcr.io/rust-lang/crates-build-env/linux@sha256:2788e3201cd34a07e3172128adcd8b3090168a8e3bcc40d7c032b9dda1df7d1c" "/opt/rustwide/cargo-home/bin/cargo" "+1.75.0" "test" "--frozen" "--no-run" "--message-format=json", kill_on_drop: false }`
[INFO] [stdout] 6e7bef655ecb41fcb6490d6aa6dde73cca6b3e4917ba103ac4509fb284897d80
[INFO] running `Command { std: "docker" "start" "-a" "6e7bef655ecb41fcb6490d6aa6dde73cca6b3e4917ba103ac4509fb284897d80", kill_on_drop: false }`
[INFO] [stderr]    Compiling ethereum-provider v0.2.0 (/opt/rustwide/workdir)
[INFO] [stderr]     Finished test [unoptimized + debuginfo] target(s) in 0.71s
[INFO] running `Command { std: "docker" "inspect" "6e7bef655ecb41fcb6490d6aa6dde73cca6b3e4917ba103ac4509fb284897d80", kill_on_drop: false }`
[INFO] running `Command { std: "docker" "rm" "-f" "6e7bef655ecb41fcb6490d6aa6dde73cca6b3e4917ba103ac4509fb284897d80", kill_on_drop: false }`
[INFO] [stdout] 6e7bef655ecb41fcb6490d6aa6dde73cca6b3e4917ba103ac4509fb284897d80
[INFO] running `Command { std: "docker" "create" "-v" "/var/lib/crater-agent-workspace/builds/worker-3-tc1/target:/opt/rustwide/target:rw,Z" "-v" "/var/lib/crater-agent-workspace/builds/worker-3-tc1/source:/opt/rustwide/workdir:ro,Z" "-v" "/var/lib/crater-agent-workspace/cargo-home:/opt/rustwide/cargo-home:ro,Z" "-v" "/var/lib/crater-agent-workspace/rustup-home:/opt/rustwide/rustup-home:ro,Z" "-e" "SOURCE_DIR=/opt/rustwide/workdir" "-e" "CARGO_TARGET_DIR=/opt/rustwide/target" "-e" "CARGO_INCREMENTAL=0" "-e" "RUST_BACKTRACE=full" "-e" "RUSTFLAGS=--cap-lints=warn" "-e" "RUSTDOCFLAGS=--cap-lints=warn" "-e" "CARGO_HOME=/opt/rustwide/cargo-home" "-e" "RUSTUP_HOME=/opt/rustwide/rustup-home" "-w" "/opt/rustwide/workdir" "-m" "1610612736" "--user" "0:0" "--network" "none" "ghcr.io/rust-lang/crates-build-env/linux@sha256:2788e3201cd34a07e3172128adcd8b3090168a8e3bcc40d7c032b9dda1df7d1c" "/opt/rustwide/cargo-home/bin/cargo" "+1.75.0" "test" "--frozen", kill_on_drop: false }`
[INFO] [stdout] b01b9ad792f844407a1baf22a629cc26cff00036352210b9dc8937db48f959c2
[INFO] running `Command { std: "docker" "start" "-a" "b01b9ad792f844407a1baf22a629cc26cff00036352210b9dc8937db48f959c2", kill_on_drop: false }`
[INFO] [stderr]     Finished test [unoptimized + debuginfo] target(s) in 0.03s
[INFO] [stderr]      Running unittests src/lib.rs (/opt/rustwide/target/debug/deps/ethereum_provider-e2241057b72183d1)
[INFO] [stdout] 
[INFO] [stdout] running 0 tests
[INFO] [stdout] 
[INFO] [stdout] test result: ok. 0 passed; 0 failed; 0 ignored; 0 measured; 0 filtered out; finished in 0.00s
[INFO] [stdout] 
[INFO] [stderr]    Doc-tests ethereum-provider
[INFO] [stdout] 
[INFO] [stdout] running 2 tests
[INFO] [stdout] test src/lib.rs - (line 21) - compile ... ok
[INFO] [stdout] test src/lib.rs - (line 41) - compile ... FAILED
[INFO] [stdout] 
[INFO] [stdout] failures:
[INFO] [stdout] 
[INFO] [stdout] ---- src/lib.rs - (line 41) stdout ----
[INFO] [stdout] error[E0433]: failed to resolve: use of undeclared crate or module `yew`
[INFO] [stdout]  --> src/lib.rs:44:5
[INFO] [stdout]   |
[INFO] [stdout] 6 | use yew::prelude::*;
[INFO] [stdout]   |     ^^^ use of undeclared crate or module `yew`
[INFO] [stdout] 
[INFO] [stdout] error[E0432]: unresolved import `ethereum_provider::yew`
[INFO] [stdout]  --> src/lib.rs:43:24
[INFO] [stdout]   |
[INFO] [stdout] 5 | use ethereum_provider::yew::use_provider;
[INFO] [stdout]   |                        ^^^ could not find `yew` in `ethereum_provider`
[INFO] [stdout] 
[INFO] [stdout] error: cannot find attribute `function_component` in this scope
[INFO] [stdout]  --> src/lib.rs:46:3
[INFO] [stdout]   |
[INFO] [stdout] 8 | #[function_component]
[INFO] [stdout]   |   ^^^^^^^^^^^^^^^^^^
[INFO] [stdout] 
[INFO] [stdout] error: cannot find macro `html` in this scope
[INFO] [stdout]   --> src/lib.rs:50:5
[INFO] [stdout]    |
[INFO] [stdout] 12 |     html! {
[INFO] [stdout]    |     ^^^^
[INFO] [stdout] 
[INFO] [stdout] error[E0412]: cannot find type `Html` in this scope
[INFO] [stdout]  --> src/lib.rs:47:16
[INFO] [stdout]   |
[INFO] [stdout] 9 | fn Wallet() -> Html {
[INFO] [stdout]   |                ^^^^ not found in this scope
[INFO] [stdout] 
[INFO] [stdout] error: aborting due to 5 previous errors
[INFO] [stdout] 
[INFO] [stdout] Some errors have detailed explanations: E0412, E0432, E0433.
[INFO] [stdout] For more information about an error, try `rustc --explain E0412`.
[INFO] [stdout] Couldn't compile the test.
[INFO] [stdout] 
[INFO] [stdout] failures:
[INFO] [stdout]     src/lib.rs - (line 41)
[INFO] [stdout] 
[INFO] [stdout] test result: FAILED. 1 passed; 1 failed; 0 ignored; 0 measured; 0 filtered out; finished in 0.06s
[INFO] [stdout] 
[INFO] [stderr] error: doctest failed, to rerun pass `--doc`
[INFO] running `Command { std: "docker" "inspect" "b01b9ad792f844407a1baf22a629cc26cff00036352210b9dc8937db48f959c2", kill_on_drop: false }`
[INFO] running `Command { std: "docker" "rm" "-f" "b01b9ad792f844407a1baf22a629cc26cff00036352210b9dc8937db48f959c2", kill_on_drop: false }`
[INFO] [stdout] b01b9ad792f844407a1baf22a629cc26cff00036352210b9dc8937db48f959c2
[INFO] testing ethereum-provider-0.2.0 against beta-2023-12-22 for beta-1.76-1
[INFO] extracting crate ethereum-provider 0.2.0 into /workspace/builds/worker-3-tc2/source
[INFO] validating manifest of crates.io crate ethereum-provider 0.2.0 on toolchain beta-2023-12-22
[INFO] running `Command { std: CARGO_HOME="/workspace/cargo-home" RUSTUP_HOME="/workspace/rustup-home" "/workspace/cargo-home/bin/cargo" "+beta-2023-12-22" "metadata" "--manifest-path" "Cargo.toml" "--no-deps", kill_on_drop: false }`
[INFO] started tweaking crates.io crate ethereum-provider 0.2.0
[INFO] finished tweaking crates.io crate ethereum-provider 0.2.0
[INFO] tweaked toml for crates.io crate ethereum-provider 0.2.0 written to /workspace/builds/worker-3-tc2/source/Cargo.toml
[INFO] running `Command { std: CARGO_HOME="/workspace/cargo-home" RUSTUP_HOME="/workspace/rustup-home" "/workspace/cargo-home/bin/cargo" "+beta-2023-12-22" "generate-lockfile" "--manifest-path" "Cargo.toml", kill_on_drop: false }`
[INFO] [stderr]     Updating crates.io index
[INFO] running `Command { std: CARGO_HOME="/workspace/cargo-home" RUSTUP_HOME="/workspace/rustup-home" "/workspace/cargo-home/bin/cargo" "+beta-2023-12-22" "fetch" "--manifest-path" "Cargo.toml", kill_on_drop: false }`
[INFO] running `Command { std: "docker" "create" "-v" "/var/lib/crater-agent-workspace/builds/worker-3-tc2/target:/opt/rustwide/target:rw,Z" "-v" "/var/lib/crater-agent-workspace/builds/worker-3-tc2/source:/opt/rustwide/workdir:ro,Z" "-v" "/var/lib/crater-agent-workspace/cargo-home:/opt/rustwide/cargo-home:ro,Z" "-v" "/var/lib/crater-agent-workspace/rustup-home:/opt/rustwide/rustup-home:ro,Z" "-e" "SOURCE_DIR=/opt/rustwide/workdir" "-e" "CARGO_TARGET_DIR=/opt/rustwide/target" "-e" "CARGO_HOME=/opt/rustwide/cargo-home" "-e" "RUSTUP_HOME=/opt/rustwide/rustup-home" "-w" "/opt/rustwide/workdir" "-m" "1610612736" "--user" "0:0" "--network" "none" "ghcr.io/rust-lang/crates-build-env/linux@sha256:2788e3201cd34a07e3172128adcd8b3090168a8e3bcc40d7c032b9dda1df7d1c" "/opt/rustwide/cargo-home/bin/cargo" "+beta-2023-12-22" "metadata" "--no-deps" "--format-version=1", kill_on_drop: false }`
[INFO] [stdout] b505c176c2609af38cf325bb029d6e98a4216d5f9f7b3a273aa09194f5641693
[INFO] running `Command { std: "docker" "start" "-a" "b505c176c2609af38cf325bb029d6e98a4216d5f9f7b3a273aa09194f5641693", kill_on_drop: false }`
[INFO] running `Command { std: "docker" "inspect" "b505c176c2609af38cf325bb029d6e98a4216d5f9f7b3a273aa09194f5641693", kill_on_drop: false }`
[INFO] running `Command { std: "docker" "rm" "-f" "b505c176c2609af38cf325bb029d6e98a4216d5f9f7b3a273aa09194f5641693", kill_on_drop: false }`
[INFO] [stdout] b505c176c2609af38cf325bb029d6e98a4216d5f9f7b3a273aa09194f5641693
[INFO] running `Command { std: "docker" "create" "-v" "/var/lib/crater-agent-workspace/builds/worker-3-tc2/target:/opt/rustwide/target:rw,Z" "-v" "/var/lib/crater-agent-workspace/builds/worker-3-tc2/source:/opt/rustwide/workdir:ro,Z" "-v" "/var/lib/crater-agent-workspace/cargo-home:/opt/rustwide/cargo-home:ro,Z" "-v" "/var/lib/crater-agent-workspace/rustup-home:/opt/rustwide/rustup-home:ro,Z" "-e" "SOURCE_DIR=/opt/rustwide/workdir" "-e" "CARGO_TARGET_DIR=/opt/rustwide/target" "-e" "CARGO_INCREMENTAL=0" "-e" "RUST_BACKTRACE=full" "-e" "RUSTFLAGS=--cap-lints=warn" "-e" "RUSTDOCFLAGS=--cap-lints=warn" "-e" "CARGO_HOME=/opt/rustwide/cargo-home" "-e" "RUSTUP_HOME=/opt/rustwide/rustup-home" "-w" "/opt/rustwide/workdir" "-m" "1610612736" "--user" "0:0" "--network" "none" "ghcr.io/rust-lang/crates-build-env/linux@sha256:2788e3201cd34a07e3172128adcd8b3090168a8e3bcc40d7c032b9dda1df7d1c" "/opt/rustwide/cargo-home/bin/cargo" "+beta-2023-12-22" "build" "--frozen" "--message-format=json", kill_on_drop: false }`
[INFO] [stdout] dd95f54e54e4d2615ea2dc0814aca1afa7ca2c3ce27331b2b2d826a4c88c738c
[INFO] running `Command { std: "docker" "start" "-a" "dd95f54e54e4d2615ea2dc0814aca1afa7ca2c3ce27331b2b2d826a4c88c738c", kill_on_drop: false }`
[INFO] [stderr]    Compiling wasm-bindgen-shared v0.2.89
[INFO] [stderr]    Compiling bumpalo v3.14.0
[INFO] [stderr]    Compiling once_cell v1.19.0
[INFO] [stderr]    Compiling wasm-bindgen v0.2.89
[INFO] [stderr]    Compiling thiserror-impl v1.0.56
[INFO] [stderr]    Compiling wasm-bindgen-backend v0.2.89
[INFO] [stderr]    Compiling wasm-bindgen-macro-support v0.2.89
[INFO] [stderr]    Compiling thiserror v1.0.56
[INFO] [stderr]    Compiling wasm-bindgen-macro v0.2.89
[INFO] [stderr]    Compiling js-sys v0.3.66
[INFO] [stderr]    Compiling web-sys v0.3.66
[INFO] [stderr]    Compiling wasm-bindgen-futures v0.4.39
[INFO] [stderr]    Compiling serde-wasm-bindgen v0.5.0
[INFO] [stderr]    Compiling ethereum-provider v0.2.0 (/opt/rustwide/workdir)
[INFO] [stderr]     Finished dev [unoptimized + debuginfo] target(s) in 8.58s
[INFO] running `Command { std: "docker" "inspect" "dd95f54e54e4d2615ea2dc0814aca1afa7ca2c3ce27331b2b2d826a4c88c738c", kill_on_drop: false }`
[INFO] running `Command { std: "docker" "rm" "-f" "dd95f54e54e4d2615ea2dc0814aca1afa7ca2c3ce27331b2b2d826a4c88c738c", kill_on_drop: false }`
[INFO] [stdout] dd95f54e54e4d2615ea2dc0814aca1afa7ca2c3ce27331b2b2d826a4c88c738c
[INFO] running `Command { std: "docker" "create" "-v" "/var/lib/crater-agent-workspace/builds/worker-3-tc2/target:/opt/rustwide/target:rw,Z" "-v" "/var/lib/crater-agent-workspace/builds/worker-3-tc2/source:/opt/rustwide/workdir:ro,Z" "-v" "/var/lib/crater-agent-workspace/cargo-home:/opt/rustwide/cargo-home:ro,Z" "-v" "/var/lib/crater-agent-workspace/rustup-home:/opt/rustwide/rustup-home:ro,Z" "-e" "SOURCE_DIR=/opt/rustwide/workdir" "-e" "CARGO_TARGET_DIR=/opt/rustwide/target" "-e" "CARGO_INCREMENTAL=0" "-e" "RUST_BACKTRACE=full" "-e" "RUSTFLAGS=--cap-lints=warn" "-e" "RUSTDOCFLAGS=--cap-lints=warn" "-e" "CARGO_HOME=/opt/rustwide/cargo-home" "-e" "RUSTUP_HOME=/opt/rustwide/rustup-home" "-w" "/opt/rustwide/workdir" "-m" "1610612736" "--user" "0:0" "--network" "none" "ghcr.io/rust-lang/crates-build-env/linux@sha256:2788e3201cd34a07e3172128adcd8b3090168a8e3bcc40d7c032b9dda1df7d1c" "/opt/rustwide/cargo-home/bin/cargo" "+beta-2023-12-22" "test" "--frozen" "--no-run" "--message-format=json", kill_on_drop: false }`
[INFO] [stdout] 10dc6a672d0d47da969e12bb9e910940b4ca74f7d18646a04c45d2743cac600b
[INFO] running `Command { std: "docker" "start" "-a" "10dc6a672d0d47da969e12bb9e910940b4ca74f7d18646a04c45d2743cac600b", kill_on_drop: false }`
[INFO] [stderr]    Compiling ethereum-provider v0.2.0 (/opt/rustwide/workdir)
[INFO] [stderr]     Finished test [unoptimized + debuginfo] target(s) in 0.78s
[INFO] running `Command { std: "docker" "inspect" "10dc6a672d0d47da969e12bb9e910940b4ca74f7d18646a04c45d2743cac600b", kill_on_drop: false }`
[INFO] running `Command { std: "docker" "rm" "-f" "10dc6a672d0d47da969e12bb9e910940b4ca74f7d18646a04c45d2743cac600b", kill_on_drop: false }`
[INFO] [stdout] 10dc6a672d0d47da969e12bb9e910940b4ca74f7d18646a04c45d2743cac600b
[INFO] running `Command { std: "docker" "create" "-v" "/var/lib/crater-agent-workspace/builds/worker-3-tc2/target:/opt/rustwide/target:rw,Z" "-v" "/var/lib/crater-agent-workspace/builds/worker-3-tc2/source:/opt/rustwide/workdir:ro,Z" "-v" "/var/lib/crater-agent-workspace/cargo-home:/opt/rustwide/cargo-home:ro,Z" "-v" "/var/lib/crater-agent-workspace/rustup-home:/opt/rustwide/rustup-home:ro,Z" "-e" "SOURCE_DIR=/opt/rustwide/workdir" "-e" "CARGO_TARGET_DIR=/opt/rustwide/target" "-e" "CARGO_INCREMENTAL=0" "-e" "RUST_BACKTRACE=full" "-e" "RUSTFLAGS=--cap-lints=warn" "-e" "RUSTDOCFLAGS=--cap-lints=warn" "-e" "CARGO_HOME=/opt/rustwide/cargo-home" "-e" "RUSTUP_HOME=/opt/rustwide/rustup-home" "-w" "/opt/rustwide/workdir" "-m" "1610612736" "--user" "0:0" "--network" "none" "ghcr.io/rust-lang/crates-build-env/linux@sha256:2788e3201cd34a07e3172128adcd8b3090168a8e3bcc40d7c032b9dda1df7d1c" "/opt/rustwide/cargo-home/bin/cargo" "+beta-2023-12-22" "test" "--frozen", kill_on_drop: false }`
[INFO] [stdout] c6599ff9ab51a8819025cddc23def5fca0125ddbb0082e7ee46af1902c2b7ecf
[INFO] running `Command { std: "docker" "start" "-a" "c6599ff9ab51a8819025cddc23def5fca0125ddbb0082e7ee46af1902c2b7ecf", kill_on_drop: false }`
[INFO] [stderr]     Finished test [unoptimized + debuginfo] target(s) in 0.05s
[INFO] [stderr]      Running unittests src/lib.rs (/opt/rustwide/target/debug/deps/ethereum_provider-7f9d3a97dc1bae41)
[INFO] [stdout] 
[INFO] [stdout] running 0 tests
[INFO] [stdout] 
[INFO] [stdout] test result: ok. 0 passed; 0 failed; 0 ignored; 0 measured; 0 filtered out; finished in 0.00s
[INFO] [stdout] 
[INFO] [stderr]    Doc-tests ethereum-provider
[INFO] [stdout] 
[INFO] [stdout] running 2 tests
[INFO] [stdout] test src/lib.rs - (line 21) - compile ... ok
[INFO] [stdout] test src/lib.rs - (line 41) - compile ... FAILED
[INFO] [stdout] 
[INFO] [stdout] failures:
[INFO] [stdout] 
[INFO] [stdout] ---- src/lib.rs - (line 41) stdout ----
[INFO] [stdout] error[E0433]: failed to resolve: use of undeclared crate or module `yew`
[INFO] [stdout]  --> src/lib.rs:44:5
[INFO] [stdout]   |
[INFO] [stdout] 6 | use yew::prelude::*;
[INFO] [stdout]   |     ^^^ use of undeclared crate or module `yew`
[INFO] [stdout] 
[INFO] [stdout] error[E0432]: unresolved import `ethereum_provider::yew`
[INFO] [stdout]  --> src/lib.rs:43:24
[INFO] [stdout]   |
[INFO] [stdout] 5 | use ethereum_provider::yew::use_provider;
[INFO] [stdout]   |                        ^^^ could not find `yew` in `ethereum_provider`
[INFO] [stdout] 
[INFO] [stdout] error: cannot find attribute `function_component` in this scope
[INFO] [stdout]  --> src/lib.rs:46:3
[INFO] [stdout]   |
[INFO] [stdout] 8 | #[function_component]
[INFO] [stdout]   |   ^^^^^^^^^^^^^^^^^^
[INFO] [stdout] 
[INFO] [stdout] error: cannot find macro `html` in this scope
[INFO] [stdout]   --> src/lib.rs:50:5
[INFO] [stdout]    |
[INFO] [stdout] 12 |     html! {
[INFO] [stdout]    |     ^^^^
[INFO] [stdout] 
[INFO] [stdout] error[E0412]: cannot find type `Html` in this scope
[INFO] [stdout]  --> src/lib.rs:47:16
[INFO] [stdout]   |
[INFO] [stdout] 9 | fn Wallet() -> Html {
[INFO] [stdout]   |                ^^^^ not found in this scope
[INFO] [stdout] 
[INFO] [stdout] error: aborting due to 5 previous errors
[INFO] [stdout] 
[INFO] [stdout] Some errors have detailed explanations: E0412, E0432, E0433.
[INFO] [stdout] For more information about an error, try `rustc --explain E0412`.
[INFO] [stdout] Couldn't compile the test.
[INFO] [stdout] 
[INFO] [stdout] failures:
[INFO] [stdout]     src/lib.rs - (line 41)
[INFO] [stdout] 
[INFO] [stdout] test result: FAILED. 1 passed; 1 failed; 0 ignored; 0 measured; 0 filtered out; finished in 0.09s
[INFO] [stdout] 
[INFO] [stderr] error: doctest failed, to rerun pass `--doc`
[INFO] running `Command { std: "docker" "inspect" "c6599ff9ab51a8819025cddc23def5fca0125ddbb0082e7ee46af1902c2b7ecf", kill_on_drop: false }`
[INFO] running `Command { std: "docker" "rm" "-f" "c6599ff9ab51a8819025cddc23def5fca0125ddbb0082e7ee46af1902c2b7ecf", kill_on_drop: false }`
[INFO] [stdout] c6599ff9ab51a8819025cddc23def5fca0125ddbb0082e7ee46af1902c2b7ecf
