[INFO] fetching crate eternalfest_auth_store 0.18.2...
[INFO] testing eternalfest_auth_store-0.18.2 against 1.75.0 for beta-1.76-1
[INFO] extracting crate eternalfest_auth_store 0.18.2 into /workspace/builds/worker-2-tc1/source
[INFO] validating manifest of crates.io crate eternalfest_auth_store 0.18.2 on toolchain 1.75.0
[INFO] running `Command { std: CARGO_HOME="/workspace/cargo-home" RUSTUP_HOME="/workspace/rustup-home" "/workspace/cargo-home/bin/cargo" "+1.75.0" "metadata" "--manifest-path" "Cargo.toml" "--no-deps", kill_on_drop: false }`
[INFO] started tweaking crates.io crate eternalfest_auth_store 0.18.2
[INFO] finished tweaking crates.io crate eternalfest_auth_store 0.18.2
[INFO] tweaked toml for crates.io crate eternalfest_auth_store 0.18.2 written to /workspace/builds/worker-2-tc1/source/Cargo.toml
[INFO] running `Command { std: CARGO_HOME="/workspace/cargo-home" RUSTUP_HOME="/workspace/rustup-home" "/workspace/cargo-home/bin/cargo" "+1.75.0" "generate-lockfile" "--manifest-path" "Cargo.toml", kill_on_drop: false }`
[INFO] [stderr]     Updating crates.io index
[INFO] running `Command { std: CARGO_HOME="/workspace/cargo-home" RUSTUP_HOME="/workspace/rustup-home" "/workspace/cargo-home/bin/cargo" "+1.75.0" "fetch" "--manifest-path" "Cargo.toml", kill_on_drop: false }`
[INFO] [stderr]  Downloading crates ...
[INFO] [stderr]   Downloaded neon-build v0.10.1
[INFO] [stderr]   Downloaded serial_test_derive v0.9.0
[INFO] [stderr]   Downloaded eternalfest_db_schema v0.18.2
[INFO] [stderr]   Downloaded include_dir v0.7.3
[INFO] [stderr]   Downloaded neon-runtime v0.10.1
[INFO] [stderr]   Downloaded eternalfest_core v0.18.2
[INFO] [stderr]   Downloaded neon-macros v0.10.1
[INFO] [stderr]   Downloaded libloading v0.6.7
[INFO] [stderr]   Downloaded neon v0.10.1
[INFO] [stderr]   Downloaded syn-mid v0.5.4
[INFO] [stderr]   Downloaded include_dir_macros v0.7.3
[INFO] [stderr]   Downloaded serial_test v0.9.0
[INFO] [stderr]   Downloaded etwin_squirrel v0.11.0
[INFO] [stderr]   Downloaded eternalfest_config v0.18.2
[INFO] [stderr]   Downloaded etwin_core v0.11.0
[INFO] [stderr]   Downloaded etwin_postgres_tools v0.11.0
[INFO] [stderr]   Downloaded eternalfest_user_store v0.18.2
[INFO] [stderr]   Downloaded etwin_serde_tools v0.11.0
[INFO] running `Command { std: "docker" "create" "-v" "/var/lib/crater-agent-workspace/builds/worker-2-tc1/target:/opt/rustwide/target:rw,Z" "-v" "/var/lib/crater-agent-workspace/builds/worker-2-tc1/source:/opt/rustwide/workdir:ro,Z" "-v" "/var/lib/crater-agent-workspace/cargo-home:/opt/rustwide/cargo-home:ro,Z" "-v" "/var/lib/crater-agent-workspace/rustup-home:/opt/rustwide/rustup-home:ro,Z" "-e" "SOURCE_DIR=/opt/rustwide/workdir" "-e" "CARGO_TARGET_DIR=/opt/rustwide/target" "-e" "CARGO_HOME=/opt/rustwide/cargo-home" "-e" "RUSTUP_HOME=/opt/rustwide/rustup-home" "-w" "/opt/rustwide/workdir" "-m" "1610612736" "--user" "0:0" "--network" "none" "ghcr.io/rust-lang/crates-build-env/linux@sha256:2788e3201cd34a07e3172128adcd8b3090168a8e3bcc40d7c032b9dda1df7d1c" "/opt/rustwide/cargo-home/bin/cargo" "+1.75.0" "metadata" "--no-deps" "--format-version=1", kill_on_drop: false }`
[INFO] [stdout] 8cc48cd3063fd6b6d1c79340cd5065ee0ff92fa2f2a90780a82a9d44bf186383
[INFO] running `Command { std: "docker" "start" "-a" "8cc48cd3063fd6b6d1c79340cd5065ee0ff92fa2f2a90780a82a9d44bf186383", kill_on_drop: false }`
[INFO] running `Command { std: "docker" "inspect" "8cc48cd3063fd6b6d1c79340cd5065ee0ff92fa2f2a90780a82a9d44bf186383", kill_on_drop: false }`
[INFO] running `Command { std: "docker" "rm" "-f" "8cc48cd3063fd6b6d1c79340cd5065ee0ff92fa2f2a90780a82a9d44bf186383", kill_on_drop: false }`
[INFO] [stdout] 8cc48cd3063fd6b6d1c79340cd5065ee0ff92fa2f2a90780a82a9d44bf186383
[INFO] running `Command { std: "docker" "create" "-v" "/var/lib/crater-agent-workspace/builds/worker-2-tc1/target:/opt/rustwide/target:rw,Z" "-v" "/var/lib/crater-agent-workspace/builds/worker-2-tc1/source:/opt/rustwide/workdir:ro,Z" "-v" "/var/lib/crater-agent-workspace/cargo-home:/opt/rustwide/cargo-home:ro,Z" "-v" "/var/lib/crater-agent-workspace/rustup-home:/opt/rustwide/rustup-home:ro,Z" "-e" "SOURCE_DIR=/opt/rustwide/workdir" "-e" "CARGO_TARGET_DIR=/opt/rustwide/target" "-e" "CARGO_INCREMENTAL=0" "-e" "RUST_BACKTRACE=full" "-e" "RUSTFLAGS=--cap-lints=warn" "-e" "RUSTDOCFLAGS=--cap-lints=warn" "-e" "CARGO_HOME=/opt/rustwide/cargo-home" "-e" "RUSTUP_HOME=/opt/rustwide/rustup-home" "-w" "/opt/rustwide/workdir" "-m" "1610612736" "--user" "0:0" "--network" "none" "ghcr.io/rust-lang/crates-build-env/linux@sha256:2788e3201cd34a07e3172128adcd8b3090168a8e3bcc40d7c032b9dda1df7d1c" "/opt/rustwide/cargo-home/bin/cargo" "+1.75.0" "build" "--frozen" "--message-format=json", kill_on_drop: false }`
[INFO] [stdout] 989ee159039d7cbde7071a2fd640d881cc6aba29344820c89a4b91ce3e94a87e
[INFO] running `Command { std: "docker" "start" "-a" "989ee159039d7cbde7071a2fd640d881cc6aba29344820c89a4b91ce3e94a87e", kill_on_drop: false }`
[INFO] [stderr]    Compiling proc-macro2 v1.0.75
[INFO] [stderr]    Compiling libc v0.2.151
[INFO] [stderr]    Compiling version_check v0.9.4
[INFO] [stderr]    Compiling serde v1.0.194
[INFO] [stderr]    Compiling once_cell v1.19.0
[INFO] [stderr]    Compiling typenum v1.17.0
[INFO] [stderr]    Compiling spin v0.9.8
[INFO] [stderr]    Compiling untrusted v0.9.0
[INFO] [stderr]    Compiling bytes v1.5.0
[INFO] [stderr]    Compiling subtle v2.5.0
[INFO] [stderr]    Compiling tinyvec_macros v0.1.1
[INFO] [stderr]    Compiling zerocopy v0.7.32
[INFO] [stderr]    Compiling num-traits v0.2.17
[INFO] [stderr]    Compiling untrusted v0.7.1
[INFO] [stderr]    Compiling spin v0.5.2
[INFO] [stderr]    Compiling futures-core v0.3.30
[INFO] [stderr]    Compiling tinyvec v1.6.0
[INFO] [stderr]    Compiling allocator-api2 v0.2.16
[INFO] [stderr]    Compiling rustls v0.20.9
[INFO] [stderr]    Compiling unicode-bidi v0.3.14
[INFO] [stderr]    Compiling parking_lot_core v0.8.6
[INFO] [stderr]    Compiling minimal-lexical v0.2.1
[INFO] [stderr]    Compiling percent-encoding v2.3.1
[INFO] [stderr]    Compiling instant v0.1.12
[INFO] [stderr]    Compiling form_urlencoded v1.2.1
[INFO] [stderr]    Compiling iana-time-zone v0.1.59
[INFO] [stderr]    Compiling crossbeam-utils v0.8.18
[INFO] [stderr]    Compiling smallvec v1.11.2
[INFO] [stderr]    Compiling memchr v2.7.1
[INFO] [stderr]    Compiling generic-array v0.14.7
[INFO] [stderr]    Compiling ahash v0.8.7
[INFO] [stderr]    Compiling futures-sink v0.3.30
[INFO] [stderr]    Compiling thiserror v1.0.56
[INFO] [stderr]    Compiling ahash v0.7.7
[INFO] [stderr]    Compiling syn v1.0.109
[INFO] [stderr]    Compiling cpufeatures v0.2.12
[INFO] [stderr]    Compiling unicode_categories v0.1.1
[INFO] [stderr]    Compiling paste v1.0.14
[INFO] [stderr]    Compiling serde_json v1.0.111
[INFO] [stderr]    Compiling hashbrown v0.12.3
[INFO] [stderr]    Compiling quote v1.0.35
[INFO] [stderr]    Compiling unicode-normalization v0.1.22
[INFO] [stderr]    Compiling ppv-lite86 v0.2.17
[INFO] [stderr]    Compiling hashbrown v0.14.3
[INFO] [stderr]    Compiling slab v0.4.9
[INFO] [stderr]    Compiling indexmap v1.9.3
[INFO] [stderr]    Compiling syn v2.0.48
[INFO] [stderr]    Compiling itoa v1.0.10
[INFO] [stderr]    Compiling base64 v0.21.5
[INFO] [stderr]    Compiling cc v1.0.83
[INFO] [stderr]    Compiling getrandom v0.2.11
[INFO] [stderr]    Compiling num_cpus v1.16.0
[INFO] [stderr]    Compiling mio v0.8.10
[INFO] [stderr]    Compiling socket2 v0.5.5
[INFO] [stderr]    Compiling idna v0.5.0
[INFO] [stderr]    Compiling dirs-sys v0.3.7
[INFO] [stderr]    Compiling rand_core v0.6.4
[INFO] [stderr]    Compiling ryu v1.0.16
[INFO] [stderr]    Compiling rand_chacha v0.3.1
[INFO] [stderr]    Compiling parking_lot v0.11.2
[INFO] [stderr]    Compiling tokio v1.35.1
[INFO] [stderr]    Compiling finl_unicode v1.2.0
[INFO] [stderr]    Compiling hex v0.4.3
[INFO] [stderr]    Compiling dirs v4.0.0
[INFO] [stderr]    Compiling nom v7.1.3
[INFO] [stderr]    Compiling rustls-pemfile v1.0.4
[INFO] [stderr]    Compiling futures-intrusive v0.4.2
[INFO] [stderr]    Compiling atoi v1.0.0
[INFO] [stderr]    Compiling stringprep v0.1.4
[INFO] [stderr]    Compiling rand v0.8.5
[INFO] [stderr]    Compiling crossbeam-queue v0.3.10
[INFO] [stderr]    Compiling block-buffer v0.10.4
[INFO] [stderr]    Compiling crypto-common v0.1.6
[INFO] [stderr]    Compiling digest v0.10.7
[INFO] [stderr]    Compiling futures-channel v0.3.30
[INFO] [stderr]    Compiling bitflags v1.3.2
[INFO] [stderr]    Compiling base64 v0.13.1
[INFO] [stderr]    Compiling dotenvy v0.15.7
[INFO] [stderr]    Compiling event-listener v2.5.3
[INFO] [stderr]    Compiling hmac v0.12.1
[INFO] [stderr]    Compiling sha1 v0.10.6
[INFO] [stderr]    Compiling hkdf v0.12.4
[INFO] [stderr]    Compiling md-5 v0.10.6
[INFO] [stderr]    Compiling sha2 v0.10.8
[INFO] [stderr]    Compiling ring v0.17.7
[INFO] [stderr]    Compiling ring v0.16.20
[INFO] [stderr]    Compiling byteorder v1.5.0
[INFO] [stderr]    Compiling whoami v1.4.1
[INFO] [stderr]    Compiling futures-task v0.3.30
[INFO] [stderr]    Compiling futures-util v0.3.30
[INFO] [stderr]    Compiling chrono v0.4.31
[INFO] [stderr]    Compiling url v2.5.0
[INFO] [stderr]    Compiling hashlink v0.8.4
[INFO] [stderr]    Compiling unicode-segmentation v1.10.1
[INFO] [stderr]    Compiling uuid v1.6.1
[INFO] [stderr]    Compiling aho-corasick v1.1.2
[INFO] [stderr]    Compiling proc-macro-error-attr v1.0.4
[INFO] [stderr]    Compiling heck v0.4.1
[INFO] [stderr]    Compiling regex-syntax v0.8.2
[INFO] [stderr]    Compiling proc-macro-error v1.0.4
[INFO] [stderr]    Compiling async-trait v0.1.77
[INFO] [stderr]    Compiling equivalent v1.0.1
[INFO] [stderr]    Compiling indexmap v2.1.0
[INFO] [stderr]    Compiling include_dir_macros v0.7.3
[INFO] [stderr]    Compiling semver v1.0.21
[INFO] [stderr]    Compiling fixedbitset v0.4.2
[INFO] [stderr]    Compiling keccak v0.1.4
[INFO] [stderr]    Compiling lazy_static v1.4.0
[INFO] [stderr]    Compiling etwin_postgres_tools v0.11.0
[INFO] [stderr]    Compiling petgraph v0.6.4
[INFO] [stderr]    Compiling sha3 v0.10.8
[INFO] [stderr]    Compiling include_dir v0.7.3
[INFO] [stderr]    Compiling tokio-stream v0.1.14
[INFO] [stderr]    Compiling regex-automata v0.4.3
[INFO] [stderr]    Compiling serde_derive v1.0.194
[INFO] [stderr]    Compiling tokio-macros v2.2.0
[INFO] [stderr]    Compiling thiserror-impl v1.0.56
[INFO] [stderr]    Compiling futures-macro v0.3.30
[INFO] [stderr]    Compiling enum-iterator-derive v1.2.1
[INFO] [stderr]    Compiling auto_impl v1.1.0
[INFO] [stderr]    Compiling enum-iterator v1.4.1
[INFO] [stderr]    Compiling regex v1.10.2
[INFO] [stderr]    Compiling webpki v0.22.4
[INFO] [stderr]    Compiling sct v0.7.1
[INFO] [stderr]    Compiling webpki-roots v0.22.6
[INFO] [stderr]    Compiling tokio-rustls v0.23.4
[INFO] [stderr]    Compiling sqlx-rt v0.6.3
[INFO] [stderr]    Compiling either v1.9.0
[INFO] [stderr]    Compiling toml v0.5.11
[INFO] [stderr]    Compiling arrayvec v0.7.4
[INFO] [stderr]    Compiling itertools v0.12.0
[INFO] [stderr]    Compiling eternalfest_config v0.18.2
[INFO] [stderr]    Compiling etwin_serde_tools v0.11.0
[INFO] [stderr]    Compiling sqlformat v0.2.3
[INFO] [stderr]    Compiling sqlx-core v0.6.3
[INFO] [stderr]    Compiling sqlx-macros v0.6.3
[INFO] [stderr]    Compiling sqlx v0.6.3
[INFO] [stderr]    Compiling etwin_squirrel v0.11.0
[INFO] [stderr]    Compiling etwin_core v0.11.0
[INFO] [stderr]    Compiling eternalfest_db_schema v0.18.2
[INFO] [stderr]    Compiling eternalfest_core v0.18.2
[INFO] [stderr]    Compiling eternalfest_auth_store v0.18.2 (/opt/rustwide/workdir)
[INFO] [stderr]     Finished dev [unoptimized + debuginfo] target(s) in 39.31s
[INFO] running `Command { std: "docker" "inspect" "989ee159039d7cbde7071a2fd640d881cc6aba29344820c89a4b91ce3e94a87e", kill_on_drop: false }`
[INFO] running `Command { std: "docker" "rm" "-f" "989ee159039d7cbde7071a2fd640d881cc6aba29344820c89a4b91ce3e94a87e", kill_on_drop: false }`
[INFO] [stdout] 989ee159039d7cbde7071a2fd640d881cc6aba29344820c89a4b91ce3e94a87e
[INFO] running `Command { std: "docker" "create" "-v" "/var/lib/crater-agent-workspace/builds/worker-2-tc1/target:/opt/rustwide/target:rw,Z" "-v" "/var/lib/crater-agent-workspace/builds/worker-2-tc1/source:/opt/rustwide/workdir:ro,Z" "-v" "/var/lib/crater-agent-workspace/cargo-home:/opt/rustwide/cargo-home:ro,Z" "-v" "/var/lib/crater-agent-workspace/rustup-home:/opt/rustwide/rustup-home:ro,Z" "-e" "SOURCE_DIR=/opt/rustwide/workdir" "-e" "CARGO_TARGET_DIR=/opt/rustwide/target" "-e" "CARGO_INCREMENTAL=0" "-e" "RUST_BACKTRACE=full" "-e" "RUSTFLAGS=--cap-lints=warn" "-e" "RUSTDOCFLAGS=--cap-lints=warn" "-e" "CARGO_HOME=/opt/rustwide/cargo-home" "-e" "RUSTUP_HOME=/opt/rustwide/rustup-home" "-w" "/opt/rustwide/workdir" "-m" "1610612736" "--user" "0:0" "--network" "none" "ghcr.io/rust-lang/crates-build-env/linux@sha256:2788e3201cd34a07e3172128adcd8b3090168a8e3bcc40d7c032b9dda1df7d1c" "/opt/rustwide/cargo-home/bin/cargo" "+1.75.0" "test" "--frozen" "--no-run" "--message-format=json", kill_on_drop: false }`
[INFO] [stdout] 3e224e5b226e423790889da20ed65ca5608ebb7318a10e0366d1b33ecded48a3
[INFO] running `Command { std: "docker" "start" "-a" "3e224e5b226e423790889da20ed65ca5608ebb7318a10e0366d1b33ecded48a3", kill_on_drop: false }`
[INFO] [stderr]    Compiling futures-sink v0.3.30
[INFO] [stderr]    Compiling futures-io v0.3.30
[INFO] [stderr]    Compiling parking_lot_core v0.9.9
[INFO] [stderr]    Compiling serial_test_derive v0.9.0
[INFO] [stderr]    Compiling futures-util v0.3.30
[INFO] [stderr]    Compiling futures-channel v0.3.30
[INFO] [stderr]    Compiling dashmap v5.5.3
[INFO] [stderr]    Compiling parking_lot v0.12.1
[INFO] [stderr]    Compiling sqlx-core v0.6.3
[INFO] [stderr]    Compiling futures-executor v0.3.30
[INFO] [stderr]    Compiling futures v0.3.30
[INFO] [stderr]    Compiling serial_test v0.9.0
[INFO] [stderr]    Compiling sqlx-macros v0.6.3
[INFO] [stderr]    Compiling sqlx v0.6.3
[INFO] [stderr]    Compiling etwin_squirrel v0.11.0
[INFO] [stderr]    Compiling etwin_core v0.11.0
[INFO] [stderr]    Compiling eternalfest_db_schema v0.18.2
[INFO] [stderr]    Compiling eternalfest_core v0.18.2
[INFO] [stderr]    Compiling eternalfest_user_store v0.18.2
[INFO] [stderr]    Compiling eternalfest_auth_store v0.18.2 (/opt/rustwide/workdir)
[INFO] [stderr]     Finished test [unoptimized + debuginfo] target(s) in 27.96s
[INFO] running `Command { std: "docker" "inspect" "3e224e5b226e423790889da20ed65ca5608ebb7318a10e0366d1b33ecded48a3", kill_on_drop: false }`
[INFO] running `Command { std: "docker" "rm" "-f" "3e224e5b226e423790889da20ed65ca5608ebb7318a10e0366d1b33ecded48a3", kill_on_drop: false }`
[INFO] [stdout] 3e224e5b226e423790889da20ed65ca5608ebb7318a10e0366d1b33ecded48a3
[INFO] running `Command { std: "docker" "create" "-v" "/var/lib/crater-agent-workspace/builds/worker-2-tc1/target:/opt/rustwide/target:rw,Z" "-v" "/var/lib/crater-agent-workspace/builds/worker-2-tc1/source:/opt/rustwide/workdir:ro,Z" "-v" "/var/lib/crater-agent-workspace/cargo-home:/opt/rustwide/cargo-home:ro,Z" "-v" "/var/lib/crater-agent-workspace/rustup-home:/opt/rustwide/rustup-home:ro,Z" "-e" "SOURCE_DIR=/opt/rustwide/workdir" "-e" "CARGO_TARGET_DIR=/opt/rustwide/target" "-e" "CARGO_INCREMENTAL=0" "-e" "RUST_BACKTRACE=full" "-e" "RUSTFLAGS=--cap-lints=warn" "-e" "RUSTDOCFLAGS=--cap-lints=warn" "-e" "CARGO_HOME=/opt/rustwide/cargo-home" "-e" "RUSTUP_HOME=/opt/rustwide/rustup-home" "-w" "/opt/rustwide/workdir" "-m" "1610612736" "--user" "0:0" "--network" "none" "ghcr.io/rust-lang/crates-build-env/linux@sha256:2788e3201cd34a07e3172128adcd8b3090168a8e3bcc40d7c032b9dda1df7d1c" "/opt/rustwide/cargo-home/bin/cargo" "+1.75.0" "test" "--frozen", kill_on_drop: false }`
[INFO] [stdout] db6afabcc4a4efb6089d69cf280b4203ea92181d1dac5dd41e7963d6d268f718
[INFO] running `Command { std: "docker" "start" "-a" "db6afabcc4a4efb6089d69cf280b4203ea92181d1dac5dd41e7963d6d268f718", kill_on_drop: false }`
[INFO] [stderr]     Finished test [unoptimized + debuginfo] target(s) in 0.18s
[INFO] [stderr]      Running unittests src/lib.rs (/opt/rustwide/target/debug/deps/eternalfest_auth_store-ca360491b3148252)
[INFO] [stdout] 
[INFO] [stdout] running 2 tests
[INFO] [stdout] test mem::test::test_create_session ... ok
[INFO] [stdout] test pg::test::test_create_session ... FAILED
[INFO] [stdout] 
[INFO] [stdout] failures:
[INFO] [stdout] 
[INFO] [stdout] ---- pg::test::test_create_session stdout ----
[INFO] [stdout] thread 'pg::test::test_create_session' panicked at src/pg.rs:134:84:
[INFO] [stdout] called `Result::unwrap()` on an `Err` value: NotFound("/opt/rustwide/workdir")
[INFO] [stdout] stack backtrace:
[INFO] [stdout]    0:     0x560cb956dafc - std::backtrace_rs::backtrace::libunwind::trace::ha637c64ce894333a
[INFO] [stdout]                                at /rustc/82e1608dfa6e0b5569232559e3d385fea5a93112/library/std/src/../../backtrace/src/backtrace/libunwind.rs:104:5
[INFO] [stdout]    1:     0x560cb956dafc - std::backtrace_rs::backtrace::trace_unsynchronized::h47f62dea28e0c88d
[INFO] [stdout]                                at /rustc/82e1608dfa6e0b5569232559e3d385fea5a93112/library/std/src/../../backtrace/src/backtrace/mod.rs:66:5
[INFO] [stdout]    2:     0x560cb956dafc - std::sys_common::backtrace::_print_fmt::h9eef0abe20ede486
[INFO] [stdout]                                at /rustc/82e1608dfa6e0b5569232559e3d385fea5a93112/library/std/src/sys_common/backtrace.rs:67:5
[INFO] [stdout]    3:     0x560cb956dafc - <std::sys_common::backtrace::_print::DisplayBacktrace as core::fmt::Display>::fmt::hed7f999df88cc644
[INFO] [stdout]                                at /rustc/82e1608dfa6e0b5569232559e3d385fea5a93112/library/std/src/sys_common/backtrace.rs:44:22
[INFO] [stdout]    4:     0x560cb959c460 - core::fmt::rt::Argument::fmt::h1539a9308b8d058d
[INFO] [stdout]                                at /rustc/82e1608dfa6e0b5569232559e3d385fea5a93112/library/core/src/fmt/rt.rs:142:9
[INFO] [stdout]    5:     0x560cb959c460 - core::fmt::write::h3a39390d8560d9c9
[INFO] [stdout]                                at /rustc/82e1608dfa6e0b5569232559e3d385fea5a93112/library/core/src/fmt/mod.rs:1120:17
[INFO] [stdout]    6:     0x560cb956aa8f - std::io::Write::write_fmt::h040b369f3a0f9cbc
[INFO] [stdout]                                at /rustc/82e1608dfa6e0b5569232559e3d385fea5a93112/library/std/src/io/mod.rs:1762:15
[INFO] [stdout]    7:     0x560cb956d8e4 - std::sys_common::backtrace::_print::h894006fb5c6f3d45
[INFO] [stdout]                                at /rustc/82e1608dfa6e0b5569232559e3d385fea5a93112/library/std/src/sys_common/backtrace.rs:47:5
[INFO] [stdout]    8:     0x560cb956d8e4 - std::sys_common::backtrace::print::h23a2d212c6fff936
[INFO] [stdout]                                at /rustc/82e1608dfa6e0b5569232559e3d385fea5a93112/library/std/src/sys_common/backtrace.rs:34:9
[INFO] [stdout]    9:     0x560cb956f5a7 - std::panicking::default_hook::{{closure}}::h8a1d2ee00185001a
[INFO] [stdout]   10:     0x560cb956f293 - std::panicking::default_hook::h6038f2eba384e475
[INFO] [stdout]                                at /rustc/82e1608dfa6e0b5569232559e3d385fea5a93112/library/std/src/panicking.rs:289:9
[INFO] [stdout]   11:     0x560cb8dcb017 - <alloc::boxed::Box<F,A> as core::ops::function::Fn<Args>>::call::h0ad024c9bdc6d768
[INFO] [stdout]                                at /rustc/82e1608dfa6e0b5569232559e3d385fea5a93112/library/alloc/src/boxed.rs:2021:9
[INFO] [stdout]   12:     0x560cb8dcb017 - test::test_main::{{closure}}::h7500b54257359db6
[INFO] [stdout]                                at /rustc/82e1608dfa6e0b5569232559e3d385fea5a93112/library/test/src/lib.rs:138:21
[INFO] [stdout]   13:     0x560cb956fbb8 - <alloc::boxed::Box<F,A> as core::ops::function::Fn<Args>>::call::h1f8f335eaa9cfaee
[INFO] [stdout]                                at /rustc/82e1608dfa6e0b5569232559e3d385fea5a93112/library/alloc/src/boxed.rs:2021:9
[INFO] [stdout]   14:     0x560cb956fbb8 - std::panicking::rust_panic_with_hook::h2b5517d590cab22e
[INFO] [stdout]                                at /rustc/82e1608dfa6e0b5569232559e3d385fea5a93112/library/std/src/panicking.rs:783:13
[INFO] [stdout]   15:     0x560cb956f90e - std::panicking::begin_panic_handler::{{closure}}::h233112c06e0ef43e
[INFO] [stdout]                                at /rustc/82e1608dfa6e0b5569232559e3d385fea5a93112/library/std/src/panicking.rs:657:13
[INFO] [stdout]   16:     0x560cb956dfc6 - std::sys_common::backtrace::__rust_end_short_backtrace::h6e893f24d7ebbff8
[INFO] [stdout]                                at /rustc/82e1608dfa6e0b5569232559e3d385fea5a93112/library/std/src/sys_common/backtrace.rs:170:18
[INFO] [stdout]   17:     0x560cb956f672 - rust_begin_unwind
[INFO] [stdout]                                at /rustc/82e1608dfa6e0b5569232559e3d385fea5a93112/library/std/src/panicking.rs:645:5
[INFO] [stdout]   18:     0x560cb8c91505 - core::panicking::panic_fmt::hbf0e066aabfa482c
[INFO] [stdout]                                at /rustc/82e1608dfa6e0b5569232559e3d385fea5a93112/library/core/src/panicking.rs:72:14
[INFO] [stdout]   19:     0x560cb8c91b33 - core::result::unwrap_failed::hddb4fea594200c52
[INFO] [stdout]                                at /rustc/82e1608dfa6e0b5569232559e3d385fea5a93112/library/core/src/result.rs:1653:5
[INFO] [stdout]   20:     0x560cb8cfab5e - core::result::Result<T,E>::unwrap::h728828497c242772
[INFO] [stdout]                                at /rustc/82e1608dfa6e0b5569232559e3d385fea5a93112/library/core/src/result.rs:1077:23
[INFO] [stdout]   21:     0x560cb8cd6cff - eternalfest_auth_store::pg::test::make_test_api::{{closure}}::h1b4aca430c780940
[INFO] [stdout]                                at /opt/rustwide/workdir/src/pg.rs:134:18
[INFO] [stdout]   22:     0x560cb8cd8973 - eternalfest_auth_store::pg::test::test_create_session::{{closure}}::{{closure}}::hd008bb3b91d96803
[INFO] [stdout]                                at /opt/rustwide/workdir/src/pg.rs:183:24
[INFO] [stdout]   23:     0x560cb8ceec58 - <core::pin::Pin<P> as core::future::future::Future>::poll::h7c18616d9498ae1e
[INFO] [stdout]                                at /rustc/82e1608dfa6e0b5569232559e3d385fea5a93112/library/core/src/future/future.rs:125:9
[INFO] [stdout]   24:     0x560cb8ceedfb - <core::pin::Pin<P> as core::future::future::Future>::poll::he5c7fc368ea46265
[INFO] [stdout]                                at /rustc/82e1608dfa6e0b5569232559e3d385fea5a93112/library/core/src/future/future.rs:125:9
[INFO] [stdout]   25:     0x560cb8cd4fa4 - tokio::runtime::scheduler::current_thread::CoreGuard::block_on::{{closure}}::{{closure}}::{{closure}}::h5e989bd1dcdca2df
[INFO] [stdout]                                at /opt/rustwide/cargo-home/registry/src/index.crates.io-6f17d22bba15001f/tokio-1.35.1/src/runtime/scheduler/current_thread/mod.rs:665:57
[INFO] [stdout]   26:     0x560cb8cd4eda - tokio::runtime::coop::with_budget::h0d7dee065d9204c8
[INFO] [stdout]                                at /opt/rustwide/cargo-home/registry/src/index.crates.io-6f17d22bba15001f/tokio-1.35.1/src/runtime/coop.rs:107:5
[INFO] [stdout]   27:     0x560cb8cd4eda - tokio::runtime::coop::budget::h2c09f94e7958feaf
[INFO] [stdout]                                at /opt/rustwide/cargo-home/registry/src/index.crates.io-6f17d22bba15001f/tokio-1.35.1/src/runtime/coop.rs:73:5
[INFO] [stdout]   28:     0x560cb8cd4eda - tokio::runtime::scheduler::current_thread::CoreGuard::block_on::{{closure}}::{{closure}}::h127f95c33996ee6d
[INFO] [stdout]                                at /opt/rustwide/cargo-home/registry/src/index.crates.io-6f17d22bba15001f/tokio-1.35.1/src/runtime/scheduler/current_thread/mod.rs:665:25
[INFO] [stdout]   29:     0x560cb8cd387c - tokio::runtime::scheduler::current_thread::Context::enter::h4b24e537ac27ba49
[INFO] [stdout]                                at /opt/rustwide/cargo-home/registry/src/index.crates.io-6f17d22bba15001f/tokio-1.35.1/src/runtime/scheduler/current_thread/mod.rs:410:19
[INFO] [stdout]   30:     0x560cb8cd46db - tokio::runtime::scheduler::current_thread::CoreGuard::block_on::{{closure}}::h0990ffdb8fb22abc
[INFO] [stdout]                                at /opt/rustwide/cargo-home/registry/src/index.crates.io-6f17d22bba15001f/tokio-1.35.1/src/runtime/scheduler/current_thread/mod.rs:664:36
[INFO] [stdout]   31:     0x560cb8cd43eb - tokio::runtime::scheduler::current_thread::CoreGuard::enter::{{closure}}::h87a571372b0d5537
[INFO] [stdout]                                at /opt/rustwide/cargo-home/registry/src/index.crates.io-6f17d22bba15001f/tokio-1.35.1/src/runtime/scheduler/current_thread/mod.rs:743:68
[INFO] [stdout]   32:     0x560cb8cf102b - tokio::runtime::context::scoped::Scoped<T>::set::h1e66d181f31d583a
[INFO] [stdout]                                at /opt/rustwide/cargo-home/registry/src/index.crates.io-6f17d22bba15001f/tokio-1.35.1/src/runtime/context/scoped.rs:40:9
[INFO] [stdout]   33:     0x560cb8cd24f9 - tokio::runtime::context::set_scheduler::{{closure}}::hdf8d571e65162933
[INFO] [stdout]                                at /opt/rustwide/cargo-home/registry/src/index.crates.io-6f17d22bba15001f/tokio-1.35.1/src/runtime/context.rs:176:26
[INFO] [stdout]   34:     0x560cb8cc8dd6 - std::thread::local::LocalKey<T>::try_with::hff48e3aa5b9a5779
[INFO] [stdout]                                at /rustc/82e1608dfa6e0b5569232559e3d385fea5a93112/library/std/src/thread/local.rs:270:16
[INFO] [stdout]   35:     0x560cb8cc7d7a - std::thread::local::LocalKey<T>::with::he87d3407da89538d
[INFO] [stdout]                                at /rustc/82e1608dfa6e0b5569232559e3d385fea5a93112/library/std/src/thread/local.rs:246:9
[INFO] [stdout]   36:     0x560cb8cd24ad - tokio::runtime::context::set_scheduler::h72ddb2e491d7a78a
[INFO] [stdout]                                at /opt/rustwide/cargo-home/registry/src/index.crates.io-6f17d22bba15001f/tokio-1.35.1/src/runtime/context.rs:176:9
[INFO] [stdout]   37:     0x560cb8cd4180 - tokio::runtime::scheduler::current_thread::CoreGuard::enter::h039a5b302095431c
[INFO] [stdout]                                at /opt/rustwide/cargo-home/registry/src/index.crates.io-6f17d22bba15001f/tokio-1.35.1/src/runtime/scheduler/current_thread/mod.rs:743:27
[INFO] [stdout]   38:     0x560cb8cd441d - tokio::runtime::scheduler::current_thread::CoreGuard::block_on::h5ee2ba5dfddb431a
[INFO] [stdout]                                at /opt/rustwide/cargo-home/registry/src/index.crates.io-6f17d22bba15001f/tokio-1.35.1/src/runtime/scheduler/current_thread/mod.rs:652:19
[INFO] [stdout]   39:     0x560cb8cd291d - tokio::runtime::scheduler::current_thread::CurrentThread::block_on::{{closure}}::hda0b7d8978a5f423
[INFO] [stdout]                                at /opt/rustwide/cargo-home/registry/src/index.crates.io-6f17d22bba15001f/tokio-1.35.1/src/runtime/scheduler/current_thread/mod.rs:175:28
[INFO] [stdout]   40:     0x560cb8cc975a - tokio::runtime::context::runtime::enter_runtime::hb87ec37d4e38a959
[INFO] [stdout]                                at /opt/rustwide/cargo-home/registry/src/index.crates.io-6f17d22bba15001f/tokio-1.35.1/src/runtime/context/runtime.rs:65:16
[INFO] [stdout]   41:     0x560cb8cd2830 - tokio::runtime::scheduler::current_thread::CurrentThread::block_on::ha3b7f2b9aa55da6b
[INFO] [stdout]                                at /opt/rustwide/cargo-home/registry/src/index.crates.io-6f17d22bba15001f/tokio-1.35.1/src/runtime/scheduler/current_thread/mod.rs:167:9
[INFO] [stdout]   42:     0x560cb8cfc73d - tokio::runtime::runtime::Runtime::block_on::h95e444786b7df32a
[INFO] [stdout]                                at /opt/rustwide/cargo-home/registry/src/index.crates.io-6f17d22bba15001f/tokio-1.35.1/src/runtime/runtime.rs:348:47
[INFO] [stdout]   43:     0x560cb8cd8720 - eternalfest_auth_store::pg::test::test_create_session::{{closure}}::haf049d1f86ac40b5
[INFO] [stdout]                                at /opt/rustwide/workdir/src/pg.rs:181:3
[INFO] [stdout]   44:     0x560cb8c925ae - core::ops::function::FnOnce::call_once::h53b22b1dfee1b180
[INFO] [stdout]                                at /rustc/82e1608dfa6e0b5569232559e3d385fea5a93112/library/core/src/ops/function.rs:250:5
[INFO] [stdout]   45:     0x560cb8dd8fee - serial_test::serial_code_lock::local_serial_core::h89a642025971a1fe
[INFO] [stdout]                                at /opt/rustwide/cargo-home/registry/src/index.crates.io-6f17d22bba15001f/serial_test-0.9.0/src/serial_code_lock.rs:27:5
[INFO] [stdout]   46:     0x560cb8cd857d - eternalfest_auth_store::pg::test::test_create_session::h0ff5a5067354d965
[INFO] [stdout]                                at /opt/rustwide/workdir/src/test.rs:18:7
[INFO] [stdout]   47:     0x560cb8cd8537 - eternalfest_auth_store::pg::test::test_create_session::{{closure}}::hd04c24227ac71d6f
[INFO] [stdout]                                at /opt/rustwide/workdir/src/test.rs:19:26
[INFO] [stdout]   48:     0x560cb8c924c6 - core::ops::function::FnOnce::call_once::h41cc048cf7ec5909
[INFO] [stdout]                                at /rustc/82e1608dfa6e0b5569232559e3d385fea5a93112/library/core/src/ops/function.rs:250:5
[INFO] [stdout]   49:     0x560cb8dd066f - core::ops::function::FnOnce::call_once::h2b5d431d5046312d
[INFO] [stdout]                                at /rustc/82e1608dfa6e0b5569232559e3d385fea5a93112/library/core/src/ops/function.rs:250:5
[INFO] [stdout]   50:     0x560cb8dd066f - test::__rust_begin_short_backtrace::h7714669af176e207
[INFO] [stdout]                                at /rustc/82e1608dfa6e0b5569232559e3d385fea5a93112/library/test/src/lib.rs:628:18
[INFO] [stdout]   51:     0x560cb8dcf685 - test::run_test_in_process::{{closure}}::h85218797dcbcec12
[INFO] [stdout]                                at /rustc/82e1608dfa6e0b5569232559e3d385fea5a93112/library/test/src/lib.rs:651:60
[INFO] [stdout]   52:     0x560cb8dcf685 - <core::panic::unwind_safe::AssertUnwindSafe<F> as core::ops::function::FnOnce<()>>::call_once::h76c106ea31c14d7b
[INFO] [stdout]                                at /rustc/82e1608dfa6e0b5569232559e3d385fea5a93112/library/core/src/panic/unwind_safe.rs:272:9
[INFO] [stdout]   53:     0x560cb8dcf685 - std::panicking::try::do_call::h3bd5d0f6620ee946
[INFO] [stdout]                                at /rustc/82e1608dfa6e0b5569232559e3d385fea5a93112/library/std/src/panicking.rs:552:40
[INFO] [stdout]   54:     0x560cb8dcf685 - std::panicking::try::h232e535e4744fe31
[INFO] [stdout]                                at /rustc/82e1608dfa6e0b5569232559e3d385fea5a93112/library/std/src/panicking.rs:516:19
[INFO] [stdout]   55:     0x560cb8dcf685 - std::panic::catch_unwind::h3ce3bd6ca8dbac68
[INFO] [stdout]                                at /rustc/82e1608dfa6e0b5569232559e3d385fea5a93112/library/std/src/panic.rs:142:14
[INFO] [stdout]   56:     0x560cb8dcf685 - test::run_test_in_process::hc97b257c9621286a
[INFO] [stdout]                                at /rustc/82e1608dfa6e0b5569232559e3d385fea5a93112/library/test/src/lib.rs:651:27
[INFO] [stdout]   57:     0x560cb8dcf685 - test::run_test::{{closure}}::h2aa798823a438d38
[INFO] [stdout]                                at /rustc/82e1608dfa6e0b5569232559e3d385fea5a93112/library/test/src/lib.rs:574:43
[INFO] [stdout]   58:     0x560cb8d97946 - test::run_test::{{closure}}::h87d231c78fb59832
[INFO] [stdout]                                at /rustc/82e1608dfa6e0b5569232559e3d385fea5a93112/library/test/src/lib.rs:602:41
[INFO] [stdout]   59:     0x560cb8d97946 - std::sys_common::backtrace::__rust_begin_short_backtrace::he6df152596625789
[INFO] [stdout]                                at /rustc/82e1608dfa6e0b5569232559e3d385fea5a93112/library/std/src/sys_common/backtrace.rs:154:18
[INFO] [stdout]   60:     0x560cb8d9c9f7 - std::thread::Builder::spawn_unchecked_::{{closure}}::{{closure}}::ha94be15d1e0acf36
[INFO] [stdout]                                at /rustc/82e1608dfa6e0b5569232559e3d385fea5a93112/library/std/src/thread/mod.rs:529:17
[INFO] [stdout]   61:     0x560cb8d9c9f7 - <core::panic::unwind_safe::AssertUnwindSafe<F> as core::ops::function::FnOnce<()>>::call_once::h9dc6bd6372f16606
[INFO] [stdout]                                at /rustc/82e1608dfa6e0b5569232559e3d385fea5a93112/library/core/src/panic/unwind_safe.rs:272:9
[INFO] [stdout]   62:     0x560cb8d9c9f7 - std::panicking::try::do_call::h9057517f80303cd4
[INFO] [stdout]                                at /rustc/82e1608dfa6e0b5569232559e3d385fea5a93112/library/std/src/panicking.rs:552:40
[INFO] [stdout]   63:     0x560cb8d9c9f7 - std::panicking::try::he3a30b11ee45340c
[INFO] [stdout]                                at /rustc/82e1608dfa6e0b5569232559e3d385fea5a93112/library/std/src/panicking.rs:516:19
[INFO] [stdout]   64:     0x560cb8d9c9f7 - std::panic::catch_unwind::h410458cfd3528b8b
[INFO] [stdout]                                at /rustc/82e1608dfa6e0b5569232559e3d385fea5a93112/library/std/src/panic.rs:142:14
[INFO] [stdout]   65:     0x560cb8d9c9f7 - std::thread::Builder::spawn_unchecked_::{{closure}}::h72ac3bdb567b737b
[INFO] [stdout]                                at /rustc/82e1608dfa6e0b5569232559e3d385fea5a93112/library/std/src/thread/mod.rs:528:30
[INFO] [stdout]   66:     0x560cb8d9c9f7 - core::ops::function::FnOnce::call_once{{vtable.shim}}::h38f34da3654a8344
[INFO] [stdout]                                at /rustc/82e1608dfa6e0b5569232559e3d385fea5a93112/library/core/src/ops/function.rs:250:5
[INFO] [stdout]   67:     0x560cb95748d5 - <alloc::boxed::Box<F,A> as core::ops::function::FnOnce<Args>>::call_once::hc7eafaff61e32df9
[INFO] [stdout]                                at /rustc/82e1608dfa6e0b5569232559e3d385fea5a93112/library/alloc/src/boxed.rs:2007:9
[INFO] [stdout]   68:     0x560cb95748d5 - <alloc::boxed::Box<F,A> as core::ops::function::FnOnce<Args>>::call_once::h6ba4a5de48dd2304
[INFO] [stdout]                                at /rustc/82e1608dfa6e0b5569232559e3d385fea5a93112/library/alloc/src/boxed.rs:2007:9
[INFO] [stdout]   69:     0x560cb95748d5 - std::sys::unix::thread::Thread::new::thread_start::he469335aef763e45
[INFO] [stdout]                                at /rustc/82e1608dfa6e0b5569232559e3d385fea5a93112/library/std/src/sys/unix/thread.rs:108:17
[INFO] [stdout]   70:     0x7f95c3889ac3 - <unknown>
[INFO] [stdout]   71:     0x7f95c391abf4 - __clone
[INFO] [stdout]   72:                0x0 - <unknown>
[INFO] [stdout] 
[INFO] [stdout] 
[INFO] [stdout] failures:
[INFO] [stdout]     pg::test::test_create_session
[INFO] [stdout] 
[INFO] [stdout] test result: FAILED. 1 passed; 1 failed; 0 ignored; 0 measured; 0 filtered out; finished in 0.06s
[INFO] [stdout] 
[INFO] [stderr] error: test failed, to rerun pass `--lib`
[INFO] running `Command { std: "docker" "inspect" "db6afabcc4a4efb6089d69cf280b4203ea92181d1dac5dd41e7963d6d268f718", kill_on_drop: false }`
[INFO] running `Command { std: "docker" "rm" "-f" "db6afabcc4a4efb6089d69cf280b4203ea92181d1dac5dd41e7963d6d268f718", kill_on_drop: false }`
[INFO] [stdout] db6afabcc4a4efb6089d69cf280b4203ea92181d1dac5dd41e7963d6d268f718
[INFO] testing eternalfest_auth_store-0.18.2 against beta-2023-12-22 for beta-1.76-1
[INFO] extracting crate eternalfest_auth_store 0.18.2 into /workspace/builds/worker-2-tc2/source
[INFO] validating manifest of crates.io crate eternalfest_auth_store 0.18.2 on toolchain beta-2023-12-22
[INFO] running `Command { std: CARGO_HOME="/workspace/cargo-home" RUSTUP_HOME="/workspace/rustup-home" "/workspace/cargo-home/bin/cargo" "+beta-2023-12-22" "metadata" "--manifest-path" "Cargo.toml" "--no-deps", kill_on_drop: false }`
[INFO] started tweaking crates.io crate eternalfest_auth_store 0.18.2
[INFO] finished tweaking crates.io crate eternalfest_auth_store 0.18.2
[INFO] tweaked toml for crates.io crate eternalfest_auth_store 0.18.2 written to /workspace/builds/worker-2-tc2/source/Cargo.toml
[INFO] running `Command { std: CARGO_HOME="/workspace/cargo-home" RUSTUP_HOME="/workspace/rustup-home" "/workspace/cargo-home/bin/cargo" "+beta-2023-12-22" "generate-lockfile" "--manifest-path" "Cargo.toml", kill_on_drop: false }`
[INFO] [stderr]     Updating crates.io index
[INFO] running `Command { std: CARGO_HOME="/workspace/cargo-home" RUSTUP_HOME="/workspace/rustup-home" "/workspace/cargo-home/bin/cargo" "+beta-2023-12-22" "fetch" "--manifest-path" "Cargo.toml", kill_on_drop: false }`
[INFO] running `Command { std: "docker" "create" "-v" "/var/lib/crater-agent-workspace/builds/worker-2-tc2/target:/opt/rustwide/target:rw,Z" "-v" "/var/lib/crater-agent-workspace/builds/worker-2-tc2/source:/opt/rustwide/workdir:ro,Z" "-v" "/var/lib/crater-agent-workspace/cargo-home:/opt/rustwide/cargo-home:ro,Z" "-v" "/var/lib/crater-agent-workspace/rustup-home:/opt/rustwide/rustup-home:ro,Z" "-e" "SOURCE_DIR=/opt/rustwide/workdir" "-e" "CARGO_TARGET_DIR=/opt/rustwide/target" "-e" "CARGO_HOME=/opt/rustwide/cargo-home" "-e" "RUSTUP_HOME=/opt/rustwide/rustup-home" "-w" "/opt/rustwide/workdir" "-m" "1610612736" "--user" "0:0" "--network" "none" "ghcr.io/rust-lang/crates-build-env/linux@sha256:2788e3201cd34a07e3172128adcd8b3090168a8e3bcc40d7c032b9dda1df7d1c" "/opt/rustwide/cargo-home/bin/cargo" "+beta-2023-12-22" "metadata" "--no-deps" "--format-version=1", kill_on_drop: false }`
[INFO] [stdout] 264665d3e0a7b3ff725d5237930740d0464cd858ace273070f83dbb0c577ab7e
[INFO] running `Command { std: "docker" "start" "-a" "264665d3e0a7b3ff725d5237930740d0464cd858ace273070f83dbb0c577ab7e", kill_on_drop: false }`
[INFO] running `Command { std: "docker" "inspect" "264665d3e0a7b3ff725d5237930740d0464cd858ace273070f83dbb0c577ab7e", kill_on_drop: false }`
[INFO] running `Command { std: "docker" "rm" "-f" "264665d3e0a7b3ff725d5237930740d0464cd858ace273070f83dbb0c577ab7e", kill_on_drop: false }`
[INFO] [stdout] 264665d3e0a7b3ff725d5237930740d0464cd858ace273070f83dbb0c577ab7e
[INFO] running `Command { std: "docker" "create" "-v" "/var/lib/crater-agent-workspace/builds/worker-2-tc2/target:/opt/rustwide/target:rw,Z" "-v" "/var/lib/crater-agent-workspace/builds/worker-2-tc2/source:/opt/rustwide/workdir:ro,Z" "-v" "/var/lib/crater-agent-workspace/cargo-home:/opt/rustwide/cargo-home:ro,Z" "-v" "/var/lib/crater-agent-workspace/rustup-home:/opt/rustwide/rustup-home:ro,Z" "-e" "SOURCE_DIR=/opt/rustwide/workdir" "-e" "CARGO_TARGET_DIR=/opt/rustwide/target" "-e" "CARGO_INCREMENTAL=0" "-e" "RUST_BACKTRACE=full" "-e" "RUSTFLAGS=--cap-lints=warn" "-e" "RUSTDOCFLAGS=--cap-lints=warn" "-e" "CARGO_HOME=/opt/rustwide/cargo-home" "-e" "RUSTUP_HOME=/opt/rustwide/rustup-home" "-w" "/opt/rustwide/workdir" "-m" "1610612736" "--user" "0:0" "--network" "none" "ghcr.io/rust-lang/crates-build-env/linux@sha256:2788e3201cd34a07e3172128adcd8b3090168a8e3bcc40d7c032b9dda1df7d1c" "/opt/rustwide/cargo-home/bin/cargo" "+beta-2023-12-22" "build" "--frozen" "--message-format=json", kill_on_drop: false }`
[INFO] [stdout] ab8c1396a0dac1cff6f8facd820899e6fb95dc021ea72fe437d8bd10f20cd3a7
[INFO] running `Command { std: "docker" "start" "-a" "ab8c1396a0dac1cff6f8facd820899e6fb95dc021ea72fe437d8bd10f20cd3a7", kill_on_drop: false }`
[INFO] [stderr]    Compiling proc-macro2 v1.0.75
[INFO] [stderr]    Compiling libc v0.2.151
[INFO] [stderr]    Compiling version_check v0.9.4
[INFO] [stderr]    Compiling serde v1.0.194
[INFO] [stderr]    Compiling once_cell v1.19.0
[INFO] [stderr]    Compiling typenum v1.17.0
[INFO] [stderr]    Compiling untrusted v0.9.0
[INFO] [stderr]    Compiling spin v0.9.8
[INFO] [stderr]    Compiling bytes v1.5.0
[INFO] [stderr]    Compiling zerocopy v0.7.32
[INFO] [stderr]    Compiling tinyvec_macros v0.1.1
[INFO] [stderr]    Compiling subtle v2.5.0
[INFO] [stderr]    Compiling num-traits v0.2.17
[INFO] [stderr]    Compiling rustls v0.20.9
[INFO] [stderr]    Compiling allocator-api2 v0.2.16
[INFO] [stderr]    Compiling spin v0.5.2
[INFO] [stderr]    Compiling tinyvec v1.6.0
[INFO] [stderr]    Compiling futures-core v0.3.30
[INFO] [stderr]    Compiling untrusted v0.7.1
[INFO] [stderr]    Compiling unicode-bidi v0.3.14
[INFO] [stderr]    Compiling parking_lot_core v0.8.6
[INFO] [stderr]    Compiling minimal-lexical v0.2.1
[INFO] [stderr]    Compiling percent-encoding v2.3.1
[INFO] [stderr]    Compiling instant v0.1.12
[INFO] [stderr]    Compiling memchr v2.7.1
[INFO] [stderr]    Compiling futures-sink v0.3.30
[INFO] [stderr]    Compiling thiserror v1.0.56
[INFO] [stderr]    Compiling generic-array v0.14.7
[INFO] [stderr]    Compiling ahash v0.8.7
[INFO] [stderr]    Compiling form_urlencoded v1.2.1
[INFO] [stderr]    Compiling crossbeam-utils v0.8.18
[INFO] [stderr]    Compiling smallvec v1.11.2
[INFO] [stderr]    Compiling iana-time-zone v0.1.59
[INFO] [stderr]    Compiling ahash v0.7.7
[INFO] [stderr]    Compiling hashbrown v0.12.3
[INFO] [stderr]    Compiling ppv-lite86 v0.2.17
[INFO] [stderr]    Compiling paste v1.0.14
[INFO] [stderr]    Compiling cpufeatures v0.2.12
[INFO] [stderr]    Compiling quote v1.0.35
[INFO] [stderr]    Compiling syn v1.0.109
[INFO] [stderr]    Compiling unicode_categories v0.1.1
[INFO] [stderr]    Compiling serde_json v1.0.111
[INFO] [stderr]    Compiling hashbrown v0.14.3
[INFO] [stderr]    Compiling unicode-normalization v0.1.22
[INFO] [stderr]    Compiling indexmap v1.9.3
[INFO] [stderr]    Compiling syn v2.0.48
[INFO] [stderr]    Compiling slab v0.4.9
[INFO] [stderr]    Compiling base64 v0.21.5
[INFO] [stderr]    Compiling ryu v1.0.16
[INFO] [stderr]    Compiling finl_unicode v1.2.0
[INFO] [stderr]    Compiling itoa v1.0.10
[INFO] [stderr]    Compiling hex v0.4.3
[INFO] [stderr]    Compiling cc v1.0.83
[INFO] [stderr]    Compiling getrandom v0.2.11
[INFO] [stderr]    Compiling mio v0.8.10
[INFO] [stderr]    Compiling socket2 v0.5.5
[INFO] [stderr]    Compiling num_cpus v1.16.0
[INFO] [stderr]    Compiling rand_core v0.6.4
[INFO] [stderr]    Compiling dirs-sys v0.3.7
[INFO] [stderr]    Compiling atoi v1.0.0
[INFO] [stderr]    Compiling rand_chacha v0.3.1
[INFO] [stderr]    Compiling idna v0.5.0
[INFO] [stderr]    Compiling parking_lot v0.11.2
[INFO] [stderr]    Compiling stringprep v0.1.4
[INFO] [stderr]    Compiling rustls-pemfile v1.0.4
[INFO] [stderr]    Compiling futures-intrusive v0.4.2
[INFO] [stderr]    Compiling nom v7.1.3
[INFO] [stderr]    Compiling rand v0.8.5
[INFO] [stderr]    Compiling dirs v4.0.0
[INFO] [stderr]    Compiling crossbeam-queue v0.3.10
[INFO] [stderr]    Compiling tokio v1.35.1
[INFO] [stderr]    Compiling futures-channel v0.3.30
[INFO] [stderr]    Compiling event-listener v2.5.3
[INFO] [stderr]    Compiling byteorder v1.5.0
[INFO] [stderr]    Compiling base64 v0.13.1
[INFO] [stderr]    Compiling bitflags v1.3.2
[INFO] [stderr]    Compiling whoami v1.4.1
[INFO] [stderr]    Compiling dotenvy v0.15.7
[INFO] [stderr]    Compiling block-buffer v0.10.4
[INFO] [stderr]    Compiling crypto-common v0.1.6
[INFO] [stderr]    Compiling futures-task v0.3.30
[INFO] [stderr]    Compiling ring v0.17.7
[INFO] [stderr]    Compiling ring v0.16.20
[INFO] [stderr]    Compiling digest v0.10.7
[INFO] [stderr]    Compiling futures-util v0.3.30
[INFO] [stderr]    Compiling url v2.5.0
[INFO] [stderr]    Compiling chrono v0.4.31
[INFO] [stderr]    Compiling hashlink v0.8.4
[INFO] [stderr]    Compiling uuid v1.6.1
[INFO] [stderr]    Compiling hmac v0.12.1
[INFO] [stderr]    Compiling sha1 v0.10.6
[INFO] [stderr]    Compiling hkdf v0.12.4
[INFO] [stderr]    Compiling md-5 v0.10.6
[INFO] [stderr]    Compiling sha2 v0.10.8
[INFO] [stderr]    Compiling unicode-segmentation v1.10.1
[INFO] [stderr]    Compiling aho-corasick v1.1.2
[INFO] [stderr]    Compiling proc-macro-error-attr v1.0.4
[INFO] [stderr]    Compiling regex-syntax v0.8.2
[INFO] [stderr]    Compiling proc-macro-error v1.0.4
[INFO] [stderr]    Compiling heck v0.4.1
[INFO] [stderr]    Compiling async-trait v0.1.77
[INFO] [stderr]    Compiling equivalent v1.0.1
[INFO] [stderr]    Compiling include_dir_macros v0.7.3
[INFO] [stderr]    Compiling indexmap v2.1.0
[INFO] [stderr]    Compiling fixedbitset v0.4.2
[INFO] [stderr]    Compiling semver v1.0.21
[INFO] [stderr]    Compiling keccak v0.1.4
[INFO] [stderr]    Compiling lazy_static v1.4.0
[INFO] [stderr]    Compiling petgraph v0.6.4
[INFO] [stderr]    Compiling etwin_postgres_tools v0.11.0
[INFO] [stderr]    Compiling include_dir v0.7.3
[INFO] [stderr]    Compiling sha3 v0.10.8
[INFO] [stderr]    Compiling serde_derive v1.0.194
[INFO] [stderr]    Compiling tokio-macros v2.2.0
[INFO] [stderr]    Compiling thiserror-impl v1.0.56
[INFO] [stderr]    Compiling futures-macro v0.3.30
[INFO] [stderr]    Compiling regex-automata v0.4.3
[INFO] [stderr]    Compiling enum-iterator-derive v1.2.1
[INFO] [stderr]    Compiling tokio-stream v0.1.14
[INFO] [stderr]    Compiling auto_impl v1.1.0
[INFO] [stderr]    Compiling enum-iterator v1.4.1
[INFO] [stderr]    Compiling webpki v0.22.4
[INFO] [stderr]    Compiling sct v0.7.1
[INFO] [stderr]    Compiling webpki-roots v0.22.6
[INFO] [stderr]    Compiling regex v1.10.2
[INFO] [stderr]    Compiling tokio-rustls v0.23.4
[INFO] [stderr]    Compiling sqlx-rt v0.6.3
[INFO] [stderr]    Compiling either v1.9.0
[INFO] [stderr]    Compiling toml v0.5.11
[INFO] [stderr]    Compiling arrayvec v0.7.4
[INFO] [stderr]    Compiling itertools v0.12.0
[INFO] [stderr]    Compiling eternalfest_config v0.18.2
[INFO] [stderr]    Compiling etwin_serde_tools v0.11.0
[INFO] [stderr]    Compiling sqlformat v0.2.3
[INFO] [stderr]    Compiling sqlx-core v0.6.3
[INFO] [stderr]    Compiling sqlx-macros v0.6.3
[INFO] [stderr]    Compiling sqlx v0.6.3
[INFO] [stderr]    Compiling etwin_squirrel v0.11.0
[INFO] [stderr]    Compiling etwin_core v0.11.0
[INFO] [stderr]    Compiling eternalfest_db_schema v0.18.2
[INFO] [stderr]    Compiling eternalfest_core v0.18.2
[INFO] [stderr]    Compiling eternalfest_auth_store v0.18.2 (/opt/rustwide/workdir)
[INFO] [stderr]     Finished dev [unoptimized + debuginfo] target(s) in 1m 01s
[INFO] running `Command { std: "docker" "inspect" "ab8c1396a0dac1cff6f8facd820899e6fb95dc021ea72fe437d8bd10f20cd3a7", kill_on_drop: false }`
[INFO] running `Command { std: "docker" "rm" "-f" "ab8c1396a0dac1cff6f8facd820899e6fb95dc021ea72fe437d8bd10f20cd3a7", kill_on_drop: false }`
[INFO] [stdout] ab8c1396a0dac1cff6f8facd820899e6fb95dc021ea72fe437d8bd10f20cd3a7
[INFO] running `Command { std: "docker" "create" "-v" "/var/lib/crater-agent-workspace/builds/worker-2-tc2/target:/opt/rustwide/target:rw,Z" "-v" "/var/lib/crater-agent-workspace/builds/worker-2-tc2/source:/opt/rustwide/workdir:ro,Z" "-v" "/var/lib/crater-agent-workspace/cargo-home:/opt/rustwide/cargo-home:ro,Z" "-v" "/var/lib/crater-agent-workspace/rustup-home:/opt/rustwide/rustup-home:ro,Z" "-e" "SOURCE_DIR=/opt/rustwide/workdir" "-e" "CARGO_TARGET_DIR=/opt/rustwide/target" "-e" "CARGO_INCREMENTAL=0" "-e" "RUST_BACKTRACE=full" "-e" "RUSTFLAGS=--cap-lints=warn" "-e" "RUSTDOCFLAGS=--cap-lints=warn" "-e" "CARGO_HOME=/opt/rustwide/cargo-home" "-e" "RUSTUP_HOME=/opt/rustwide/rustup-home" "-w" "/opt/rustwide/workdir" "-m" "1610612736" "--user" "0:0" "--network" "none" "ghcr.io/rust-lang/crates-build-env/linux@sha256:2788e3201cd34a07e3172128adcd8b3090168a8e3bcc40d7c032b9dda1df7d1c" "/opt/rustwide/cargo-home/bin/cargo" "+beta-2023-12-22" "test" "--frozen" "--no-run" "--message-format=json", kill_on_drop: false }`
[INFO] [stdout] 32a4920db543301fc24a73e2c3d66ff3bb8ec54e235f3ed4c737a7b58f38263d
[INFO] running `Command { std: "docker" "start" "-a" "32a4920db543301fc24a73e2c3d66ff3bb8ec54e235f3ed4c737a7b58f38263d", kill_on_drop: false }`
[INFO] [stderr]    Compiling futures-sink v0.3.30
[INFO] [stderr]    Compiling futures-io v0.3.30
[INFO] [stderr]    Compiling parking_lot_core v0.9.9
[INFO] [stderr]    Compiling serial_test_derive v0.9.0
[INFO] [stderr]    Compiling futures-util v0.3.30
[INFO] [stderr]    Compiling futures-channel v0.3.30
[INFO] [stderr]    Compiling parking_lot v0.12.1
[INFO] [stderr]    Compiling dashmap v5.5.3
[INFO] [stderr]    Compiling sqlx-core v0.6.3
[INFO] [stderr]    Compiling futures-executor v0.3.30
[INFO] [stderr]    Compiling futures v0.3.30
[INFO] [stderr]    Compiling serial_test v0.9.0
[INFO] [stderr]    Compiling sqlx-macros v0.6.3
[INFO] [stderr]    Compiling sqlx v0.6.3
[INFO] [stderr]    Compiling etwin_core v0.11.0
[INFO] [stderr]    Compiling etwin_squirrel v0.11.0
[INFO] [stderr]    Compiling eternalfest_db_schema v0.18.2
[INFO] [stderr]    Compiling eternalfest_core v0.18.2
[INFO] [stderr]    Compiling eternalfest_user_store v0.18.2
[INFO] [stderr]    Compiling eternalfest_auth_store v0.18.2 (/opt/rustwide/workdir)
[INFO] [stderr]     Finished test [unoptimized + debuginfo] target(s) in 33.03s
[INFO] running `Command { std: "docker" "inspect" "32a4920db543301fc24a73e2c3d66ff3bb8ec54e235f3ed4c737a7b58f38263d", kill_on_drop: false }`
[INFO] running `Command { std: "docker" "rm" "-f" "32a4920db543301fc24a73e2c3d66ff3bb8ec54e235f3ed4c737a7b58f38263d", kill_on_drop: false }`
[INFO] [stdout] 32a4920db543301fc24a73e2c3d66ff3bb8ec54e235f3ed4c737a7b58f38263d
[INFO] running `Command { std: "docker" "create" "-v" "/var/lib/crater-agent-workspace/builds/worker-2-tc2/target:/opt/rustwide/target:rw,Z" "-v" "/var/lib/crater-agent-workspace/builds/worker-2-tc2/source:/opt/rustwide/workdir:ro,Z" "-v" "/var/lib/crater-agent-workspace/cargo-home:/opt/rustwide/cargo-home:ro,Z" "-v" "/var/lib/crater-agent-workspace/rustup-home:/opt/rustwide/rustup-home:ro,Z" "-e" "SOURCE_DIR=/opt/rustwide/workdir" "-e" "CARGO_TARGET_DIR=/opt/rustwide/target" "-e" "CARGO_INCREMENTAL=0" "-e" "RUST_BACKTRACE=full" "-e" "RUSTFLAGS=--cap-lints=warn" "-e" "RUSTDOCFLAGS=--cap-lints=warn" "-e" "CARGO_HOME=/opt/rustwide/cargo-home" "-e" "RUSTUP_HOME=/opt/rustwide/rustup-home" "-w" "/opt/rustwide/workdir" "-m" "1610612736" "--user" "0:0" "--network" "none" "ghcr.io/rust-lang/crates-build-env/linux@sha256:2788e3201cd34a07e3172128adcd8b3090168a8e3bcc40d7c032b9dda1df7d1c" "/opt/rustwide/cargo-home/bin/cargo" "+beta-2023-12-22" "test" "--frozen", kill_on_drop: false }`
[INFO] [stdout] 84dcfdb45b653e56fb347e493f8ebae4ded5b70403b79aa6b00f335ae7802cc4
[INFO] running `Command { std: "docker" "start" "-a" "84dcfdb45b653e56fb347e493f8ebae4ded5b70403b79aa6b00f335ae7802cc4", kill_on_drop: false }`
[INFO] [stderr]     Finished test [unoptimized + debuginfo] target(s) in 0.21s
[INFO] [stderr]      Running unittests src/lib.rs (/opt/rustwide/target/debug/deps/eternalfest_auth_store-cd252f3482d1ee68)
[INFO] [stdout] 
[INFO] [stdout] running 2 tests
[INFO] [stdout] test mem::test::test_create_session ... ok
[INFO] [stdout] test pg::test::test_create_session ... FAILED
[INFO] [stdout] 
[INFO] [stdout] failures:
[INFO] [stdout] 
[INFO] [stdout] ---- pg::test::test_create_session stdout ----
[INFO] [stdout] thread 'pg::test::test_create_session' panicked at src/pg.rs:134:84:
[INFO] [stdout] called `Result::unwrap()` on an `Err` value: NotFound("/opt/rustwide/workdir")
[INFO] [stdout] stack backtrace:
[INFO] [stdout]    0:     0x557c95ae6f96 - std::backtrace_rs::backtrace::libunwind::trace::h261606ad26a499c1
[INFO] [stdout]                                at /rustc/0e09125c6c3c2fd70d7de961bcf0e51575235fad/library/std/src/../../backtrace/src/backtrace/libunwind.rs:104:5
[INFO] [stdout]    1:     0x557c95ae6f96 - std::backtrace_rs::backtrace::trace_unsynchronized::hd183f0625477fb28
[INFO] [stdout]                                at /rustc/0e09125c6c3c2fd70d7de961bcf0e51575235fad/library/std/src/../../backtrace/src/backtrace/mod.rs:66:5
[INFO] [stdout]    2:     0x557c95ae6f96 - std::sys_common::backtrace::_print_fmt::hd7f8fef21b4eda67
[INFO] [stdout]                                at /rustc/0e09125c6c3c2fd70d7de961bcf0e51575235fad/library/std/src/sys_common/backtrace.rs:68:5
[INFO] [stdout]    3:     0x557c95ae6f96 - <std::sys_common::backtrace::_print::DisplayBacktrace as core::fmt::Display>::fmt::h623d9b51f2f453f1
[INFO] [stdout]                                at /rustc/0e09125c6c3c2fd70d7de961bcf0e51575235fad/library/std/src/sys_common/backtrace.rs:44:22
[INFO] [stdout]    4:     0x557c95b14bd0 - core::fmt::rt::Argument::fmt::h9f417ac76a86f368
[INFO] [stdout]                                at /rustc/0e09125c6c3c2fd70d7de961bcf0e51575235fad/library/core/src/fmt/rt.rs:142:9
[INFO] [stdout]    5:     0x557c95b14bd0 - core::fmt::write::hc9b6faf4ac2aeff7
[INFO] [stdout]                                at /rustc/0e09125c6c3c2fd70d7de961bcf0e51575235fad/library/core/src/fmt/mod.rs:1120:17
[INFO] [stdout]    6:     0x557c95ae3fef - std::io::Write::write_fmt::he04625a3a989fec3
[INFO] [stdout]                                at /rustc/0e09125c6c3c2fd70d7de961bcf0e51575235fad/library/std/src/io/mod.rs:1810:15
[INFO] [stdout]    7:     0x557c95ae6d74 - std::sys_common::backtrace::_print::hd5d66399c7df88a2
[INFO] [stdout]                                at /rustc/0e09125c6c3c2fd70d7de961bcf0e51575235fad/library/std/src/sys_common/backtrace.rs:47:5
[INFO] [stdout]    8:     0x557c95ae6d74 - std::sys_common::backtrace::print::he81ed2da642d37e5
[INFO] [stdout]                                at /rustc/0e09125c6c3c2fd70d7de961bcf0e51575235fad/library/std/src/sys_common/backtrace.rs:34:9
[INFO] [stdout]    9:     0x557c95ae8ae7 - std::panicking::default_hook::{{closure}}::h85773f4fa117163d
[INFO] [stdout]   10:     0x557c95ae87cd - std::panicking::default_hook::h6a1694a91d09b278
[INFO] [stdout]                                at /rustc/0e09125c6c3c2fd70d7de961bcf0e51575235fad/library/std/src/panicking.rs:289:9
[INFO] [stdout]   11:     0x557c95341b27 - <alloc::boxed::Box<F,A> as core::ops::function::Fn<Args>>::call::h616ac37fa3cd6c8f
[INFO] [stdout]                                at /rustc/0e09125c6c3c2fd70d7de961bcf0e51575235fad/library/alloc/src/boxed.rs:2029:9
[INFO] [stdout]   12:     0x557c95341b27 - test::test_main::{{closure}}::h00d84697cefdcbb6
[INFO] [stdout]                                at /rustc/0e09125c6c3c2fd70d7de961bcf0e51575235fad/library/test/src/lib.rs:138:21
[INFO] [stdout]   13:     0x557c95ae9106 - <alloc::boxed::Box<F,A> as core::ops::function::Fn<Args>>::call::hcb3fe3b9bb537ba8
[INFO] [stdout]                                at /rustc/0e09125c6c3c2fd70d7de961bcf0e51575235fad/library/alloc/src/boxed.rs:2029:9
[INFO] [stdout]   14:     0x557c95ae9106 - std::panicking::rust_panic_with_hook::h0a7ad96e90f7145b
[INFO] [stdout]                                at /rustc/0e09125c6c3c2fd70d7de961bcf0e51575235fad/library/std/src/panicking.rs:783:13
[INFO] [stdout]   15:     0x557c95ae8e52 - std::panicking::begin_panic_handler::{{closure}}::h7919090525c6485e
[INFO] [stdout]                                at /rustc/0e09125c6c3c2fd70d7de961bcf0e51575235fad/library/std/src/panicking.rs:657:13
[INFO] [stdout]   16:     0x557c95ae7496 - std::sys_common::backtrace::__rust_end_short_backtrace::hf3289479464f7dfe
[INFO] [stdout]                                at /rustc/0e09125c6c3c2fd70d7de961bcf0e51575235fad/library/std/src/sys_common/backtrace.rs:171:18
[INFO] [stdout]   17:     0x557c95ae8bb0 - rust_begin_unwind
[INFO] [stdout]                                at /rustc/0e09125c6c3c2fd70d7de961bcf0e51575235fad/library/std/src/panicking.rs:645:5
[INFO] [stdout]   18:     0x557c952044e5 - core::panicking::panic_fmt::hcc9f77c5c132af55
[INFO] [stdout]                                at /rustc/0e09125c6c3c2fd70d7de961bcf0e51575235fad/library/core/src/panicking.rs:72:14
[INFO] [stdout]   19:     0x557c95204b23 - core::result::unwrap_failed::hbe14f498be1452f9
[INFO] [stdout]                                at /rustc/0e09125c6c3c2fd70d7de961bcf0e51575235fad/library/core/src/result.rs:1649:5
[INFO] [stdout]   20:     0x557c95218e3f - core::result::Result<T,E>::unwrap::he41915391562df2f
[INFO] [stdout]                                at /rustc/0e09125c6c3c2fd70d7de961bcf0e51575235fad/library/core/src/result.rs:1073:23
[INFO] [stdout]   21:     0x557c95268c5d - eternalfest_auth_store::pg::test::make_test_api::{{closure}}::he0128b04ff4e55ec
[INFO] [stdout]                                at /opt/rustwide/workdir/src/pg.rs:134:18
[INFO] [stdout]   22:     0x557c9526a8cd - eternalfest_auth_store::pg::test::test_create_session::{{closure}}::{{closure}}::h13ee2e4d8c039d65
[INFO] [stdout]                                at /opt/rustwide/workdir/src/pg.rs:183:24
[INFO] [stdout]   23:     0x557c95229878 - <core::pin::Pin<P> as core::future::future::Future>::poll::h2fb70e52713b3f32
[INFO] [stdout]                                at /rustc/0e09125c6c3c2fd70d7de961bcf0e51575235fad/library/core/src/future/future.rs:124:9
[INFO] [stdout]   24:     0x557c952298cb - <core::pin::Pin<P> as core::future::future::Future>::poll::h52318021262046ba
[INFO] [stdout]                                at /rustc/0e09125c6c3c2fd70d7de961bcf0e51575235fad/library/core/src/future/future.rs:124:9
[INFO] [stdout]   25:     0x557c95268604 - tokio::runtime::scheduler::current_thread::CoreGuard::block_on::{{closure}}::{{closure}}::{{closure}}::hb2156084257ecc85
[INFO] [stdout]                                at /opt/rustwide/cargo-home/registry/src/index.crates.io-6f17d22bba15001f/tokio-1.35.1/src/runtime/scheduler/current_thread/mod.rs:665:57
[INFO] [stdout]   26:     0x557c9526852a - tokio::runtime::coop::with_budget::h18b7d69dea6c9b35
[INFO] [stdout]                                at /opt/rustwide/cargo-home/registry/src/index.crates.io-6f17d22bba15001f/tokio-1.35.1/src/runtime/coop.rs:107:5
[INFO] [stdout]   27:     0x557c9526852a - tokio::runtime::coop::budget::hcbfaede20f056952
[INFO] [stdout]                                at /opt/rustwide/cargo-home/registry/src/index.crates.io-6f17d22bba15001f/tokio-1.35.1/src/runtime/coop.rs:73:5
[INFO] [stdout]   28:     0x557c9526852a - tokio::runtime::scheduler::current_thread::CoreGuard::block_on::{{closure}}::{{closure}}::he346b990b4bfc2cb
[INFO] [stdout]                                at /opt/rustwide/cargo-home/registry/src/index.crates.io-6f17d22bba15001f/tokio-1.35.1/src/runtime/scheduler/current_thread/mod.rs:665:25
[INFO] [stdout]   29:     0x557c952671dc - tokio::runtime::scheduler::current_thread::Context::enter::h4150fdbf79f8ab0f
[INFO] [stdout]                                at /opt/rustwide/cargo-home/registry/src/index.crates.io-6f17d22bba15001f/tokio-1.35.1/src/runtime/scheduler/current_thread/mod.rs:410:19
[INFO] [stdout]   30:     0x557c95267d3b - tokio::runtime::scheduler::current_thread::CoreGuard::block_on::{{closure}}::h22bf1f5bfbe30058
[INFO] [stdout]                                at /opt/rustwide/cargo-home/registry/src/index.crates.io-6f17d22bba15001f/tokio-1.35.1/src/runtime/scheduler/current_thread/mod.rs:664:36
[INFO] [stdout]   31:     0x557c95267a4b - tokio::runtime::scheduler::current_thread::CoreGuard::enter::{{closure}}::h4db02448e2e3fab1
[INFO] [stdout]                                at /opt/rustwide/cargo-home/registry/src/index.crates.io-6f17d22bba15001f/tokio-1.35.1/src/runtime/scheduler/current_thread/mod.rs:743:68
[INFO] [stdout]   32:     0x557c952139bb - tokio::runtime::context::scoped::Scoped<T>::set::h8e625c4f7bdfba3b
[INFO] [stdout]                                at /opt/rustwide/cargo-home/registry/src/index.crates.io-6f17d22bba15001f/tokio-1.35.1/src/runtime/context/scoped.rs:40:9
[INFO] [stdout]   33:     0x557c952290d9 - tokio::runtime::context::set_scheduler::{{closure}}::hf551db8cc9b87115
[INFO] [stdout]                                at /opt/rustwide/cargo-home/registry/src/index.crates.io-6f17d22bba15001f/tokio-1.35.1/src/runtime/context.rs:176:26
[INFO] [stdout]   34:     0x557c95239dd6 - std::thread::local::LocalKey<T>::try_with::hc5bba2d452ba75c4
[INFO] [stdout]                                at /rustc/0e09125c6c3c2fd70d7de961bcf0e51575235fad/library/std/src/thread/local.rs:270:16
[INFO] [stdout]   35:     0x557c952390ea - std::thread::local::LocalKey<T>::with::h3dd4390fb2482c7c
[INFO] [stdout]                                at /rustc/0e09125c6c3c2fd70d7de961bcf0e51575235fad/library/std/src/thread/local.rs:246:9
[INFO] [stdout]   36:     0x557c9522908d - tokio::runtime::context::set_scheduler::he3ddbbd6a84b2f86
[INFO] [stdout]                                at /opt/rustwide/cargo-home/registry/src/index.crates.io-6f17d22bba15001f/tokio-1.35.1/src/runtime/context.rs:176:9
[INFO] [stdout]   37:     0x557c952677e0 - tokio::runtime::scheduler::current_thread::CoreGuard::enter::h53534b46944069ca
[INFO] [stdout]                                at /opt/rustwide/cargo-home/registry/src/index.crates.io-6f17d22bba15001f/tokio-1.35.1/src/runtime/scheduler/current_thread/mod.rs:743:27
[INFO] [stdout]   38:     0x557c95267a7d - tokio::runtime::scheduler::current_thread::CoreGuard::block_on::he3ea93605a11fc38
[INFO] [stdout]                                at /opt/rustwide/cargo-home/registry/src/index.crates.io-6f17d22bba15001f/tokio-1.35.1/src/runtime/scheduler/current_thread/mod.rs:652:19
[INFO] [stdout]   39:     0x557c95265f8d - tokio::runtime::scheduler::current_thread::CurrentThread::block_on::{{closure}}::he9e6c024ce472f39
[INFO] [stdout]                                at /opt/rustwide/cargo-home/registry/src/index.crates.io-6f17d22bba15001f/tokio-1.35.1/src/runtime/scheduler/current_thread/mod.rs:175:28
[INFO] [stdout]   40:     0x557c9525d45a - tokio::runtime::context::runtime::enter_runtime::ha4368ee9826a898a
[INFO] [stdout]                                at /opt/rustwide/cargo-home/registry/src/index.crates.io-6f17d22bba15001f/tokio-1.35.1/src/runtime/context/runtime.rs:65:16
[INFO] [stdout]   41:     0x557c95265e9e - tokio::runtime::scheduler::current_thread::CurrentThread::block_on::hc5d9c87233fc18e0
[INFO] [stdout]                                at /opt/rustwide/cargo-home/registry/src/index.crates.io-6f17d22bba15001f/tokio-1.35.1/src/runtime/scheduler/current_thread/mod.rs:167:9
[INFO] [stdout]   42:     0x557c95265d6d - tokio::runtime::runtime::Runtime::block_on::ha7438a670410dd21
[INFO] [stdout]                                at /opt/rustwide/cargo-home/registry/src/index.crates.io-6f17d22bba15001f/tokio-1.35.1/src/runtime/runtime.rs:348:47
[INFO] [stdout]   43:     0x557c9526a690 - eternalfest_auth_store::pg::test::test_create_session::{{closure}}::h79eac06f397d01f2
[INFO] [stdout]                                at /opt/rustwide/workdir/src/pg.rs:181:3
[INFO] [stdout]   44:     0x557c952056fe - core::ops::function::FnOnce::call_once::h7ac8fb69e7c48a99
[INFO] [stdout]                                at /rustc/0e09125c6c3c2fd70d7de961bcf0e51575235fad/library/core/src/ops/function.rs:250:5
[INFO] [stdout]   45:     0x557c9534f23e - serial_test::serial_code_lock::local_serial_core::h42697800641f8a59
[INFO] [stdout]                                at /opt/rustwide/cargo-home/registry/src/index.crates.io-6f17d22bba15001f/serial_test-0.9.0/src/serial_code_lock.rs:27:5
[INFO] [stdout]   46:     0x557c9526a4ed - eternalfest_auth_store::pg::test::test_create_session::h26f7ce491553ffde
[INFO] [stdout]                                at /opt/rustwide/workdir/src/test.rs:18:7
[INFO] [stdout]   47:     0x557c9526a4a7 - eternalfest_auth_store::pg::test::test_create_session::{{closure}}::h110a416d92cbca03
[INFO] [stdout]                                at /opt/rustwide/workdir/src/test.rs:19:26
[INFO] [stdout]   48:     0x557c95205b36 - core::ops::function::FnOnce::call_once::hc2f69ab9031eb333
[INFO] [stdout]                                at /rustc/0e09125c6c3c2fd70d7de961bcf0e51575235fad/library/core/src/ops/function.rs:250:5
[INFO] [stdout]   49:     0x557c953473ff - core::ops::function::FnOnce::call_once::hd64d26f405258157
[INFO] [stdout]                                at /rustc/0e09125c6c3c2fd70d7de961bcf0e51575235fad/library/core/src/ops/function.rs:250:5
[INFO] [stdout]   50:     0x557c953473ff - test::__rust_begin_short_backtrace::he21b0b7a6d731bf9
[INFO] [stdout]                                at /rustc/0e09125c6c3c2fd70d7de961bcf0e51575235fad/library/test/src/lib.rs:627:18
[INFO] [stdout]   51:     0x557c95346181 - test::run_test_in_process::{{closure}}::hf5c73986d7bdfde2
[INFO] [stdout]                                at /rustc/0e09125c6c3c2fd70d7de961bcf0e51575235fad/library/test/src/lib.rs:650:60
[INFO] [stdout]   52:     0x557c95346181 - <core::panic::unwind_safe::AssertUnwindSafe<F> as core::ops::function::FnOnce<()>>::call_once::h330011ad032aadc0
[INFO] [stdout]                                at /rustc/0e09125c6c3c2fd70d7de961bcf0e51575235fad/library/core/src/panic/unwind_safe.rs:272:9
[INFO] [stdout]   53:     0x557c95346181 - std::panicking::try::do_call::he61b0a958b795a41
[INFO] [stdout]                                at /rustc/0e09125c6c3c2fd70d7de961bcf0e51575235fad/library/std/src/panicking.rs:552:40
[INFO] [stdout]   54:     0x557c95346181 - std::panicking::try::h7309da130f906eb7
[INFO] [stdout]                                at /rustc/0e09125c6c3c2fd70d7de961bcf0e51575235fad/library/std/src/panicking.rs:516:19
[INFO] [stdout]   55:     0x557c95346181 - std::panic::catch_unwind::hc5c3a06fdaf0a92a
[INFO] [stdout]                                at /rustc/0e09125c6c3c2fd70d7de961bcf0e51575235fad/library/std/src/panic.rs:142:14
[INFO] [stdout]   56:     0x557c95346181 - test::run_test_in_process::h7e7b7c71c3324e0f
[INFO] [stdout]                                at /rustc/0e09125c6c3c2fd70d7de961bcf0e51575235fad/library/test/src/lib.rs:650:27
[INFO] [stdout]   57:     0x557c95346181 - test::run_test::{{closure}}::h1f509f28f5cf20b1
[INFO] [stdout]                                at /rustc/0e09125c6c3c2fd70d7de961bcf0e51575235fad/library/test/src/lib.rs:573:43
[INFO] [stdout]   58:     0x557c9530d4b6 - test::run_test::{{closure}}::h1754218abf443f6d
[INFO] [stdout]                                at /rustc/0e09125c6c3c2fd70d7de961bcf0e51575235fad/library/test/src/lib.rs:601:41
[INFO] [stdout]   59:     0x557c9530d4b6 - std::sys_common::backtrace::__rust_begin_short_backtrace::h2ee174b9d5954948
[INFO] [stdout]                                at /rustc/0e09125c6c3c2fd70d7de961bcf0e51575235fad/library/std/src/sys_common/backtrace.rs:155:18
[INFO] [stdout]   60:     0x557c95312517 - std::thread::Builder::spawn_unchecked_::{{closure}}::{{closure}}::hf60bee9c1a17ef09
[INFO] [stdout]                                at /rustc/0e09125c6c3c2fd70d7de961bcf0e51575235fad/library/std/src/thread/mod.rs:529:17
[INFO] [stdout]   61:     0x557c95312517 - <core::panic::unwind_safe::AssertUnwindSafe<F> as core::ops::function::FnOnce<()>>::call_once::h33d0dddec5216160
[INFO] [stdout]                                at /rustc/0e09125c6c3c2fd70d7de961bcf0e51575235fad/library/core/src/panic/unwind_safe.rs:272:9
[INFO] [stdout]   62:     0x557c95312517 - std::panicking::try::do_call::h144b3048b546f835
[INFO] [stdout]                                at /rustc/0e09125c6c3c2fd70d7de961bcf0e51575235fad/library/std/src/panicking.rs:552:40
[INFO] [stdout]   63:     0x557c95312517 - std::panicking::try::h978244d04646189f
[INFO] [stdout]                                at /rustc/0e09125c6c3c2fd70d7de961bcf0e51575235fad/library/std/src/panicking.rs:516:19
[INFO] [stdout]   64:     0x557c95312517 - std::panic::catch_unwind::hdf436369d188fe86
[INFO] [stdout]                                at /rustc/0e09125c6c3c2fd70d7de961bcf0e51575235fad/library/std/src/panic.rs:142:14
[INFO] [stdout]   65:     0x557c95312517 - std::thread::Builder::spawn_unchecked_::{{closure}}::h87329cbdd33c79ec
[INFO] [stdout]                                at /rustc/0e09125c6c3c2fd70d7de961bcf0e51575235fad/library/std/src/thread/mod.rs:528:30
[INFO] [stdout]   66:     0x557c95312517 - core::ops::function::FnOnce::call_once{{vtable.shim}}::h401abbe67897d450
[INFO] [stdout]                                at /rustc/0e09125c6c3c2fd70d7de961bcf0e51575235fad/library/core/src/ops/function.rs:250:5
[INFO] [stdout]   67:     0x557c95aede65 - <alloc::boxed::Box<F,A> as core::ops::function::FnOnce<Args>>::call_once::h5d7c8f150ab9c84c
[INFO] [stdout]                                at /rustc/0e09125c6c3c2fd70d7de961bcf0e51575235fad/library/alloc/src/boxed.rs:2015:9
[INFO] [stdout]   68:     0x557c95aede65 - <alloc::boxed::Box<F,A> as core::ops::function::FnOnce<Args>>::call_once::h570d5b005c242c15
[INFO] [stdout]                                at /rustc/0e09125c6c3c2fd70d7de961bcf0e51575235fad/library/alloc/src/boxed.rs:2015:9
[INFO] [stdout]   69:     0x557c95aede65 - std::sys::unix::thread::Thread::new::thread_start::h36b0a20c0b2361ad
[INFO] [stdout]                                at /rustc/0e09125c6c3c2fd70d7de961bcf0e51575235fad/library/std/src/sys/unix/thread.rs:108:17
[INFO] [stdout]   70:     0x7f0cfd248ac3 - <unknown>
[INFO] [stdout]   71:     0x7f0cfd2d9bf4 - __clone
[INFO] [stdout]   72:                0x0 - <unknown>
[INFO] [stdout] 
[INFO] [stdout] 
[INFO] [stdout] failures:
[INFO] [stdout]     pg::test::test_create_session
[INFO] [stdout] 
[INFO] [stdout] test result: FAILED. 1 passed; 1 failed; 0 ignored; 0 measured; 0 filtered out; finished in 0.08s
[INFO] [stdout] 
[INFO] [stderr] error: test failed, to rerun pass `--lib`
[INFO] running `Command { std: "docker" "inspect" "84dcfdb45b653e56fb347e493f8ebae4ded5b70403b79aa6b00f335ae7802cc4", kill_on_drop: false }`
[INFO] running `Command { std: "docker" "rm" "-f" "84dcfdb45b653e56fb347e493f8ebae4ded5b70403b79aa6b00f335ae7802cc4", kill_on_drop: false }`
[INFO] [stdout] 84dcfdb45b653e56fb347e493f8ebae4ded5b70403b79aa6b00f335ae7802cc4
