[INFO] fetching crate espr 0.3.0...
[INFO] testing espr-0.3.0 against 1.75.0 for beta-1.76-1
[INFO] extracting crate espr 0.3.0 into /workspace/builds/worker-4-tc1/source
[INFO] validating manifest of crates.io crate espr 0.3.0 on toolchain 1.75.0
[INFO] running `Command { std: CARGO_HOME="/workspace/cargo-home" RUSTUP_HOME="/workspace/rustup-home" "/workspace/cargo-home/bin/cargo" "+1.75.0" "metadata" "--manifest-path" "Cargo.toml" "--no-deps", kill_on_drop: false }`
[INFO] started tweaking crates.io crate espr 0.3.0
[INFO] finished tweaking crates.io crate espr 0.3.0
[INFO] tweaked toml for crates.io crate espr 0.3.0 written to /workspace/builds/worker-4-tc1/source/Cargo.toml
[INFO] crate crates.io crate espr 0.3.0 already has a lockfile, it will not be regenerated
[INFO] running `Command { std: CARGO_HOME="/workspace/cargo-home" RUSTUP_HOME="/workspace/rustup-home" "/workspace/cargo-home/bin/cargo" "+1.75.0" "fetch" "--manifest-path" "Cargo.toml", kill_on_drop: false }`
[INFO] [stderr]     Updating crates.io index
[INFO] [stderr]  Downloading crates ...
[INFO] [stderr]   Downloaded semver v1.0.10
[INFO] [stderr]   Downloaded serde_yaml v0.8.24
[INFO] [stderr]   Downloaded indexmap v1.8.2
[INFO] [stderr]   Downloaded insta v1.14.1
[INFO] [stderr]   Downloaded katexit v0.1.2
[INFO] [stderr]   Downloaded check_keyword v0.1.1
[INFO] running `Command { std: "docker" "create" "-v" "/var/lib/crater-agent-workspace/builds/worker-4-tc1/target:/opt/rustwide/target:rw,Z" "-v" "/var/lib/crater-agent-workspace/builds/worker-4-tc1/source:/opt/rustwide/workdir:ro,Z" "-v" "/var/lib/crater-agent-workspace/cargo-home:/opt/rustwide/cargo-home:ro,Z" "-v" "/var/lib/crater-agent-workspace/rustup-home:/opt/rustwide/rustup-home:ro,Z" "-e" "SOURCE_DIR=/opt/rustwide/workdir" "-e" "CARGO_TARGET_DIR=/opt/rustwide/target" "-e" "CARGO_HOME=/opt/rustwide/cargo-home" "-e" "RUSTUP_HOME=/opt/rustwide/rustup-home" "-w" "/opt/rustwide/workdir" "-m" "1610612736" "--user" "0:0" "--network" "none" "ghcr.io/rust-lang/crates-build-env/linux@sha256:2788e3201cd34a07e3172128adcd8b3090168a8e3bcc40d7c032b9dda1df7d1c" "/opt/rustwide/cargo-home/bin/cargo" "+1.75.0" "metadata" "--no-deps" "--format-version=1", kill_on_drop: false }`
[INFO] [stdout] 6c7437f1065391a2a46404c04af89465f25d8304e66f26f6ebb1959e3a24613f
[INFO] running `Command { std: "docker" "start" "-a" "6c7437f1065391a2a46404c04af89465f25d8304e66f26f6ebb1959e3a24613f", kill_on_drop: false }`
[INFO] running `Command { std: "docker" "inspect" "6c7437f1065391a2a46404c04af89465f25d8304e66f26f6ebb1959e3a24613f", kill_on_drop: false }`
[INFO] running `Command { std: "docker" "rm" "-f" "6c7437f1065391a2a46404c04af89465f25d8304e66f26f6ebb1959e3a24613f", kill_on_drop: false }`
[INFO] [stdout] 6c7437f1065391a2a46404c04af89465f25d8304e66f26f6ebb1959e3a24613f
[INFO] running `Command { std: "docker" "create" "-v" "/var/lib/crater-agent-workspace/builds/worker-4-tc1/target:/opt/rustwide/target:rw,Z" "-v" "/var/lib/crater-agent-workspace/builds/worker-4-tc1/source:/opt/rustwide/workdir:ro,Z" "-v" "/var/lib/crater-agent-workspace/cargo-home:/opt/rustwide/cargo-home:ro,Z" "-v" "/var/lib/crater-agent-workspace/rustup-home:/opt/rustwide/rustup-home:ro,Z" "-e" "SOURCE_DIR=/opt/rustwide/workdir" "-e" "CARGO_TARGET_DIR=/opt/rustwide/target" "-e" "CARGO_INCREMENTAL=0" "-e" "RUST_BACKTRACE=full" "-e" "RUSTFLAGS=--cap-lints=warn" "-e" "RUSTDOCFLAGS=--cap-lints=warn" "-e" "CARGO_HOME=/opt/rustwide/cargo-home" "-e" "RUSTUP_HOME=/opt/rustwide/rustup-home" "-w" "/opt/rustwide/workdir" "-m" "1610612736" "--user" "0:0" "--network" "none" "ghcr.io/rust-lang/crates-build-env/linux@sha256:2788e3201cd34a07e3172128adcd8b3090168a8e3bcc40d7c032b9dda1df7d1c" "/opt/rustwide/cargo-home/bin/cargo" "+1.75.0" "build" "--frozen" "--message-format=json", kill_on_drop: false }`
[INFO] [stdout] 97cf699a015f63e4cccec7b8998c1159c448c632293105a4d78865d5015661eb
[INFO] running `Command { std: "docker" "start" "-a" "97cf699a015f63e4cccec7b8998c1159c448c632293105a4d78865d5015661eb", kill_on_drop: false }`
[INFO] [stderr]    Compiling proc-macro2 v1.0.39
[INFO] [stderr]    Compiling unicode-ident v1.0.1
[INFO] [stderr]    Compiling syn v1.0.96
[INFO] [stderr]    Compiling memchr v2.5.0
[INFO] [stderr]    Compiling libc v0.2.126
[INFO] [stderr]    Compiling unicode-width v0.1.9
[INFO] [stderr]    Compiling unicode-segmentation v1.9.0
[INFO] [stderr]    Compiling regex-syntax v0.6.26
[INFO] [stderr]    Compiling vec_map v0.8.2
[INFO] [stderr]    Compiling strsim v0.8.0
[INFO] [stderr]    Compiling bitflags v1.3.2
[INFO] [stderr]    Compiling ansi_term v0.12.1
[INFO] [stderr]    Compiling proc-macro-error-attr v1.0.4
[INFO] [stderr]    Compiling proc-macro-error v1.0.4
[INFO] [stderr]    Compiling either v1.6.1
[INFO] [stderr]    Compiling minimal-lexical v0.2.1
[INFO] [stderr]    Compiling textwrap v0.11.0
[INFO] [stderr]    Compiling maplit v1.0.2
[INFO] [stderr]    Compiling itertools v0.10.3
[INFO] [stderr]    Compiling check_keyword v0.1.1
[INFO] [stderr]    Compiling heck v0.3.3
[INFO] [stderr]    Compiling aho-corasick v0.7.18
[INFO] [stderr]    Compiling nom v7.1.1
[INFO] [stderr]    Compiling quote v1.0.18
[INFO] [stderr]    Compiling atty v0.2.14
[INFO] [stderr]    Compiling clap v2.34.0
[INFO] [stderr]    Compiling regex v1.5.6
[INFO] [stderr]    Compiling Inflector v0.11.4
[INFO] [stderr]    Compiling thiserror-impl v1.0.31
[INFO] [stderr]    Compiling structopt-derive v0.4.18
[INFO] [stderr]    Compiling katexit v0.1.2
[INFO] [stderr]    Compiling derive_more v0.99.17
[INFO] [stderr]    Compiling thiserror v1.0.31
[INFO] [stderr]    Compiling structopt v0.3.26
[INFO] [stderr]    Compiling espr v0.3.0 (/opt/rustwide/workdir)
[INFO] [stdout] warning: unused import: `entity::*`
[INFO] [stdout]   --> src/codegen/rust/mod.rs:10:9
[INFO] [stdout]    |
[INFO] [stdout] 10 | pub use entity::*;
[INFO] [stdout]    |         ^^^^^^^^^
[INFO] [stdout]    |
[INFO] [stdout]    = note: `#[warn(unused_imports)]` on by default
[INFO] [stdout] 
[INFO] [stdout] 
[INFO] [stdout] warning: `local_inner_macro` isn't a valid `#[macro_export]` argument
[INFO] [stdout]   --> src/ast/mod.rs:28:16
[INFO] [stdout]    |
[INFO] [stdout] 28 | #[macro_export(local_inner_macro)]
[INFO] [stdout]    |                ^^^^^^^^^^^^^^^^^
[INFO] [stdout]    |
[INFO] [stdout]    = note: `#[warn(invalid_macro_export_arguments)]` on by default
[INFO] [stdout] 
[INFO] [stdout] 
[INFO] [stdout] warning: variable does not need to be mutable
[INFO] [stdout]    --> src/parser/schema.rs:106:13
[INFO] [stdout]     |
[INFO] [stdout] 106 |         for mut param in &mut params {
[INFO] [stdout]     |             ----^^^^^
[INFO] [stdout]     |             |
[INFO] [stdout]     |             help: remove this `mut`
[INFO] [stdout]     |
[INFO] [stdout]     = note: `#[warn(unused_mut)]` on by default
[INFO] [stdout] 
[INFO] [stdout] 
[INFO] [stdout] warning: 3 warnings emitted
[INFO] [stdout] 
[INFO] [stdout] 
[INFO] [stderr]     Finished dev [unoptimized + debuginfo] target(s) in 12.81s
[INFO] running `Command { std: "docker" "inspect" "97cf699a015f63e4cccec7b8998c1159c448c632293105a4d78865d5015661eb", kill_on_drop: false }`
[INFO] running `Command { std: "docker" "rm" "-f" "97cf699a015f63e4cccec7b8998c1159c448c632293105a4d78865d5015661eb", kill_on_drop: false }`
[INFO] [stdout] 97cf699a015f63e4cccec7b8998c1159c448c632293105a4d78865d5015661eb
[INFO] running `Command { std: "docker" "create" "-v" "/var/lib/crater-agent-workspace/builds/worker-4-tc1/target:/opt/rustwide/target:rw,Z" "-v" "/var/lib/crater-agent-workspace/builds/worker-4-tc1/source:/opt/rustwide/workdir:ro,Z" "-v" "/var/lib/crater-agent-workspace/cargo-home:/opt/rustwide/cargo-home:ro,Z" "-v" "/var/lib/crater-agent-workspace/rustup-home:/opt/rustwide/rustup-home:ro,Z" "-e" "SOURCE_DIR=/opt/rustwide/workdir" "-e" "CARGO_TARGET_DIR=/opt/rustwide/target" "-e" "CARGO_INCREMENTAL=0" "-e" "RUST_BACKTRACE=full" "-e" "RUSTFLAGS=--cap-lints=warn" "-e" "RUSTDOCFLAGS=--cap-lints=warn" "-e" "CARGO_HOME=/opt/rustwide/cargo-home" "-e" "RUSTUP_HOME=/opt/rustwide/rustup-home" "-w" "/opt/rustwide/workdir" "-m" "1610612736" "--user" "0:0" "--network" "none" "ghcr.io/rust-lang/crates-build-env/linux@sha256:2788e3201cd34a07e3172128adcd8b3090168a8e3bcc40d7c032b9dda1df7d1c" "/opt/rustwide/cargo-home/bin/cargo" "+1.75.0" "test" "--frozen" "--no-run" "--message-format=json", kill_on_drop: false }`
[INFO] [stdout] 367cc94f57e60cd4bce7d0734b12b2386169412d9ffcec98741a09866f0975d2
[INFO] running `Command { std: "docker" "start" "-a" "367cc94f57e60cd4bce7d0734b12b2386169412d9ffcec98741a09866f0975d2", kill_on_drop: false }`
[INFO] [stderr]    Compiling libc v0.2.126
[INFO] [stderr]    Compiling serde_derive v1.0.137
[INFO] [stderr]    Compiling serde v1.0.137
[INFO] [stderr]    Compiling indexmap v1.8.2
[INFO] [stderr]    Compiling hashbrown v0.11.2
[INFO] [stderr]    Compiling ryu v1.0.10
[INFO] [stderr]    Compiling linked-hash-map v0.5.4
[INFO] [stderr]    Compiling serde_json v1.0.81
[INFO] [stderr]    Compiling itoa v1.0.2
[INFO] [stderr]    Compiling once_cell v1.12.0
[INFO] [stderr]    Compiling similar v2.1.0
[INFO] [stderr]    Compiling yaml-rust v0.4.5
[INFO] [stderr]    Compiling atty v0.2.14
[INFO] [stderr]    Compiling terminal_size v0.1.17
[INFO] [stderr]    Compiling clap v2.34.0
[INFO] [stderr]    Compiling console v0.15.0
[INFO] [stderr]    Compiling structopt v0.3.26
[INFO] [stderr]    Compiling espr v0.3.0 (/opt/rustwide/workdir)
[INFO] [stdout] warning: unused import: `entity::*`
[INFO] [stdout]   --> src/codegen/rust/mod.rs:10:9
[INFO] [stdout]    |
[INFO] [stdout] 10 | pub use entity::*;
[INFO] [stdout]    |         ^^^^^^^^^
[INFO] [stdout]    |
[INFO] [stdout]    = note: `#[warn(unused_imports)]` on by default
[INFO] [stdout] 
[INFO] [stdout] 
[INFO] [stdout] warning: `local_inner_macro` isn't a valid `#[macro_export]` argument
[INFO] [stdout]   --> src/ast/mod.rs:28:16
[INFO] [stdout]    |
[INFO] [stdout] 28 | #[macro_export(local_inner_macro)]
[INFO] [stdout]    |                ^^^^^^^^^^^^^^^^^
[INFO] [stdout]    |
[INFO] [stdout]    = note: `#[warn(invalid_macro_export_arguments)]` on by default
[INFO] [stdout] 
[INFO] [stdout] 
[INFO] [stdout] warning: variable does not need to be mutable
[INFO] [stdout]    --> src/parser/schema.rs:106:13
[INFO] [stdout]     |
[INFO] [stdout] 106 |         for mut param in &mut params {
[INFO] [stdout]     |             ----^^^^^
[INFO] [stdout]     |             |
[INFO] [stdout]     |             help: remove this `mut`
[INFO] [stdout]     |
[INFO] [stdout]     = note: `#[warn(unused_mut)]` on by default
[INFO] [stdout] 
[INFO] [stdout] 
[INFO] [stderr]    Compiling serde_yaml v0.8.24
[INFO] [stdout] warning: 3 warnings emitted
[INFO] [stdout] 
[INFO] [stdout] 
[INFO] [stderr]    Compiling insta v1.14.1
[INFO] [stdout] warning: unused import: `entity::*`
[INFO] [stdout]   --> src/codegen/rust/mod.rs:10:9
[INFO] [stdout]    |
[INFO] [stdout] 10 | pub use entity::*;
[INFO] [stdout]    |         ^^^^^^^^^
[INFO] [stdout]    |
[INFO] [stdout]    = note: `#[warn(unused_imports)]` on by default
[INFO] [stdout] 
[INFO] [stdout] 
[INFO] [stdout] warning: `local_inner_macro` isn't a valid `#[macro_export]` argument
[INFO] [stdout]   --> src/ast/mod.rs:28:16
[INFO] [stdout]    |
[INFO] [stdout] 28 | #[macro_export(local_inner_macro)]
[INFO] [stdout]    |                ^^^^^^^^^^^^^^^^^
[INFO] [stdout]    |
[INFO] [stdout]    = note: `#[warn(invalid_macro_export_arguments)]` on by default
[INFO] [stdout] 
[INFO] [stdout] 
[INFO] [stdout] warning: variable does not need to be mutable
[INFO] [stdout]    --> src/parser/schema.rs:106:13
[INFO] [stdout]     |
[INFO] [stdout] 106 |         for mut param in &mut params {
[INFO] [stdout]     |             ----^^^^^
[INFO] [stdout]     |             |
[INFO] [stdout]     |             help: remove this `mut`
[INFO] [stdout]     |
[INFO] [stdout]     = note: `#[warn(unused_mut)]` on by default
[INFO] [stdout] 
[INFO] [stdout] 
[INFO] [stdout] warning: 3 warnings emitted
[INFO] [stdout] 
[INFO] [stdout] 
[INFO] [stderr]     Finished test [unoptimized + debuginfo] target(s) in 15.38s
[INFO] running `Command { std: "docker" "inspect" "367cc94f57e60cd4bce7d0734b12b2386169412d9ffcec98741a09866f0975d2", kill_on_drop: false }`
[INFO] running `Command { std: "docker" "rm" "-f" "367cc94f57e60cd4bce7d0734b12b2386169412d9ffcec98741a09866f0975d2", kill_on_drop: false }`
[INFO] [stdout] 367cc94f57e60cd4bce7d0734b12b2386169412d9ffcec98741a09866f0975d2
[INFO] running `Command { std: "docker" "create" "-v" "/var/lib/crater-agent-workspace/builds/worker-4-tc1/target:/opt/rustwide/target:rw,Z" "-v" "/var/lib/crater-agent-workspace/builds/worker-4-tc1/source:/opt/rustwide/workdir:ro,Z" "-v" "/var/lib/crater-agent-workspace/cargo-home:/opt/rustwide/cargo-home:ro,Z" "-v" "/var/lib/crater-agent-workspace/rustup-home:/opt/rustwide/rustup-home:ro,Z" "-e" "SOURCE_DIR=/opt/rustwide/workdir" "-e" "CARGO_TARGET_DIR=/opt/rustwide/target" "-e" "CARGO_INCREMENTAL=0" "-e" "RUST_BACKTRACE=full" "-e" "RUSTFLAGS=--cap-lints=warn" "-e" "RUSTDOCFLAGS=--cap-lints=warn" "-e" "CARGO_HOME=/opt/rustwide/cargo-home" "-e" "RUSTUP_HOME=/opt/rustwide/rustup-home" "-w" "/opt/rustwide/workdir" "-m" "1610612736" "--user" "0:0" "--network" "none" "ghcr.io/rust-lang/crates-build-env/linux@sha256:2788e3201cd34a07e3172128adcd8b3090168a8e3bcc40d7c032b9dda1df7d1c" "/opt/rustwide/cargo-home/bin/cargo" "+1.75.0" "test" "--frozen", kill_on_drop: false }`
[INFO] [stdout] 0f636a3d67481c2549753857616b2c9be1ae31308f7ef08775cb44becd0a22a0
[INFO] running `Command { std: "docker" "start" "-a" "0f636a3d67481c2549753857616b2c9be1ae31308f7ef08775cb44becd0a22a0", kill_on_drop: false }`
[INFO] [stderr] warning: unused import: `entity::*`
[INFO] [stderr]   --> src/codegen/rust/mod.rs:10:9
[INFO] [stderr]    |
[INFO] [stderr] 10 | pub use entity::*;
[INFO] [stderr]    |         ^^^^^^^^^
[INFO] [stderr]    |
[INFO] [stderr]    = note: `#[warn(unused_imports)]` on by default
[INFO] [stderr] 
[INFO] [stderr] warning: `local_inner_macro` isn't a valid `#[macro_export]` argument
[INFO] [stderr]   --> src/ast/mod.rs:28:16
[INFO] [stderr]    |
[INFO] [stderr] 28 | #[macro_export(local_inner_macro)]
[INFO] [stderr]    |                ^^^^^^^^^^^^^^^^^
[INFO] [stderr]    |
[INFO] [stderr]    = note: `#[warn(invalid_macro_export_arguments)]` on by default
[INFO] [stderr] 
[INFO] [stderr] warning: variable does not need to be mutable
[INFO] [stderr]    --> src/parser/schema.rs:106:13
[INFO] [stderr]     |
[INFO] [stderr] 106 |         for mut param in &mut params {
[INFO] [stderr]     |             ----^^^^^
[INFO] [stderr]     |             |
[INFO] [stderr]     |             help: remove this `mut`
[INFO] [stderr]     |
[INFO] [stderr]     = note: `#[warn(unused_mut)]` on by default
[INFO] [stderr] 
[INFO] [stderr] warning: `espr` (lib) generated 3 warnings (run `cargo fix --lib -p espr` to apply 2 suggestions)
[INFO] [stderr] warning: `espr` (lib test) generated 3 warnings (3 duplicates)
[INFO] [stderr]     Finished test [unoptimized + debuginfo] target(s) in 0.08s
[INFO] [stderr]      Running unittests src/lib.rs (/opt/rustwide/target/debug/deps/espr-e9821d0677b26b72)
[INFO] [stdout] 
[INFO] [stdout] running 120 tests
[INFO] [stdout] test ir::constraints::tests::constraint_expr_is_in ... ok
[INFO] [stdout] test ir::constraints::tests::constraint_expr_andor ... ok
[INFO] [stdout] test ir::constraints::tests::gather_constraint_expr_person_explicit ... ok
[INFO] [stdout] test ir::constraints::tests::gather_constraint_expr_person_default ... ok
[INFO] [stdout] test ir::constraints::tests::default_constraint ... ok
[INFO] [stdout] test ir::constraints::tests::constraint_oneof ... ok
[INFO] [stdout] test ir::constraints::tests::gather_constraint_expr_person_and ... ok
[INFO] [stdout] test ir::constraints::tests::gather_constraint_expr_person_andor ... ok
[INFO] [stdout] test ir::constraints::tests::gather_constraint_expr_person_and_separate ... ok
[INFO] [stdout] test ir::scope::tests::scope ... ok
[INFO] [stdout] test parser::basis::tests::digit ... ok
[INFO] [stdout] test parser::basis::tests::encoded_character ... ok
[INFO] [stdout] test parser::basis::tests::simple_id_invalid ... ok
[INFO] [stdout] test ir::constraints::tests::supertype_of_andor ... ok
[INFO] [stdout] test parser::basis::tests::hex_digit ... ok
[INFO] [stdout] test parser::basis::tests::simple_id_valid ... ok
[INFO] [stdout] test parser::combinator::tests::comma_separated ... ok
[INFO] [stdout] test ir::constraints::tests::supertype_of_oneof ... ok
[INFO] [stdout] test ast::tests::parse_remarks ... ok
[INFO] [stdout] test ir::namespace::tests::ns_init ... ok
[INFO] [stdout] test ir::constraints::tests::gather_constraint_expr_pet ... ok
[INFO] [stdout] test parser::entity::entity::tests::abstract_entity ... ok
[INFO] [stdout] test parser::basis::tests::letter ... ok
[INFO] [stdout] test parser::entity::domain::tests::where_clause ... ok
[INFO] [stdout] test ir::entity::tests::legalize ... ok
[INFO] [stdout] test ir::constraints::tests::supertype_of_and ... ok
[INFO] [stdout] test ir::schema::tests::legalize ... ok
[INFO] [stdout] test parser::entity::domain::tests::domain_rule ... ok
[INFO] [stdout] test parser::entity::domain::tests::where_clause3 ... ok
[INFO] [stdout] test parser::entity::entity::tests::entity_head ... ok
[INFO] [stdout] test parser::entity::entity::tests::explicit_attr2 ... ok
[INFO] [stdout] test parser::entity::entity::tests::explicit_attr ... ok
[INFO] [stdout] test parser::entity::entity::tests::explicit_attr_optional ... ok
[INFO] [stdout] test parser::entity::entity::tests::entity_decl ... ok
[INFO] [stdout] test parser::entity::entity::tests::entity_unique ... ok
[INFO] [stdout] test parser::entity::entity::tests::one_of ... ok
[INFO] [stdout] test parser::entity::inverse::tests::inverse ... ok
[INFO] [stdout] test parser::entity::derive::tests::derive_clause ... ok
[INFO] [stdout] test parser::entity::domain::tests::where_clause_complex ... ok
[INFO] [stdout] test parser::entity::entity::tests::subtype_of ... ok
[INFO] [stdout] test parser::entity::entity::tests::entity_subtype ... ok
[INFO] [stdout] test parser::entity::unique::tests::unique_clause_termination ... ok
[INFO] [stdout] test parser::entity::unique::tests::unique_clause ... ok
[INFO] [stdout] test parser::entity::inverse::tests::inverse_agg ... ok
[INFO] [stdout] test parser::entity::entity::tests::b_spline_curve ... ok
[INFO] [stdout] test parser::expression::operator::tests::rel_op ... ok
[INFO] [stdout] test parser::expression::aggregate_initializer::tests::aggregate_initializer ... ok
[INFO] [stdout] test parser::expression::aggregate_initializer::tests::aggregate_initializer_empty ... ok
[INFO] [stdout] test parser::expression::primary::tests::function_call ... ok
[INFO] [stdout] test parser::expression::primary::tests::indeterminate ... ok
[INFO] [stdout] test parser::entity::entity::tests::entity_derive ... ok
[INFO] [stdout] test parser::expression::primary::tests::simple ... ok
[INFO] [stdout] test parser::expression::primary::tests::no_qualifier ... ok
[INFO] [stdout] test parser::expression::primary::tests::function_call_builtin ... ok
[INFO] [stdout] test ir::namespace::tests::namespace_debug ... ok
[INFO] [stdout] test parser::expression::primary::tests::range ... ok
[INFO] [stdout] test parser::expression::primary::tests::call_attr ... ok
[INFO] [stdout] test parser::expression::primary::tests::index ... ok
[INFO] [stdout] test parser::expression::simple::tests::binary_relation ... ok
[INFO] [stdout] test parser::entity::entity::tests::entity_ap203_axis2_placement_3d ... ok
[INFO] [stdout] test parser::expression::simple::tests::entity_constructor ... ok
[INFO] [stdout] test parser::expression::simple::tests::call_attr ... ok
[INFO] [stdout] test parser::entity::entity::tests::draughting_presented_item ... ok
[INFO] [stdout] test parser::expression::simple::tests::binary3 ... ok
[INFO] [stdout] test parser::remark::tests::middle_star ... ok
[INFO] [stdout] test parser::literal::tests::real_literal ... ok
[INFO] [stdout] test parser::remark::tests::middle_stars ... ok
[INFO] [stdout] test parser::remark::tests::begin ... ok
[INFO] [stdout] test parser::remark::tests::quoted ... ok
[INFO] [stdout] test parser::expression::simple::tests::binary ... ok
[INFO] [stdout] test parser::expression::simple::tests::unary ... ok
[INFO] [stdout] test parser::remark::tests::end ... ok
[INFO] [stdout] test parser::literal::tests::integer_literal ... ok
[INFO] [stdout] test parser::remark::tests::stars ... ok
[INFO] [stdout] test parser::remark::tests::simple ... ok
[INFO] [stdout] test parser::remark::tests::tag ... ok
[INFO] [stdout] test parser::remark::tests::quoted_end ... ok
[INFO] [stdout] test parser::expression::simple::tests::literal ... ok
[INFO] [stdout] test parser::remark::tests::spaces_or_remarks ... ok
[INFO] [stdout] test parser::schema::tests::formal_parameter1 ... ok
[INFO] [stdout] test parser::schema::tests::formal_parameter2 ... ok
[INFO] [stdout] test parser::remark::tests::remark_tag ... ok
[INFO] [stdout] test parser::expression::simple::tests::relation ... ok
[INFO] [stdout] test parser::expression::simple::tests::relation_self ... ok
[INFO] [stdout] test parser::reserved::tests::is_reserved ... ok
[INFO] [stdout] test parser::remark::tests::tail_remark ... ok
[INFO] [stdout] test parser::expression::simple::tests::qualifiable_factor ... ok
[INFO] [stdout] test parser::expression::simple::tests::interval ... ok
[INFO] [stdout] test parser::schema::tests::local2 ... ok
[INFO] [stdout] test parser::schema::tests::local1 ... ok
[INFO] [stdout] test parser::schema::tests::constant ... ok
[INFO] [stdout] test parser::stmt::tests::procedure_call ... ok
[INFO] [stdout] test parser::stmt::tests::if_then_else ... ok
[INFO] [stdout] test parser::schema::tests::schema ... ok
[INFO] [stdout] test parser::stmt::tests::repeat_until ... ok
[INFO] [stdout] test parser::stmt::tests::repeat_increment ... ok
[INFO] [stdout] test parser::schema::tests::function_generic_entity ... ok
[INFO] [stdout] test parser::stmt::tests::return_none ... ok
[INFO] [stdout] test parser::stmt::tests::if_then ... ok
[INFO] [stdout] test parser::stmt::tests::skip ... ok
[INFO] [stdout] test parser::types::enumeration::tests::enumeration_type ... ok
[INFO] [stdout] test parser::types::enumeration::tests::extensible ... ok
[INFO] [stdout] test parser::types::select::tests::select ... ok
[INFO] [stdout] test parser::types::generalized::tests::named ... ok
[INFO] [stdout] test parser::subsuper::tests::subtype_constraint_oneof ... ok
[INFO] [stdout] test parser::types::simple::tests::string ... ok
[INFO] [stdout] test parser::types::generalized::tests::simple ... ok
[INFO] [stdout] test parser::schema::tests::function_generic ... ok
[INFO] [stdout] test parser::types::simple::tests::binary ... ok
[INFO] [stdout] test parser::types::generalized::tests::set ... ok
[INFO] [stdout] test parser::stmt::tests::return_expr2 ... ok
[INFO] [stdout] test parser::schema::tests::function_aggregate ... ok
[INFO] [stdout] test parser::schema::tests::function_ap201_bag_to_set ... ok
[INFO] [stdout] test parser::schema::tests::rule1 ... ok
[INFO] [stdout] test parser::types::tests::type_decl ... ok
[INFO] [stdout] test parser::stmt::tests::return_expr1 ... ok
[INFO] [stdout] test parser::stmt::tests::alias ... ok
[INFO] [stdout] test parser::schema::tests::function_ap201_valid_calendar_date ... ok
[INFO] [stdout] test parser::types::tests::type_decl_where ... ok
[INFO] [stdout] test parser::schema::tests::rule2 ... ok
[INFO] [stdout] 
[INFO] [stdout] test result: ok. 120 passed; 0 failed; 0 ignored; 0 measured; 0 filtered out; finished in 0.07s
[INFO] [stdout] 
[INFO] [stderr]      Running unittests src/bin/esprc.rs (/opt/rustwide/target/debug/deps/esprc-8094f3dfe94f24ad)
[INFO] [stdout] 
[INFO] [stdout] running 0 tests
[INFO] [stdout] 
[INFO] [stdout] test result: ok. 0 passed; 0 failed; 0 ignored; 0 measured; 0 filtered out; finished in 0.00s
[INFO] [stdout] 
[INFO] [stderr]      Running tests/any.rs (/opt/rustwide/target/debug/deps/any-c3b5b386c4c234d7)
[INFO] [stdout] 
[INFO] [stdout] running 1 test
[INFO] [stderr] error: 'rustfmt' is not installed for the toolchain '1.75.0-x86_64-unknown-linux-gnu'
[INFO] [stderr] To install, run `rustup component add rustfmt --toolchain 1.75.0-x86_64-unknown-linux-gnu`
[INFO] [stdout] test any ... FAILED
[INFO] [stdout] 
[INFO] [stdout] failures:
[INFO] [stdout] 
[INFO] [stdout] ---- any stdout ----
[INFO] [stdout] ━━━━━━━━━━━━━━━━━━━━━━━━━━━━━ Snapshot Differences ━━━━━━━━━━━━━━━━━━━━━━━━━━━━━
[INFO] [stdout] Snapshot: any
[INFO] [stdout] Source: tests/any.rs:27
[INFO] [stdout] -old snapshot
[INFO] [stdout] +new results
[INFO] [stdout] ────────────────────────────────────────────────────────────────────────────────
[INFO] [stdout] tt
[INFO] [stdout] ────────────┬───────────────────────────────────────────────────────────────────
[INFO] [stdout]     0       │-pub mod test_schema {
[INFO] [stdout]     1       │-    use ruststep::{as_holder, derive_more::*, primitive::*, Holder, TableInit};
[INFO] [stdout]     2       │-    use std::collections::HashMap;
[INFO] [stdout]     3       │-    #[derive(Debug, Clone, PartialEq, Default, TableInit)]
[INFO] [stdout]     4       │-    pub struct Tables {
[INFO] [stdout]     5       │-        base: HashMap<u64, as_holder!(Base)>,
[INFO] [stdout]     6       │-        sub1: HashMap<u64, as_holder!(Sub1)>,
[INFO] [stdout]     7       │-        sub2: HashMap<u64, as_holder!(Sub2)>,
[INFO] [stdout]     8       │-    }
[INFO] [stdout]     9       │-    impl Tables {
[INFO] [stdout]    10       │-        pub fn base_holders(&self) -> &HashMap<u64, as_holder!(Base)> {
[INFO] [stdout]    11       │-            &self.base
[INFO] [stdout]    12       │-        }
[INFO] [stdout]    13       │-        pub fn sub1_holders(&self) -> &HashMap<u64, as_holder!(Sub1)> {
[INFO] [stdout]    14       │-            &self.sub1
[INFO] [stdout]    15       │-        }
[INFO] [stdout]    16       │-        pub fn sub2_holders(&self) -> &HashMap<u64, as_holder!(Sub2)> {
[INFO] [stdout]    17       │-            &self.sub2
[INFO] [stdout]    18       │-        }
[INFO] [stdout]    19       │-    }
[INFO] [stdout]    20       │-    #[derive(Debug, Clone, PartialEq, :: derive_new :: new, Holder)]
[INFO] [stdout]    21       │-    # [holder (table = Tables)]
[INFO] [stdout]    22       │-    # [holder (field = base)]
[INFO] [stdout]    23       │-    #[holder(generate_deserialize)]
[INFO] [stdout]    24       │-    pub struct Base {
[INFO] [stdout]    25       │-        pub x: f64,
[INFO] [stdout]    26       │-    }
[INFO] [stdout]    27       │-    #[derive(Debug, Clone, PartialEq, Holder)]
[INFO] [stdout]    28       │-    # [holder (table = Tables)]
[INFO] [stdout]    29       │-    #[holder(generate_deserialize)]
[INFO] [stdout]    30       │-    pub enum BaseAny {
[INFO] [stdout]    31       │-        #[holder(use_place_holder)]
[INFO] [stdout]    32       │-        # [holder (field = base)]
[INFO] [stdout]    33       │-        Base(Box<Base>),
[INFO] [stdout]    34       │-        #[holder(use_place_holder)]
[INFO] [stdout]    35       │-        # [holder (field = sub1)]
[INFO] [stdout]    36       │-        Sub1(Box<Sub1>),
[INFO] [stdout]    37       │-        #[holder(use_place_holder)]
[INFO] [stdout]    38       │-        # [holder (field = sub2)]
[INFO] [stdout]    39       │-        Sub2(Box<Sub2>),
[INFO] [stdout]    40       │-    }
[INFO] [stdout]    41       │-    impl Into<BaseAny> for Base {
[INFO] [stdout]    42       │-        fn into(self) -> BaseAny {
[INFO] [stdout]    43       │-            BaseAny::Base(Box::new(self))
[INFO] [stdout]    44       │-        }
[INFO] [stdout]    45       │-    }
[INFO] [stdout]    46       │-    impl Into<BaseAny> for Sub1 {
[INFO] [stdout]    47       │-        fn into(self) -> BaseAny {
[INFO] [stdout]    48       │-            BaseAny::Sub1(Box::new(self.into()))
[INFO] [stdout]    49       │-        }
[INFO] [stdout]    50       │-    }
[INFO] [stdout]    51       │-    impl Into<BaseAny> for Sub2 {
[INFO] [stdout]    52       │-        fn into(self) -> BaseAny {
[INFO] [stdout]    53       │-            BaseAny::Sub2(Box::new(self.into()))
[INFO] [stdout]    54       │-        }
[INFO] [stdout]    55       │-    }
[INFO] [stdout]    56       │-    impl AsRef<Base> for BaseAny {
[INFO] [stdout]    57       │-        fn as_ref(&self) -> &Base {
[INFO] [stdout]    58       │-            match self {
[INFO] [stdout]    59       │-                BaseAny::Base(x) => x.as_ref(),
[INFO] [stdout]    60       │-                BaseAny::Sub1(x) => (**x).as_ref(),
[INFO] [stdout]    61       │-                BaseAny::Sub2(x) => (**x).as_ref(),
[INFO] [stdout]    62       │-            }
[INFO] [stdout]    63       │-        }
[INFO] [stdout]    64       │-    }
[INFO] [stdout]    65       │-    #[derive(
[INFO] [stdout]    66       │-        Debug, Clone, PartialEq, :: derive_new :: new, Holder, AsRef, AsMut, Deref, DerefMut,
[INFO] [stdout]    67       │-    )]
[INFO] [stdout]    68       │-    # [holder (table = Tables)]
[INFO] [stdout]    69       │-    # [holder (field = sub1)]
[INFO] [stdout]    70       │-    #[holder(generate_deserialize)]
[INFO] [stdout]    71       │-    pub struct Sub1 {
[INFO] [stdout]    72       │-        #[as_ref]
[INFO] [stdout]    73       │-        #[as_mut]
[INFO] [stdout]    74       │-        #[deref]
[INFO] [stdout]    75       │-        #[deref_mut]
[INFO] [stdout]    76       │-        #[holder(use_place_holder)]
[INFO] [stdout]    77       │-        pub base: Base,
[INFO] [stdout]    78       │-        pub y1: f64,
[INFO] [stdout]    79       │-    }
[INFO] [stdout]    80       │-    #[derive(
[INFO] [stdout]    81       │-        Debug, Clone, PartialEq, :: derive_new :: new, Holder, AsRef, AsMut, Deref, DerefMut,
[INFO] [stdout]    82       │-    )]
[INFO] [stdout]    83       │-    # [holder (table = Tables)]
[INFO] [stdout]    84       │-    # [holder (field = sub2)]
[INFO] [stdout]    85       │-    #[holder(generate_deserialize)]
[INFO] [stdout]    86       │-    pub struct Sub2 {
[INFO] [stdout]    87       │-        #[as_ref]
[INFO] [stdout]    88       │-        #[as_mut]
[INFO] [stdout]    89       │-        #[deref]
[INFO] [stdout]    90       │-        #[deref_mut]
[INFO] [stdout]    91       │-        #[holder(use_place_holder)]
[INFO] [stdout]    92       │-        pub base: Base,
[INFO] [stdout]    93       │-        pub y2: f64,
[INFO] [stdout]    94       │-    }
[INFO] [stdout]    95       │-}
[INFO] [stdout] ────────────┴───────────────────────────────────────────────────────────────────
[INFO] [stdout] thread 'any' panicked at tests/any.rs:27:5:
[INFO] [stdout] called `Result::unwrap()` on an `Err` value: Os { code: 30, kind: ReadOnlyFilesystem, message: "Read-only file system" }
[INFO] [stdout] stack backtrace:
[INFO] [stdout]    0:     0x5613c2bc504c - std::backtrace_rs::backtrace::libunwind::trace::ha637c64ce894333a
[INFO] [stdout]                                at /rustc/82e1608dfa6e0b5569232559e3d385fea5a93112/library/std/src/../../backtrace/src/backtrace/libunwind.rs:104:5
[INFO] [stdout]    1:     0x5613c2bc504c - std::backtrace_rs::backtrace::trace_unsynchronized::h47f62dea28e0c88d
[INFO] [stdout]                                at /rustc/82e1608dfa6e0b5569232559e3d385fea5a93112/library/std/src/../../backtrace/src/backtrace/mod.rs:66:5
[INFO] [stdout]    2:     0x5613c2bc504c - std::sys_common::backtrace::_print_fmt::h9eef0abe20ede486
[INFO] [stdout]                                at /rustc/82e1608dfa6e0b5569232559e3d385fea5a93112/library/std/src/sys_common/backtrace.rs:67:5
[INFO] [stdout]    3:     0x5613c2bc504c - <std::sys_common::backtrace::_print::DisplayBacktrace as core::fmt::Display>::fmt::hed7f999df88cc644
[INFO] [stdout]                                at /rustc/82e1608dfa6e0b5569232559e3d385fea5a93112/library/std/src/sys_common/backtrace.rs:44:22
[INFO] [stdout]    4:     0x5613c2bf0dc0 - core::fmt::rt::Argument::fmt::h1539a9308b8d058d
[INFO] [stdout]                                at /rustc/82e1608dfa6e0b5569232559e3d385fea5a93112/library/core/src/fmt/rt.rs:142:9
[INFO] [stdout]    5:     0x5613c2bf0dc0 - core::fmt::write::h3a39390d8560d9c9
[INFO] [stdout]                                at /rustc/82e1608dfa6e0b5569232559e3d385fea5a93112/library/core/src/fmt/mod.rs:1120:17
[INFO] [stdout]    6:     0x5613c2bc1eef - std::io::Write::write_fmt::h040b369f3a0f9cbc
[INFO] [stdout]                                at /rustc/82e1608dfa6e0b5569232559e3d385fea5a93112/library/std/src/io/mod.rs:1762:15
[INFO] [stdout]    7:     0x5613c2bc4e34 - std::sys_common::backtrace::_print::h894006fb5c6f3d45
[INFO] [stdout]                                at /rustc/82e1608dfa6e0b5569232559e3d385fea5a93112/library/std/src/sys_common/backtrace.rs:47:5
[INFO] [stdout]    8:     0x5613c2bc4e34 - std::sys_common::backtrace::print::h23a2d212c6fff936
[INFO] [stdout]                                at /rustc/82e1608dfa6e0b5569232559e3d385fea5a93112/library/std/src/sys_common/backtrace.rs:34:9
[INFO] [stdout]    9:     0x5613c2bc6af7 - std::panicking::default_hook::{{closure}}::h8a1d2ee00185001a
[INFO] [stdout]   10:     0x5613c2bc67e3 - std::panicking::default_hook::h6038f2eba384e475
[INFO] [stdout]                                at /rustc/82e1608dfa6e0b5569232559e3d385fea5a93112/library/std/src/panicking.rs:289:9
[INFO] [stdout]   11:     0x5613c28b44f7 - <alloc::boxed::Box<F,A> as core::ops::function::Fn<Args>>::call::h0ad024c9bdc6d768
[INFO] [stdout]                                at /rustc/82e1608dfa6e0b5569232559e3d385fea5a93112/library/alloc/src/boxed.rs:2021:9
[INFO] [stdout]   12:     0x5613c28b44f7 - test::test_main::{{closure}}::h7500b54257359db6
[INFO] [stdout]                                at /rustc/82e1608dfa6e0b5569232559e3d385fea5a93112/library/test/src/lib.rs:138:21
[INFO] [stdout]   13:     0x5613c2bc7108 - <alloc::boxed::Box<F,A> as core::ops::function::Fn<Args>>::call::h1f8f335eaa9cfaee
[INFO] [stdout]                                at /rustc/82e1608dfa6e0b5569232559e3d385fea5a93112/library/alloc/src/boxed.rs:2021:9
[INFO] [stdout]   14:     0x5613c2bc7108 - std::panicking::rust_panic_with_hook::h2b5517d590cab22e
[INFO] [stdout]                                at /rustc/82e1608dfa6e0b5569232559e3d385fea5a93112/library/std/src/panicking.rs:783:13
[INFO] [stdout]   15:     0x5613c2bc6e5e - std::panicking::begin_panic_handler::{{closure}}::h233112c06e0ef43e
[INFO] [stdout]                                at /rustc/82e1608dfa6e0b5569232559e3d385fea5a93112/library/std/src/panicking.rs:657:13
[INFO] [stdout]   16:     0x5613c2bc5516 - std::sys_common::backtrace::__rust_end_short_backtrace::h6e893f24d7ebbff8
[INFO] [stdout]                                at /rustc/82e1608dfa6e0b5569232559e3d385fea5a93112/library/std/src/sys_common/backtrace.rs:170:18
[INFO] [stdout]   17:     0x5613c2bc6bc2 - rust_begin_unwind
[INFO] [stdout]                                at /rustc/82e1608dfa6e0b5569232559e3d385fea5a93112/library/std/src/panicking.rs:645:5
[INFO] [stdout]   18:     0x5613c2746a65 - core::panicking::panic_fmt::hbf0e066aabfa482c
[INFO] [stdout]                                at /rustc/82e1608dfa6e0b5569232559e3d385fea5a93112/library/core/src/panicking.rs:72:14
[INFO] [stdout]   19:     0x5613c2747053 - core::result::unwrap_failed::hddb4fea594200c52
[INFO] [stdout]                                at /rustc/82e1608dfa6e0b5569232559e3d385fea5a93112/library/core/src/result.rs:1653:5
[INFO] [stdout]   20:     0x5613c274826c - core::result::Result<T,E>::unwrap::he60f7f0b2771ddae
[INFO] [stdout]                                at /rustc/82e1608dfa6e0b5569232559e3d385fea5a93112/library/core/src/result.rs:1077:23
[INFO] [stdout]   21:     0x5613c274921c - any::any::hdf7fc86370c08b16
[INFO] [stdout]                                at /opt/rustwide/workdir/tests/any.rs:27:5
[INFO] [stdout]   22:     0x5613c2748d67 - any::any::{{closure}}::hf7fddba434e3cca3
[INFO] [stdout]                                at /opt/rustwide/workdir/tests/any.rs:20:9
[INFO] [stdout]   23:     0x5613c2747a96 - core::ops::function::FnOnce::call_once::he8a64126912c98da
[INFO] [stdout]                                at /rustc/82e1608dfa6e0b5569232559e3d385fea5a93112/library/core/src/ops/function.rs:250:5
[INFO] [stdout]   24:     0x5613c28b9b4f - core::ops::function::FnOnce::call_once::h2b5d431d5046312d
[INFO] [stdout]                                at /rustc/82e1608dfa6e0b5569232559e3d385fea5a93112/library/core/src/ops/function.rs:250:5
[INFO] [stdout]   25:     0x5613c28b9b4f - test::__rust_begin_short_backtrace::h7714669af176e207
[INFO] [stdout]                                at /rustc/82e1608dfa6e0b5569232559e3d385fea5a93112/library/test/src/lib.rs:628:18
[INFO] [stdout]   26:     0x5613c28b8b65 - test::run_test_in_process::{{closure}}::h85218797dcbcec12
[INFO] [stdout]                                at /rustc/82e1608dfa6e0b5569232559e3d385fea5a93112/library/test/src/lib.rs:651:60
[INFO] [stdout]   27:     0x5613c28b8b65 - <core::panic::unwind_safe::AssertUnwindSafe<F> as core::ops::function::FnOnce<()>>::call_once::h76c106ea31c14d7b
[INFO] [stdout]                                at /rustc/82e1608dfa6e0b5569232559e3d385fea5a93112/library/core/src/panic/unwind_safe.rs:272:9
[INFO] [stdout]   28:     0x5613c28b8b65 - std::panicking::try::do_call::h3bd5d0f6620ee946
[INFO] [stdout]                                at /rustc/82e1608dfa6e0b5569232559e3d385fea5a93112/library/std/src/panicking.rs:552:40
[INFO] [stdout]   29:     0x5613c28b8b65 - std::panicking::try::h232e535e4744fe31
[INFO] [stdout]                                at /rustc/82e1608dfa6e0b5569232559e3d385fea5a93112/library/std/src/panicking.rs:516:19
[INFO] [stdout]   30:     0x5613c28b8b65 - std::panic::catch_unwind::h3ce3bd6ca8dbac68
[INFO] [stdout]                                at /rustc/82e1608dfa6e0b5569232559e3d385fea5a93112/library/std/src/panic.rs:142:14
[INFO] [stdout]   31:     0x5613c28b8b65 - test::run_test_in_process::hc97b257c9621286a
[INFO] [stdout]                                at /rustc/82e1608dfa6e0b5569232559e3d385fea5a93112/library/test/src/lib.rs:651:27
[INFO] [stdout]   32:     0x5613c28b8b65 - test::run_test::{{closure}}::h2aa798823a438d38
[INFO] [stdout]                                at /rustc/82e1608dfa6e0b5569232559e3d385fea5a93112/library/test/src/lib.rs:574:43
[INFO] [stdout]   33:     0x5613c2880e26 - test::run_test::{{closure}}::h87d231c78fb59832
[INFO] [stdout]                                at /rustc/82e1608dfa6e0b5569232559e3d385fea5a93112/library/test/src/lib.rs:602:41
[INFO] [stdout]   34:     0x5613c2880e26 - std::sys_common::backtrace::__rust_begin_short_backtrace::he6df152596625789
[INFO] [stdout]                                at /rustc/82e1608dfa6e0b5569232559e3d385fea5a93112/library/std/src/sys_common/backtrace.rs:154:18
[INFO] [stdout]   35:     0x5613c2885ed7 - std::thread::Builder::spawn_unchecked_::{{closure}}::{{closure}}::ha94be15d1e0acf36
[INFO] [stdout]                                at /rustc/82e1608dfa6e0b5569232559e3d385fea5a93112/library/std/src/thread/mod.rs:529:17
[INFO] [stdout]   36:     0x5613c2885ed7 - <core::panic::unwind_safe::AssertUnwindSafe<F> as core::ops::function::FnOnce<()>>::call_once::h9dc6bd6372f16606
[INFO] [stdout]                                at /rustc/82e1608dfa6e0b5569232559e3d385fea5a93112/library/core/src/panic/unwind_safe.rs:272:9
[INFO] [stdout]   37:     0x5613c2885ed7 - std::panicking::try::do_call::h9057517f80303cd4
[INFO] [stdout]                                at /rustc/82e1608dfa6e0b5569232559e3d385fea5a93112/library/std/src/panicking.rs:552:40
[INFO] [stdout]   38:     0x5613c2885ed7 - std::panicking::try::he3a30b11ee45340c
[INFO] [stdout]                                at /rustc/82e1608dfa6e0b5569232559e3d385fea5a93112/library/std/src/panicking.rs:516:19
[INFO] [stdout]   39:     0x5613c2885ed7 - std::panic::catch_unwind::h410458cfd3528b8b
[INFO] [stdout]                                at /rustc/82e1608dfa6e0b5569232559e3d385fea5a93112/library/std/src/panic.rs:142:14
[INFO] [stdout]   40:     0x5613c2885ed7 - std::thread::Builder::spawn_unchecked_::{{closure}}::h72ac3bdb567b737b
[INFO] [stdout]                                at /rustc/82e1608dfa6e0b5569232559e3d385fea5a93112/library/std/src/thread/mod.rs:528:30
[INFO] [stdout]   41:     0x5613c2885ed7 - core::ops::function::FnOnce::call_once{{vtable.shim}}::h38f34da3654a8344
[INFO] [stdout]                                at /rustc/82e1608dfa6e0b5569232559e3d385fea5a93112/library/core/src/ops/function.rs:250:5
[INFO] [stdout]   42:     0x5613c2bcbf65 - <alloc::boxed::Box<F,A> as core::ops::function::FnOnce<Args>>::call_once::hc7eafaff61e32df9
[INFO] [stdout]                                at /rustc/82e1608dfa6e0b5569232559e3d385fea5a93112/library/alloc/src/boxed.rs:2007:9
[INFO] [stdout]   43:     0x5613c2bcbf65 - <alloc::boxed::Box<F,A> as core::ops::function::FnOnce<Args>>::call_once::h6ba4a5de48dd2304
[INFO] [stdout]                                at /rustc/82e1608dfa6e0b5569232559e3d385fea5a93112/library/alloc/src/boxed.rs:2007:9
[INFO] [stdout]   44:     0x5613c2bcbf65 - std::sys::unix::thread::Thread::new::thread_start::he469335aef763e45
[INFO] [stdout]                                at /rustc/82e1608dfa6e0b5569232559e3d385fea5a93112/library/std/src/sys/unix/thread.rs:108:17
[INFO] [stdout]   45:     0x7f76e4d8eac3 - <unknown>
[INFO] [stdout]   46:     0x7f76e4e1fbf4 - __clone
[INFO] [stdout]   47:                0x0 - <unknown>
[INFO] [stdout] 
[INFO] [stdout] 
[INFO] [stdout] failures:
[INFO] [stdout]     any
[INFO] [stdout] 
[INFO] [stdout] test result: FAILED. 0 passed; 1 failed; 0 ignored; 0 measured; 0 filtered out; finished in 1.77s
[INFO] [stdout] 
[INFO] [stderr] error: test failed, to rerun pass `--test any`
[INFO] running `Command { std: "docker" "inspect" "0f636a3d67481c2549753857616b2c9be1ae31308f7ef08775cb44becd0a22a0", kill_on_drop: false }`
[INFO] running `Command { std: "docker" "rm" "-f" "0f636a3d67481c2549753857616b2c9be1ae31308f7ef08775cb44becd0a22a0", kill_on_drop: false }`
[INFO] [stdout] 0f636a3d67481c2549753857616b2c9be1ae31308f7ef08775cb44becd0a22a0
[INFO] testing espr-0.3.0 against beta-2023-12-22 for beta-1.76-1
[INFO] extracting crate espr 0.3.0 into /workspace/builds/worker-4-tc2/source
[INFO] validating manifest of crates.io crate espr 0.3.0 on toolchain beta-2023-12-22
[INFO] running `Command { std: CARGO_HOME="/workspace/cargo-home" RUSTUP_HOME="/workspace/rustup-home" "/workspace/cargo-home/bin/cargo" "+beta-2023-12-22" "metadata" "--manifest-path" "Cargo.toml" "--no-deps", kill_on_drop: false }`
[INFO] started tweaking crates.io crate espr 0.3.0
[INFO] finished tweaking crates.io crate espr 0.3.0
[INFO] tweaked toml for crates.io crate espr 0.3.0 written to /workspace/builds/worker-4-tc2/source/Cargo.toml
[INFO] crate crates.io crate espr 0.3.0 already has a lockfile, it will not be regenerated
[INFO] running `Command { std: CARGO_HOME="/workspace/cargo-home" RUSTUP_HOME="/workspace/rustup-home" "/workspace/cargo-home/bin/cargo" "+beta-2023-12-22" "fetch" "--manifest-path" "Cargo.toml", kill_on_drop: false }`
[INFO] [stderr]     Blocking waiting for file lock on package cache
[INFO] [stderr]     Blocking waiting for file lock on package cache
[INFO] running `Command { std: "docker" "create" "-v" "/var/lib/crater-agent-workspace/builds/worker-4-tc2/target:/opt/rustwide/target:rw,Z" "-v" "/var/lib/crater-agent-workspace/builds/worker-4-tc2/source:/opt/rustwide/workdir:ro,Z" "-v" "/var/lib/crater-agent-workspace/cargo-home:/opt/rustwide/cargo-home:ro,Z" "-v" "/var/lib/crater-agent-workspace/rustup-home:/opt/rustwide/rustup-home:ro,Z" "-e" "SOURCE_DIR=/opt/rustwide/workdir" "-e" "CARGO_TARGET_DIR=/opt/rustwide/target" "-e" "CARGO_HOME=/opt/rustwide/cargo-home" "-e" "RUSTUP_HOME=/opt/rustwide/rustup-home" "-w" "/opt/rustwide/workdir" "-m" "1610612736" "--user" "0:0" "--network" "none" "ghcr.io/rust-lang/crates-build-env/linux@sha256:2788e3201cd34a07e3172128adcd8b3090168a8e3bcc40d7c032b9dda1df7d1c" "/opt/rustwide/cargo-home/bin/cargo" "+beta-2023-12-22" "metadata" "--no-deps" "--format-version=1", kill_on_drop: false }`
[INFO] [stdout] 3619e0ee50aa71d54c6e2e621a1b1a71eec1d1ec0d3fe3c51ec9b4488d5e80df
[INFO] running `Command { std: "docker" "start" "-a" "3619e0ee50aa71d54c6e2e621a1b1a71eec1d1ec0d3fe3c51ec9b4488d5e80df", kill_on_drop: false }`
[INFO] running `Command { std: "docker" "inspect" "3619e0ee50aa71d54c6e2e621a1b1a71eec1d1ec0d3fe3c51ec9b4488d5e80df", kill_on_drop: false }`
[INFO] running `Command { std: "docker" "rm" "-f" "3619e0ee50aa71d54c6e2e621a1b1a71eec1d1ec0d3fe3c51ec9b4488d5e80df", kill_on_drop: false }`
[INFO] [stdout] 3619e0ee50aa71d54c6e2e621a1b1a71eec1d1ec0d3fe3c51ec9b4488d5e80df
[INFO] running `Command { std: "docker" "create" "-v" "/var/lib/crater-agent-workspace/builds/worker-4-tc2/target:/opt/rustwide/target:rw,Z" "-v" "/var/lib/crater-agent-workspace/builds/worker-4-tc2/source:/opt/rustwide/workdir:ro,Z" "-v" "/var/lib/crater-agent-workspace/cargo-home:/opt/rustwide/cargo-home:ro,Z" "-v" "/var/lib/crater-agent-workspace/rustup-home:/opt/rustwide/rustup-home:ro,Z" "-e" "SOURCE_DIR=/opt/rustwide/workdir" "-e" "CARGO_TARGET_DIR=/opt/rustwide/target" "-e" "CARGO_INCREMENTAL=0" "-e" "RUST_BACKTRACE=full" "-e" "RUSTFLAGS=--cap-lints=warn" "-e" "RUSTDOCFLAGS=--cap-lints=warn" "-e" "CARGO_HOME=/opt/rustwide/cargo-home" "-e" "RUSTUP_HOME=/opt/rustwide/rustup-home" "-w" "/opt/rustwide/workdir" "-m" "1610612736" "--user" "0:0" "--network" "none" "ghcr.io/rust-lang/crates-build-env/linux@sha256:2788e3201cd34a07e3172128adcd8b3090168a8e3bcc40d7c032b9dda1df7d1c" "/opt/rustwide/cargo-home/bin/cargo" "+beta-2023-12-22" "build" "--frozen" "--message-format=json", kill_on_drop: false }`
[INFO] [stdout] 1d4bd12b1151bee25da67e44ec6d132bbc3fc30a674371ab8dc9e4a177bd74ac
[INFO] running `Command { std: "docker" "start" "-a" "1d4bd12b1151bee25da67e44ec6d132bbc3fc30a674371ab8dc9e4a177bd74ac", kill_on_drop: false }`
[INFO] [stderr]    Compiling proc-macro2 v1.0.39
[INFO] [stderr]    Compiling unicode-ident v1.0.1
[INFO] [stderr]    Compiling syn v1.0.96
[INFO] [stderr]    Compiling memchr v2.5.0
[INFO] [stderr]    Compiling libc v0.2.126
[INFO] [stderr]    Compiling unicode-width v0.1.9
[INFO] [stderr]    Compiling unicode-segmentation v1.9.0
[INFO] [stderr]    Compiling ansi_term v0.12.1
[INFO] [stderr]    Compiling strsim v0.8.0
[INFO] [stderr]    Compiling bitflags v1.3.2
[INFO] [stderr]    Compiling vec_map v0.8.2
[INFO] [stderr]    Compiling regex-syntax v0.6.26
[INFO] [stderr]    Compiling proc-macro-error-attr v1.0.4
[INFO] [stderr]    Compiling proc-macro-error v1.0.4
[INFO] [stderr]    Compiling either v1.6.1
[INFO] [stderr]    Compiling textwrap v0.11.0
[INFO] [stderr]    Compiling minimal-lexical v0.2.1
[INFO] [stderr]    Compiling maplit v1.0.2
[INFO] [stderr]    Compiling itertools v0.10.3
[INFO] [stderr]    Compiling check_keyword v0.1.1
[INFO] [stderr]    Compiling heck v0.3.3
[INFO] [stderr]    Compiling aho-corasick v0.7.18
[INFO] [stderr]    Compiling nom v7.1.1
[INFO] [stderr]    Compiling quote v1.0.18
[INFO] [stderr]    Compiling atty v0.2.14
[INFO] [stderr]    Compiling clap v2.34.0
[INFO] [stderr]    Compiling regex v1.5.6
[INFO] [stderr]    Compiling Inflector v0.11.4
[INFO] [stderr]    Compiling structopt-derive v0.4.18
[INFO] [stderr]    Compiling thiserror-impl v1.0.31
[INFO] [stderr]    Compiling katexit v0.1.2
[INFO] [stderr]    Compiling derive_more v0.99.17
[INFO] [stderr]    Compiling thiserror v1.0.31
[INFO] [stderr]    Compiling structopt v0.3.26
[INFO] [stderr]    Compiling espr v0.3.0 (/opt/rustwide/workdir)
[INFO] [stdout] warning: unused import: `entity::*`
[INFO] [stdout]   --> src/codegen/rust/mod.rs:10:9
[INFO] [stdout]    |
[INFO] [stdout] 10 | pub use entity::*;
[INFO] [stdout]    |         ^^^^^^^^^
[INFO] [stdout]    |
[INFO] [stdout]    = note: `#[warn(unused_imports)]` on by default
[INFO] [stdout] 
[INFO] [stdout] 
[INFO] [stdout] warning: `local_inner_macro` isn't a valid `#[macro_export]` argument
[INFO] [stdout]   --> src/ast/mod.rs:28:16
[INFO] [stdout]    |
[INFO] [stdout] 28 | #[macro_export(local_inner_macro)]
[INFO] [stdout]    |                ^^^^^^^^^^^^^^^^^
[INFO] [stdout]    |
[INFO] [stdout]    = note: `#[warn(invalid_macro_export_arguments)]` on by default
[INFO] [stdout] 
[INFO] [stdout] 
[INFO] [stdout] warning: variable does not need to be mutable
[INFO] [stdout]    --> src/parser/schema.rs:106:13
[INFO] [stdout]     |
[INFO] [stdout] 106 |         for mut param in &mut params {
[INFO] [stdout]     |             ----^^^^^
[INFO] [stdout]     |             |
[INFO] [stdout]     |             help: remove this `mut`
[INFO] [stdout]     |
[INFO] [stdout]     = note: `#[warn(unused_mut)]` on by default
[INFO] [stdout] 
[INFO] [stdout] 
[INFO] [stdout] warning: 3 warnings emitted
[INFO] [stdout] 
[INFO] [stdout] 
[INFO] [stderr]     Finished dev [unoptimized + debuginfo] target(s) in 18.91s
[INFO] running `Command { std: "docker" "inspect" "1d4bd12b1151bee25da67e44ec6d132bbc3fc30a674371ab8dc9e4a177bd74ac", kill_on_drop: false }`
[INFO] running `Command { std: "docker" "rm" "-f" "1d4bd12b1151bee25da67e44ec6d132bbc3fc30a674371ab8dc9e4a177bd74ac", kill_on_drop: false }`
[INFO] [stdout] 1d4bd12b1151bee25da67e44ec6d132bbc3fc30a674371ab8dc9e4a177bd74ac
[INFO] running `Command { std: "docker" "create" "-v" "/var/lib/crater-agent-workspace/builds/worker-4-tc2/target:/opt/rustwide/target:rw,Z" "-v" "/var/lib/crater-agent-workspace/builds/worker-4-tc2/source:/opt/rustwide/workdir:ro,Z" "-v" "/var/lib/crater-agent-workspace/cargo-home:/opt/rustwide/cargo-home:ro,Z" "-v" "/var/lib/crater-agent-workspace/rustup-home:/opt/rustwide/rustup-home:ro,Z" "-e" "SOURCE_DIR=/opt/rustwide/workdir" "-e" "CARGO_TARGET_DIR=/opt/rustwide/target" "-e" "CARGO_INCREMENTAL=0" "-e" "RUST_BACKTRACE=full" "-e" "RUSTFLAGS=--cap-lints=warn" "-e" "RUSTDOCFLAGS=--cap-lints=warn" "-e" "CARGO_HOME=/opt/rustwide/cargo-home" "-e" "RUSTUP_HOME=/opt/rustwide/rustup-home" "-w" "/opt/rustwide/workdir" "-m" "1610612736" "--user" "0:0" "--network" "none" "ghcr.io/rust-lang/crates-build-env/linux@sha256:2788e3201cd34a07e3172128adcd8b3090168a8e3bcc40d7c032b9dda1df7d1c" "/opt/rustwide/cargo-home/bin/cargo" "+beta-2023-12-22" "test" "--frozen" "--no-run" "--message-format=json", kill_on_drop: false }`
[INFO] [stdout] 60fab7cbcae7994ad5b6dc4ec83421347f008b5a970f619f45b5c13cc3fd3a8f
[INFO] running `Command { std: "docker" "start" "-a" "60fab7cbcae7994ad5b6dc4ec83421347f008b5a970f619f45b5c13cc3fd3a8f", kill_on_drop: false }`
[INFO] [stderr]    Compiling libc v0.2.126
[INFO] [stderr]    Compiling serde_derive v1.0.137
[INFO] [stderr]    Compiling serde v1.0.137
[INFO] [stderr]    Compiling indexmap v1.8.2
[INFO] [stderr]    Compiling linked-hash-map v0.5.4
[INFO] [stderr]    Compiling ryu v1.0.10
[INFO] [stderr]    Compiling serde_json v1.0.81
[INFO] [stderr]    Compiling hashbrown v0.11.2
[INFO] [stderr]    Compiling once_cell v1.12.0
[INFO] [stderr]    Compiling itoa v1.0.2
[INFO] [stderr]    Compiling similar v2.1.0
[INFO] [stderr]    Compiling yaml-rust v0.4.5
[INFO] [stderr]    Compiling atty v0.2.14
[INFO] [stderr]    Compiling terminal_size v0.1.17
[INFO] [stderr]    Compiling clap v2.34.0
[INFO] [stderr]    Compiling console v0.15.0
[INFO] [stderr]    Compiling structopt v0.3.26
[INFO] [stderr]    Compiling espr v0.3.0 (/opt/rustwide/workdir)
[INFO] [stdout] warning: unused import: `entity::*`
[INFO] [stdout]   --> src/codegen/rust/mod.rs:10:9
[INFO] [stdout]    |
[INFO] [stdout] 10 | pub use entity::*;
[INFO] [stdout]    |         ^^^^^^^^^
[INFO] [stdout]    |
[INFO] [stdout]    = note: `#[warn(unused_imports)]` on by default
[INFO] [stdout] 
[INFO] [stdout] 
[INFO] [stdout] warning: `local_inner_macro` isn't a valid `#[macro_export]` argument
[INFO] [stdout]   --> src/ast/mod.rs:28:16
[INFO] [stdout]    |
[INFO] [stdout] 28 | #[macro_export(local_inner_macro)]
[INFO] [stdout]    |                ^^^^^^^^^^^^^^^^^
[INFO] [stdout]    |
[INFO] [stdout]    = note: `#[warn(invalid_macro_export_arguments)]` on by default
[INFO] [stdout] 
[INFO] [stdout] 
[INFO] [stdout] warning: variable does not need to be mutable
[INFO] [stdout]    --> src/parser/schema.rs:106:13
[INFO] [stdout]     |
[INFO] [stdout] 106 |         for mut param in &mut params {
[INFO] [stdout]     |             ----^^^^^
[INFO] [stdout]     |             |
[INFO] [stdout]     |             help: remove this `mut`
[INFO] [stdout]     |
[INFO] [stdout]     = note: `#[warn(unused_mut)]` on by default
[INFO] [stdout] 
[INFO] [stdout] 
[INFO] [stderr]    Compiling serde_yaml v0.8.24
[INFO] [stderr]    Compiling insta v1.14.1
[INFO] [stdout] warning: 3 warnings emitted
[INFO] [stdout] 
[INFO] [stdout] 
[INFO] [stdout] warning: unused import: `entity::*`
[INFO] [stdout]   --> src/codegen/rust/mod.rs:10:9
[INFO] [stdout]    |
[INFO] [stdout] 10 | pub use entity::*;
[INFO] [stdout]    |         ^^^^^^^^^
[INFO] [stdout]    |
[INFO] [stdout]    = note: `#[warn(unused_imports)]` on by default
[INFO] [stdout] 
[INFO] [stdout] 
[INFO] [stdout] warning: `local_inner_macro` isn't a valid `#[macro_export]` argument
[INFO] [stdout]   --> src/ast/mod.rs:28:16
[INFO] [stdout]    |
[INFO] [stdout] 28 | #[macro_export(local_inner_macro)]
[INFO] [stdout]    |                ^^^^^^^^^^^^^^^^^
[INFO] [stdout]    |
[INFO] [stdout]    = note: `#[warn(invalid_macro_export_arguments)]` on by default
[INFO] [stdout] 
[INFO] [stdout] 
[INFO] [stdout] warning: variable does not need to be mutable
[INFO] [stdout]    --> src/parser/schema.rs:106:13
[INFO] [stdout]     |
[INFO] [stdout] 106 |         for mut param in &mut params {
[INFO] [stdout]     |             ----^^^^^
[INFO] [stdout]     |             |
[INFO] [stdout]     |             help: remove this `mut`
[INFO] [stdout]     |
[INFO] [stdout]     = note: `#[warn(unused_mut)]` on by default
[INFO] [stdout] 
[INFO] [stdout] 
[INFO] [stdout] warning: 3 warnings emitted
[INFO] [stdout] 
[INFO] [stdout] 
[INFO] [stderr]     Finished test [unoptimized + debuginfo] target(s) in 27.27s
[INFO] running `Command { std: "docker" "inspect" "60fab7cbcae7994ad5b6dc4ec83421347f008b5a970f619f45b5c13cc3fd3a8f", kill_on_drop: false }`
[INFO] running `Command { std: "docker" "rm" "-f" "60fab7cbcae7994ad5b6dc4ec83421347f008b5a970f619f45b5c13cc3fd3a8f", kill_on_drop: false }`
[INFO] [stdout] 60fab7cbcae7994ad5b6dc4ec83421347f008b5a970f619f45b5c13cc3fd3a8f
[INFO] running `Command { std: "docker" "create" "-v" "/var/lib/crater-agent-workspace/builds/worker-4-tc2/target:/opt/rustwide/target:rw,Z" "-v" "/var/lib/crater-agent-workspace/builds/worker-4-tc2/source:/opt/rustwide/workdir:ro,Z" "-v" "/var/lib/crater-agent-workspace/cargo-home:/opt/rustwide/cargo-home:ro,Z" "-v" "/var/lib/crater-agent-workspace/rustup-home:/opt/rustwide/rustup-home:ro,Z" "-e" "SOURCE_DIR=/opt/rustwide/workdir" "-e" "CARGO_TARGET_DIR=/opt/rustwide/target" "-e" "CARGO_INCREMENTAL=0" "-e" "RUST_BACKTRACE=full" "-e" "RUSTFLAGS=--cap-lints=warn" "-e" "RUSTDOCFLAGS=--cap-lints=warn" "-e" "CARGO_HOME=/opt/rustwide/cargo-home" "-e" "RUSTUP_HOME=/opt/rustwide/rustup-home" "-w" "/opt/rustwide/workdir" "-m" "1610612736" "--user" "0:0" "--network" "none" "ghcr.io/rust-lang/crates-build-env/linux@sha256:2788e3201cd34a07e3172128adcd8b3090168a8e3bcc40d7c032b9dda1df7d1c" "/opt/rustwide/cargo-home/bin/cargo" "+beta-2023-12-22" "test" "--frozen", kill_on_drop: false }`
[INFO] [stdout] 49462ce1bd38bc0b30beaad123839518450daf2dcf4691ca1a9d2f75059fa08a
[INFO] running `Command { std: "docker" "start" "-a" "49462ce1bd38bc0b30beaad123839518450daf2dcf4691ca1a9d2f75059fa08a", kill_on_drop: false }`
[INFO] [stderr] warning: unused import: `entity::*`
[INFO] [stdout] 
[INFO] [stderr]   --> src/codegen/rust/mod.rs:10:9
[INFO] [stdout] running 120 tests
[INFO] [stderr]    |
[INFO] [stderr] 10 | pub use entity::*;
[INFO] [stderr]    |         ^^^^^^^^^
[INFO] [stderr]    |
[INFO] [stderr]    = note: `#[warn(unused_imports)]` on by default
[INFO] [stderr] 
[INFO] [stderr] warning: `local_inner_macro` isn't a valid `#[macro_export]` argument
[INFO] [stderr]   --> src/ast/mod.rs:28:16
[INFO] [stderr]    |
[INFO] [stderr] 28 | #[macro_export(local_inner_macro)]
[INFO] [stderr]    |                ^^^^^^^^^^^^^^^^^
[INFO] [stderr]    |
[INFO] [stderr]    = note: `#[warn(invalid_macro_export_arguments)]` on by default
[INFO] [stderr] 
[INFO] [stderr] warning: variable does not need to be mutable
[INFO] [stderr]    --> src/parser/schema.rs:106:13
[INFO] [stderr]     |
[INFO] [stderr] 106 |         for mut param in &mut params {
[INFO] [stderr]     |             ----^^^^^
[INFO] [stderr]     |             |
[INFO] [stderr]     |             help: remove this `mut`
[INFO] [stderr]     |
[INFO] [stderr]     = note: `#[warn(unused_mut)]` on by default
[INFO] [stderr] 
[INFO] [stderr] warning: `espr` (lib) generated 3 warnings (run `cargo fix --lib -p espr` to apply 2 suggestions)
[INFO] [stderr] warning: `espr` (lib test) generated 3 warnings (3 duplicates)
[INFO] [stderr]     Finished test [unoptimized + debuginfo] target(s) in 0.10s
[INFO] [stderr]      Running unittests src/lib.rs (/opt/rustwide/target/debug/deps/espr-9791af92abf17dd5)
[INFO] [stdout] test ir::constraints::tests::constraint_expr_is_in ... ok
[INFO] [stdout] test ir::constraints::tests::constraint_expr_andor ... ok
[INFO] [stdout] test ir::constraints::tests::supertype_of_andor ... ok
[INFO] [stdout] test ir::constraints::tests::supertype_of_oneof ... ok
[INFO] [stdout] test ir::scope::tests::scope ... ok
[INFO] [stdout] test parser::basis::tests::digit ... ok
[INFO] [stdout] test parser::basis::tests::encoded_character ... ok
[INFO] [stdout] test parser::basis::tests::hex_digit ... ok
[INFO] [stdout] test parser::basis::tests::letter ... ok
[INFO] [stdout] test parser::basis::tests::simple_id_invalid ... ok
[INFO] [stdout] test parser::basis::tests::simple_id_valid ... ok
[INFO] [stdout] test ast::tests::parse_remarks ... ok
[INFO] [stdout] test ir::entity::tests::legalize ... ok
[INFO] [stdout] test ir::constraints::tests::default_constraint ... ok
[INFO] [stdout] test ir::constraints::tests::gather_constraint_expr_person_default ... ok
[INFO] [stdout] test ir::constraints::tests::supertype_of_and ... ok
[INFO] [stdout] test parser::combinator::tests::comma_separated ... ok
[INFO] [stdout] test ir::constraints::tests::gather_constraint_expr_person_explicit ... ok
[INFO] [stdout] test ir::constraints::tests::gather_constraint_expr_person_and_separate ... ok
[INFO] [stdout] test parser::entity::domain::tests::domain_rule ... ok
[INFO] [stdout] test ir::constraints::tests::constraint_oneof ... ok
[INFO] [stdout] test ir::constraints::tests::gather_constraint_expr_person_andor ... ok
[INFO] [stdout] test parser::entity::domain::tests::where_clause3 ... ok
[INFO] [stdout] test parser::entity::domain::tests::where_clause ... ok
[INFO] [stdout] test ir::schema::tests::legalize ... ok
[INFO] [stdout] test parser::entity::derive::tests::derive_clause ... ok
[INFO] [stdout] test ir::namespace::tests::ns_init ... ok
[INFO] [stdout] test parser::entity::domain::tests::where_clause_complex ... ok
[INFO] [stdout] test parser::entity::entity::tests::entity_decl ... ok
[INFO] [stdout] test parser::entity::entity::tests::entity_head ... ok
[INFO] [stdout] test parser::entity::entity::tests::entity_unique ... ok
[INFO] [stdout] test ir::namespace::tests::namespace_debug ... ok
[INFO] [stdout] test parser::entity::entity::tests::abstract_entity ... ok
[INFO] [stdout] test parser::entity::entity::tests::explicit_attr_optional ... ok
[INFO] [stdout] test parser::entity::entity::tests::explicit_attr2 ... ok
[INFO] [stdout] test parser::entity::entity::tests::draughting_presented_item ... ok
[INFO] [stdout] test parser::entity::entity::tests::explicit_attr ... ok
[INFO] [stdout] test parser::entity::entity::tests::subtype_of ... ok
[INFO] [stdout] test parser::entity::inverse::tests::inverse ... ok
[INFO] [stdout] test parser::entity::entity::tests::entity_ap203_axis2_placement_3d ... ok
[INFO] [stdout] test parser::entity::unique::tests::unique_clause ... ok
[INFO] [stdout] test parser::entity::unique::tests::unique_clause_termination ... ok
[INFO] [stdout] test parser::expression::aggregate_initializer::tests::aggregate_initializer ... ok
[INFO] [stdout] test parser::expression::aggregate_initializer::tests::aggregate_initializer_empty ... ok
[INFO] [stdout] test parser::entity::entity::tests::one_of ... ok
[INFO] [stdout] test parser::expression::operator::tests::rel_op ... ok
[INFO] [stdout] test parser::expression::primary::tests::function_call ... ok
[INFO] [stdout] test parser::expression::primary::tests::function_call_builtin ... ok
[INFO] [stdout] test parser::entity::inverse::tests::inverse_agg ... ok
[INFO] [stdout] test ir::constraints::tests::gather_constraint_expr_pet ... ok
[INFO] [stdout] test parser::entity::entity::tests::b_spline_curve ... ok
[INFO] [stdout] test parser::expression::primary::tests::call_attr ... ok
[INFO] [stdout] test parser::entity::entity::tests::entity_subtype ... ok
[INFO] [stdout] test parser::expression::primary::tests::index ... ok
[INFO] [stdout] test parser::expression::simple::tests::entity_constructor ... ok
[INFO] [stdout] test parser::expression::primary::tests::indeterminate ... ok
[INFO] [stdout] test ir::constraints::tests::gather_constraint_expr_person_and ... ok
[INFO] [stdout] test parser::expression::simple::tests::binary ... ok
[INFO] [stdout] test parser::expression::simple::tests::binary_relation ... ok
[INFO] [stdout] test parser::expression::simple::tests::binary3 ... ok
[INFO] [stdout] test parser::expression::primary::tests::simple ... ok
[INFO] [stdout] test parser::expression::simple::tests::call_attr ... ok
[INFO] [stdout] test parser::expression::simple::tests::literal ... ok
[INFO] [stdout] test parser::entity::entity::tests::entity_derive ... ok
[INFO] [stdout] test parser::expression::primary::tests::range ... ok
[INFO] [stdout] test parser::expression::primary::tests::no_qualifier ... ok
[INFO] [stdout] test parser::literal::tests::integer_literal ... ok
[INFO] [stdout] test parser::expression::simple::tests::unary ... ok
[INFO] [stdout] test parser::literal::tests::real_literal ... ok
[INFO] [stdout] test parser::expression::simple::tests::relation ... ok
[INFO] [stdout] test parser::remark::tests::end ... ok
[INFO] [stdout] test parser::remark::tests::quoted_end ... ok
[INFO] [stdout] test parser::expression::simple::tests::qualifiable_factor ... ok
[INFO] [stdout] test parser::expression::simple::tests::interval ... ok
[INFO] [stdout] test parser::remark::tests::spaces_or_remarks ... ok
[INFO] [stdout] test parser::remark::tests::stars ... ok
[INFO] [stdout] test parser::remark::tests::middle_star ... ok
[INFO] [stdout] test parser::reserved::tests::is_reserved ... ok
[INFO] [stdout] test parser::remark::tests::simple ... ok
[INFO] [stdout] test parser::remark::tests::tail_remark ... ok
[INFO] [stdout] test parser::remark::tests::remark_tag ... ok
[INFO] [stdout] test parser::remark::tests::tag ... ok
[INFO] [stdout] test parser::schema::tests::formal_parameter2 ... ok
[INFO] [stdout] test parser::remark::tests::middle_stars ... ok
[INFO] [stdout] test parser::remark::tests::begin ... ok
[INFO] [stdout] test parser::remark::tests::quoted ... ok
[INFO] [stdout] test parser::schema::tests::formal_parameter1 ... ok
[INFO] [stdout] test parser::schema::tests::function_generic ... ok
[INFO] [stdout] test parser::schema::tests::function_ap201_bag_to_set ... ok
[INFO] [stdout] test parser::schema::tests::function_aggregate ... ok
[INFO] [stdout] test parser::schema::tests::function_generic_entity ... ok
[INFO] [stdout] test parser::expression::simple::tests::relation_self ... ok
[INFO] [stdout] test parser::schema::tests::local2 ... ok
[INFO] [stdout] test parser::schema::tests::function_ap201_valid_calendar_date ... ok
[INFO] [stdout] test parser::schema::tests::local1 ... ok
[INFO] [stdout] test parser::stmt::tests::return_expr2 ... ok
[INFO] [stdout] test parser::schema::tests::schema ... ok
[INFO] [stdout] test parser::stmt::tests::skip ... ok
[INFO] [stdout] test parser::schema::tests::constant ... ok
[INFO] [stdout] test parser::stmt::tests::repeat_until ... ok
[INFO] [stdout] test parser::types::enumeration::tests::enumeration_type ... ok
[INFO] [stdout] test parser::stmt::tests::return_none ... ok
[INFO] [stdout] test parser::stmt::tests::repeat_increment ... ok
[INFO] [stdout] test parser::subsuper::tests::subtype_constraint_oneof ... ok
[INFO] [stdout] test parser::types::generalized::tests::simple ... ok
[INFO] [stdout] test parser::types::simple::tests::binary ... ok
[INFO] [stdout] test parser::types::enumeration::tests::extensible ... ok
[INFO] [stdout] test parser::types::simple::tests::string ... ok
[INFO] [stdout] test parser::types::generalized::tests::set ... ok
[INFO] [stdout] test parser::types::tests::type_decl ... ok
[INFO] [stdout] test parser::schema::tests::rule2 ... ok
[INFO] [stdout] test parser::types::generalized::tests::named ... ok
[INFO] [stdout] test parser::stmt::tests::procedure_call ... ok
[INFO] [stdout] test parser::stmt::tests::if_then_else ... ok
[INFO] [stdout] test parser::types::select::tests::select ... ok
[INFO] [stdout] test parser::schema::tests::rule1 ... ok
[INFO] [stdout] test parser::stmt::tests::alias ... ok
[INFO] [stdout] test parser::types::tests::type_decl_where ... ok
[INFO] [stdout] test parser::stmt::tests::return_expr1 ... ok
[INFO] [stdout] test parser::stmt::tests::if_then ... ok
[INFO] [stdout] 
[INFO] [stdout] test result: ok. 120 passed; 0 failed; 0 ignored; 0 measured; 0 filtered out; finished in 0.45s
[INFO] [stdout] 
[INFO] [stderr]      Running unittests src/bin/esprc.rs (/opt/rustwide/target/debug/deps/esprc-4f1f8dad17f06187)
[INFO] [stdout] 
[INFO] [stdout] running 0 tests
[INFO] [stdout] 
[INFO] [stdout] test result: ok. 0 passed; 0 failed; 0 ignored; 0 measured; 0 filtered out; finished in 0.00s
[INFO] [stdout] 
[INFO] [stderr]      Running tests/any.rs (/opt/rustwide/target/debug/deps/any-5169ed61a0373464)
[INFO] [stdout] 
[INFO] [stdout] running 1 test
[INFO] [stderr] error: 'rustfmt' is not installed for the toolchain 'beta-2023-12-22-x86_64-unknown-linux-gnu'
[INFO] [stderr] To install, run `rustup component add rustfmt --toolchain beta-2023-12-22-x86_64-unknown-linux-gnu`
[INFO] [stdout] test any ... FAILED
[INFO] [stderr] error: test failed, to rerun pass `--test any`
[INFO] [stdout] 
[INFO] [stdout] failures:
[INFO] [stdout] 
[INFO] [stdout] ---- any stdout ----
[INFO] [stdout] ━━━━━━━━━━━━━━━━━━━━━━━━━━━━━ Snapshot Differences ━━━━━━━━━━━━━━━━━━━━━━━━━━━━━
[INFO] [stdout] Snapshot: any
[INFO] [stdout] Source: tests/any.rs:27
[INFO] [stdout] -old snapshot
[INFO] [stdout] +new results
[INFO] [stdout] ────────────────────────────────────────────────────────────────────────────────
[INFO] [stdout] tt
[INFO] [stdout] ────────────┬───────────────────────────────────────────────────────────────────
[INFO] [stdout]     0       │-pub mod test_schema {
[INFO] [stdout]     1       │-    use ruststep::{as_holder, derive_more::*, primitive::*, Holder, TableInit};
[INFO] [stdout]     2       │-    use std::collections::HashMap;
[INFO] [stdout]     3       │-    #[derive(Debug, Clone, PartialEq, Default, TableInit)]
[INFO] [stdout]     4       │-    pub struct Tables {
[INFO] [stdout]     5       │-        base: HashMap<u64, as_holder!(Base)>,
[INFO] [stdout]     6       │-        sub1: HashMap<u64, as_holder!(Sub1)>,
[INFO] [stdout]     7       │-        sub2: HashMap<u64, as_holder!(Sub2)>,
[INFO] [stdout]     8       │-    }
[INFO] [stdout]     9       │-    impl Tables {
[INFO] [stdout]    10       │-        pub fn base_holders(&self) -> &HashMap<u64, as_holder!(Base)> {
[INFO] [stdout]    11       │-            &self.base
[INFO] [stdout]    12       │-        }
[INFO] [stdout]    13       │-        pub fn sub1_holders(&self) -> &HashMap<u64, as_holder!(Sub1)> {
[INFO] [stdout]    14       │-            &self.sub1
[INFO] [stdout]    15       │-        }
[INFO] [stdout]    16       │-        pub fn sub2_holders(&self) -> &HashMap<u64, as_holder!(Sub2)> {
[INFO] [stdout]    17       │-            &self.sub2
[INFO] [stdout]    18       │-        }
[INFO] [stdout]    19       │-    }
[INFO] [stdout]    20       │-    #[derive(Debug, Clone, PartialEq, :: derive_new :: new, Holder)]
[INFO] [stdout]    21       │-    # [holder (table = Tables)]
[INFO] [stdout]    22       │-    # [holder (field = base)]
[INFO] [stdout]    23       │-    #[holder(generate_deserialize)]
[INFO] [stdout]    24       │-    pub struct Base {
[INFO] [stdout]    25       │-        pub x: f64,
[INFO] [stdout]    26       │-    }
[INFO] [stdout]    27       │-    #[derive(Debug, Clone, PartialEq, Holder)]
[INFO] [stdout]    28       │-    # [holder (table = Tables)]
[INFO] [stdout]    29       │-    #[holder(generate_deserialize)]
[INFO] [stdout]    30       │-    pub enum BaseAny {
[INFO] [stdout]    31       │-        #[holder(use_place_holder)]
[INFO] [stdout]    32       │-        # [holder (field = base)]
[INFO] [stdout]    33       │-        Base(Box<Base>),
[INFO] [stdout]    34       │-        #[holder(use_place_holder)]
[INFO] [stdout]    35       │-        # [holder (field = sub1)]
[INFO] [stdout]    36       │-        Sub1(Box<Sub1>),
[INFO] [stdout]    37       │-        #[holder(use_place_holder)]
[INFO] [stdout]    38       │-        # [holder (field = sub2)]
[INFO] [stdout]    39       │-        Sub2(Box<Sub2>),
[INFO] [stdout]    40       │-    }
[INFO] [stdout]    41       │-    impl Into<BaseAny> for Base {
[INFO] [stdout]    42       │-        fn into(self) -> BaseAny {
[INFO] [stdout]    43       │-            BaseAny::Base(Box::new(self))
[INFO] [stdout]    44       │-        }
[INFO] [stdout]    45       │-    }
[INFO] [stdout]    46       │-    impl Into<BaseAny> for Sub1 {
[INFO] [stdout]    47       │-        fn into(self) -> BaseAny {
[INFO] [stdout]    48       │-            BaseAny::Sub1(Box::new(self.into()))
[INFO] [stdout]    49       │-        }
[INFO] [stdout]    50       │-    }
[INFO] [stdout]    51       │-    impl Into<BaseAny> for Sub2 {
[INFO] [stdout]    52       │-        fn into(self) -> BaseAny {
[INFO] [stdout]    53       │-            BaseAny::Sub2(Box::new(self.into()))
[INFO] [stdout]    54       │-        }
[INFO] [stdout]    55       │-    }
[INFO] [stdout]    56       │-    impl AsRef<Base> for BaseAny {
[INFO] [stdout]    57       │-        fn as_ref(&self) -> &Base {
[INFO] [stdout]    58       │-            match self {
[INFO] [stdout]    59       │-                BaseAny::Base(x) => x.as_ref(),
[INFO] [stdout]    60       │-                BaseAny::Sub1(x) => (**x).as_ref(),
[INFO] [stdout]    61       │-                BaseAny::Sub2(x) => (**x).as_ref(),
[INFO] [stdout]    62       │-            }
[INFO] [stdout]    63       │-        }
[INFO] [stdout]    64       │-    }
[INFO] [stdout]    65       │-    #[derive(
[INFO] [stdout]    66       │-        Debug, Clone, PartialEq, :: derive_new :: new, Holder, AsRef, AsMut, Deref, DerefMut,
[INFO] [stdout]    67       │-    )]
[INFO] [stdout]    68       │-    # [holder (table = Tables)]
[INFO] [stdout]    69       │-    # [holder (field = sub1)]
[INFO] [stdout]    70       │-    #[holder(generate_deserialize)]
[INFO] [stdout]    71       │-    pub struct Sub1 {
[INFO] [stdout]    72       │-        #[as_ref]
[INFO] [stdout]    73       │-        #[as_mut]
[INFO] [stdout]    74       │-        #[deref]
[INFO] [stdout]    75       │-        #[deref_mut]
[INFO] [stdout]    76       │-        #[holder(use_place_holder)]
[INFO] [stdout]    77       │-        pub base: Base,
[INFO] [stdout]    78       │-        pub y1: f64,
[INFO] [stdout]    79       │-    }
[INFO] [stdout]    80       │-    #[derive(
[INFO] [stdout]    81       │-        Debug, Clone, PartialEq, :: derive_new :: new, Holder, AsRef, AsMut, Deref, DerefMut,
[INFO] [stdout]    82       │-    )]
[INFO] [stdout]    83       │-    # [holder (table = Tables)]
[INFO] [stdout]    84       │-    # [holder (field = sub2)]
[INFO] [stdout]    85       │-    #[holder(generate_deserialize)]
[INFO] [stdout]    86       │-    pub struct Sub2 {
[INFO] [stdout]    87       │-        #[as_ref]
[INFO] [stdout]    88       │-        #[as_mut]
[INFO] [stdout]    89       │-        #[deref]
[INFO] [stdout]    90       │-        #[deref_mut]
[INFO] [stdout]    91       │-        #[holder(use_place_holder)]
[INFO] [stdout]    92       │-        pub base: Base,
[INFO] [stdout]    93       │-        pub y2: f64,
[INFO] [stdout]    94       │-    }
[INFO] [stdout]    95       │-}
[INFO] [stdout] ────────────┴───────────────────────────────────────────────────────────────────
[INFO] [stdout] thread 'any' panicked at tests/any.rs:27:5:
[INFO] [stdout] called `Result::unwrap()` on an `Err` value: Os { code: 30, kind: ReadOnlyFilesystem, message: "Read-only file system" }
[INFO] [stdout] stack backtrace:
[INFO] [stdout]    0:     0x557bce0fc136 - std::backtrace_rs::backtrace::libunwind::trace::h261606ad26a499c1
[INFO] [stdout]                                at /rustc/0e09125c6c3c2fd70d7de961bcf0e51575235fad/library/std/src/../../backtrace/src/backtrace/libunwind.rs:104:5
[INFO] [stdout]    1:     0x557bce0fc136 - std::backtrace_rs::backtrace::trace_unsynchronized::hd183f0625477fb28
[INFO] [stdout]                                at /rustc/0e09125c6c3c2fd70d7de961bcf0e51575235fad/library/std/src/../../backtrace/src/backtrace/mod.rs:66:5
[INFO] [stdout]    2:     0x557bce0fc136 - std::sys_common::backtrace::_print_fmt::hd7f8fef21b4eda67
[INFO] [stdout]                                at /rustc/0e09125c6c3c2fd70d7de961bcf0e51575235fad/library/std/src/sys_common/backtrace.rs:68:5
[INFO] [stdout]    3:     0x557bce0fc136 - <std::sys_common::backtrace::_print::DisplayBacktrace as core::fmt::Display>::fmt::h623d9b51f2f453f1
[INFO] [stdout]                                at /rustc/0e09125c6c3c2fd70d7de961bcf0e51575235fad/library/std/src/sys_common/backtrace.rs:44:22
[INFO] [stdout]    4:     0x557bce127190 - core::fmt::rt::Argument::fmt::h9f417ac76a86f368
[INFO] [stdout]                                at /rustc/0e09125c6c3c2fd70d7de961bcf0e51575235fad/library/core/src/fmt/rt.rs:142:9
[INFO] [stdout]    5:     0x557bce127190 - core::fmt::write::hc9b6faf4ac2aeff7
[INFO] [stdout]                                at /rustc/0e09125c6c3c2fd70d7de961bcf0e51575235fad/library/core/src/fmt/mod.rs:1120:17
[INFO] [stdout]    6:     0x557bce0f917f - std::io::Write::write_fmt::he04625a3a989fec3
[INFO] [stdout]                                at /rustc/0e09125c6c3c2fd70d7de961bcf0e51575235fad/library/std/src/io/mod.rs:1810:15
[INFO] [stdout]    7:     0x557bce0fbf14 - std::sys_common::backtrace::_print::hd5d66399c7df88a2
[INFO] [stdout]                                at /rustc/0e09125c6c3c2fd70d7de961bcf0e51575235fad/library/std/src/sys_common/backtrace.rs:47:5
[INFO] [stdout]    8:     0x557bce0fbf14 - std::sys_common::backtrace::print::he81ed2da642d37e5
[INFO] [stdout]                                at /rustc/0e09125c6c3c2fd70d7de961bcf0e51575235fad/library/std/src/sys_common/backtrace.rs:34:9
[INFO] [stdout]    9:     0x557bce0fdc87 - std::panicking::default_hook::{{closure}}::h85773f4fa117163d
[INFO] [stdout]   10:     0x557bce0fd96d - std::panicking::default_hook::h6a1694a91d09b278
[INFO] [stdout]                                at /rustc/0e09125c6c3c2fd70d7de961bcf0e51575235fad/library/std/src/panicking.rs:289:9
[INFO] [stdout]   11:     0x557bcdde4f17 - <alloc::boxed::Box<F,A> as core::ops::function::Fn<Args>>::call::h616ac37fa3cd6c8f
[INFO] [stdout]                                at /rustc/0e09125c6c3c2fd70d7de961bcf0e51575235fad/library/alloc/src/boxed.rs:2029:9
[INFO] [stdout]   12:     0x557bcdde4f17 - test::test_main::{{closure}}::h00d84697cefdcbb6
[INFO] [stdout]                                at /rustc/0e09125c6c3c2fd70d7de961bcf0e51575235fad/library/test/src/lib.rs:138:21
[INFO] [stdout]   13:     0x557bce0fe2a6 - <alloc::boxed::Box<F,A> as core::ops::function::Fn<Args>>::call::hcb3fe3b9bb537ba8
[INFO] [stdout]                                at /rustc/0e09125c6c3c2fd70d7de961bcf0e51575235fad/library/alloc/src/boxed.rs:2029:9
[INFO] [stdout]   14:     0x557bce0fe2a6 - std::panicking::rust_panic_with_hook::h0a7ad96e90f7145b
[INFO] [stdout]                                at /rustc/0e09125c6c3c2fd70d7de961bcf0e51575235fad/library/std/src/panicking.rs:783:13
[INFO] [stdout]   15:     0x557bce0fdff2 - std::panicking::begin_panic_handler::{{closure}}::h7919090525c6485e
[INFO] [stdout]                                at /rustc/0e09125c6c3c2fd70d7de961bcf0e51575235fad/library/std/src/panicking.rs:657:13
[INFO] [stdout]   16:     0x557bce0fc636 - std::sys_common::backtrace::__rust_end_short_backtrace::hf3289479464f7dfe
[INFO] [stdout]                                at /rustc/0e09125c6c3c2fd70d7de961bcf0e51575235fad/library/std/src/sys_common/backtrace.rs:171:18
[INFO] [stdout]   17:     0x557bce0fdd50 - rust_begin_unwind
[INFO] [stdout]                                at /rustc/0e09125c6c3c2fd70d7de961bcf0e51575235fad/library/std/src/panicking.rs:645:5
[INFO] [stdout]   18:     0x557bcdc74a45 - core::panicking::panic_fmt::hcc9f77c5c132af55
[INFO] [stdout]                                at /rustc/0e09125c6c3c2fd70d7de961bcf0e51575235fad/library/core/src/panicking.rs:72:14
[INFO] [stdout]   19:     0x557bcdc75043 - core::result::unwrap_failed::hbe14f498be1452f9
[INFO] [stdout]                                at /rustc/0e09125c6c3c2fd70d7de961bcf0e51575235fad/library/core/src/result.rs:1649:5
[INFO] [stdout]   20:     0x557bcdc7624c - core::result::Result<T,E>::unwrap::hb6549db27894c24f
[INFO] [stdout]                                at /rustc/0e09125c6c3c2fd70d7de961bcf0e51575235fad/library/core/src/result.rs:1073:23
[INFO] [stdout]   21:     0x557bcdc771d2 - any::any::h094d8355b3fad13e
[INFO] [stdout]                                at /opt/rustwide/workdir/tests/any.rs:27:5
[INFO] [stdout]   22:     0x557bcdc76d17 - any::any::{{closure}}::h4109feee9f797316
[INFO] [stdout]                                at /opt/rustwide/workdir/tests/any.rs:20:9
[INFO] [stdout]   23:     0x557bcdc75a36 - core::ops::function::FnOnce::call_once::h1a4421496071177b
[INFO] [stdout]                                at /rustc/0e09125c6c3c2fd70d7de961bcf0e51575235fad/library/core/src/ops/function.rs:250:5
[INFO] [stdout]   24:     0x557bcddea7ef - core::ops::function::FnOnce::call_once::hd64d26f405258157
[INFO] [stdout]                                at /rustc/0e09125c6c3c2fd70d7de961bcf0e51575235fad/library/core/src/ops/function.rs:250:5
[INFO] [stdout]   25:     0x557bcddea7ef - test::__rust_begin_short_backtrace::he21b0b7a6d731bf9
[INFO] [stdout]                                at /rustc/0e09125c6c3c2fd70d7de961bcf0e51575235fad/library/test/src/lib.rs:627:18
[INFO] [stdout]   26:     0x557bcdde9571 - test::run_test_in_process::{{closure}}::hf5c73986d7bdfde2
[INFO] [stdout]                                at /rustc/0e09125c6c3c2fd70d7de961bcf0e51575235fad/library/test/src/lib.rs:650:60
[INFO] [stdout]   27:     0x557bcdde9571 - <core::panic::unwind_safe::AssertUnwindSafe<F> as core::ops::function::FnOnce<()>>::call_once::h330011ad032aadc0
[INFO] [stdout]                                at /rustc/0e09125c6c3c2fd70d7de961bcf0e51575235fad/library/core/src/panic/unwind_safe.rs:272:9
[INFO] [stdout]   28:     0x557bcdde9571 - std::panicking::try::do_call::he61b0a958b795a41
[INFO] [stdout]                                at /rustc/0e09125c6c3c2fd70d7de961bcf0e51575235fad/library/std/src/panicking.rs:552:40
[INFO] [stdout]   29:     0x557bcdde9571 - std::panicking::try::h7309da130f906eb7
[INFO] [stdout]                                at /rustc/0e09125c6c3c2fd70d7de961bcf0e51575235fad/library/std/src/panicking.rs:516:19
[INFO] [stdout]   30:     0x557bcdde9571 - std::panic::catch_unwind::hc5c3a06fdaf0a92a
[INFO] [stdout]                                at /rustc/0e09125c6c3c2fd70d7de961bcf0e51575235fad/library/std/src/panic.rs:142:14
[INFO] [stdout]   31:     0x557bcdde9571 - test::run_test_in_process::h7e7b7c71c3324e0f
[INFO] [stdout]                                at /rustc/0e09125c6c3c2fd70d7de961bcf0e51575235fad/library/test/src/lib.rs:650:27
[INFO] [stdout]   32:     0x557bcdde9571 - test::run_test::{{closure}}::h1f509f28f5cf20b1
[INFO] [stdout]                                at /rustc/0e09125c6c3c2fd70d7de961bcf0e51575235fad/library/test/src/lib.rs:573:43
[INFO] [stdout]   33:     0x557bcddb08a6 - test::run_test::{{closure}}::h1754218abf443f6d
[INFO] [stdout]                                at /rustc/0e09125c6c3c2fd70d7de961bcf0e51575235fad/library/test/src/lib.rs:601:41
[INFO] [stdout]   34:     0x557bcddb08a6 - std::sys_common::backtrace::__rust_begin_short_backtrace::h2ee174b9d5954948
[INFO] [stdout]                                at /rustc/0e09125c6c3c2fd70d7de961bcf0e51575235fad/library/std/src/sys_common/backtrace.rs:155:18
[INFO] [stdout]   35:     0x557bcddb5907 - std::thread::Builder::spawn_unchecked_::{{closure}}::{{closure}}::hf60bee9c1a17ef09
[INFO] [stdout]                                at /rustc/0e09125c6c3c2fd70d7de961bcf0e51575235fad/library/std/src/thread/mod.rs:529:17
[INFO] [stdout]   36:     0x557bcddb5907 - <core::panic::unwind_safe::AssertUnwindSafe<F> as core::ops::function::FnOnce<()>>::call_once::h33d0dddec5216160
[INFO] [stdout]                                at /rustc/0e09125c6c3c2fd70d7de961bcf0e51575235fad/library/core/src/panic/unwind_safe.rs:272:9
[INFO] [stdout]   37:     0x557bcddb5907 - std::panicking::try::do_call::h144b3048b546f835
[INFO] [stdout]                                at /rustc/0e09125c6c3c2fd70d7de961bcf0e51575235fad/library/std/src/panicking.rs:552:40
[INFO] [stdout]   38:     0x557bcddb5907 - std::panicking::try::h978244d04646189f
[INFO] [stdout]                                at /rustc/0e09125c6c3c2fd70d7de961bcf0e51575235fad/library/std/src/panicking.rs:516:19
[INFO] [stdout]   39:     0x557bcddb5907 - std::panic::catch_unwind::hdf436369d188fe86
[INFO] [stdout]                                at /rustc/0e09125c6c3c2fd70d7de961bcf0e51575235fad/library/std/src/panic.rs:142:14
[INFO] [stdout]   40:     0x557bcddb5907 - std::thread::Builder::spawn_unchecked_::{{closure}}::h87329cbdd33c79ec
[INFO] [stdout]                                at /rustc/0e09125c6c3c2fd70d7de961bcf0e51575235fad/library/std/src/thread/mod.rs:528:30
[INFO] [stdout]   41:     0x557bcddb5907 - core::ops::function::FnOnce::call_once{{vtable.shim}}::h401abbe67897d450
[INFO] [stdout]                                at /rustc/0e09125c6c3c2fd70d7de961bcf0e51575235fad/library/core/src/ops/function.rs:250:5
[INFO] [stdout]   42:     0x557bce103115 - <alloc::boxed::Box<F,A> as core::ops::function::FnOnce<Args>>::call_once::h5d7c8f150ab9c84c
[INFO] [stdout]                                at /rustc/0e09125c6c3c2fd70d7de961bcf0e51575235fad/library/alloc/src/boxed.rs:2015:9
[INFO] [stdout]   43:     0x557bce103115 - <alloc::boxed::Box<F,A> as core::ops::function::FnOnce<Args>>::call_once::h570d5b005c242c15
[INFO] [stdout]                                at /rustc/0e09125c6c3c2fd70d7de961bcf0e51575235fad/library/alloc/src/boxed.rs:2015:9
[INFO] [stdout]   44:     0x557bce103115 - std::sys::unix::thread::Thread::new::thread_start::h36b0a20c0b2361ad
[INFO] [stdout]                                at /rustc/0e09125c6c3c2fd70d7de961bcf0e51575235fad/library/std/src/sys/unix/thread.rs:108:17
[INFO] [stdout]   45:     0x7f653d94bac3 - <unknown>
[INFO] [stdout]   46:     0x7f653d9dcbf4 - __clone
[INFO] [stdout]   47:                0x0 - <unknown>
[INFO] [stdout] 
[INFO] [stdout] 
[INFO] [stdout] failures:
[INFO] [stdout]     any
[INFO] [stdout] 
[INFO] [stdout] test result: FAILED. 0 passed; 1 failed; 0 ignored; 0 measured; 0 filtered out; finished in 2.64s
[INFO] [stdout] 
[INFO] running `Command { std: "docker" "inspect" "49462ce1bd38bc0b30beaad123839518450daf2dcf4691ca1a9d2f75059fa08a", kill_on_drop: false }`
[INFO] running `Command { std: "docker" "rm" "-f" "49462ce1bd38bc0b30beaad123839518450daf2dcf4691ca1a9d2f75059fa08a", kill_on_drop: false }`
[INFO] [stdout] 49462ce1bd38bc0b30beaad123839518450daf2dcf4691ca1a9d2f75059fa08a
