[INFO] fetching crate escpos-rs 0.4.2...
[INFO] testing escpos-rs-0.4.2 against 1.75.0 for beta-1.76-1
[INFO] extracting crate escpos-rs 0.4.2 into /workspace/builds/worker-1-tc1/source
[INFO] validating manifest of crates.io crate escpos-rs 0.4.2 on toolchain 1.75.0
[INFO] running `Command { std: CARGO_HOME="/workspace/cargo-home" RUSTUP_HOME="/workspace/rustup-home" "/workspace/cargo-home/bin/cargo" "+1.75.0" "metadata" "--manifest-path" "Cargo.toml" "--no-deps", kill_on_drop: false }`
[INFO] started tweaking crates.io crate escpos-rs 0.4.2
[INFO] finished tweaking crates.io crate escpos-rs 0.4.2
[INFO] tweaked toml for crates.io crate escpos-rs 0.4.2 written to /workspace/builds/worker-1-tc1/source/Cargo.toml
[INFO] crate crates.io crate escpos-rs 0.4.2 already has a lockfile, it will not be regenerated
[INFO] running `Command { std: CARGO_HOME="/workspace/cargo-home" RUSTUP_HOME="/workspace/rustup-home" "/workspace/cargo-home/bin/cargo" "+1.75.0" "fetch" "--manifest-path" "Cargo.toml", kill_on_drop: false }`
[INFO] [stderr]     Updating crates.io index
[INFO] [stderr]  Downloading crates ...
[INFO] [stderr]   Downloaded serde v1.0.171
[INFO] [stderr]   Downloaded checked_int_cast v1.0.0
[INFO] [stderr]   Downloaded codepage-437 v0.1.0
[INFO] [stderr]   Downloaded crossbeam-utils v0.8.7
[INFO] [stderr]   Downloaded quote v1.0.31
[INFO] [stderr]   Downloaded libusb1-sys v0.6.4
[INFO] [stderr]   Downloaded syn v2.0.26
[INFO] [stderr]   Downloaded crossbeam-epoch v0.9.7
[INFO] [stderr]   Downloaded serde_derive v1.0.171
[INFO] [stderr]   Downloaded rusb v0.9.2
[INFO] [stderr]   Downloaded qrcode v0.12.0
[INFO] [stderr]   Downloaded bytemuck v1.8.0
[INFO] running `Command { std: "docker" "create" "-v" "/var/lib/crater-agent-workspace/builds/worker-1-tc1/target:/opt/rustwide/target:rw,Z" "-v" "/var/lib/crater-agent-workspace/builds/worker-1-tc1/source:/opt/rustwide/workdir:ro,Z" "-v" "/var/lib/crater-agent-workspace/cargo-home:/opt/rustwide/cargo-home:ro,Z" "-v" "/var/lib/crater-agent-workspace/rustup-home:/opt/rustwide/rustup-home:ro,Z" "-e" "SOURCE_DIR=/opt/rustwide/workdir" "-e" "CARGO_TARGET_DIR=/opt/rustwide/target" "-e" "CARGO_HOME=/opt/rustwide/cargo-home" "-e" "RUSTUP_HOME=/opt/rustwide/rustup-home" "-w" "/opt/rustwide/workdir" "-m" "1610612736" "--user" "0:0" "--network" "none" "ghcr.io/rust-lang/crates-build-env/linux@sha256:2788e3201cd34a07e3172128adcd8b3090168a8e3bcc40d7c032b9dda1df7d1c" "/opt/rustwide/cargo-home/bin/cargo" "+1.75.0" "metadata" "--no-deps" "--format-version=1", kill_on_drop: false }`
[INFO] [stdout] 0189625c461d307089c089b7ba8f6ca754b4b10ded9c281d0baeec7a51e2c645
[INFO] running `Command { std: "docker" "start" "-a" "0189625c461d307089c089b7ba8f6ca754b4b10ded9c281d0baeec7a51e2c645", kill_on_drop: false }`
[INFO] running `Command { std: "docker" "inspect" "0189625c461d307089c089b7ba8f6ca754b4b10ded9c281d0baeec7a51e2c645", kill_on_drop: false }`
[INFO] running `Command { std: "docker" "rm" "-f" "0189625c461d307089c089b7ba8f6ca754b4b10ded9c281d0baeec7a51e2c645", kill_on_drop: false }`
[INFO] [stdout] 0189625c461d307089c089b7ba8f6ca754b4b10ded9c281d0baeec7a51e2c645
[INFO] running `Command { std: "docker" "create" "-v" "/var/lib/crater-agent-workspace/builds/worker-1-tc1/target:/opt/rustwide/target:rw,Z" "-v" "/var/lib/crater-agent-workspace/builds/worker-1-tc1/source:/opt/rustwide/workdir:ro,Z" "-v" "/var/lib/crater-agent-workspace/cargo-home:/opt/rustwide/cargo-home:ro,Z" "-v" "/var/lib/crater-agent-workspace/rustup-home:/opt/rustwide/rustup-home:ro,Z" "-e" "SOURCE_DIR=/opt/rustwide/workdir" "-e" "CARGO_TARGET_DIR=/opt/rustwide/target" "-e" "CARGO_INCREMENTAL=0" "-e" "RUST_BACKTRACE=full" "-e" "RUSTFLAGS=--cap-lints=warn" "-e" "RUSTDOCFLAGS=--cap-lints=warn" "-e" "CARGO_HOME=/opt/rustwide/cargo-home" "-e" "RUSTUP_HOME=/opt/rustwide/rustup-home" "-w" "/opt/rustwide/workdir" "-m" "1610612736" "--user" "0:0" "--network" "none" "ghcr.io/rust-lang/crates-build-env/linux@sha256:2788e3201cd34a07e3172128adcd8b3090168a8e3bcc40d7c032b9dda1df7d1c" "/opt/rustwide/cargo-home/bin/cargo" "+1.75.0" "build" "--frozen" "--message-format=json", kill_on_drop: false }`
[INFO] [stdout] d447bfbd809759b89ae94141d93fd7ad2bae448ce668d1277421fd93b0764226
[INFO] running `Command { std: "docker" "start" "-a" "d447bfbd809759b89ae94141d93fd7ad2bae448ce668d1277421fd93b0764226", kill_on_drop: false }`
[INFO] [stderr]    Compiling autocfg v1.1.0
[INFO] [stderr]    Compiling lazy_static v1.4.0
[INFO] [stderr]    Compiling cfg-if v1.0.0
[INFO] [stderr]    Compiling proc-macro2 v1.0.66
[INFO] [stderr]    Compiling libc v0.2.119
[INFO] [stderr]    Compiling crossbeam-utils v0.8.7
[INFO] [stderr]    Compiling unicode-ident v1.0.11
[INFO] [stderr]    Compiling crossbeam-epoch v0.9.7
[INFO] [stderr]    Compiling scopeguard v1.1.0
[INFO] [stderr]    Compiling rayon-core v1.9.1
[INFO] [stderr]    Compiling memchr v2.4.1
[INFO] [stderr]    Compiling serde v1.0.171
[INFO] [stderr]    Compiling either v1.6.1
[INFO] [stderr]    Compiling crc32fast v1.3.2
[INFO] [stderr]    Compiling adler32 v1.2.0
[INFO] [stderr]    Compiling memoffset v0.6.5
[INFO] [stderr]    Compiling num-traits v0.2.14
[INFO] [stderr]    Compiling num-integer v0.1.44
[INFO] [stderr]    Compiling crossbeam-channel v0.5.2
[INFO] [stderr]    Compiling quote v1.0.31
[INFO] [stderr]    Compiling rayon v1.5.1
[INFO] [stderr]    Compiling syn v2.0.26
[INFO] [stderr]    Compiling num_cpus v1.13.1
[INFO] [stderr]    Compiling miniz_oxide v0.4.4
[INFO] [stderr]    Compiling crossbeam-deque v0.8.1
[INFO] [stderr]    Compiling regex-automata v0.1.10
[INFO] [stderr]    Compiling cc v1.0.73
[INFO] [stderr]    Compiling pkg-config v0.3.24
[INFO] [stderr]    Compiling csv-core v0.1.10
[INFO] [stderr]    Compiling num-rational v0.3.2
[INFO] [stderr]    Compiling num-iter v0.1.42
[INFO] [stderr]    Compiling weezl v0.1.5
[INFO] [stderr]    Compiling adler v1.0.2
[INFO] [stderr]    Compiling ryu v1.0.9
[INFO] [stderr]    Compiling itoa v0.4.8
[INFO] [stderr]    Compiling byteorder v1.4.3
[INFO] [stderr]    Compiling deflate v0.8.6
[INFO] [stderr]    Compiling miniz_oxide v0.3.7
[INFO] [stderr]    Compiling libusb1-sys v0.6.4
[INFO] [stderr]    Compiling bitflags v1.3.2
[INFO] [stderr]    Compiling color_quant v1.1.0
[INFO] [stderr]    Compiling png v0.16.8
[INFO] [stderr]    Compiling gif v0.11.3
[INFO] [stderr]    Compiling scoped_threadpool v0.1.9
[INFO] [stderr]    Compiling rusb v0.9.2
[INFO] [stderr]    Compiling bytemuck v1.8.0
[INFO] [stderr]    Compiling checked_int_cast v1.0.0
[INFO] [stderr]    Compiling base64 v0.21.2
[INFO] [stderr]    Compiling log v0.4.19
[INFO] [stderr]    Compiling jpeg-decoder v0.1.22
[INFO] [stderr]    Compiling serde_derive v1.0.171
[INFO] [stderr]    Compiling tiff v0.6.1
[INFO] [stderr]    Compiling image v0.23.14
[INFO] [stderr]    Compiling qrcode v0.12.0
[INFO] [stderr]    Compiling bstr v0.2.17
[INFO] [stderr]    Compiling csv v1.1.6
[INFO] [stderr]    Compiling codepage-437 v0.1.0
[INFO] [stderr]    Compiling escpos-rs v0.4.2 (/opt/rustwide/workdir)
[INFO] [stderr]     Finished dev [unoptimized + debuginfo] target(s) in 22.13s
[INFO] running `Command { std: "docker" "inspect" "d447bfbd809759b89ae94141d93fd7ad2bae448ce668d1277421fd93b0764226", kill_on_drop: false }`
[INFO] running `Command { std: "docker" "rm" "-f" "d447bfbd809759b89ae94141d93fd7ad2bae448ce668d1277421fd93b0764226", kill_on_drop: false }`
[INFO] [stdout] d447bfbd809759b89ae94141d93fd7ad2bae448ce668d1277421fd93b0764226
[INFO] running `Command { std: "docker" "create" "-v" "/var/lib/crater-agent-workspace/builds/worker-1-tc1/target:/opt/rustwide/target:rw,Z" "-v" "/var/lib/crater-agent-workspace/builds/worker-1-tc1/source:/opt/rustwide/workdir:ro,Z" "-v" "/var/lib/crater-agent-workspace/cargo-home:/opt/rustwide/cargo-home:ro,Z" "-v" "/var/lib/crater-agent-workspace/rustup-home:/opt/rustwide/rustup-home:ro,Z" "-e" "SOURCE_DIR=/opt/rustwide/workdir" "-e" "CARGO_TARGET_DIR=/opt/rustwide/target" "-e" "CARGO_INCREMENTAL=0" "-e" "RUST_BACKTRACE=full" "-e" "RUSTFLAGS=--cap-lints=warn" "-e" "RUSTDOCFLAGS=--cap-lints=warn" "-e" "CARGO_HOME=/opt/rustwide/cargo-home" "-e" "RUSTUP_HOME=/opt/rustwide/rustup-home" "-w" "/opt/rustwide/workdir" "-m" "1610612736" "--user" "0:0" "--network" "none" "ghcr.io/rust-lang/crates-build-env/linux@sha256:2788e3201cd34a07e3172128adcd8b3090168a8e3bcc40d7c032b9dda1df7d1c" "/opt/rustwide/cargo-home/bin/cargo" "+1.75.0" "test" "--frozen" "--no-run" "--message-format=json", kill_on_drop: false }`
[INFO] [stdout] 9324158e2fa652f0e93142e42a8e3e971dc68bbf7c0aed3e31420d270e525f96
[INFO] running `Command { std: "docker" "start" "-a" "9324158e2fa652f0e93142e42a8e3e971dc68bbf7c0aed3e31420d270e525f96", kill_on_drop: false }`
[INFO] [stderr]    Compiling escpos-rs v0.4.2 (/opt/rustwide/workdir)
[INFO] [stderr]     Finished test [unoptimized + debuginfo] target(s) in 2.91s
[INFO] running `Command { std: "docker" "inspect" "9324158e2fa652f0e93142e42a8e3e971dc68bbf7c0aed3e31420d270e525f96", kill_on_drop: false }`
[INFO] running `Command { std: "docker" "rm" "-f" "9324158e2fa652f0e93142e42a8e3e971dc68bbf7c0aed3e31420d270e525f96", kill_on_drop: false }`
[INFO] [stdout] 9324158e2fa652f0e93142e42a8e3e971dc68bbf7c0aed3e31420d270e525f96
[INFO] running `Command { std: "docker" "create" "-v" "/var/lib/crater-agent-workspace/builds/worker-1-tc1/target:/opt/rustwide/target:rw,Z" "-v" "/var/lib/crater-agent-workspace/builds/worker-1-tc1/source:/opt/rustwide/workdir:ro,Z" "-v" "/var/lib/crater-agent-workspace/cargo-home:/opt/rustwide/cargo-home:ro,Z" "-v" "/var/lib/crater-agent-workspace/rustup-home:/opt/rustwide/rustup-home:ro,Z" "-e" "SOURCE_DIR=/opt/rustwide/workdir" "-e" "CARGO_TARGET_DIR=/opt/rustwide/target" "-e" "CARGO_INCREMENTAL=0" "-e" "RUST_BACKTRACE=full" "-e" "RUSTFLAGS=--cap-lints=warn" "-e" "RUSTDOCFLAGS=--cap-lints=warn" "-e" "CARGO_HOME=/opt/rustwide/cargo-home" "-e" "RUSTUP_HOME=/opt/rustwide/rustup-home" "-w" "/opt/rustwide/workdir" "-m" "1610612736" "--user" "0:0" "--network" "none" "ghcr.io/rust-lang/crates-build-env/linux@sha256:2788e3201cd34a07e3172128adcd8b3090168a8e3bcc40d7c032b9dda1df7d1c" "/opt/rustwide/cargo-home/bin/cargo" "+1.75.0" "test" "--frozen", kill_on_drop: false }`
[INFO] [stdout] 8ab203935855a4ab8cf8fd39b1d6e524c786bf8212dfa5ea3acd0822f24e42af
[INFO] running `Command { std: "docker" "start" "-a" "8ab203935855a4ab8cf8fd39b1d6e524c786bf8212dfa5ea3acd0822f24e42af", kill_on_drop: false }`
[INFO] [stderr]     Finished test [unoptimized + debuginfo] target(s) in 0.05s
[INFO] [stderr]      Running unittests src/lib.rs (/opt/rustwide/target/debug/deps/escpos_rs-2544dd2e72503b04)
[INFO] [stdout] 
[INFO] [stdout] running 0 tests
[INFO] [stdout] 
[INFO] [stdout] test result: ok. 0 passed; 0 failed; 0 ignored; 0 measured; 0 filtered out; finished in 0.00s
[INFO] [stdout] 
[INFO] [stderr]    Doc-tests escpos-rs
[INFO] [stdout] 
[INFO] [stdout] running 20 tests
[INFO] [stdout] test src/lib.rs - (line 39) - compile ... ok
[INFO] [stdout] test src/lib.rs - (line 5) - compile ... ok
[INFO] [stdout] test src/printer.rs - printer::Printer (line 41) - compile ... ok
[INFO] [stdout] test src/printer.rs - printer::Printer::raw (line 319) - compile ... ok
[INFO] [stdout] test src/formatter.rs - formatter::Formatter::trio_table (line 210) ... ok
[INFO] [stdout] test src/formatter.rs - formatter::Formatter::duo_table (line 135) ... ok
[INFO] [stdout] test src/instruction/print_data.rs - instruction::print_data::PrintDataBuilder::replacement (line 52) ... ok
[INFO] [stdout] test src/formatter.rs - formatter::Formatter::get_table_options (line 50) ... ok
[INFO] [stdout] test src/formatter.rs - formatter::Formatter::modify_table_options (line 63) ... ok
[INFO] [stdout] test src/formatter.rs - formatter::Formatter::set_table_options (line 36) ... ok
[INFO] [stdout] test src/formatter.rs - formatter::Formatter::space_split (line 79) ... ok
[INFO] [stdout] test src/printer/printer_profile.rs - printer::printer_profile::PrinterProfile::terminal_builder (line 72) ... ok
[INFO] [stdout] test src/printer/printer_profile.rs - printer::printer_profile::PrinterProfileBuilder::with_image_mode_width (line 158) ... FAILED
[INFO] [stdout] test src/printer/printer_profile.rs - printer::printer_profile::PrinterProfileBuilder::build (line 205) ... ok
[INFO] [stdout] test src/printer/printer_profile.rs - printer::printer_profile::PrinterProfile::usb_builder (line 60) ... ok
[INFO] [stdout] test src/printer/printer_profile.rs - printer::printer_profile::PrinterProfileBuilder::with_font_width (line 173) ... ok
[INFO] [stdout] test src/printer/printer_profile.rs - printer::printer_profile::PrinterProfileBuilder::new_terminal (line 121) ... ok
[INFO] [stdout] test src/printer/printer_profile.rs - printer::printer_profile::PrinterProfileBuilder::with_endpoint (line 138) ... ok
[INFO] [stdout] test src/printer/printer_profile.rs - printer::printer_profile::PrinterProfileBuilder::new_usb (line 97) ... ok
[INFO] [stdout] test src/printer/printer_profile.rs - printer::printer_profile::PrinterProfileBuilder::with_timeout (line 187) ... ok
[INFO] [stdout] 
[INFO] [stdout] failures:
[INFO] [stdout] 
[INFO] [stdout] ---- src/printer/printer_profile.rs - printer::printer_profile::PrinterProfileBuilder::with_image_mode_width (line 158) stdout ----
[INFO] [stdout] error[E0599]: no method named `with_width` found for struct `PrinterProfileBuilder` in the current scope
[INFO] [stdout]  --> src/printer/printer_profile.rs:162:6
[INFO] [stdout]   |
[INFO] [stdout] 6 |   let printer_profile = PrinterProfileBuilder::new_usb(0x0001, 0x0001)
[INFO] [stdout]   |  _______________________-
[INFO] [stdout] 7 | |     .with_width(384)
[INFO] [stdout]   | |     -^^^^^^^^^^ help: there is a method with a similar name: `with_font_width`
[INFO] [stdout]   | |_____|
[INFO] [stdout]   | 
[INFO] [stdout] 
[INFO] [stdout] error: aborting due to previous error
[INFO] [stdout] 
[INFO] [stdout] For more information about this error, try `rustc --explain E0599`.
[INFO] [stdout] Couldn't compile the test.
[INFO] [stdout] 
[INFO] [stdout] failures:
[INFO] [stdout]     src/printer/printer_profile.rs - printer::printer_profile::PrinterProfileBuilder::with_image_mode_width (line 158)
[INFO] [stdout] 
[INFO] [stdout] test result: FAILED. 19 passed; 1 failed; 0 ignored; 0 measured; 0 filtered out; finished in 9.24s
[INFO] [stdout] 
[INFO] [stderr] error: doctest failed, to rerun pass `--doc`
[INFO] running `Command { std: "docker" "inspect" "8ab203935855a4ab8cf8fd39b1d6e524c786bf8212dfa5ea3acd0822f24e42af", kill_on_drop: false }`
[INFO] running `Command { std: "docker" "rm" "-f" "8ab203935855a4ab8cf8fd39b1d6e524c786bf8212dfa5ea3acd0822f24e42af", kill_on_drop: false }`
[INFO] [stdout] 8ab203935855a4ab8cf8fd39b1d6e524c786bf8212dfa5ea3acd0822f24e42af
