[INFO] fetching crate erreport 0.2.1...
[INFO] testing erreport-0.2.1 against 1.75.0 for beta-1.76-1
[INFO] extracting crate erreport 0.2.1 into /workspace/builds/worker-1-tc1/source
[INFO] validating manifest of crates.io crate erreport 0.2.1 on toolchain 1.75.0
[INFO] running `Command { std: CARGO_HOME="/workspace/cargo-home" RUSTUP_HOME="/workspace/rustup-home" "/workspace/cargo-home/bin/cargo" "+1.75.0" "metadata" "--manifest-path" "Cargo.toml" "--no-deps", kill_on_drop: false }`
[INFO] started tweaking crates.io crate erreport 0.2.1
[INFO] finished tweaking crates.io crate erreport 0.2.1
[INFO] tweaked toml for crates.io crate erreport 0.2.1 written to /workspace/builds/worker-1-tc1/source/Cargo.toml
[INFO] running `Command { std: CARGO_HOME="/workspace/cargo-home" RUSTUP_HOME="/workspace/rustup-home" "/workspace/cargo-home/bin/cargo" "+1.75.0" "generate-lockfile" "--manifest-path" "Cargo.toml", kill_on_drop: false }`
[INFO] running `Command { std: CARGO_HOME="/workspace/cargo-home" RUSTUP_HOME="/workspace/rustup-home" "/workspace/cargo-home/bin/cargo" "+1.75.0" "fetch" "--manifest-path" "Cargo.toml", kill_on_drop: false }`
[INFO] running `Command { std: "docker" "create" "-v" "/var/lib/crater-agent-workspace/builds/worker-1-tc1/target:/opt/rustwide/target:rw,Z" "-v" "/var/lib/crater-agent-workspace/builds/worker-1-tc1/source:/opt/rustwide/workdir:ro,Z" "-v" "/var/lib/crater-agent-workspace/cargo-home:/opt/rustwide/cargo-home:ro,Z" "-v" "/var/lib/crater-agent-workspace/rustup-home:/opt/rustwide/rustup-home:ro,Z" "-e" "SOURCE_DIR=/opt/rustwide/workdir" "-e" "CARGO_TARGET_DIR=/opt/rustwide/target" "-e" "CARGO_HOME=/opt/rustwide/cargo-home" "-e" "RUSTUP_HOME=/opt/rustwide/rustup-home" "-w" "/opt/rustwide/workdir" "-m" "1610612736" "--user" "0:0" "--network" "none" "ghcr.io/rust-lang/crates-build-env/linux@sha256:2788e3201cd34a07e3172128adcd8b3090168a8e3bcc40d7c032b9dda1df7d1c" "/opt/rustwide/cargo-home/bin/cargo" "+1.75.0" "metadata" "--no-deps" "--format-version=1", kill_on_drop: false }`
[INFO] [stdout] 4ce5adf1d8264e1c2634ffc69b6ef583868541a3d36b546c769f53c222ab1860
[INFO] running `Command { std: "docker" "start" "-a" "4ce5adf1d8264e1c2634ffc69b6ef583868541a3d36b546c769f53c222ab1860", kill_on_drop: false }`
[INFO] running `Command { std: "docker" "inspect" "4ce5adf1d8264e1c2634ffc69b6ef583868541a3d36b546c769f53c222ab1860", kill_on_drop: false }`
[INFO] running `Command { std: "docker" "rm" "-f" "4ce5adf1d8264e1c2634ffc69b6ef583868541a3d36b546c769f53c222ab1860", kill_on_drop: false }`
[INFO] [stdout] 4ce5adf1d8264e1c2634ffc69b6ef583868541a3d36b546c769f53c222ab1860
[INFO] running `Command { std: "docker" "create" "-v" "/var/lib/crater-agent-workspace/builds/worker-1-tc1/target:/opt/rustwide/target:rw,Z" "-v" "/var/lib/crater-agent-workspace/builds/worker-1-tc1/source:/opt/rustwide/workdir:ro,Z" "-v" "/var/lib/crater-agent-workspace/cargo-home:/opt/rustwide/cargo-home:ro,Z" "-v" "/var/lib/crater-agent-workspace/rustup-home:/opt/rustwide/rustup-home:ro,Z" "-e" "SOURCE_DIR=/opt/rustwide/workdir" "-e" "CARGO_TARGET_DIR=/opt/rustwide/target" "-e" "CARGO_INCREMENTAL=0" "-e" "RUST_BACKTRACE=full" "-e" "RUSTFLAGS=--cap-lints=warn" "-e" "RUSTDOCFLAGS=--cap-lints=warn" "-e" "CARGO_HOME=/opt/rustwide/cargo-home" "-e" "RUSTUP_HOME=/opt/rustwide/rustup-home" "-w" "/opt/rustwide/workdir" "-m" "1610612736" "--user" "0:0" "--network" "none" "ghcr.io/rust-lang/crates-build-env/linux@sha256:2788e3201cd34a07e3172128adcd8b3090168a8e3bcc40d7c032b9dda1df7d1c" "/opt/rustwide/cargo-home/bin/cargo" "+1.75.0" "build" "--frozen" "--message-format=json", kill_on_drop: false }`
[INFO] [stdout] 739229618c6355af05c3cd5ddc9135a21390d3ae535b7f353f0cf26ef7b0c0a2
[INFO] running `Command { std: "docker" "start" "-a" "739229618c6355af05c3cd5ddc9135a21390d3ae535b7f353f0cf26ef7b0c0a2", kill_on_drop: false }`
[INFO] [stderr]    Compiling erreport v0.2.1 (/opt/rustwide/workdir)
[INFO] [stderr]     Finished dev [unoptimized + debuginfo] target(s) in 0.08s
[INFO] running `Command { std: "docker" "inspect" "739229618c6355af05c3cd5ddc9135a21390d3ae535b7f353f0cf26ef7b0c0a2", kill_on_drop: false }`
[INFO] running `Command { std: "docker" "rm" "-f" "739229618c6355af05c3cd5ddc9135a21390d3ae535b7f353f0cf26ef7b0c0a2", kill_on_drop: false }`
[INFO] [stdout] 739229618c6355af05c3cd5ddc9135a21390d3ae535b7f353f0cf26ef7b0c0a2
[INFO] running `Command { std: "docker" "create" "-v" "/var/lib/crater-agent-workspace/builds/worker-1-tc1/target:/opt/rustwide/target:rw,Z" "-v" "/var/lib/crater-agent-workspace/builds/worker-1-tc1/source:/opt/rustwide/workdir:ro,Z" "-v" "/var/lib/crater-agent-workspace/cargo-home:/opt/rustwide/cargo-home:ro,Z" "-v" "/var/lib/crater-agent-workspace/rustup-home:/opt/rustwide/rustup-home:ro,Z" "-e" "SOURCE_DIR=/opt/rustwide/workdir" "-e" "CARGO_TARGET_DIR=/opt/rustwide/target" "-e" "CARGO_INCREMENTAL=0" "-e" "RUST_BACKTRACE=full" "-e" "RUSTFLAGS=--cap-lints=warn" "-e" "RUSTDOCFLAGS=--cap-lints=warn" "-e" "CARGO_HOME=/opt/rustwide/cargo-home" "-e" "RUSTUP_HOME=/opt/rustwide/rustup-home" "-w" "/opt/rustwide/workdir" "-m" "1610612736" "--user" "0:0" "--network" "none" "ghcr.io/rust-lang/crates-build-env/linux@sha256:2788e3201cd34a07e3172128adcd8b3090168a8e3bcc40d7c032b9dda1df7d1c" "/opt/rustwide/cargo-home/bin/cargo" "+1.75.0" "test" "--frozen" "--no-run" "--message-format=json", kill_on_drop: false }`
[INFO] [stdout] 053db69eb274d5f0bb877f20946b55a4c6649a6b4259879969b412ed8e76a204
[INFO] running `Command { std: "docker" "start" "-a" "053db69eb274d5f0bb877f20946b55a4c6649a6b4259879969b412ed8e76a204", kill_on_drop: false }`
[INFO] [stderr]    Compiling erreport v0.2.1 (/opt/rustwide/workdir)
[INFO] [stderr]     Finished test [unoptimized + debuginfo] target(s) in 0.18s
[INFO] running `Command { std: "docker" "inspect" "053db69eb274d5f0bb877f20946b55a4c6649a6b4259879969b412ed8e76a204", kill_on_drop: false }`
[INFO] running `Command { std: "docker" "rm" "-f" "053db69eb274d5f0bb877f20946b55a4c6649a6b4259879969b412ed8e76a204", kill_on_drop: false }`
[INFO] [stdout] 053db69eb274d5f0bb877f20946b55a4c6649a6b4259879969b412ed8e76a204
[INFO] running `Command { std: "docker" "create" "-v" "/var/lib/crater-agent-workspace/builds/worker-1-tc1/target:/opt/rustwide/target:rw,Z" "-v" "/var/lib/crater-agent-workspace/builds/worker-1-tc1/source:/opt/rustwide/workdir:ro,Z" "-v" "/var/lib/crater-agent-workspace/cargo-home:/opt/rustwide/cargo-home:ro,Z" "-v" "/var/lib/crater-agent-workspace/rustup-home:/opt/rustwide/rustup-home:ro,Z" "-e" "SOURCE_DIR=/opt/rustwide/workdir" "-e" "CARGO_TARGET_DIR=/opt/rustwide/target" "-e" "CARGO_INCREMENTAL=0" "-e" "RUST_BACKTRACE=full" "-e" "RUSTFLAGS=--cap-lints=warn" "-e" "RUSTDOCFLAGS=--cap-lints=warn" "-e" "CARGO_HOME=/opt/rustwide/cargo-home" "-e" "RUSTUP_HOME=/opt/rustwide/rustup-home" "-w" "/opt/rustwide/workdir" "-m" "1610612736" "--user" "0:0" "--network" "none" "ghcr.io/rust-lang/crates-build-env/linux@sha256:2788e3201cd34a07e3172128adcd8b3090168a8e3bcc40d7c032b9dda1df7d1c" "/opt/rustwide/cargo-home/bin/cargo" "+1.75.0" "test" "--frozen", kill_on_drop: false }`
[INFO] [stdout] 15cccb80f6fc4d0777b1f35dda35359b02417ac590e90ba87235193366987761
[INFO] running `Command { std: "docker" "start" "-a" "15cccb80f6fc4d0777b1f35dda35359b02417ac590e90ba87235193366987761", kill_on_drop: false }`
[INFO] [stderr]     Finished test [unoptimized + debuginfo] target(s) in 0.00s
[INFO] [stderr]      Running unittests src/lib.rs (/opt/rustwide/target/debug/deps/erreport-3a5463bbd8739f66)
[INFO] [stdout] 
[INFO] [stdout] running 0 tests
[INFO] [stdout] 
[INFO] [stdout] test result: ok. 0 passed; 0 failed; 0 ignored; 0 measured; 0 filtered out; finished in 0.00s
[INFO] [stdout] 
[INFO] [stderr]    Doc-tests erreport
[INFO] [stdout] 
[INFO] [stdout] running 3 tests
[INFO] [stdout] test src/lib.rs - (line 10) ... FAILED
[INFO] [stdout] test src/lib.rs - (line 29) ... FAILED
[INFO] [stdout] test src/lib.rs - (line 16) ... FAILED
[INFO] [stdout] 
[INFO] [stdout] failures:
[INFO] [stdout] 
[INFO] [stdout] ---- src/lib.rs - (line 10) stdout ----
[INFO] [stdout] error: expected one of `!`, `.`, `::`, `;`, `?`, `{`, `}`, or an operator, found `@`
[INFO] [stdout]  --> src/lib.rs:11:10
[INFO] [stdout]   |
[INFO] [stdout] 3 | {package0@version0} src/lib.rs:56 -> src/xx.rs:23 -> {package1@version1} src/lib.rs:42 -> src/yy.rs:632 -> src/zz.rs:56  
[INFO] [stdout]   |          ^ expected one of 8 possible tokens
[INFO] [stdout] 
[INFO] [stdout] error: expected one of `(`, `.`, `::`, `;`, `?`, `}`, or an operator, found `:`
[INFO] [stdout]  --> src/lib.rs:11:31
[INFO] [stdout]   |
[INFO] [stdout] 3 | {package0@version0} src/lib.rs:56 -> src/xx.rs:23 -> {package1@version1} src/lib.rs:42 -> src/yy.rs:632 -> src/zz.rs:56  
[INFO] [stdout]   |                               ^ expected one of 7 possible tokens
[INFO] [stdout] 
[INFO] [stdout] error: aborting due to 2 previous errors
[INFO] [stdout] 
[INFO] [stdout] Couldn't compile the test.
[INFO] [stdout] ---- src/lib.rs - (line 29) stdout ----
[INFO] [stdout] error[E0423]: expected function, found attribute macro `test`
[INFO] [stdout]  --> src/lib.rs:31:23
[INFO] [stdout]   |
[INFO] [stdout] 3 |     if let Err(err) = test() {
[INFO] [stdout]   |                       ^^^^ not a function
[INFO] [stdout] 
[INFO] [stdout] error: aborting due to previous error
[INFO] [stdout] 
[INFO] [stdout] For more information about this error, try `rustc --explain E0423`.
[INFO] [stdout] Couldn't compile the test.
[INFO] [stdout] ---- src/lib.rs - (line 16) stdout ----
[INFO] [stdout] error[E0425]: cannot find value `any_result_impl_std_error_Error` in this scope
[INFO] [stdout]   --> src/lib.rs:23:5
[INFO] [stdout]    |
[INFO] [stdout] 10 |     any_result_impl_std_error_Error.to_report()?;
[INFO] [stdout]    |     ^^^^^^^^^^^^^^^^^^^^^^^^^^^^^^^ not found in this scope
[INFO] [stdout] 
[INFO] [stdout] error[E0425]: cannot find value `any_result_impl_std_error_Error` in this scope
[INFO] [stdout]   --> src/lib.rs:24:5
[INFO] [stdout]    |
[INFO] [stdout] 11 |     any_result_impl_std_error_Error.to_report()?;
[INFO] [stdout]    |     ^^^^^^^^^^^^^^^^^^^^^^^^^^^^^^^ not found in this scope
[INFO] [stdout] 
[INFO] [stdout] error: aborting due to 2 previous errors
[INFO] [stdout] 
[INFO] [stdout] For more information about this error, try `rustc --explain E0425`.
[INFO] [stdout] Couldn't compile the test.
[INFO] [stdout] 
[INFO] [stdout] failures:
[INFO] [stdout]     src/lib.rs - (line 10)
[INFO] [stdout]     src/lib.rs - (line 16)
[INFO] [stdout]     src/lib.rs - (line 29)
[INFO] [stdout] 
[INFO] [stdout] test result: FAILED. 0 passed; 3 failed; 0 ignored; 0 measured; 0 filtered out; finished in 0.04s
[INFO] [stdout] 
[INFO] [stderr] error: doctest failed, to rerun pass `--doc`
[INFO] running `Command { std: "docker" "inspect" "15cccb80f6fc4d0777b1f35dda35359b02417ac590e90ba87235193366987761", kill_on_drop: false }`
[INFO] running `Command { std: "docker" "rm" "-f" "15cccb80f6fc4d0777b1f35dda35359b02417ac590e90ba87235193366987761", kill_on_drop: false }`
[INFO] [stdout] 15cccb80f6fc4d0777b1f35dda35359b02417ac590e90ba87235193366987761
