[INFO] fetching crate erdtree 3.1.2...
[INFO] testing erdtree-3.1.2 against 1.75.0 for beta-1.76-1
[INFO] extracting crate erdtree 3.1.2 into /workspace/builds/worker-1-tc1/source
[INFO] validating manifest of crates.io crate erdtree 3.1.2 on toolchain 1.75.0
[INFO] running `Command { std: CARGO_HOME="/workspace/cargo-home" RUSTUP_HOME="/workspace/rustup-home" "/workspace/cargo-home/bin/cargo" "+1.75.0" "metadata" "--manifest-path" "Cargo.toml" "--no-deps", kill_on_drop: false }`
[INFO] started tweaking crates.io crate erdtree 3.1.2
[INFO] finished tweaking crates.io crate erdtree 3.1.2
[INFO] tweaked toml for crates.io crate erdtree 3.1.2 written to /workspace/builds/worker-1-tc1/source/Cargo.toml
[INFO] crate crates.io crate erdtree 3.1.2 already has a lockfile, it will not be regenerated
[INFO] running `Command { std: CARGO_HOME="/workspace/cargo-home" RUSTUP_HOME="/workspace/rustup-home" "/workspace/cargo-home/bin/cargo" "+1.75.0" "fetch" "--manifest-path" "Cargo.toml", kill_on_drop: false }`
[INFO] [stderr]     Updating crates.io index
[INFO] [stderr]  Downloading crates ...
[INFO] [stderr]   Downloaded filesize v0.2.0
[INFO] [stderr]   Downloaded cxxbridge-flags v1.0.94
[INFO] [stderr]   Downloaded is-terminal v0.4.6
[INFO] [stderr]   Downloaded iana-time-zone v0.1.56
[INFO] [stderr]   Downloaded lscolors v0.13.0
[INFO] [stderr]   Downloaded ctrlc v3.4.0
[INFO] [stderr]   Downloaded serde v1.0.156
[INFO] [stderr]   Downloaded rustix v0.37.7
[INFO] [stderr]   Downloaded cxx v1.0.94
[INFO] [stderr]   Downloaded syn v2.0.10
[INFO] [stderr]   Downloaded bstr v1.3.0
[INFO] [stderr]   Downloaded clap v4.1.9
[INFO] [stderr]   Downloaded clap_complete v4.1.5
[INFO] [stderr]   Downloaded io-lifetimes v1.0.7
[INFO] [stderr]   Downloaded indextree v4.6.0
[INFO] [stderr]   Downloaded cxxbridge-macro v1.0.94
[INFO] [stderr]   Downloaded cxx-build v1.0.94
[INFO] [stderr]   Downloaded indoc v2.0.1
[INFO] running `Command { std: "docker" "create" "-v" "/var/lib/crater-agent-workspace/builds/worker-1-tc1/target:/opt/rustwide/target:rw,Z" "-v" "/var/lib/crater-agent-workspace/builds/worker-1-tc1/source:/opt/rustwide/workdir:ro,Z" "-v" "/var/lib/crater-agent-workspace/cargo-home:/opt/rustwide/cargo-home:ro,Z" "-v" "/var/lib/crater-agent-workspace/rustup-home:/opt/rustwide/rustup-home:ro,Z" "-e" "SOURCE_DIR=/opt/rustwide/workdir" "-e" "CARGO_TARGET_DIR=/opt/rustwide/target" "-e" "CARGO_HOME=/opt/rustwide/cargo-home" "-e" "RUSTUP_HOME=/opt/rustwide/rustup-home" "-w" "/opt/rustwide/workdir" "-m" "1610612736" "--user" "0:0" "--network" "none" "ghcr.io/rust-lang/crates-build-env/linux@sha256:2788e3201cd34a07e3172128adcd8b3090168a8e3bcc40d7c032b9dda1df7d1c" "/opt/rustwide/cargo-home/bin/cargo" "+1.75.0" "metadata" "--no-deps" "--format-version=1", kill_on_drop: false }`
[INFO] [stdout] f940f1da6a2518471a4979fa3639a2d7678d9e2f830920f0f30bd92d294b1836
[INFO] running `Command { std: "docker" "start" "-a" "f940f1da6a2518471a4979fa3639a2d7678d9e2f830920f0f30bd92d294b1836", kill_on_drop: false }`
[INFO] running `Command { std: "docker" "inspect" "f940f1da6a2518471a4979fa3639a2d7678d9e2f830920f0f30bd92d294b1836", kill_on_drop: false }`
[INFO] running `Command { std: "docker" "rm" "-f" "f940f1da6a2518471a4979fa3639a2d7678d9e2f830920f0f30bd92d294b1836", kill_on_drop: false }`
[INFO] [stdout] f940f1da6a2518471a4979fa3639a2d7678d9e2f830920f0f30bd92d294b1836
[INFO] running `Command { std: "docker" "create" "-v" "/var/lib/crater-agent-workspace/builds/worker-1-tc1/target:/opt/rustwide/target:rw,Z" "-v" "/var/lib/crater-agent-workspace/builds/worker-1-tc1/source:/opt/rustwide/workdir:ro,Z" "-v" "/var/lib/crater-agent-workspace/cargo-home:/opt/rustwide/cargo-home:ro,Z" "-v" "/var/lib/crater-agent-workspace/rustup-home:/opt/rustwide/rustup-home:ro,Z" "-e" "SOURCE_DIR=/opt/rustwide/workdir" "-e" "CARGO_TARGET_DIR=/opt/rustwide/target" "-e" "CARGO_INCREMENTAL=0" "-e" "RUST_BACKTRACE=full" "-e" "RUSTFLAGS=--cap-lints=warn" "-e" "RUSTDOCFLAGS=--cap-lints=warn" "-e" "CARGO_HOME=/opt/rustwide/cargo-home" "-e" "RUSTUP_HOME=/opt/rustwide/rustup-home" "-w" "/opt/rustwide/workdir" "-m" "1610612736" "--user" "0:0" "--network" "none" "ghcr.io/rust-lang/crates-build-env/linux@sha256:2788e3201cd34a07e3172128adcd8b3090168a8e3bcc40d7c032b9dda1df7d1c" "/opt/rustwide/cargo-home/bin/cargo" "+1.75.0" "build" "--frozen" "--message-format=json", kill_on_drop: false }`
[INFO] [stdout] 4bfa7d2c0c03ad76bc4c8226840531f06a3af9400e5a802f5919cb2aa73281b7
[INFO] running `Command { std: "docker" "start" "-a" "4bfa7d2c0c03ad76bc4c8226840531f06a3af9400e5a802f5919cb2aa73281b7", kill_on_drop: false }`
[INFO] [stderr]    Compiling libc v0.2.141
[INFO] [stderr]    Compiling proc-macro2 v1.0.52
[INFO] [stderr]    Compiling unicode-ident v1.0.8
[INFO] [stderr]    Compiling quote v1.0.26
[INFO] [stderr]    Compiling autocfg v1.1.0
[INFO] [stderr]    Compiling cfg-if v1.0.0
[INFO] [stderr]    Compiling memchr v2.5.0
[INFO] [stderr]    Compiling version_check v0.9.4
[INFO] [stderr]    Compiling log v0.4.17
[INFO] [stderr]    Compiling bitflags v1.3.2
[INFO] [stderr]    Compiling syn v1.0.109
[INFO] [stderr]    Compiling io-lifetimes v1.0.7
[INFO] [stderr]    Compiling proc-macro-error-attr v1.0.4
[INFO] [stderr]    Compiling proc-macro-error v1.0.4
[INFO] [stderr]    Compiling rustix v0.37.7
[INFO] [stderr]    Compiling lock_api v0.4.9
[INFO] [stderr]    Compiling num-traits v0.2.15
[INFO] [stderr]    Compiling linux-raw-sys v0.3.1
[INFO] [stderr]    Compiling signal-hook v0.3.15
[INFO] [stderr]    Compiling serde v1.0.156
[INFO] [stderr]    Compiling once_cell v1.17.1
[INFO] [stderr]    Compiling parking_lot_core v0.9.7
[INFO] [stderr]    Compiling syn v2.0.10
[INFO] [stderr]    Compiling aho-corasick v0.7.20
[INFO] [stderr]    Compiling num-integer v0.1.45
[INFO] [stderr]    Compiling heck v0.4.1
[INFO] [stderr]    Compiling async-trait v0.1.68
[INFO] [stderr]    Compiling smallvec v1.10.0
[INFO] [stderr]    Compiling regex-syntax v0.6.29
[INFO] [stderr]    Compiling os_str_bytes v6.4.1
[INFO] [stderr]    Compiling scopeguard v1.1.0
[INFO] [stderr]    Compiling signal-hook-registry v1.4.1
[INFO] [stderr]    Compiling mio v0.8.6
[INFO] [stderr]    Compiling clap_lex v0.3.3
[INFO] [stderr]    Compiling bstr v1.3.0
[INFO] [stderr]    Compiling is-terminal v0.4.6
[INFO] [stderr]    Compiling regex v1.7.3
[INFO] [stderr]    Compiling termcolor v1.2.0
[INFO] [stderr]    Compiling same-file v1.0.6
[INFO] [stderr]    Compiling strsim v0.10.0
[INFO] [stderr]    Compiling minimal-lexical v0.2.1
[INFO] [stderr]    Compiling overload v0.1.1
[INFO] [stderr]    Compiling thiserror v1.0.40
[INFO] [stderr]    Compiling static_assertions v1.1.0
[INFO] [stderr]    Compiling nix v0.26.2
[INFO] [stderr]    Compiling nom v7.1.3
[INFO] [stderr]    Compiling globset v0.4.10
[INFO] [stderr]    Compiling nu-ansi-term v0.46.0
[INFO] [stderr]    Compiling walkdir v2.3.3
[INFO] [stderr]    Compiling signal-hook-mio v0.2.3
[INFO] [stderr]    Compiling clap_derive v4.1.9
[INFO] [stderr]    Compiling parking_lot v0.12.1
[INFO] [stderr]    Compiling dirs-sys v0.4.0
[INFO] [stderr]    Compiling time v0.1.45
[INFO] [stderr]    Compiling thiserror-impl v1.0.40
[INFO] [stderr]    Compiling thread_local v1.1.7
[INFO] [stderr]    Compiling toml v0.5.11
[INFO] [stderr]    Compiling pathdiff v0.2.1
[INFO] [stderr]    Compiling iana-time-zone v0.1.56
[INFO] [stderr]    Compiling lscolors v0.13.0
[INFO] [stderr]    Compiling ignore v0.4.20
[INFO] [stderr]    Compiling chrono v0.4.24
[INFO] [stderr]    Compiling dirs v5.0.0
[INFO] [stderr]    Compiling crossterm v0.26.1
[INFO] [stderr]    Compiling ctrlc v3.4.0
[INFO] [stderr]    Compiling errno v0.3.1
[INFO] [stderr]    Compiling filesize v0.2.0
[INFO] [stderr]    Compiling indextree v4.6.0
[INFO] [stderr]    Compiling config v0.13.3
[INFO] [stderr]    Compiling clap v4.1.9
[INFO] [stderr]    Compiling clap_complete v4.1.5
[INFO] [stderr]    Compiling erdtree v3.1.2 (/opt/rustwide/workdir)
[INFO] [stderr]     Finished dev [unoptimized + debuginfo] target(s) in 36.10s
[INFO] running `Command { std: "docker" "inspect" "4bfa7d2c0c03ad76bc4c8226840531f06a3af9400e5a802f5919cb2aa73281b7", kill_on_drop: false }`
[INFO] running `Command { std: "docker" "rm" "-f" "4bfa7d2c0c03ad76bc4c8226840531f06a3af9400e5a802f5919cb2aa73281b7", kill_on_drop: false }`
[INFO] [stdout] 4bfa7d2c0c03ad76bc4c8226840531f06a3af9400e5a802f5919cb2aa73281b7
[INFO] running `Command { std: "docker" "create" "-v" "/var/lib/crater-agent-workspace/builds/worker-1-tc1/target:/opt/rustwide/target:rw,Z" "-v" "/var/lib/crater-agent-workspace/builds/worker-1-tc1/source:/opt/rustwide/workdir:ro,Z" "-v" "/var/lib/crater-agent-workspace/cargo-home:/opt/rustwide/cargo-home:ro,Z" "-v" "/var/lib/crater-agent-workspace/rustup-home:/opt/rustwide/rustup-home:ro,Z" "-e" "SOURCE_DIR=/opt/rustwide/workdir" "-e" "CARGO_TARGET_DIR=/opt/rustwide/target" "-e" "CARGO_INCREMENTAL=0" "-e" "RUST_BACKTRACE=full" "-e" "RUSTFLAGS=--cap-lints=warn" "-e" "RUSTDOCFLAGS=--cap-lints=warn" "-e" "CARGO_HOME=/opt/rustwide/cargo-home" "-e" "RUSTUP_HOME=/opt/rustwide/rustup-home" "-w" "/opt/rustwide/workdir" "-m" "1610612736" "--user" "0:0" "--network" "none" "ghcr.io/rust-lang/crates-build-env/linux@sha256:2788e3201cd34a07e3172128adcd8b3090168a8e3bcc40d7c032b9dda1df7d1c" "/opt/rustwide/cargo-home/bin/cargo" "+1.75.0" "test" "--frozen" "--no-run" "--message-format=json", kill_on_drop: false }`
[INFO] [stdout] 57fead426c54525750509eb8ac980b6864b3878e0e97cecf2754a59bac53f752
[INFO] running `Command { std: "docker" "start" "-a" "57fead426c54525750509eb8ac980b6864b3878e0e97cecf2754a59bac53f752", kill_on_drop: false }`
[INFO] [stderr]    Compiling rustix v0.36.9
[INFO] [stderr]    Compiling vte_generate_state_changes v0.1.1
[INFO] [stderr]    Compiling linux-raw-sys v0.1.4
[INFO] [stderr]    Compiling utf8parse v0.2.1
[INFO] [stderr]    Compiling arrayvec v0.5.2
[INFO] [stderr]    Compiling fastrand v1.9.0
[INFO] [stderr]    Compiling indoc v2.0.1
[INFO] [stderr]    Compiling vte v0.10.1
[INFO] [stderr]    Compiling strip-ansi-escapes v0.1.1
[INFO] [stderr]    Compiling tempfile v3.4.0
[INFO] [stderr]    Compiling erdtree v3.1.2 (/opt/rustwide/workdir)
[INFO] [stderr]     Finished test [unoptimized + debuginfo] target(s) in 8.27s
[INFO] running `Command { std: "docker" "inspect" "57fead426c54525750509eb8ac980b6864b3878e0e97cecf2754a59bac53f752", kill_on_drop: false }`
[INFO] running `Command { std: "docker" "rm" "-f" "57fead426c54525750509eb8ac980b6864b3878e0e97cecf2754a59bac53f752", kill_on_drop: false }`
[INFO] [stdout] 57fead426c54525750509eb8ac980b6864b3878e0e97cecf2754a59bac53f752
[INFO] running `Command { std: "docker" "create" "-v" "/var/lib/crater-agent-workspace/builds/worker-1-tc1/target:/opt/rustwide/target:rw,Z" "-v" "/var/lib/crater-agent-workspace/builds/worker-1-tc1/source:/opt/rustwide/workdir:ro,Z" "-v" "/var/lib/crater-agent-workspace/cargo-home:/opt/rustwide/cargo-home:ro,Z" "-v" "/var/lib/crater-agent-workspace/rustup-home:/opt/rustwide/rustup-home:ro,Z" "-e" "SOURCE_DIR=/opt/rustwide/workdir" "-e" "CARGO_TARGET_DIR=/opt/rustwide/target" "-e" "CARGO_INCREMENTAL=0" "-e" "RUST_BACKTRACE=full" "-e" "RUSTFLAGS=--cap-lints=warn" "-e" "RUSTDOCFLAGS=--cap-lints=warn" "-e" "CARGO_HOME=/opt/rustwide/cargo-home" "-e" "RUSTUP_HOME=/opt/rustwide/rustup-home" "-w" "/opt/rustwide/workdir" "-m" "1610612736" "--user" "0:0" "--network" "none" "ghcr.io/rust-lang/crates-build-env/linux@sha256:2788e3201cd34a07e3172128adcd8b3090168a8e3bcc40d7c032b9dda1df7d1c" "/opt/rustwide/cargo-home/bin/cargo" "+1.75.0" "test" "--frozen", kill_on_drop: false }`
[INFO] [stdout] 9de23374d6810ed8d34d56a85ca1e1483747d291e094f8cbf0953db91df7f5f8
[INFO] running `Command { std: "docker" "start" "-a" "9de23374d6810ed8d34d56a85ca1e1483747d291e094f8cbf0953db91df7f5f8", kill_on_drop: false }`
[INFO] [stderr]     Finished test [unoptimized + debuginfo] target(s) in 0.10s
[INFO] [stderr]      Running unittests src/main.rs (/opt/rustwide/target/debug/deps/erd-ab61ee24413c469d)
[INFO] [stdout] 
[INFO] [stdout] running 7 tests
[INFO] [stdout] test disk_usage::file_size::word_count::test_line_count ... ok
[INFO] [stdout] test fs::permissions::test::test_symbolic_notation ... ok
[INFO] [stdout] test fs::permissions::test::test_symbolic_notation_special_attr ... ok
[INFO] [stdout] test disk_usage::file_size::byte::test_metric ... ok
[INFO] [stdout] test disk_usage::file_size::line_count::test_line_count ... ok
[INFO] [stdout] test context::config::toml::test::parse_toml ... ok
[INFO] [stdout] test ansi::truncate ... ok
[INFO] [stdout] 
[INFO] [stdout] test result: ok. 7 passed; 0 failed; 0 ignored; 0 measured; 0 filtered out; finished in 0.01s
[INFO] [stdout] 
[INFO] [stderr]      Running tests/dirs_only.rs (/opt/rustwide/target/debug/deps/dirs_only-4eb556ae136caf31)
[INFO] [stdout] 
[INFO] [stdout] running 1 test
[INFO] [stdout] test dirs_only ... ok
[INFO] [stdout] 
[INFO] [stdout] test result: ok. 1 passed; 0 failed; 0 ignored; 0 measured; 0 filtered out; finished in 0.17s
[INFO] [stdout] 
[INFO] [stderr]      Running tests/flat.rs (/opt/rustwide/target/debug/deps/flat-678ef61213c0e0ab)
[INFO] [stdout] 
[INFO] [stdout] running 3 tests
[INFO] [stdout] test flat_human ... ok
[INFO] [stdout] test flat ... ok
[INFO] [stdout] test flat_with_level ... ok
[INFO] [stdout] 
[INFO] [stdout] test result: ok. 3 passed; 0 failed; 0 ignored; 0 measured; 0 filtered out; finished in 0.26s
[INFO] [stdout] 
[INFO] [stderr]      Running tests/glob.rs (/opt/rustwide/target/debug/deps/glob-8ecd3333bd0c9d50)
[INFO] [stdout] 
[INFO] [stdout] running 7 tests
[INFO] [stdout] test glob_empty_set_file - should panic ... ok
[INFO] [stdout] test negated_glob_with_filetype ... ok
[INFO] [stdout] test glob_empty_set_dir - should panic ... ok
[INFO] [stdout] test glob_case_insensitive ... ok
[INFO] [stdout] test glob_with_filetype ... ok
[INFO] [stdout] test glob_negative ... ok
[INFO] [stdout] test glob ... ok
[INFO] [stdout] 
[INFO] [stdout] test result: ok. 7 passed; 0 failed; 0 ignored; 0 measured; 0 filtered out; finished in 0.52s
[INFO] [stdout] 
[INFO] [stderr]      Running tests/hardlink.rs (/opt/rustwide/target/debug/deps/hardlink-796fca58d197ca1a)
[INFO] [stdout] 
[INFO] [stdout] running 1 test
[INFO] [stderr] error: test failed, to rerun pass `--test hardlink`
[INFO] [stdout] test hardlink ... FAILED
[INFO] [stdout] 
[INFO] [stdout] failures:
[INFO] [stdout] 
[INFO] [stdout] ---- hardlink stdout ----
[INFO] [stdout] Error: Os { code: 30, kind: ReadOnlyFilesystem, message: "Read-only file system" }
[INFO] [stdout] 
[INFO] [stdout] 
[INFO] [stdout] failures:
[INFO] [stdout]     hardlink
[INFO] [stdout] 
[INFO] [stdout] test result: FAILED. 0 passed; 1 failed; 0 ignored; 0 measured; 0 filtered out; finished in 0.01s
[INFO] [stdout] 
[INFO] running `Command { std: "docker" "inspect" "9de23374d6810ed8d34d56a85ca1e1483747d291e094f8cbf0953db91df7f5f8", kill_on_drop: false }`
[INFO] running `Command { std: "docker" "rm" "-f" "9de23374d6810ed8d34d56a85ca1e1483747d291e094f8cbf0953db91df7f5f8", kill_on_drop: false }`
[INFO] [stdout] 9de23374d6810ed8d34d56a85ca1e1483747d291e094f8cbf0953db91df7f5f8
[INFO] testing erdtree-3.1.2 against beta-2023-12-22 for beta-1.76-1
[INFO] extracting crate erdtree 3.1.2 into /workspace/builds/worker-1-tc2/source
[INFO] validating manifest of crates.io crate erdtree 3.1.2 on toolchain beta-2023-12-22
[INFO] running `Command { std: CARGO_HOME="/workspace/cargo-home" RUSTUP_HOME="/workspace/rustup-home" "/workspace/cargo-home/bin/cargo" "+beta-2023-12-22" "metadata" "--manifest-path" "Cargo.toml" "--no-deps", kill_on_drop: false }`
[INFO] started tweaking crates.io crate erdtree 3.1.2
[INFO] finished tweaking crates.io crate erdtree 3.1.2
[INFO] tweaked toml for crates.io crate erdtree 3.1.2 written to /workspace/builds/worker-1-tc2/source/Cargo.toml
[INFO] crate crates.io crate erdtree 3.1.2 already has a lockfile, it will not be regenerated
[INFO] running `Command { std: CARGO_HOME="/workspace/cargo-home" RUSTUP_HOME="/workspace/rustup-home" "/workspace/cargo-home/bin/cargo" "+beta-2023-12-22" "fetch" "--manifest-path" "Cargo.toml", kill_on_drop: false }`
[INFO] running `Command { std: "docker" "create" "-v" "/var/lib/crater-agent-workspace/builds/worker-1-tc2/target:/opt/rustwide/target:rw,Z" "-v" "/var/lib/crater-agent-workspace/builds/worker-1-tc2/source:/opt/rustwide/workdir:ro,Z" "-v" "/var/lib/crater-agent-workspace/cargo-home:/opt/rustwide/cargo-home:ro,Z" "-v" "/var/lib/crater-agent-workspace/rustup-home:/opt/rustwide/rustup-home:ro,Z" "-e" "SOURCE_DIR=/opt/rustwide/workdir" "-e" "CARGO_TARGET_DIR=/opt/rustwide/target" "-e" "CARGO_HOME=/opt/rustwide/cargo-home" "-e" "RUSTUP_HOME=/opt/rustwide/rustup-home" "-w" "/opt/rustwide/workdir" "-m" "1610612736" "--user" "0:0" "--network" "none" "ghcr.io/rust-lang/crates-build-env/linux@sha256:2788e3201cd34a07e3172128adcd8b3090168a8e3bcc40d7c032b9dda1df7d1c" "/opt/rustwide/cargo-home/bin/cargo" "+beta-2023-12-22" "metadata" "--no-deps" "--format-version=1", kill_on_drop: false }`
[INFO] [stdout] 2c50e93beee29cb22b02044dd1274dc33e93355f72d42f715610608b8973f0f7
[INFO] running `Command { std: "docker" "start" "-a" "2c50e93beee29cb22b02044dd1274dc33e93355f72d42f715610608b8973f0f7", kill_on_drop: false }`
[INFO] running `Command { std: "docker" "inspect" "2c50e93beee29cb22b02044dd1274dc33e93355f72d42f715610608b8973f0f7", kill_on_drop: false }`
[INFO] running `Command { std: "docker" "rm" "-f" "2c50e93beee29cb22b02044dd1274dc33e93355f72d42f715610608b8973f0f7", kill_on_drop: false }`
[INFO] [stdout] 2c50e93beee29cb22b02044dd1274dc33e93355f72d42f715610608b8973f0f7
[INFO] running `Command { std: "docker" "create" "-v" "/var/lib/crater-agent-workspace/builds/worker-1-tc2/target:/opt/rustwide/target:rw,Z" "-v" "/var/lib/crater-agent-workspace/builds/worker-1-tc2/source:/opt/rustwide/workdir:ro,Z" "-v" "/var/lib/crater-agent-workspace/cargo-home:/opt/rustwide/cargo-home:ro,Z" "-v" "/var/lib/crater-agent-workspace/rustup-home:/opt/rustwide/rustup-home:ro,Z" "-e" "SOURCE_DIR=/opt/rustwide/workdir" "-e" "CARGO_TARGET_DIR=/opt/rustwide/target" "-e" "CARGO_INCREMENTAL=0" "-e" "RUST_BACKTRACE=full" "-e" "RUSTFLAGS=--cap-lints=warn" "-e" "RUSTDOCFLAGS=--cap-lints=warn" "-e" "CARGO_HOME=/opt/rustwide/cargo-home" "-e" "RUSTUP_HOME=/opt/rustwide/rustup-home" "-w" "/opt/rustwide/workdir" "-m" "1610612736" "--user" "0:0" "--network" "none" "ghcr.io/rust-lang/crates-build-env/linux@sha256:2788e3201cd34a07e3172128adcd8b3090168a8e3bcc40d7c032b9dda1df7d1c" "/opt/rustwide/cargo-home/bin/cargo" "+beta-2023-12-22" "build" "--frozen" "--message-format=json", kill_on_drop: false }`
[INFO] [stdout] f62c24eb8767523f55df54aeb8a2fb95da57213d9c3a6b240277ebf0614cbcf5
[INFO] running `Command { std: "docker" "start" "-a" "f62c24eb8767523f55df54aeb8a2fb95da57213d9c3a6b240277ebf0614cbcf5", kill_on_drop: false }`
[INFO] [stderr]    Compiling libc v0.2.141
[INFO] [stderr]    Compiling proc-macro2 v1.0.52
[INFO] [stderr]    Compiling quote v1.0.26
[INFO] [stderr]    Compiling unicode-ident v1.0.8
[INFO] [stderr]    Compiling autocfg v1.1.0
[INFO] [stderr]    Compiling cfg-if v1.0.0
[INFO] [stderr]    Compiling version_check v0.9.4
[INFO] [stderr]    Compiling memchr v2.5.0
[INFO] [stderr]    Compiling log v0.4.17
[INFO] [stderr]    Compiling bitflags v1.3.2
[INFO] [stderr]    Compiling io-lifetimes v1.0.7
[INFO] [stderr]    Compiling syn v1.0.109
[INFO] [stderr]    Compiling proc-macro-error-attr v1.0.4
[INFO] [stderr]    Compiling proc-macro-error v1.0.4
[INFO] [stderr]    Compiling rustix v0.37.7
[INFO] [stderr]    Compiling lock_api v0.4.9
[INFO] [stderr]    Compiling num-traits v0.2.15
[INFO] [stderr]    Compiling signal-hook v0.3.15
[INFO] [stderr]    Compiling once_cell v1.17.1
[INFO] [stderr]    Compiling serde v1.0.156
[INFO] [stderr]    Compiling parking_lot_core v0.9.7
[INFO] [stderr]    Compiling linux-raw-sys v0.3.1
[INFO] [stderr]    Compiling syn v2.0.10
[INFO] [stderr]    Compiling aho-corasick v0.7.20
[INFO] [stderr]    Compiling num-integer v0.1.45
[INFO] [stderr]    Compiling async-trait v0.1.68
[INFO] [stderr]    Compiling signal-hook-registry v1.4.1
[INFO] [stderr]    Compiling heck v0.4.1
[INFO] [stderr]    Compiling smallvec v1.10.0
[INFO] [stderr]    Compiling regex-syntax v0.6.29
[INFO] [stderr]    Compiling os_str_bytes v6.4.1
[INFO] [stderr]    Compiling scopeguard v1.1.0
[INFO] [stderr]    Compiling clap_lex v0.3.3
[INFO] [stderr]    Compiling mio v0.8.6
[INFO] [stderr]    Compiling bstr v1.3.0
[INFO] [stderr]    Compiling is-terminal v0.4.6
[INFO] [stderr]    Compiling minimal-lexical v0.2.1
[INFO] [stderr]    Compiling strsim v0.10.0
[INFO] [stderr]    Compiling overload v0.1.1
[INFO] [stderr]    Compiling static_assertions v1.1.0
[INFO] [stderr]    Compiling termcolor v1.2.0
[INFO] [stderr]    Compiling same-file v1.0.6
[INFO] [stderr]    Compiling thiserror v1.0.40
[INFO] [stderr]    Compiling regex v1.7.3
[INFO] [stderr]    Compiling walkdir v2.3.3
[INFO] [stderr]    Compiling nu-ansi-term v0.46.0
[INFO] [stderr]    Compiling nix v0.26.2
[INFO] [stderr]    Compiling globset v0.4.10
[INFO] [stderr]    Compiling nom v7.1.3
[INFO] [stderr]    Compiling signal-hook-mio v0.2.3
[INFO] [stderr]    Compiling parking_lot v0.12.1
[INFO] [stderr]    Compiling dirs-sys v0.4.0
[INFO] [stderr]    Compiling time v0.1.45
[INFO] [stderr]    Compiling thread_local v1.1.7
[INFO] [stderr]    Compiling iana-time-zone v0.1.56
[INFO] [stderr]    Compiling toml v0.5.11
[INFO] [stderr]    Compiling pathdiff v0.2.1
[INFO] [stderr]    Compiling lscolors v0.13.0
[INFO] [stderr]    Compiling ignore v0.4.20
[INFO] [stderr]    Compiling chrono v0.4.24
[INFO] [stderr]    Compiling clap_derive v4.1.9
[INFO] [stderr]    Compiling thiserror-impl v1.0.40
[INFO] [stderr]    Compiling crossterm v0.26.1
[INFO] [stderr]    Compiling dirs v5.0.0
[INFO] [stderr]    Compiling ctrlc v3.4.0
[INFO] [stderr]    Compiling config v0.13.3
[INFO] [stderr]    Compiling errno v0.3.1
[INFO] [stderr]    Compiling indextree v4.6.0
[INFO] [stderr]    Compiling filesize v0.2.0
[INFO] [stderr]    Compiling clap v4.1.9
[INFO] [stderr]    Compiling clap_complete v4.1.5
[INFO] [stderr]    Compiling erdtree v3.1.2 (/opt/rustwide/workdir)
[INFO] [stderr]     Finished dev [unoptimized + debuginfo] target(s) in 34.48s
[INFO] running `Command { std: "docker" "inspect" "f62c24eb8767523f55df54aeb8a2fb95da57213d9c3a6b240277ebf0614cbcf5", kill_on_drop: false }`
[INFO] running `Command { std: "docker" "rm" "-f" "f62c24eb8767523f55df54aeb8a2fb95da57213d9c3a6b240277ebf0614cbcf5", kill_on_drop: false }`
[INFO] [stdout] f62c24eb8767523f55df54aeb8a2fb95da57213d9c3a6b240277ebf0614cbcf5
[INFO] running `Command { std: "docker" "create" "-v" "/var/lib/crater-agent-workspace/builds/worker-1-tc2/target:/opt/rustwide/target:rw,Z" "-v" "/var/lib/crater-agent-workspace/builds/worker-1-tc2/source:/opt/rustwide/workdir:ro,Z" "-v" "/var/lib/crater-agent-workspace/cargo-home:/opt/rustwide/cargo-home:ro,Z" "-v" "/var/lib/crater-agent-workspace/rustup-home:/opt/rustwide/rustup-home:ro,Z" "-e" "SOURCE_DIR=/opt/rustwide/workdir" "-e" "CARGO_TARGET_DIR=/opt/rustwide/target" "-e" "CARGO_INCREMENTAL=0" "-e" "RUST_BACKTRACE=full" "-e" "RUSTFLAGS=--cap-lints=warn" "-e" "RUSTDOCFLAGS=--cap-lints=warn" "-e" "CARGO_HOME=/opt/rustwide/cargo-home" "-e" "RUSTUP_HOME=/opt/rustwide/rustup-home" "-w" "/opt/rustwide/workdir" "-m" "1610612736" "--user" "0:0" "--network" "none" "ghcr.io/rust-lang/crates-build-env/linux@sha256:2788e3201cd34a07e3172128adcd8b3090168a8e3bcc40d7c032b9dda1df7d1c" "/opt/rustwide/cargo-home/bin/cargo" "+beta-2023-12-22" "test" "--frozen" "--no-run" "--message-format=json", kill_on_drop: false }`
[INFO] [stdout] 2cb7f830f7528caa4397e55a6b8887e6b932a44db78660a16e6c5dc770e0bcfb
[INFO] running `Command { std: "docker" "start" "-a" "2cb7f830f7528caa4397e55a6b8887e6b932a44db78660a16e6c5dc770e0bcfb", kill_on_drop: false }`
[INFO] [stderr]    Compiling rustix v0.36.9
[INFO] [stderr]    Compiling vte_generate_state_changes v0.1.1
[INFO] [stderr]    Compiling arrayvec v0.5.2
[INFO] [stderr]    Compiling linux-raw-sys v0.1.4
[INFO] [stderr]    Compiling utf8parse v0.2.1
[INFO] [stderr]    Compiling fastrand v1.9.0
[INFO] [stderr]    Compiling indoc v2.0.1
[INFO] [stderr]    Compiling vte v0.10.1
[INFO] [stderr]    Compiling strip-ansi-escapes v0.1.1
[INFO] [stderr]    Compiling tempfile v3.4.0
[INFO] [stderr]    Compiling erdtree v3.1.2 (/opt/rustwide/workdir)
[INFO] [stderr]     Finished test [unoptimized + debuginfo] target(s) in 7.73s
[INFO] running `Command { std: "docker" "inspect" "2cb7f830f7528caa4397e55a6b8887e6b932a44db78660a16e6c5dc770e0bcfb", kill_on_drop: false }`
[INFO] running `Command { std: "docker" "rm" "-f" "2cb7f830f7528caa4397e55a6b8887e6b932a44db78660a16e6c5dc770e0bcfb", kill_on_drop: false }`
[INFO] [stdout] 2cb7f830f7528caa4397e55a6b8887e6b932a44db78660a16e6c5dc770e0bcfb
[INFO] running `Command { std: "docker" "create" "-v" "/var/lib/crater-agent-workspace/builds/worker-1-tc2/target:/opt/rustwide/target:rw,Z" "-v" "/var/lib/crater-agent-workspace/builds/worker-1-tc2/source:/opt/rustwide/workdir:ro,Z" "-v" "/var/lib/crater-agent-workspace/cargo-home:/opt/rustwide/cargo-home:ro,Z" "-v" "/var/lib/crater-agent-workspace/rustup-home:/opt/rustwide/rustup-home:ro,Z" "-e" "SOURCE_DIR=/opt/rustwide/workdir" "-e" "CARGO_TARGET_DIR=/opt/rustwide/target" "-e" "CARGO_INCREMENTAL=0" "-e" "RUST_BACKTRACE=full" "-e" "RUSTFLAGS=--cap-lints=warn" "-e" "RUSTDOCFLAGS=--cap-lints=warn" "-e" "CARGO_HOME=/opt/rustwide/cargo-home" "-e" "RUSTUP_HOME=/opt/rustwide/rustup-home" "-w" "/opt/rustwide/workdir" "-m" "1610612736" "--user" "0:0" "--network" "none" "ghcr.io/rust-lang/crates-build-env/linux@sha256:2788e3201cd34a07e3172128adcd8b3090168a8e3bcc40d7c032b9dda1df7d1c" "/opt/rustwide/cargo-home/bin/cargo" "+beta-2023-12-22" "test" "--frozen", kill_on_drop: false }`
[INFO] [stdout] 4604a0f26b958ed6c9d284f387254464d098755a55bf127b9dcfb9174f68273c
[INFO] running `Command { std: "docker" "start" "-a" "4604a0f26b958ed6c9d284f387254464d098755a55bf127b9dcfb9174f68273c", kill_on_drop: false }`
[INFO] [stderr]     Finished test [unoptimized + debuginfo] target(s) in 0.10s
[INFO] [stderr]      Running unittests src/main.rs (/opt/rustwide/target/debug/deps/erd-4201ae54775a8e67)
[INFO] [stdout] 
[INFO] [stdout] running 7 tests
[INFO] [stdout] test ansi::truncate ... ok
[INFO] [stdout] test context::config::toml::test::parse_toml ... ok
[INFO] [stdout] test disk_usage::file_size::line_count::test_line_count ... ok
[INFO] [stdout] test disk_usage::file_size::byte::test_metric ... ok
[INFO] [stdout] test disk_usage::file_size::word_count::test_line_count ... ok
[INFO] [stdout] test fs::permissions::test::test_symbolic_notation ... ok
[INFO] [stdout] test fs::permissions::test::test_symbolic_notation_special_attr ... ok
[INFO] [stdout] 
[INFO] [stdout] test result: ok. 7 passed; 0 failed; 0 ignored; 0 measured; 0 filtered out; finished in 0.02s
[INFO] [stdout] 
[INFO] [stderr]      Running tests/dirs_only.rs (/opt/rustwide/target/debug/deps/dirs_only-540269825e5a20b3)
[INFO] [stdout] 
[INFO] [stdout] running 1 test
[INFO] [stdout] test dirs_only ... ok
[INFO] [stdout] 
[INFO] [stdout] test result: ok. 1 passed; 0 failed; 0 ignored; 0 measured; 0 filtered out; finished in 0.16s
[INFO] [stdout] 
[INFO] [stderr]      Running tests/flat.rs (/opt/rustwide/target/debug/deps/flat-a6dcc1693d0cc0e0)
[INFO] [stdout] 
[INFO] [stdout] running 3 tests
[INFO] [stdout] test flat ... ok
[INFO] [stdout] test flat_human ... ok
[INFO] [stdout] test flat_with_level ... ok
[INFO] [stderr]      Running tests/glob.rs (/opt/rustwide/target/debug/deps/glob-c896a14c937a3d67)
[INFO] [stdout] 
[INFO] [stdout] test result: ok. 3 passed; 0 failed; 0 ignored; 0 measured; 0 filtered out; finished in 0.20s
[INFO] [stdout] 
[INFO] [stdout] 
[INFO] [stdout] running 7 tests
[INFO] [stdout] test negated_glob_with_filetype ... ok
[INFO] [stdout] test glob ... ok
[INFO] [stdout] test glob_case_insensitive ... ok
[INFO] [stdout] test glob_empty_set_dir - should panic ... ok
[INFO] [stdout] test glob_negative ... ok
[INFO] [stdout] test glob_empty_set_file - should panic ... ok
[INFO] [stdout] test glob_with_filetype ... ok
[INFO] [stdout] 
[INFO] [stdout] test result: ok. 7 passed; 0 failed; 0 ignored; 0 measured; 0 filtered out; finished in 0.39s
[INFO] [stdout] 
[INFO] [stderr]      Running tests/hardlink.rs (/opt/rustwide/target/debug/deps/hardlink-7fde52924b997fb9)
[INFO] [stdout] 
[INFO] [stdout] running 1 test
[INFO] [stdout] test hardlink ... FAILED
[INFO] [stdout] 
[INFO] [stdout] failures:
[INFO] [stdout] 
[INFO] [stdout] ---- hardlink stdout ----
[INFO] [stdout] Error: Os { code: 30, kind: ReadOnlyFilesystem, message: "Read-only file system" }
[INFO] [stdout] 
[INFO] [stdout] 
[INFO] [stdout] failures:
[INFO] [stdout]     hardlink
[INFO] [stdout] 
[INFO] [stdout] test result: FAILED. 0 passed; 1 failed; 0 ignored; 0 measured; 0 filtered out; finished in 0.00s
[INFO] [stdout] 
[INFO] [stderr] error: test failed, to rerun pass `--test hardlink`
[INFO] running `Command { std: "docker" "inspect" "4604a0f26b958ed6c9d284f387254464d098755a55bf127b9dcfb9174f68273c", kill_on_drop: false }`
[INFO] running `Command { std: "docker" "rm" "-f" "4604a0f26b958ed6c9d284f387254464d098755a55bf127b9dcfb9174f68273c", kill_on_drop: false }`
[INFO] [stdout] 4604a0f26b958ed6c9d284f387254464d098755a55bf127b9dcfb9174f68273c
