[INFO] fetching crate envoy-sdk 0.2.0-alpha.1...
[INFO] testing envoy-sdk-0.2.0-alpha.1 against 1.75.0 for beta-1.76-1
[INFO] extracting crate envoy-sdk 0.2.0-alpha.1 into /workspace/builds/worker-1-tc1/source
[INFO] validating manifest of crates.io crate envoy-sdk 0.2.0-alpha.1 on toolchain 1.75.0
[INFO] running `Command { std: CARGO_HOME="/workspace/cargo-home" RUSTUP_HOME="/workspace/rustup-home" "/workspace/cargo-home/bin/cargo" "+1.75.0" "metadata" "--manifest-path" "Cargo.toml" "--no-deps", kill_on_drop: false }`
[INFO] started tweaking crates.io crate envoy-sdk 0.2.0-alpha.1
[INFO] finished tweaking crates.io crate envoy-sdk 0.2.0-alpha.1
[INFO] tweaked toml for crates.io crate envoy-sdk 0.2.0-alpha.1 written to /workspace/builds/worker-1-tc1/source/Cargo.toml
[INFO] running `Command { std: CARGO_HOME="/workspace/cargo-home" RUSTUP_HOME="/workspace/rustup-home" "/workspace/cargo-home/bin/cargo" "+1.75.0" "generate-lockfile" "--manifest-path" "Cargo.toml", kill_on_drop: false }`
[INFO] [stderr]     Updating crates.io index
[INFO] running `Command { std: CARGO_HOME="/workspace/cargo-home" RUSTUP_HOME="/workspace/rustup-home" "/workspace/cargo-home/bin/cargo" "+1.75.0" "fetch" "--manifest-path" "Cargo.toml", kill_on_drop: false }`
[INFO] [stderr]  Downloading crates ...
[INFO] [stderr]   Downloaded ahash v0.4.8
[INFO] [stderr]   Downloaded proxy-wasm-experimental v0.0.8
[INFO] running `Command { std: "docker" "create" "-v" "/var/lib/crater-agent-workspace/builds/worker-1-tc1/target:/opt/rustwide/target:rw,Z" "-v" "/var/lib/crater-agent-workspace/builds/worker-1-tc1/source:/opt/rustwide/workdir:ro,Z" "-v" "/var/lib/crater-agent-workspace/cargo-home:/opt/rustwide/cargo-home:ro,Z" "-v" "/var/lib/crater-agent-workspace/rustup-home:/opt/rustwide/rustup-home:ro,Z" "-e" "SOURCE_DIR=/opt/rustwide/workdir" "-e" "CARGO_TARGET_DIR=/opt/rustwide/target" "-e" "CARGO_HOME=/opt/rustwide/cargo-home" "-e" "RUSTUP_HOME=/opt/rustwide/rustup-home" "-w" "/opt/rustwide/workdir" "-m" "1610612736" "--user" "0:0" "--network" "none" "ghcr.io/rust-lang/crates-build-env/linux@sha256:2788e3201cd34a07e3172128adcd8b3090168a8e3bcc40d7c032b9dda1df7d1c" "/opt/rustwide/cargo-home/bin/cargo" "+1.75.0" "metadata" "--no-deps" "--format-version=1", kill_on_drop: false }`
[INFO] [stdout] 5ab7e903cdad5b619b9e5569051e043b08e4cbd9eb246328465bd08640e8f286
[INFO] running `Command { std: "docker" "start" "-a" "5ab7e903cdad5b619b9e5569051e043b08e4cbd9eb246328465bd08640e8f286", kill_on_drop: false }`
[INFO] running `Command { std: "docker" "inspect" "5ab7e903cdad5b619b9e5569051e043b08e4cbd9eb246328465bd08640e8f286", kill_on_drop: false }`
[INFO] running `Command { std: "docker" "rm" "-f" "5ab7e903cdad5b619b9e5569051e043b08e4cbd9eb246328465bd08640e8f286", kill_on_drop: false }`
[INFO] [stdout] 5ab7e903cdad5b619b9e5569051e043b08e4cbd9eb246328465bd08640e8f286
[INFO] running `Command { std: "docker" "create" "-v" "/var/lib/crater-agent-workspace/builds/worker-1-tc1/target:/opt/rustwide/target:rw,Z" "-v" "/var/lib/crater-agent-workspace/builds/worker-1-tc1/source:/opt/rustwide/workdir:ro,Z" "-v" "/var/lib/crater-agent-workspace/cargo-home:/opt/rustwide/cargo-home:ro,Z" "-v" "/var/lib/crater-agent-workspace/rustup-home:/opt/rustwide/rustup-home:ro,Z" "-e" "SOURCE_DIR=/opt/rustwide/workdir" "-e" "CARGO_TARGET_DIR=/opt/rustwide/target" "-e" "CARGO_INCREMENTAL=0" "-e" "RUST_BACKTRACE=full" "-e" "RUSTFLAGS=--cap-lints=warn" "-e" "RUSTDOCFLAGS=--cap-lints=warn" "-e" "CARGO_HOME=/opt/rustwide/cargo-home" "-e" "RUSTUP_HOME=/opt/rustwide/rustup-home" "-w" "/opt/rustwide/workdir" "-m" "1610612736" "--user" "0:0" "--network" "none" "ghcr.io/rust-lang/crates-build-env/linux@sha256:2788e3201cd34a07e3172128adcd8b3090168a8e3bcc40d7c032b9dda1df7d1c" "/opt/rustwide/cargo-home/bin/cargo" "+1.75.0" "build" "--frozen" "--message-format=json", kill_on_drop: false }`
[INFO] [stdout] 4b63611eace4a4ad0ec61430d3b749f1888a7efc527c30c7cfdb66ca6e36087a
[INFO] running `Command { std: "docker" "start" "-a" "4b63611eace4a4ad0ec61430d3b749f1888a7efc527c30c7cfdb66ca6e36087a", kill_on_drop: false }`
[INFO] [stderr]    Compiling ahash v0.4.8
[INFO] [stderr]    Compiling anyhow v1.0.79
[INFO] [stderr]    Compiling log v0.4.20
[INFO] [stderr]    Compiling bitflags v1.3.2
[INFO] [stderr]    Compiling hashbrown v0.9.1
[INFO] [stderr]    Compiling proxy-wasm-experimental v0.0.8
[INFO] [stderr]    Compiling envoy-sdk v0.2.0-alpha.1 (/opt/rustwide/workdir)
[INFO] [stdout] warning: trait objects without an explicit `dyn` are deprecated
[INFO] [stdout]   --> src/extension/module/dispatcher.rs:40:30
[INFO] [stdout]    |
[INFO] [stdout] 40 |         Self::new(factories, StreamInfo::default())
[INFO] [stdout]    |                              ^^^^^^^^^^
[INFO] [stdout]    |
[INFO] [stdout]    = warning: this is accepted in the current edition (Rust 2018) but is a hard error in Rust 2021!
[INFO] [stdout]    = note: for more information, see <https://doc.rust-lang.org/nightly/edition-guide/rust-2021/warnings-promoted-to-error.html>
[INFO] [stdout]    = note: `#[warn(bare_trait_objects)]` on by default
[INFO] [stdout] help: use `dyn`
[INFO] [stdout]    |
[INFO] [stdout] 40 |         Self::new(factories, <dyn StreamInfo>::default())
[INFO] [stdout]    |                              ++++           +
[INFO] [stdout] 
[INFO] [stdout] 
[INFO] [stdout] warning: trait objects without an explicit `dyn` are deprecated
[INFO] [stdout]    --> src/extension/module/dispatcher.rs:109:24
[INFO] [stdout]     |
[INFO] [stdout] 109 |         Self::new(err, ErrorSink::default())
[INFO] [stdout]     |                        ^^^^^^^^^
[INFO] [stdout]     |
[INFO] [stdout]     = warning: this is accepted in the current edition (Rust 2018) but is a hard error in Rust 2021!
[INFO] [stdout]     = note: for more information, see <https://doc.rust-lang.org/nightly/edition-guide/rust-2021/warnings-promoted-to-error.html>
[INFO] [stdout] help: use `dyn`
[INFO] [stdout]     |
[INFO] [stdout] 109 |         Self::new(err, <dyn ErrorSink>::default())
[INFO] [stdout]     |                        ++++          +
[INFO] [stdout] 
[INFO] [stdout] 
[INFO] [stdout] warning: trait objects without an explicit `dyn` are deprecated
[INFO] [stdout]    --> src/extension/module/dispatcher.rs:176:24
[INFO] [stdout]     |
[INFO] [stdout] 176 |         Self::new(err, ErrorSink::default())
[INFO] [stdout]     |                        ^^^^^^^^^
[INFO] [stdout]     |
[INFO] [stdout]     = warning: this is accepted in the current edition (Rust 2018) but is a hard error in Rust 2021!
[INFO] [stdout]     = note: for more information, see <https://doc.rust-lang.org/nightly/edition-guide/rust-2021/warnings-promoted-to-error.html>
[INFO] [stdout] help: use `dyn`
[INFO] [stdout]     |
[INFO] [stdout] 176 |         Self::new(err, <dyn ErrorSink>::default())
[INFO] [stdout]     |                        ++++          +
[INFO] [stdout] 
[INFO] [stdout] 
[INFO] [stdout] warning: trait objects without an explicit `dyn` are deprecated
[INFO] [stdout]    --> src/extension/access_logger/context.rs:130:13
[INFO] [stdout]     |
[INFO] [stdout] 130 |             ContextOps::default(),
[INFO] [stdout]     |             ^^^^^^^^^^
[INFO] [stdout]     |
[INFO] [stdout]     = warning: this is accepted in the current edition (Rust 2018) but is a hard error in Rust 2021!
[INFO] [stdout]     = note: for more information, see <https://doc.rust-lang.org/nightly/edition-guide/rust-2021/warnings-promoted-to-error.html>
[INFO] [stdout] help: use `dyn`
[INFO] [stdout]     |
[INFO] [stdout] 130 |             <dyn ContextOps>::default(),
[INFO] [stdout]     |             ++++           +
[INFO] [stdout] 
[INFO] [stdout] 
[INFO] [stdout] warning: trait objects without an explicit `dyn` are deprecated
[INFO] [stdout]    --> src/extension/access_logger/context.rs:131:13
[INFO] [stdout]     |
[INFO] [stdout] 131 |             Ops::default(),
[INFO] [stdout]     |             ^^^
[INFO] [stdout]     |
[INFO] [stdout]     = warning: this is accepted in the current edition (Rust 2018) but is a hard error in Rust 2021!
[INFO] [stdout]     = note: for more information, see <https://doc.rust-lang.org/nightly/edition-guide/rust-2021/warnings-promoted-to-error.html>
[INFO] [stdout] help: use `dyn`
[INFO] [stdout]     |
[INFO] [stdout] 131 |             <dyn Ops>::default(),
[INFO] [stdout]     |             ++++    +
[INFO] [stdout] 
[INFO] [stdout] 
[INFO] [stdout] warning: trait objects without an explicit `dyn` are deprecated
[INFO] [stdout]    --> src/extension/access_logger/context.rs:132:13
[INFO] [stdout]     |
[INFO] [stdout] 132 |             HttpClientResponseOps::default(),
[INFO] [stdout]     |             ^^^^^^^^^^^^^^^^^^^^^
[INFO] [stdout]     |
[INFO] [stdout]     = warning: this is accepted in the current edition (Rust 2018) but is a hard error in Rust 2021!
[INFO] [stdout]     = note: for more information, see <https://doc.rust-lang.org/nightly/edition-guide/rust-2021/warnings-promoted-to-error.html>
[INFO] [stdout] help: use `dyn`
[INFO] [stdout]     |
[INFO] [stdout] 132 |             <dyn HttpClientResponseOps>::default(),
[INFO] [stdout]     |             ++++                      +
[INFO] [stdout] 
[INFO] [stdout] 
[INFO] [stdout] warning: trait objects without an explicit `dyn` are deprecated
[INFO] [stdout]    --> src/extension/access_logger/context.rs:133:13
[INFO] [stdout]     |
[INFO] [stdout] 133 |             ErrorSink::default(),
[INFO] [stdout]     |             ^^^^^^^^^
[INFO] [stdout]     |
[INFO] [stdout]     = warning: this is accepted in the current edition (Rust 2018) but is a hard error in Rust 2021!
[INFO] [stdout]     = note: for more information, see <https://doc.rust-lang.org/nightly/edition-guide/rust-2021/warnings-promoted-to-error.html>
[INFO] [stdout] help: use `dyn`
[INFO] [stdout]     |
[INFO] [stdout] 133 |             <dyn ErrorSink>::default(),
[INFO] [stdout]     |             ++++          +
[INFO] [stdout] 
[INFO] [stdout] 
[INFO] [stdout] warning: trait objects without an explicit `dyn` are deprecated
[INFO] [stdout]   --> src/extension/access_logger/ops.rs:56:9
[INFO] [stdout]    |
[INFO] [stdout] 56 |         StreamInfo::default()
[INFO] [stdout]    |         ^^^^^^^^^^
[INFO] [stdout]    |
[INFO] [stdout]    = warning: this is accepted in the current edition (Rust 2018) but is a hard error in Rust 2021!
[INFO] [stdout]    = note: for more information, see <https://doc.rust-lang.org/nightly/edition-guide/rust-2021/warnings-promoted-to-error.html>
[INFO] [stdout] help: use `dyn`
[INFO] [stdout]    |
[INFO] [stdout] 56 |         <dyn StreamInfo>::default()
[INFO] [stdout]    |         ++++           +
[INFO] [stdout] 
[INFO] [stdout] 
[INFO] [stdout] warning: trait objects without an explicit `dyn` are deprecated
[INFO] [stdout]    --> src/extension/factory/context.rs:134:13
[INFO] [stdout]     |
[INFO] [stdout] 134 |             ContextOps::default(),
[INFO] [stdout]     |             ^^^^^^^^^^
[INFO] [stdout]     |
[INFO] [stdout]     = warning: this is accepted in the current edition (Rust 2018) but is a hard error in Rust 2021!
[INFO] [stdout]     = note: for more information, see <https://doc.rust-lang.org/nightly/edition-guide/rust-2021/warnings-promoted-to-error.html>
[INFO] [stdout] help: use `dyn`
[INFO] [stdout]     |
[INFO] [stdout] 134 |             <dyn ContextOps>::default(),
[INFO] [stdout]     |             ++++           +
[INFO] [stdout] 
[INFO] [stdout] 
[INFO] [stdout] warning: trait objects without an explicit `dyn` are deprecated
[INFO] [stdout]    --> src/extension/factory/context.rs:135:13
[INFO] [stdout]     |
[INFO] [stdout] 135 |             Ops::default(),
[INFO] [stdout]     |             ^^^
[INFO] [stdout]     |
[INFO] [stdout]     = warning: this is accepted in the current edition (Rust 2018) but is a hard error in Rust 2021!
[INFO] [stdout]     = note: for more information, see <https://doc.rust-lang.org/nightly/edition-guide/rust-2021/warnings-promoted-to-error.html>
[INFO] [stdout] help: use `dyn`
[INFO] [stdout]     |
[INFO] [stdout] 135 |             <dyn Ops>::default(),
[INFO] [stdout]     |             ++++    +
[INFO] [stdout] 
[INFO] [stdout] 
[INFO] [stdout] warning: trait objects without an explicit `dyn` are deprecated
[INFO] [stdout]    --> src/extension/factory/context.rs:136:13
[INFO] [stdout]     |
[INFO] [stdout] 136 |             ErrorSink::default(),
[INFO] [stdout]     |             ^^^^^^^^^
[INFO] [stdout]     |
[INFO] [stdout]     = warning: this is accepted in the current edition (Rust 2018) but is a hard error in Rust 2021!
[INFO] [stdout]     = note: for more information, see <https://doc.rust-lang.org/nightly/edition-guide/rust-2021/warnings-promoted-to-error.html>
[INFO] [stdout] help: use `dyn`
[INFO] [stdout]     |
[INFO] [stdout] 136 |             <dyn ErrorSink>::default(),
[INFO] [stdout]     |             ++++          +
[INFO] [stdout] 
[INFO] [stdout] 
[INFO] [stdout] warning: trait objects without an explicit `dyn` are deprecated
[INFO] [stdout]    --> src/extension/filter/http/context.rs:196:13
[INFO] [stdout]     |
[INFO] [stdout] 196 |             Ops::default(),
[INFO] [stdout]     |             ^^^
[INFO] [stdout]     |
[INFO] [stdout]     = warning: this is accepted in the current edition (Rust 2018) but is a hard error in Rust 2021!
[INFO] [stdout]     = note: for more information, see <https://doc.rust-lang.org/nightly/edition-guide/rust-2021/warnings-promoted-to-error.html>
[INFO] [stdout] help: use `dyn`
[INFO] [stdout]     |
[INFO] [stdout] 196 |             <dyn Ops>::default(),
[INFO] [stdout]     |             ++++    +
[INFO] [stdout] 
[INFO] [stdout] 
[INFO] [stdout] warning: trait objects without an explicit `dyn` are deprecated
[INFO] [stdout]    --> src/extension/filter/http/context.rs:197:13
[INFO] [stdout]     |
[INFO] [stdout] 197 |             HttpClientResponseOps::default(),
[INFO] [stdout]     |             ^^^^^^^^^^^^^^^^^^^^^
[INFO] [stdout]     |
[INFO] [stdout]     = warning: this is accepted in the current edition (Rust 2018) but is a hard error in Rust 2021!
[INFO] [stdout]     = note: for more information, see <https://doc.rust-lang.org/nightly/edition-guide/rust-2021/warnings-promoted-to-error.html>
[INFO] [stdout] help: use `dyn`
[INFO] [stdout]     |
[INFO] [stdout] 197 |             <dyn HttpClientResponseOps>::default(),
[INFO] [stdout]     |             ++++                      +
[INFO] [stdout] 
[INFO] [stdout] 
[INFO] [stdout] warning: trait objects without an explicit `dyn` are deprecated
[INFO] [stdout]    --> src/extension/filter/http/context.rs:198:13
[INFO] [stdout]     |
[INFO] [stdout] 198 |             ErrorSink::default(),
[INFO] [stdout]     |             ^^^^^^^^^
[INFO] [stdout]     |
[INFO] [stdout]     = warning: this is accepted in the current edition (Rust 2018) but is a hard error in Rust 2021!
[INFO] [stdout]     = note: for more information, see <https://doc.rust-lang.org/nightly/edition-guide/rust-2021/warnings-promoted-to-error.html>
[INFO] [stdout] help: use `dyn`
[INFO] [stdout]     |
[INFO] [stdout] 198 |             <dyn ErrorSink>::default(),
[INFO] [stdout]     |             ++++          +
[INFO] [stdout] 
[INFO] [stdout] 
[INFO] [stdout] warning: trait objects without an explicit `dyn` are deprecated
[INFO] [stdout]    --> src/extension/filter/http/context.rs:244:24
[INFO] [stdout]     |
[INFO] [stdout] 244 |         Self::new(err, Ops::default(), ErrorSink::default())
[INFO] [stdout]     |                        ^^^
[INFO] [stdout]     |
[INFO] [stdout]     = warning: this is accepted in the current edition (Rust 2018) but is a hard error in Rust 2021!
[INFO] [stdout]     = note: for more information, see <https://doc.rust-lang.org/nightly/edition-guide/rust-2021/warnings-promoted-to-error.html>
[INFO] [stdout] help: use `dyn`
[INFO] [stdout]     |
[INFO] [stdout] 244 |         Self::new(err, <dyn Ops>::default(), ErrorSink::default())
[INFO] [stdout]     |                        ++++    +
[INFO] [stdout] 
[INFO] [stdout] 
[INFO] [stdout] warning: trait objects without an explicit `dyn` are deprecated
[INFO] [stdout]    --> src/extension/filter/http/context.rs:244:40
[INFO] [stdout]     |
[INFO] [stdout] 244 |         Self::new(err, Ops::default(), ErrorSink::default())
[INFO] [stdout]     |                                        ^^^^^^^^^
[INFO] [stdout]     |
[INFO] [stdout]     = warning: this is accepted in the current edition (Rust 2018) but is a hard error in Rust 2021!
[INFO] [stdout]     = note: for more information, see <https://doc.rust-lang.org/nightly/edition-guide/rust-2021/warnings-promoted-to-error.html>
[INFO] [stdout] help: use `dyn`
[INFO] [stdout]     |
[INFO] [stdout] 244 |         Self::new(err, Ops::default(), <dyn ErrorSink>::default())
[INFO] [stdout]     |                                        ++++          +
[INFO] [stdout] 
[INFO] [stdout] 
[INFO] [stdout] warning: trait objects without an explicit `dyn` are deprecated
[INFO] [stdout]    --> src/extension/filter/network/context.rs:169:13
[INFO] [stdout]     |
[INFO] [stdout] 169 |             Ops::default(),
[INFO] [stdout]     |             ^^^
[INFO] [stdout]     |
[INFO] [stdout]     = warning: this is accepted in the current edition (Rust 2018) but is a hard error in Rust 2021!
[INFO] [stdout]     = note: for more information, see <https://doc.rust-lang.org/nightly/edition-guide/rust-2021/warnings-promoted-to-error.html>
[INFO] [stdout] help: use `dyn`
[INFO] [stdout]     |
[INFO] [stdout] 169 |             <dyn Ops>::default(),
[INFO] [stdout]     |             ++++    +
[INFO] [stdout] 
[INFO] [stdout] 
[INFO] [stdout] warning: trait objects without an explicit `dyn` are deprecated
[INFO] [stdout]    --> src/extension/filter/network/context.rs:170:13
[INFO] [stdout]     |
[INFO] [stdout] 170 |             HttpClientResponseOps::default(),
[INFO] [stdout]     |             ^^^^^^^^^^^^^^^^^^^^^
[INFO] [stdout]     |
[INFO] [stdout]     = warning: this is accepted in the current edition (Rust 2018) but is a hard error in Rust 2021!
[INFO] [stdout]     = note: for more information, see <https://doc.rust-lang.org/nightly/edition-guide/rust-2021/warnings-promoted-to-error.html>
[INFO] [stdout] help: use `dyn`
[INFO] [stdout]     |
[INFO] [stdout] 170 |             <dyn HttpClientResponseOps>::default(),
[INFO] [stdout]     |             ++++                      +
[INFO] [stdout] 
[INFO] [stdout] 
[INFO] [stdout] warning: trait objects without an explicit `dyn` are deprecated
[INFO] [stdout]    --> src/extension/filter/network/context.rs:171:13
[INFO] [stdout]     |
[INFO] [stdout] 171 |             ErrorSink::default(),
[INFO] [stdout]     |             ^^^^^^^^^
[INFO] [stdout]     |
[INFO] [stdout]     = warning: this is accepted in the current edition (Rust 2018) but is a hard error in Rust 2021!
[INFO] [stdout]     = note: for more information, see <https://doc.rust-lang.org/nightly/edition-guide/rust-2021/warnings-promoted-to-error.html>
[INFO] [stdout] help: use `dyn`
[INFO] [stdout]     |
[INFO] [stdout] 171 |             <dyn ErrorSink>::default(),
[INFO] [stdout]     |             ++++          +
[INFO] [stdout] 
[INFO] [stdout] 
[INFO] [stdout] warning: trait objects without an explicit `dyn` are deprecated
[INFO] [stdout]    --> src/extension/filter/network/context.rs:213:24
[INFO] [stdout]     |
[INFO] [stdout] 213 |         Self::new(err, Ops::default(), ErrorSink::default())
[INFO] [stdout]     |                        ^^^
[INFO] [stdout]     |
[INFO] [stdout]     = warning: this is accepted in the current edition (Rust 2018) but is a hard error in Rust 2021!
[INFO] [stdout]     = note: for more information, see <https://doc.rust-lang.org/nightly/edition-guide/rust-2021/warnings-promoted-to-error.html>
[INFO] [stdout] help: use `dyn`
[INFO] [stdout]     |
[INFO] [stdout] 213 |         Self::new(err, <dyn Ops>::default(), ErrorSink::default())
[INFO] [stdout]     |                        ++++    +
[INFO] [stdout] 
[INFO] [stdout] 
[INFO] [stdout] warning: trait objects without an explicit `dyn` are deprecated
[INFO] [stdout]    --> src/extension/filter/network/context.rs:213:40
[INFO] [stdout]     |
[INFO] [stdout] 213 |         Self::new(err, Ops::default(), ErrorSink::default())
[INFO] [stdout]     |                                        ^^^^^^^^^
[INFO] [stdout]     |
[INFO] [stdout]     = warning: this is accepted in the current edition (Rust 2018) but is a hard error in Rust 2021!
[INFO] [stdout]     = note: for more information, see <https://doc.rust-lang.org/nightly/edition-guide/rust-2021/warnings-promoted-to-error.html>
[INFO] [stdout] help: use `dyn`
[INFO] [stdout]     |
[INFO] [stdout] 213 |         Self::new(err, Ops::default(), <dyn ErrorSink>::default())
[INFO] [stdout]     |                                        ++++          +
[INFO] [stdout] 
[INFO] [stdout] 
[INFO] [stdout] warning: 21 warnings emitted
[INFO] [stdout] 
[INFO] [stdout] 
[INFO] [stderr]     Finished dev [unoptimized + debuginfo] target(s) in 2.10s
[INFO] running `Command { std: "docker" "inspect" "4b63611eace4a4ad0ec61430d3b749f1888a7efc527c30c7cfdb66ca6e36087a", kill_on_drop: false }`
[INFO] running `Command { std: "docker" "rm" "-f" "4b63611eace4a4ad0ec61430d3b749f1888a7efc527c30c7cfdb66ca6e36087a", kill_on_drop: false }`
[INFO] [stdout] 4b63611eace4a4ad0ec61430d3b749f1888a7efc527c30c7cfdb66ca6e36087a
[INFO] running `Command { std: "docker" "create" "-v" "/var/lib/crater-agent-workspace/builds/worker-1-tc1/target:/opt/rustwide/target:rw,Z" "-v" "/var/lib/crater-agent-workspace/builds/worker-1-tc1/source:/opt/rustwide/workdir:ro,Z" "-v" "/var/lib/crater-agent-workspace/cargo-home:/opt/rustwide/cargo-home:ro,Z" "-v" "/var/lib/crater-agent-workspace/rustup-home:/opt/rustwide/rustup-home:ro,Z" "-e" "SOURCE_DIR=/opt/rustwide/workdir" "-e" "CARGO_TARGET_DIR=/opt/rustwide/target" "-e" "CARGO_INCREMENTAL=0" "-e" "RUST_BACKTRACE=full" "-e" "RUSTFLAGS=--cap-lints=warn" "-e" "RUSTDOCFLAGS=--cap-lints=warn" "-e" "CARGO_HOME=/opt/rustwide/cargo-home" "-e" "RUSTUP_HOME=/opt/rustwide/rustup-home" "-w" "/opt/rustwide/workdir" "-m" "1610612736" "--user" "0:0" "--network" "none" "ghcr.io/rust-lang/crates-build-env/linux@sha256:2788e3201cd34a07e3172128adcd8b3090168a8e3bcc40d7c032b9dda1df7d1c" "/opt/rustwide/cargo-home/bin/cargo" "+1.75.0" "test" "--frozen" "--no-run" "--message-format=json", kill_on_drop: false }`
[INFO] [stdout] 6517ab4f82f3745b05dfbd583b45a7cb01ab3376707cd1ad2513a3f65a80d68a
[INFO] running `Command { std: "docker" "start" "-a" "6517ab4f82f3745b05dfbd583b45a7cb01ab3376707cd1ad2513a3f65a80d68a", kill_on_drop: false }`
[INFO] [stderr]    Compiling serde v1.0.194
[INFO] [stderr]    Compiling proc-macro2 v1.0.75
[INFO] [stderr]    Compiling tinyvec_macros v0.1.1
[INFO] [stderr]    Compiling version_check v0.9.4
[INFO] [stderr]    Compiling hashbrown v0.14.3
[INFO] [stderr]    Compiling unicode-ident v1.0.12
[INFO] [stderr]    Compiling equivalent v1.0.1
[INFO] [stderr]    Compiling percent-encoding v2.3.1
[INFO] [stderr]    Compiling tinyvec v1.6.0
[INFO] [stderr]    Compiling unicode-bidi v0.3.14
[INFO] [stderr]    Compiling winnow v0.5.32
[INFO] [stderr]    Compiling regex-syntax v0.8.2
[INFO] [stderr]    Compiling unicase v2.7.0
[INFO] [stderr]    Compiling indexmap v2.1.0
[INFO] [stderr]    Compiling semver v1.0.21
[INFO] [stderr]    Compiling unicode-normalization v0.1.22
[INFO] [stderr]    Compiling pulldown-cmark v0.9.3
[INFO] [stderr]    Compiling quote v1.0.35
[INFO] [stderr]    Compiling idna v0.5.0
[INFO] [stderr]    Compiling form_urlencoded v1.2.1
[INFO] [stderr]    Compiling memchr v2.7.1
[INFO] [stderr]    Compiling syn v2.0.48
[INFO] [stderr]    Compiling regex-automata v0.4.3
[INFO] [stderr]    Compiling url v2.5.0
[INFO] [stdout] warning: trait objects without an explicit `dyn` are deprecated
[INFO] [stdout]   --> src/extension/module/dispatcher.rs:40:30
[INFO] [stdout]    |
[INFO] [stdout] 40 |         Self::new(factories, StreamInfo::default())
[INFO] [stdout]    |                              ^^^^^^^^^^
[INFO] [stdout]    |
[INFO] [stdout]    = warning: this is accepted in the current edition (Rust 2018) but is a hard error in Rust 2021!
[INFO] [stdout]    = note: for more information, see <https://doc.rust-lang.org/nightly/edition-guide/rust-2021/warnings-promoted-to-error.html>
[INFO] [stdout]    = note: `#[warn(bare_trait_objects)]` on by default
[INFO] [stdout] help: use `dyn`
[INFO] [stdout]    |
[INFO] [stdout] 40 |         Self::new(factories, <dyn StreamInfo>::default())
[INFO] [stdout]    |                              ++++           +
[INFO] [stdout] 
[INFO] [stdout] 
[INFO] [stdout] warning: trait objects without an explicit `dyn` are deprecated
[INFO] [stdout]    --> src/extension/module/dispatcher.rs:109:24
[INFO] [stdout]     |
[INFO] [stdout] 109 |         Self::new(err, ErrorSink::default())
[INFO] [stdout]     |                        ^^^^^^^^^
[INFO] [stdout]     |
[INFO] [stdout]     = warning: this is accepted in the current edition (Rust 2018) but is a hard error in Rust 2021!
[INFO] [stdout]     = note: for more information, see <https://doc.rust-lang.org/nightly/edition-guide/rust-2021/warnings-promoted-to-error.html>
[INFO] [stdout] help: use `dyn`
[INFO] [stdout]     |
[INFO] [stdout] 109 |         Self::new(err, <dyn ErrorSink>::default())
[INFO] [stdout]     |                        ++++          +
[INFO] [stdout] 
[INFO] [stdout] 
[INFO] [stdout] warning: trait objects without an explicit `dyn` are deprecated
[INFO] [stdout]    --> src/extension/module/dispatcher.rs:176:24
[INFO] [stdout]     |
[INFO] [stdout] 176 |         Self::new(err, ErrorSink::default())
[INFO] [stdout]     |                        ^^^^^^^^^
[INFO] [stdout]     |
[INFO] [stdout]     = warning: this is accepted in the current edition (Rust 2018) but is a hard error in Rust 2021!
[INFO] [stdout]     = note: for more information, see <https://doc.rust-lang.org/nightly/edition-guide/rust-2021/warnings-promoted-to-error.html>
[INFO] [stdout] help: use `dyn`
[INFO] [stdout]     |
[INFO] [stdout] 176 |         Self::new(err, <dyn ErrorSink>::default())
[INFO] [stdout]     |                        ++++          +
[INFO] [stdout] 
[INFO] [stdout] 
[INFO] [stdout] warning: trait objects without an explicit `dyn` are deprecated
[INFO] [stdout]    --> src/extension/access_logger/context.rs:130:13
[INFO] [stdout]     |
[INFO] [stdout] 130 |             ContextOps::default(),
[INFO] [stdout]     |             ^^^^^^^^^^
[INFO] [stdout]     |
[INFO] [stdout]     = warning: this is accepted in the current edition (Rust 2018) but is a hard error in Rust 2021!
[INFO] [stdout]     = note: for more information, see <https://doc.rust-lang.org/nightly/edition-guide/rust-2021/warnings-promoted-to-error.html>
[INFO] [stdout] help: use `dyn`
[INFO] [stdout]     |
[INFO] [stdout] 130 |             <dyn ContextOps>::default(),
[INFO] [stdout]     |             ++++           +
[INFO] [stdout] 
[INFO] [stdout] 
[INFO] [stdout] warning: trait objects without an explicit `dyn` are deprecated
[INFO] [stdout]    --> src/extension/access_logger/context.rs:131:13
[INFO] [stdout]     |
[INFO] [stdout] 131 |             Ops::default(),
[INFO] [stdout]     |             ^^^
[INFO] [stdout]     |
[INFO] [stdout]     = warning: this is accepted in the current edition (Rust 2018) but is a hard error in Rust 2021!
[INFO] [stdout]     = note: for more information, see <https://doc.rust-lang.org/nightly/edition-guide/rust-2021/warnings-promoted-to-error.html>
[INFO] [stdout] help: use `dyn`
[INFO] [stdout]     |
[INFO] [stdout] 131 |             <dyn Ops>::default(),
[INFO] [stdout]     |             ++++    +
[INFO] [stdout] 
[INFO] [stdout] 
[INFO] [stdout] warning: trait objects without an explicit `dyn` are deprecated
[INFO] [stdout]    --> src/extension/access_logger/context.rs:132:13
[INFO] [stdout]     |
[INFO] [stdout] 132 |             HttpClientResponseOps::default(),
[INFO] [stdout]     |             ^^^^^^^^^^^^^^^^^^^^^
[INFO] [stdout]     |
[INFO] [stdout]     = warning: this is accepted in the current edition (Rust 2018) but is a hard error in Rust 2021!
[INFO] [stdout]     = note: for more information, see <https://doc.rust-lang.org/nightly/edition-guide/rust-2021/warnings-promoted-to-error.html>
[INFO] [stdout] help: use `dyn`
[INFO] [stdout]     |
[INFO] [stdout] 132 |             <dyn HttpClientResponseOps>::default(),
[INFO] [stdout]     |             ++++                      +
[INFO] [stdout] 
[INFO] [stdout] 
[INFO] [stdout] warning: trait objects without an explicit `dyn` are deprecated
[INFO] [stdout]    --> src/extension/access_logger/context.rs:133:13
[INFO] [stdout]     |
[INFO] [stdout] 133 |             ErrorSink::default(),
[INFO] [stdout]     |             ^^^^^^^^^
[INFO] [stdout]     |
[INFO] [stdout]     = warning: this is accepted in the current edition (Rust 2018) but is a hard error in Rust 2021!
[INFO] [stdout]     = note: for more information, see <https://doc.rust-lang.org/nightly/edition-guide/rust-2021/warnings-promoted-to-error.html>
[INFO] [stdout] help: use `dyn`
[INFO] [stdout]     |
[INFO] [stdout] 133 |             <dyn ErrorSink>::default(),
[INFO] [stdout]     |             ++++          +
[INFO] [stdout] 
[INFO] [stdout] 
[INFO] [stdout] warning: trait objects without an explicit `dyn` are deprecated
[INFO] [stdout]   --> src/extension/access_logger/ops.rs:56:9
[INFO] [stdout]    |
[INFO] [stdout] 56 |         StreamInfo::default()
[INFO] [stdout]    |         ^^^^^^^^^^
[INFO] [stdout]    |
[INFO] [stdout]    = warning: this is accepted in the current edition (Rust 2018) but is a hard error in Rust 2021!
[INFO] [stdout]    = note: for more information, see <https://doc.rust-lang.org/nightly/edition-guide/rust-2021/warnings-promoted-to-error.html>
[INFO] [stdout] help: use `dyn`
[INFO] [stdout]    |
[INFO] [stdout] 56 |         <dyn StreamInfo>::default()
[INFO] [stdout]    |         ++++           +
[INFO] [stdout] 
[INFO] [stdout] 
[INFO] [stdout] warning: trait objects without an explicit `dyn` are deprecated
[INFO] [stdout]    --> src/extension/factory/context.rs:134:13
[INFO] [stdout]     |
[INFO] [stdout] 134 |             ContextOps::default(),
[INFO] [stdout]     |             ^^^^^^^^^^
[INFO] [stdout]     |
[INFO] [stdout]     = warning: this is accepted in the current edition (Rust 2018) but is a hard error in Rust 2021!
[INFO] [stdout]     = note: for more information, see <https://doc.rust-lang.org/nightly/edition-guide/rust-2021/warnings-promoted-to-error.html>
[INFO] [stdout] help: use `dyn`
[INFO] [stdout]     |
[INFO] [stdout] 134 |             <dyn ContextOps>::default(),
[INFO] [stdout]     |             ++++           +
[INFO] [stdout] 
[INFO] [stdout] 
[INFO] [stdout] warning: trait objects without an explicit `dyn` are deprecated
[INFO] [stdout]    --> src/extension/factory/context.rs:135:13
[INFO] [stdout]     |
[INFO] [stdout] 135 |             Ops::default(),
[INFO] [stdout]     |             ^^^
[INFO] [stdout]     |
[INFO] [stdout]     = warning: this is accepted in the current edition (Rust 2018) but is a hard error in Rust 2021!
[INFO] [stdout]     = note: for more information, see <https://doc.rust-lang.org/nightly/edition-guide/rust-2021/warnings-promoted-to-error.html>
[INFO] [stdout] help: use `dyn`
[INFO] [stdout]     |
[INFO] [stdout] 135 |             <dyn Ops>::default(),
[INFO] [stdout]     |             ++++    +
[INFO] [stdout] 
[INFO] [stdout] 
[INFO] [stdout] warning: trait objects without an explicit `dyn` are deprecated
[INFO] [stdout]    --> src/extension/factory/context.rs:136:13
[INFO] [stdout]     |
[INFO] [stdout] 136 |             ErrorSink::default(),
[INFO] [stdout]     |             ^^^^^^^^^
[INFO] [stdout]     |
[INFO] [stdout]     = warning: this is accepted in the current edition (Rust 2018) but is a hard error in Rust 2021!
[INFO] [stdout]     = note: for more information, see <https://doc.rust-lang.org/nightly/edition-guide/rust-2021/warnings-promoted-to-error.html>
[INFO] [stdout] help: use `dyn`
[INFO] [stdout]     |
[INFO] [stdout] 136 |             <dyn ErrorSink>::default(),
[INFO] [stdout]     |             ++++          +
[INFO] [stdout] 
[INFO] [stdout] 
[INFO] [stdout] warning: trait objects without an explicit `dyn` are deprecated
[INFO] [stdout]    --> src/extension/filter/http/context.rs:196:13
[INFO] [stdout]     |
[INFO] [stdout] 196 |             Ops::default(),
[INFO] [stdout]     |             ^^^
[INFO] [stdout]     |
[INFO] [stdout]     = warning: this is accepted in the current edition (Rust 2018) but is a hard error in Rust 2021!
[INFO] [stdout]     = note: for more information, see <https://doc.rust-lang.org/nightly/edition-guide/rust-2021/warnings-promoted-to-error.html>
[INFO] [stdout] help: use `dyn`
[INFO] [stdout]     |
[INFO] [stdout] 196 |             <dyn Ops>::default(),
[INFO] [stdout]     |             ++++    +
[INFO] [stdout] 
[INFO] [stdout] 
[INFO] [stdout] warning: trait objects without an explicit `dyn` are deprecated
[INFO] [stdout]    --> src/extension/filter/http/context.rs:197:13
[INFO] [stdout]     |
[INFO] [stdout] 197 |             HttpClientResponseOps::default(),
[INFO] [stdout]     |             ^^^^^^^^^^^^^^^^^^^^^
[INFO] [stdout]     |
[INFO] [stdout]     = warning: this is accepted in the current edition (Rust 2018) but is a hard error in Rust 2021!
[INFO] [stdout]     = note: for more information, see <https://doc.rust-lang.org/nightly/edition-guide/rust-2021/warnings-promoted-to-error.html>
[INFO] [stdout] help: use `dyn`
[INFO] [stdout]     |
[INFO] [stdout] 197 |             <dyn HttpClientResponseOps>::default(),
[INFO] [stdout]     |             ++++                      +
[INFO] [stdout] 
[INFO] [stdout] 
[INFO] [stdout] warning: trait objects without an explicit `dyn` are deprecated
[INFO] [stdout]    --> src/extension/filter/http/context.rs:198:13
[INFO] [stdout]     |
[INFO] [stdout] 198 |             ErrorSink::default(),
[INFO] [stdout]     |             ^^^^^^^^^
[INFO] [stdout]     |
[INFO] [stdout]     = warning: this is accepted in the current edition (Rust 2018) but is a hard error in Rust 2021!
[INFO] [stdout]     = note: for more information, see <https://doc.rust-lang.org/nightly/edition-guide/rust-2021/warnings-promoted-to-error.html>
[INFO] [stdout] help: use `dyn`
[INFO] [stdout]     |
[INFO] [stdout] 198 |             <dyn ErrorSink>::default(),
[INFO] [stdout]     |             ++++          +
[INFO] [stdout] 
[INFO] [stdout] 
[INFO] [stdout] warning: trait objects without an explicit `dyn` are deprecated
[INFO] [stdout]    --> src/extension/filter/http/context.rs:244:24
[INFO] [stdout]     |
[INFO] [stdout] 244 |         Self::new(err, Ops::default(), ErrorSink::default())
[INFO] [stdout]     |                        ^^^
[INFO] [stdout]     |
[INFO] [stdout]     = warning: this is accepted in the current edition (Rust 2018) but is a hard error in Rust 2021!
[INFO] [stdout]     = note: for more information, see <https://doc.rust-lang.org/nightly/edition-guide/rust-2021/warnings-promoted-to-error.html>
[INFO] [stdout] help: use `dyn`
[INFO] [stdout]     |
[INFO] [stdout] 244 |         Self::new(err, <dyn Ops>::default(), ErrorSink::default())
[INFO] [stdout]     |                        ++++    +
[INFO] [stdout] 
[INFO] [stdout] 
[INFO] [stdout] warning: trait objects without an explicit `dyn` are deprecated
[INFO] [stdout]    --> src/extension/filter/http/context.rs:244:40
[INFO] [stdout]     |
[INFO] [stdout] 244 |         Self::new(err, Ops::default(), ErrorSink::default())
[INFO] [stdout]     |                                        ^^^^^^^^^
[INFO] [stdout]     |
[INFO] [stdout]     = warning: this is accepted in the current edition (Rust 2018) but is a hard error in Rust 2021!
[INFO] [stdout]     = note: for more information, see <https://doc.rust-lang.org/nightly/edition-guide/rust-2021/warnings-promoted-to-error.html>
[INFO] [stdout] help: use `dyn`
[INFO] [stdout]     |
[INFO] [stdout] 244 |         Self::new(err, Ops::default(), <dyn ErrorSink>::default())
[INFO] [stdout]     |                                        ++++          +
[INFO] [stdout] 
[INFO] [stdout] 
[INFO] [stdout] warning: trait objects without an explicit `dyn` are deprecated
[INFO] [stdout]    --> src/extension/filter/network/context.rs:169:13
[INFO] [stdout]     |
[INFO] [stdout] 169 |             Ops::default(),
[INFO] [stdout]     |             ^^^
[INFO] [stdout]     |
[INFO] [stdout]     = warning: this is accepted in the current edition (Rust 2018) but is a hard error in Rust 2021!
[INFO] [stdout]     = note: for more information, see <https://doc.rust-lang.org/nightly/edition-guide/rust-2021/warnings-promoted-to-error.html>
[INFO] [stdout] help: use `dyn`
[INFO] [stdout]     |
[INFO] [stdout] 169 |             <dyn Ops>::default(),
[INFO] [stdout]     |             ++++    +
[INFO] [stdout] 
[INFO] [stdout] 
[INFO] [stdout] warning: trait objects without an explicit `dyn` are deprecated
[INFO] [stdout]    --> src/extension/filter/network/context.rs:170:13
[INFO] [stdout]     |
[INFO] [stdout] 170 |             HttpClientResponseOps::default(),
[INFO] [stdout]     |             ^^^^^^^^^^^^^^^^^^^^^
[INFO] [stdout]     |
[INFO] [stdout]     = warning: this is accepted in the current edition (Rust 2018) but is a hard error in Rust 2021!
[INFO] [stdout]     = note: for more information, see <https://doc.rust-lang.org/nightly/edition-guide/rust-2021/warnings-promoted-to-error.html>
[INFO] [stdout] help: use `dyn`
[INFO] [stdout]     |
[INFO] [stdout] 170 |             <dyn HttpClientResponseOps>::default(),
[INFO] [stdout]     |             ++++                      +
[INFO] [stdout] 
[INFO] [stdout] 
[INFO] [stdout] warning: trait objects without an explicit `dyn` are deprecated
[INFO] [stdout]    --> src/extension/filter/network/context.rs:171:13
[INFO] [stdout]     |
[INFO] [stdout] 171 |             ErrorSink::default(),
[INFO] [stdout]     |             ^^^^^^^^^
[INFO] [stdout]     |
[INFO] [stdout]     = warning: this is accepted in the current edition (Rust 2018) but is a hard error in Rust 2021!
[INFO] [stdout]     = note: for more information, see <https://doc.rust-lang.org/nightly/edition-guide/rust-2021/warnings-promoted-to-error.html>
[INFO] [stdout] help: use `dyn`
[INFO] [stdout]     |
[INFO] [stdout] 171 |             <dyn ErrorSink>::default(),
[INFO] [stdout]     |             ++++          +
[INFO] [stdout] 
[INFO] [stdout] 
[INFO] [stdout] warning: trait objects without an explicit `dyn` are deprecated
[INFO] [stdout]    --> src/extension/filter/network/context.rs:213:24
[INFO] [stdout]     |
[INFO] [stdout] 213 |         Self::new(err, Ops::default(), ErrorSink::default())
[INFO] [stdout]     |                        ^^^
[INFO] [stdout]     |
[INFO] [stdout]     = warning: this is accepted in the current edition (Rust 2018) but is a hard error in Rust 2021!
[INFO] [stdout]     = note: for more information, see <https://doc.rust-lang.org/nightly/edition-guide/rust-2021/warnings-promoted-to-error.html>
[INFO] [stdout] help: use `dyn`
[INFO] [stdout]     |
[INFO] [stdout] 213 |         Self::new(err, <dyn Ops>::default(), ErrorSink::default())
[INFO] [stdout]     |                        ++++    +
[INFO] [stdout] 
[INFO] [stdout] 
[INFO] [stdout] warning: trait objects without an explicit `dyn` are deprecated
[INFO] [stdout]    --> src/extension/filter/network/context.rs:213:40
[INFO] [stdout]     |
[INFO] [stdout] 213 |         Self::new(err, Ops::default(), ErrorSink::default())
[INFO] [stdout]     |                                        ^^^^^^^^^
[INFO] [stdout]     |
[INFO] [stdout]     = warning: this is accepted in the current edition (Rust 2018) but is a hard error in Rust 2021!
[INFO] [stdout]     = note: for more information, see <https://doc.rust-lang.org/nightly/edition-guide/rust-2021/warnings-promoted-to-error.html>
[INFO] [stdout] help: use `dyn`
[INFO] [stdout]     |
[INFO] [stdout] 213 |         Self::new(err, Ops::default(), <dyn ErrorSink>::default())
[INFO] [stdout]     |                                        ++++          +
[INFO] [stdout] 
[INFO] [stdout] 
[INFO] [stdout] warning: 21 warnings emitted
[INFO] [stdout] 
[INFO] [stdout] 
[INFO] [stderr]    Compiling regex v1.10.2
[INFO] [stderr]    Compiling toml_datetime v0.6.5
[INFO] [stderr]    Compiling serde_spanned v0.6.5
[INFO] [stderr]    Compiling toml_edit v0.19.15
[INFO] [stderr]    Compiling toml v0.7.8
[INFO] [stderr]    Compiling version-sync v0.9.5
[INFO] [stderr]    Compiling envoy-sdk v0.2.0-alpha.1 (/opt/rustwide/workdir)
[INFO] [stdout] warning: trait objects without an explicit `dyn` are deprecated
[INFO] [stdout]   --> src/extension/module/dispatcher.rs:40:30
[INFO] [stdout]    |
[INFO] [stdout] 40 |         Self::new(factories, StreamInfo::default())
[INFO] [stdout]    |                              ^^^^^^^^^^
[INFO] [stdout]    |
[INFO] [stdout]    = warning: this is accepted in the current edition (Rust 2018) but is a hard error in Rust 2021!
[INFO] [stdout]    = note: for more information, see <https://doc.rust-lang.org/nightly/edition-guide/rust-2021/warnings-promoted-to-error.html>
[INFO] [stdout]    = note: `#[warn(bare_trait_objects)]` on by default
[INFO] [stdout] help: use `dyn`
[INFO] [stdout]    |
[INFO] [stdout] 40 |         Self::new(factories, <dyn StreamInfo>::default())
[INFO] [stdout]    |                              ++++           +
[INFO] [stdout] 
[INFO] [stdout] 
[INFO] [stdout] warning: trait objects without an explicit `dyn` are deprecated
[INFO] [stdout]    --> src/extension/module/dispatcher.rs:109:24
[INFO] [stdout]     |
[INFO] [stdout] 109 |         Self::new(err, ErrorSink::default())
[INFO] [stdout]     |                        ^^^^^^^^^
[INFO] [stdout]     |
[INFO] [stdout]     = warning: this is accepted in the current edition (Rust 2018) but is a hard error in Rust 2021!
[INFO] [stdout]     = note: for more information, see <https://doc.rust-lang.org/nightly/edition-guide/rust-2021/warnings-promoted-to-error.html>
[INFO] [stdout] help: use `dyn`
[INFO] [stdout]     |
[INFO] [stdout] 109 |         Self::new(err, <dyn ErrorSink>::default())
[INFO] [stdout]     |                        ++++          +
[INFO] [stdout] 
[INFO] [stdout] 
[INFO] [stdout] warning: trait objects without an explicit `dyn` are deprecated
[INFO] [stdout]    --> src/extension/module/dispatcher.rs:176:24
[INFO] [stdout]     |
[INFO] [stdout] 176 |         Self::new(err, ErrorSink::default())
[INFO] [stdout]     |                        ^^^^^^^^^
[INFO] [stdout]     |
[INFO] [stdout]     = warning: this is accepted in the current edition (Rust 2018) but is a hard error in Rust 2021!
[INFO] [stdout]     = note: for more information, see <https://doc.rust-lang.org/nightly/edition-guide/rust-2021/warnings-promoted-to-error.html>
[INFO] [stdout] help: use `dyn`
[INFO] [stdout]     |
[INFO] [stdout] 176 |         Self::new(err, <dyn ErrorSink>::default())
[INFO] [stdout]     |                        ++++          +
[INFO] [stdout] 
[INFO] [stdout] 
[INFO] [stdout] warning: trait objects without an explicit `dyn` are deprecated
[INFO] [stdout]    --> src/extension/access_logger/context.rs:130:13
[INFO] [stdout]     |
[INFO] [stdout] 130 |             ContextOps::default(),
[INFO] [stdout]     |             ^^^^^^^^^^
[INFO] [stdout]     |
[INFO] [stdout]     = warning: this is accepted in the current edition (Rust 2018) but is a hard error in Rust 2021!
[INFO] [stdout]     = note: for more information, see <https://doc.rust-lang.org/nightly/edition-guide/rust-2021/warnings-promoted-to-error.html>
[INFO] [stdout] help: use `dyn`
[INFO] [stdout]     |
[INFO] [stdout] 130 |             <dyn ContextOps>::default(),
[INFO] [stdout]     |             ++++           +
[INFO] [stdout] 
[INFO] [stdout] 
[INFO] [stdout] warning: trait objects without an explicit `dyn` are deprecated
[INFO] [stdout]    --> src/extension/access_logger/context.rs:131:13
[INFO] [stdout]     |
[INFO] [stdout] 131 |             Ops::default(),
[INFO] [stdout]     |             ^^^
[INFO] [stdout]     |
[INFO] [stdout]     = warning: this is accepted in the current edition (Rust 2018) but is a hard error in Rust 2021!
[INFO] [stdout]     = note: for more information, see <https://doc.rust-lang.org/nightly/edition-guide/rust-2021/warnings-promoted-to-error.html>
[INFO] [stdout] help: use `dyn`
[INFO] [stdout]     |
[INFO] [stdout] 131 |             <dyn Ops>::default(),
[INFO] [stdout]     |             ++++    +
[INFO] [stdout] 
[INFO] [stdout] 
[INFO] [stdout] warning: trait objects without an explicit `dyn` are deprecated
[INFO] [stdout]    --> src/extension/access_logger/context.rs:132:13
[INFO] [stdout]     |
[INFO] [stdout] 132 |             HttpClientResponseOps::default(),
[INFO] [stdout]     |             ^^^^^^^^^^^^^^^^^^^^^
[INFO] [stdout]     |
[INFO] [stdout]     = warning: this is accepted in the current edition (Rust 2018) but is a hard error in Rust 2021!
[INFO] [stdout]     = note: for more information, see <https://doc.rust-lang.org/nightly/edition-guide/rust-2021/warnings-promoted-to-error.html>
[INFO] [stdout] help: use `dyn`
[INFO] [stdout]     |
[INFO] [stdout] 132 |             <dyn HttpClientResponseOps>::default(),
[INFO] [stdout]     |             ++++                      +
[INFO] [stdout] 
[INFO] [stdout] 
[INFO] [stdout] warning: trait objects without an explicit `dyn` are deprecated
[INFO] [stdout]    --> src/extension/access_logger/context.rs:133:13
[INFO] [stdout]     |
[INFO] [stdout] 133 |             ErrorSink::default(),
[INFO] [stdout]     |             ^^^^^^^^^
[INFO] [stdout]     |
[INFO] [stdout]     = warning: this is accepted in the current edition (Rust 2018) but is a hard error in Rust 2021!
[INFO] [stdout]     = note: for more information, see <https://doc.rust-lang.org/nightly/edition-guide/rust-2021/warnings-promoted-to-error.html>
[INFO] [stdout] help: use `dyn`
[INFO] [stdout]     |
[INFO] [stdout] 133 |             <dyn ErrorSink>::default(),
[INFO] [stdout]     |             ++++          +
[INFO] [stdout] 
[INFO] [stdout] 
[INFO] [stdout] warning: trait objects without an explicit `dyn` are deprecated
[INFO] [stdout]   --> src/extension/access_logger/ops.rs:56:9
[INFO] [stdout]    |
[INFO] [stdout] 56 |         StreamInfo::default()
[INFO] [stdout]    |         ^^^^^^^^^^
[INFO] [stdout]    |
[INFO] [stdout]    = warning: this is accepted in the current edition (Rust 2018) but is a hard error in Rust 2021!
[INFO] [stdout]    = note: for more information, see <https://doc.rust-lang.org/nightly/edition-guide/rust-2021/warnings-promoted-to-error.html>
[INFO] [stdout] help: use `dyn`
[INFO] [stdout]    |
[INFO] [stdout] 56 |         <dyn StreamInfo>::default()
[INFO] [stdout]    |         ++++           +
[INFO] [stdout] 
[INFO] [stdout] 
[INFO] [stdout] warning: trait objects without an explicit `dyn` are deprecated
[INFO] [stdout]    --> src/extension/factory/context.rs:134:13
[INFO] [stdout]     |
[INFO] [stdout] 134 |             ContextOps::default(),
[INFO] [stdout]     |             ^^^^^^^^^^
[INFO] [stdout]     |
[INFO] [stdout]     = warning: this is accepted in the current edition (Rust 2018) but is a hard error in Rust 2021!
[INFO] [stdout]     = note: for more information, see <https://doc.rust-lang.org/nightly/edition-guide/rust-2021/warnings-promoted-to-error.html>
[INFO] [stdout] help: use `dyn`
[INFO] [stdout]     |
[INFO] [stdout] 134 |             <dyn ContextOps>::default(),
[INFO] [stdout]     |             ++++           +
[INFO] [stdout] 
[INFO] [stdout] 
[INFO] [stdout] warning: trait objects without an explicit `dyn` are deprecated
[INFO] [stdout]    --> src/extension/factory/context.rs:135:13
[INFO] [stdout]     |
[INFO] [stdout] 135 |             Ops::default(),
[INFO] [stdout]     |             ^^^
[INFO] [stdout]     |
[INFO] [stdout]     = warning: this is accepted in the current edition (Rust 2018) but is a hard error in Rust 2021!
[INFO] [stdout]     = note: for more information, see <https://doc.rust-lang.org/nightly/edition-guide/rust-2021/warnings-promoted-to-error.html>
[INFO] [stdout] help: use `dyn`
[INFO] [stdout]     |
[INFO] [stdout] 135 |             <dyn Ops>::default(),
[INFO] [stdout]     |             ++++    +
[INFO] [stdout] 
[INFO] [stdout] 
[INFO] [stdout] warning: trait objects without an explicit `dyn` are deprecated
[INFO] [stdout]    --> src/extension/factory/context.rs:136:13
[INFO] [stdout]     |
[INFO] [stdout] 136 |             ErrorSink::default(),
[INFO] [stdout]     |             ^^^^^^^^^
[INFO] [stdout]     |
[INFO] [stdout]     = warning: this is accepted in the current edition (Rust 2018) but is a hard error in Rust 2021!
[INFO] [stdout]     = note: for more information, see <https://doc.rust-lang.org/nightly/edition-guide/rust-2021/warnings-promoted-to-error.html>
[INFO] [stdout] help: use `dyn`
[INFO] [stdout]     |
[INFO] [stdout] 136 |             <dyn ErrorSink>::default(),
[INFO] [stdout]     |             ++++          +
[INFO] [stdout] 
[INFO] [stdout] 
[INFO] [stdout] warning: trait objects without an explicit `dyn` are deprecated
[INFO] [stdout]    --> src/extension/filter/http/context.rs:196:13
[INFO] [stdout]     |
[INFO] [stdout] 196 |             Ops::default(),
[INFO] [stdout]     |             ^^^
[INFO] [stdout]     |
[INFO] [stdout]     = warning: this is accepted in the current edition (Rust 2018) but is a hard error in Rust 2021!
[INFO] [stdout]     = note: for more information, see <https://doc.rust-lang.org/nightly/edition-guide/rust-2021/warnings-promoted-to-error.html>
[INFO] [stdout] help: use `dyn`
[INFO] [stdout]     |
[INFO] [stdout] 196 |             <dyn Ops>::default(),
[INFO] [stdout]     |             ++++    +
[INFO] [stdout] 
[INFO] [stdout] 
[INFO] [stdout] warning: trait objects without an explicit `dyn` are deprecated
[INFO] [stdout]    --> src/extension/filter/http/context.rs:197:13
[INFO] [stdout]     |
[INFO] [stdout] 197 |             HttpClientResponseOps::default(),
[INFO] [stdout]     |             ^^^^^^^^^^^^^^^^^^^^^
[INFO] [stdout]     |
[INFO] [stdout]     = warning: this is accepted in the current edition (Rust 2018) but is a hard error in Rust 2021!
[INFO] [stdout]     = note: for more information, see <https://doc.rust-lang.org/nightly/edition-guide/rust-2021/warnings-promoted-to-error.html>
[INFO] [stdout] help: use `dyn`
[INFO] [stdout]     |
[INFO] [stdout] 197 |             <dyn HttpClientResponseOps>::default(),
[INFO] [stdout]     |             ++++                      +
[INFO] [stdout] 
[INFO] [stdout] 
[INFO] [stdout] warning: trait objects without an explicit `dyn` are deprecated
[INFO] [stdout]    --> src/extension/filter/http/context.rs:198:13
[INFO] [stdout]     |
[INFO] [stdout] 198 |             ErrorSink::default(),
[INFO] [stdout]     |             ^^^^^^^^^
[INFO] [stdout]     |
[INFO] [stdout]     = warning: this is accepted in the current edition (Rust 2018) but is a hard error in Rust 2021!
[INFO] [stdout]     = note: for more information, see <https://doc.rust-lang.org/nightly/edition-guide/rust-2021/warnings-promoted-to-error.html>
[INFO] [stdout] help: use `dyn`
[INFO] [stdout]     |
[INFO] [stdout] 198 |             <dyn ErrorSink>::default(),
[INFO] [stdout]     |             ++++          +
[INFO] [stdout] 
[INFO] [stdout] 
[INFO] [stdout] warning: trait objects without an explicit `dyn` are deprecated
[INFO] [stdout]    --> src/extension/filter/http/context.rs:244:24
[INFO] [stdout]     |
[INFO] [stdout] 244 |         Self::new(err, Ops::default(), ErrorSink::default())
[INFO] [stdout]     |                        ^^^
[INFO] [stdout]     |
[INFO] [stdout]     = warning: this is accepted in the current edition (Rust 2018) but is a hard error in Rust 2021!
[INFO] [stdout]     = note: for more information, see <https://doc.rust-lang.org/nightly/edition-guide/rust-2021/warnings-promoted-to-error.html>
[INFO] [stdout] help: use `dyn`
[INFO] [stdout]     |
[INFO] [stdout] 244 |         Self::new(err, <dyn Ops>::default(), ErrorSink::default())
[INFO] [stdout]     |                        ++++    +
[INFO] [stdout] 
[INFO] [stdout] 
[INFO] [stdout] warning: trait objects without an explicit `dyn` are deprecated
[INFO] [stdout]    --> src/extension/filter/http/context.rs:244:40
[INFO] [stdout]     |
[INFO] [stdout] 244 |         Self::new(err, Ops::default(), ErrorSink::default())
[INFO] [stdout]     |                                        ^^^^^^^^^
[INFO] [stdout]     |
[INFO] [stdout]     = warning: this is accepted in the current edition (Rust 2018) but is a hard error in Rust 2021!
[INFO] [stdout]     = note: for more information, see <https://doc.rust-lang.org/nightly/edition-guide/rust-2021/warnings-promoted-to-error.html>
[INFO] [stdout] help: use `dyn`
[INFO] [stdout]     |
[INFO] [stdout] 244 |         Self::new(err, Ops::default(), <dyn ErrorSink>::default())
[INFO] [stdout]     |                                        ++++          +
[INFO] [stdout] 
[INFO] [stdout] 
[INFO] [stdout] warning: trait objects without an explicit `dyn` are deprecated
[INFO] [stdout]    --> src/extension/filter/network/context.rs:169:13
[INFO] [stdout]     |
[INFO] [stdout] 169 |             Ops::default(),
[INFO] [stdout]     |             ^^^
[INFO] [stdout]     |
[INFO] [stdout]     = warning: this is accepted in the current edition (Rust 2018) but is a hard error in Rust 2021!
[INFO] [stdout]     = note: for more information, see <https://doc.rust-lang.org/nightly/edition-guide/rust-2021/warnings-promoted-to-error.html>
[INFO] [stdout] help: use `dyn`
[INFO] [stdout]     |
[INFO] [stdout] 169 |             <dyn Ops>::default(),
[INFO] [stdout]     |             ++++    +
[INFO] [stdout] 
[INFO] [stdout] 
[INFO] [stdout] warning: trait objects without an explicit `dyn` are deprecated
[INFO] [stdout]    --> src/extension/filter/network/context.rs:170:13
[INFO] [stdout]     |
[INFO] [stdout] 170 |             HttpClientResponseOps::default(),
[INFO] [stdout]     |             ^^^^^^^^^^^^^^^^^^^^^
[INFO] [stdout]     |
[INFO] [stdout]     = warning: this is accepted in the current edition (Rust 2018) but is a hard error in Rust 2021!
[INFO] [stdout]     = note: for more information, see <https://doc.rust-lang.org/nightly/edition-guide/rust-2021/warnings-promoted-to-error.html>
[INFO] [stdout] help: use `dyn`
[INFO] [stdout]     |
[INFO] [stdout] 170 |             <dyn HttpClientResponseOps>::default(),
[INFO] [stdout]     |             ++++                      +
[INFO] [stdout] 
[INFO] [stdout] 
[INFO] [stdout] warning: trait objects without an explicit `dyn` are deprecated
[INFO] [stdout]    --> src/extension/filter/network/context.rs:171:13
[INFO] [stdout]     |
[INFO] [stdout] 171 |             ErrorSink::default(),
[INFO] [stdout]     |             ^^^^^^^^^
[INFO] [stdout]     |
[INFO] [stdout]     = warning: this is accepted in the current edition (Rust 2018) but is a hard error in Rust 2021!
[INFO] [stdout]     = note: for more information, see <https://doc.rust-lang.org/nightly/edition-guide/rust-2021/warnings-promoted-to-error.html>
[INFO] [stdout] help: use `dyn`
[INFO] [stdout]     |
[INFO] [stdout] 171 |             <dyn ErrorSink>::default(),
[INFO] [stdout]     |             ++++          +
[INFO] [stdout] 
[INFO] [stdout] 
[INFO] [stdout] warning: trait objects without an explicit `dyn` are deprecated
[INFO] [stdout]    --> src/extension/filter/network/context.rs:213:24
[INFO] [stdout]     |
[INFO] [stdout] 213 |         Self::new(err, Ops::default(), ErrorSink::default())
[INFO] [stdout]     |                        ^^^
[INFO] [stdout]     |
[INFO] [stdout]     = warning: this is accepted in the current edition (Rust 2018) but is a hard error in Rust 2021!
[INFO] [stdout]     = note: for more information, see <https://doc.rust-lang.org/nightly/edition-guide/rust-2021/warnings-promoted-to-error.html>
[INFO] [stdout] help: use `dyn`
[INFO] [stdout]     |
[INFO] [stdout] 213 |         Self::new(err, <dyn Ops>::default(), ErrorSink::default())
[INFO] [stdout]     |                        ++++    +
[INFO] [stdout] 
[INFO] [stdout] 
[INFO] [stdout] warning: trait objects without an explicit `dyn` are deprecated
[INFO] [stdout]    --> src/extension/filter/network/context.rs:213:40
[INFO] [stdout]     |
[INFO] [stdout] 213 |         Self::new(err, Ops::default(), ErrorSink::default())
[INFO] [stdout]     |                                        ^^^^^^^^^
[INFO] [stdout]     |
[INFO] [stdout]     = warning: this is accepted in the current edition (Rust 2018) but is a hard error in Rust 2021!
[INFO] [stdout]     = note: for more information, see <https://doc.rust-lang.org/nightly/edition-guide/rust-2021/warnings-promoted-to-error.html>
[INFO] [stdout] help: use `dyn`
[INFO] [stdout]     |
[INFO] [stdout] 213 |         Self::new(err, Ops::default(), <dyn ErrorSink>::default())
[INFO] [stdout]     |                                        ++++          +
[INFO] [stdout] 
[INFO] [stdout] 
[INFO] [stdout] warning: 21 warnings emitted
[INFO] [stdout] 
[INFO] [stdout] 
[INFO] [stderr]     Finished test [unoptimized + debuginfo] target(s) in 9.34s
[INFO] running `Command { std: "docker" "inspect" "6517ab4f82f3745b05dfbd583b45a7cb01ab3376707cd1ad2513a3f65a80d68a", kill_on_drop: false }`
[INFO] running `Command { std: "docker" "rm" "-f" "6517ab4f82f3745b05dfbd583b45a7cb01ab3376707cd1ad2513a3f65a80d68a", kill_on_drop: false }`
[INFO] [stdout] 6517ab4f82f3745b05dfbd583b45a7cb01ab3376707cd1ad2513a3f65a80d68a
[INFO] running `Command { std: "docker" "create" "-v" "/var/lib/crater-agent-workspace/builds/worker-1-tc1/target:/opt/rustwide/target:rw,Z" "-v" "/var/lib/crater-agent-workspace/builds/worker-1-tc1/source:/opt/rustwide/workdir:ro,Z" "-v" "/var/lib/crater-agent-workspace/cargo-home:/opt/rustwide/cargo-home:ro,Z" "-v" "/var/lib/crater-agent-workspace/rustup-home:/opt/rustwide/rustup-home:ro,Z" "-e" "SOURCE_DIR=/opt/rustwide/workdir" "-e" "CARGO_TARGET_DIR=/opt/rustwide/target" "-e" "CARGO_INCREMENTAL=0" "-e" "RUST_BACKTRACE=full" "-e" "RUSTFLAGS=--cap-lints=warn" "-e" "RUSTDOCFLAGS=--cap-lints=warn" "-e" "CARGO_HOME=/opt/rustwide/cargo-home" "-e" "RUSTUP_HOME=/opt/rustwide/rustup-home" "-w" "/opt/rustwide/workdir" "-m" "1610612736" "--user" "0:0" "--network" "none" "ghcr.io/rust-lang/crates-build-env/linux@sha256:2788e3201cd34a07e3172128adcd8b3090168a8e3bcc40d7c032b9dda1df7d1c" "/opt/rustwide/cargo-home/bin/cargo" "+1.75.0" "test" "--frozen", kill_on_drop: false }`
[INFO] [stdout] 62c5b3257a14b6e30a7eb1677d4bd88c59af48a4b3e8359517ebc4ec6db92035
[INFO] running `Command { std: "docker" "start" "-a" "62c5b3257a14b6e30a7eb1677d4bd88c59af48a4b3e8359517ebc4ec6db92035", kill_on_drop: false }`
[INFO] [stderr] warning: trait objects without an explicit `dyn` are deprecated
[INFO] [stderr]   --> src/extension/module/dispatcher.rs:40:30
[INFO] [stderr]    |
[INFO] [stderr] 40 |         Self::new(factories, StreamInfo::default())
[INFO] [stderr]    |                              ^^^^^^^^^^
[INFO] [stderr]    |
[INFO] [stderr]    = warning: this is accepted in the current edition (Rust 2018) but is a hard error in Rust 2021!
[INFO] [stderr]    = note: for more information, see <https://doc.rust-lang.org/nightly/edition-guide/rust-2021/warnings-promoted-to-error.html>
[INFO] [stderr]    = note: `#[warn(bare_trait_objects)]` on by default
[INFO] [stderr] help: use `dyn`
[INFO] [stderr]    |
[INFO] [stderr] 40 |         Self::new(factories, <dyn StreamInfo>::default())
[INFO] [stderr]    |                              ++++           +
[INFO] [stderr] 
[INFO] [stderr] warning: trait objects without an explicit `dyn` are deprecated
[INFO] [stderr]    --> src/extension/module/dispatcher.rs:109:24
[INFO] [stderr]     |
[INFO] [stderr] 109 |         Self::new(err, ErrorSink::default())
[INFO] [stderr]     |                        ^^^^^^^^^
[INFO] [stderr]     |
[INFO] [stderr]     = warning: this is accepted in the current edition (Rust 2018) but is a hard error in Rust 2021!
[INFO] [stderr]     = note: for more information, see <https://doc.rust-lang.org/nightly/edition-guide/rust-2021/warnings-promoted-to-error.html>
[INFO] [stderr] help: use `dyn`
[INFO] [stderr]     |
[INFO] [stderr] 109 |         Self::new(err, <dyn ErrorSink>::default())
[INFO] [stderr]     |                        ++++          +
[INFO] [stderr] 
[INFO] [stderr] warning: trait objects without an explicit `dyn` are deprecated
[INFO] [stderr]    --> src/extension/module/dispatcher.rs:176:24
[INFO] [stderr]     |
[INFO] [stderr] 176 |         Self::new(err, ErrorSink::default())
[INFO] [stderr]     |                        ^^^^^^^^^
[INFO] [stderr]     |
[INFO] [stderr]     = warning: this is accepted in the current edition (Rust 2018) but is a hard error in Rust 2021!
[INFO] [stderr]     = note: for more information, see <https://doc.rust-lang.org/nightly/edition-guide/rust-2021/warnings-promoted-to-error.html>
[INFO] [stderr] help: use `dyn`
[INFO] [stderr]     |
[INFO] [stderr] 176 |         Self::new(err, <dyn ErrorSink>::default())
[INFO] [stderr]     |                        ++++          +
[INFO] [stderr] 
[INFO] [stderr] warning: trait objects without an explicit `dyn` are deprecated
[INFO] [stderr]    --> src/extension/access_logger/context.rs:130:13
[INFO] [stderr]     |
[INFO] [stderr] 130 |             ContextOps::default(),
[INFO] [stderr]     |             ^^^^^^^^^^
[INFO] [stderr]     |
[INFO] [stderr]     = warning: this is accepted in the current edition (Rust 2018) but is a hard error in Rust 2021!
[INFO] [stderr]     = note: for more information, see <https://doc.rust-lang.org/nightly/edition-guide/rust-2021/warnings-promoted-to-error.html>
[INFO] [stderr] help: use `dyn`
[INFO] [stderr]     |
[INFO] [stderr] 130 |             <dyn ContextOps>::default(),
[INFO] [stderr]     |             ++++           +
[INFO] [stderr] 
[INFO] [stderr] warning: trait objects without an explicit `dyn` are deprecated
[INFO] [stderr]    --> src/extension/access_logger/context.rs:131:13
[INFO] [stderr]     |
[INFO] [stderr] 131 |             Ops::default(),
[INFO] [stderr]     |             ^^^
[INFO] [stderr]     |
[INFO] [stderr]     = warning: this is accepted in the current edition (Rust 2018) but is a hard error in Rust 2021!
[INFO] [stderr]     = note: for more information, see <https://doc.rust-lang.org/nightly/edition-guide/rust-2021/warnings-promoted-to-error.html>
[INFO] [stderr] help: use `dyn`
[INFO] [stderr]     |
[INFO] [stderr] 131 |             <dyn Ops>::default(),
[INFO] [stderr]     |             ++++    +
[INFO] [stderr] 
[INFO] [stderr] warning: trait objects without an explicit `dyn` are deprecated
[INFO] [stderr]    --> src/extension/access_logger/context.rs:132:13
[INFO] [stderr]     |
[INFO] [stderr] 132 |             HttpClientResponseOps::default(),
[INFO] [stderr]     |             ^^^^^^^^^^^^^^^^^^^^^
[INFO] [stderr]     |
[INFO] [stderr]     = warning: this is accepted in the current edition (Rust 2018) but is a hard error in Rust 2021!
[INFO] [stderr]     = note: for more information, see <https://doc.rust-lang.org/nightly/edition-guide/rust-2021/warnings-promoted-to-error.html>
[INFO] [stderr] help: use `dyn`
[INFO] [stderr]     |
[INFO] [stderr] 132 |             <dyn HttpClientResponseOps>::default(),
[INFO] [stderr]     |             ++++                      +
[INFO] [stderr] 
[INFO] [stderr] warning: trait objects without an explicit `dyn` are deprecated
[INFO] [stderr]    --> src/extension/access_logger/context.rs:133:13
[INFO] [stderr]     |
[INFO] [stderr] 133 |             ErrorSink::default(),
[INFO] [stderr]     |             ^^^^^^^^^
[INFO] [stderr]     |
[INFO] [stderr]     = warning: this is accepted in the current edition (Rust 2018) but is a hard error in Rust 2021!
[INFO] [stderr]     = note: for more information, see <https://doc.rust-lang.org/nightly/edition-guide/rust-2021/warnings-promoted-to-error.html>
[INFO] [stderr] help: use `dyn`
[INFO] [stderr]     |
[INFO] [stderr] 133 |             <dyn ErrorSink>::default(),
[INFO] [stderr]     |             ++++          +
[INFO] [stderr] 
[INFO] [stderr] warning: trait objects without an explicit `dyn` are deprecated
[INFO] [stderr]   --> src/extension/access_logger/ops.rs:56:9
[INFO] [stderr]    |
[INFO] [stderr] 56 |         StreamInfo::default()
[INFO] [stderr]    |         ^^^^^^^^^^
[INFO] [stderr]    |
[INFO] [stderr]    = warning: this is accepted in the current edition (Rust 2018) but is a hard error in Rust 2021!
[INFO] [stderr]    = note: for more information, see <https://doc.rust-lang.org/nightly/edition-guide/rust-2021/warnings-promoted-to-error.html>
[INFO] [stderr] help: use `dyn`
[INFO] [stderr]    |
[INFO] [stderr] 56 |         <dyn StreamInfo>::default()
[INFO] [stderr]    |         ++++           +
[INFO] [stderr] 
[INFO] [stderr] warning: trait objects without an explicit `dyn` are deprecated
[INFO] [stderr]    --> src/extension/factory/context.rs:134:13
[INFO] [stderr]     |
[INFO] [stderr] 134 |             ContextOps::default(),
[INFO] [stderr]     |             ^^^^^^^^^^
[INFO] [stderr]     |
[INFO] [stderr]     = warning: this is accepted in the current edition (Rust 2018) but is a hard error in Rust 2021!
[INFO] [stderr]     = note: for more information, see <https://doc.rust-lang.org/nightly/edition-guide/rust-2021/warnings-promoted-to-error.html>
[INFO] [stderr] help: use `dyn`
[INFO] [stderr]     |
[INFO] [stderr] 134 |             <dyn ContextOps>::default(),
[INFO] [stderr]     |             ++++           +
[INFO] [stderr] 
[INFO] [stderr] warning: trait objects without an explicit `dyn` are deprecated
[INFO] [stderr]    --> src/extension/factory/context.rs:135:13
[INFO] [stderr]     |
[INFO] [stderr] 135 |             Ops::default(),
[INFO] [stderr]     |             ^^^
[INFO] [stderr]     |
[INFO] [stderr]     = warning: this is accepted in the current edition (Rust 2018) but is a hard error in Rust 2021!
[INFO] [stderr]     = note: for more information, see <https://doc.rust-lang.org/nightly/edition-guide/rust-2021/warnings-promoted-to-error.html>
[INFO] [stderr] help: use `dyn`
[INFO] [stderr]     |
[INFO] [stderr] 135 |             <dyn Ops>::default(),
[INFO] [stderr]     |             ++++    +
[INFO] [stderr] 
[INFO] [stderr] warning: trait objects without an explicit `dyn` are deprecated
[INFO] [stderr]    --> src/extension/factory/context.rs:136:13
[INFO] [stderr]     |
[INFO] [stderr] 136 |             ErrorSink::default(),
[INFO] [stderr]     |             ^^^^^^^^^
[INFO] [stderr]     |
[INFO] [stderr]     = warning: this is accepted in the current edition (Rust 2018) but is a hard error in Rust 2021!
[INFO] [stderr]     = note: for more information, see <https://doc.rust-lang.org/nightly/edition-guide/rust-2021/warnings-promoted-to-error.html>
[INFO] [stderr] help: use `dyn`
[INFO] [stderr]     |
[INFO] [stderr] 136 |             <dyn ErrorSink>::default(),
[INFO] [stderr]     |             ++++          +
[INFO] [stderr] 
[INFO] [stderr] warning: trait objects without an explicit `dyn` are deprecated
[INFO] [stderr]    --> src/extension/filter/http/context.rs:196:13
[INFO] [stderr]     |
[INFO] [stderr] 196 |             Ops::default(),
[INFO] [stderr]     |             ^^^
[INFO] [stderr]     |
[INFO] [stderr]     = warning: this is accepted in the current edition (Rust 2018) but is a hard error in Rust 2021!
[INFO] [stderr]     = note: for more information, see <https://doc.rust-lang.org/nightly/edition-guide/rust-2021/warnings-promoted-to-error.html>
[INFO] [stderr] help: use `dyn`
[INFO] [stderr]     |
[INFO] [stderr] 196 |             <dyn Ops>::default(),
[INFO] [stderr]     |             ++++    +
[INFO] [stderr] 
[INFO] [stderr] warning: trait objects without an explicit `dyn` are deprecated
[INFO] [stderr]    --> src/extension/filter/http/context.rs:197:13
[INFO] [stderr]     |
[INFO] [stderr] 197 |             HttpClientResponseOps::default(),
[INFO] [stderr]     |             ^^^^^^^^^^^^^^^^^^^^^
[INFO] [stderr]     |
[INFO] [stderr]     = warning: this is accepted in the current edition (Rust 2018) but is a hard error in Rust 2021!
[INFO] [stderr]     = note: for more information, see <https://doc.rust-lang.org/nightly/edition-guide/rust-2021/warnings-promoted-to-error.html>
[INFO] [stderr] help: use `dyn`
[INFO] [stderr]     |
[INFO] [stderr] 197 |             <dyn HttpClientResponseOps>::default(),
[INFO] [stderr]     |             ++++                      +
[INFO] [stderr] 
[INFO] [stderr] warning: trait objects without an explicit `dyn` are deprecated
[INFO] [stderr]    --> src/extension/filter/http/context.rs:198:13
[INFO] [stderr]     |
[INFO] [stderr] 198 |             ErrorSink::default(),
[INFO] [stderr]     |             ^^^^^^^^^
[INFO] [stderr]     |
[INFO] [stderr]     = warning: this is accepted in the current edition (Rust 2018) but is a hard error in Rust 2021!
[INFO] [stderr]     = note: for more information, see <https://doc.rust-lang.org/nightly/edition-guide/rust-2021/warnings-promoted-to-error.html>
[INFO] [stderr] help: use `dyn`
[INFO] [stderr]     |
[INFO] [stderr] 198 |             <dyn ErrorSink>::default(),
[INFO] [stderr]     |             ++++          +
[INFO] [stderr] 
[INFO] [stderr] warning: trait objects without an explicit `dyn` are deprecated
[INFO] [stderr]    --> src/extension/filter/http/context.rs:244:24
[INFO] [stderr]     |
[INFO] [stderr] 244 |         Self::new(err, Ops::default(), ErrorSink::default())
[INFO] [stderr]     |                        ^^^
[INFO] [stderr]     |
[INFO] [stderr]     = warning: this is accepted in the current edition (Rust 2018) but is a hard error in Rust 2021!
[INFO] [stderr]     = note: for more information, see <https://doc.rust-lang.org/nightly/edition-guide/rust-2021/warnings-promoted-to-error.html>
[INFO] [stderr] help: use `dyn`
[INFO] [stderr]     |
[INFO] [stderr] 244 |         Self::new(err, <dyn Ops>::default(), ErrorSink::default())
[INFO] [stderr]     |                        ++++    +
[INFO] [stderr] 
[INFO] [stderr] warning: trait objects without an explicit `dyn` are deprecated
[INFO] [stderr]    --> src/extension/filter/http/context.rs:244:40
[INFO] [stderr]     |
[INFO] [stderr] 244 |         Self::new(err, Ops::default(), ErrorSink::default())
[INFO] [stderr]     |                                        ^^^^^^^^^
[INFO] [stderr]     |
[INFO] [stderr]     = warning: this is accepted in the current edition (Rust 2018) but is a hard error in Rust 2021!
[INFO] [stderr]     = note: for more information, see <https://doc.rust-lang.org/nightly/edition-guide/rust-2021/warnings-promoted-to-error.html>
[INFO] [stderr] help: use `dyn`
[INFO] [stderr]     |
[INFO] [stderr] 244 |         Self::new(err, Ops::default(), <dyn ErrorSink>::default())
[INFO] [stderr]     |                                        ++++          +
[INFO] [stderr] 
[INFO] [stderr] warning: trait objects without an explicit `dyn` are deprecated
[INFO] [stderr]    --> src/extension/filter/network/context.rs:169:13
[INFO] [stderr]     |
[INFO] [stderr] 169 |             Ops::default(),
[INFO] [stderr]     |             ^^^
[INFO] [stderr]     |
[INFO] [stderr]     = warning: this is accepted in the current edition (Rust 2018) but is a hard error in Rust 2021!
[INFO] [stderr]     = note: for more information, see <https://doc.rust-lang.org/nightly/edition-guide/rust-2021/warnings-promoted-to-error.html>
[INFO] [stderr] help: use `dyn`
[INFO] [stderr]     |
[INFO] [stderr] 169 |             <dyn Ops>::default(),
[INFO] [stderr]     |             ++++    +
[INFO] [stderr] 
[INFO] [stderr] warning: trait objects without an explicit `dyn` are deprecated
[INFO] [stderr]    --> src/extension/filter/network/context.rs:170:13
[INFO] [stderr]     |
[INFO] [stderr] 170 |             HttpClientResponseOps::default(),
[INFO] [stderr]     |             ^^^^^^^^^^^^^^^^^^^^^
[INFO] [stderr]     |
[INFO] [stderr]     = warning: this is accepted in the current edition (Rust 2018) but is a hard error in Rust 2021!
[INFO] [stderr]     = note: for more information, see <https://doc.rust-lang.org/nightly/edition-guide/rust-2021/warnings-promoted-to-error.html>
[INFO] [stderr] help: use `dyn`
[INFO] [stderr]     |
[INFO] [stderr] 170 |             <dyn HttpClientResponseOps>::default(),
[INFO] [stderr]     |             ++++                      +
[INFO] [stderr] 
[INFO] [stderr] warning: trait objects without an explicit `dyn` are deprecated
[INFO] [stderr]    --> src/extension/filter/network/context.rs:171:13
[INFO] [stderr]     |
[INFO] [stderr] 171 |             ErrorSink::default(),
[INFO] [stderr]     |             ^^^^^^^^^
[INFO] [stderr]     |
[INFO] [stderr]     = warning: this is accepted in the current edition (Rust 2018) but is a hard error in Rust 2021!
[INFO] [stderr]     = note: for more information, see <https://doc.rust-lang.org/nightly/edition-guide/rust-2021/warnings-promoted-to-error.html>
[INFO] [stderr] help: use `dyn`
[INFO] [stderr]     |
[INFO] [stderr] 171 |             <dyn ErrorSink>::default(),
[INFO] [stderr]     |             ++++          +
[INFO] [stderr] 
[INFO] [stderr] warning: trait objects without an explicit `dyn` are deprecated
[INFO] [stderr]    --> src/extension/filter/network/context.rs:213:24
[INFO] [stderr]     |
[INFO] [stderr] 213 |         Self::new(err, Ops::default(), ErrorSink::default())
[INFO] [stderr]     |                        ^^^
[INFO] [stderr]     |
[INFO] [stderr]     = warning: this is accepted in the current edition (Rust 2018) but is a hard error in Rust 2021!
[INFO] [stderr]     = note: for more information, see <https://doc.rust-lang.org/nightly/edition-guide/rust-2021/warnings-promoted-to-error.html>
[INFO] [stderr] help: use `dyn`
[INFO] [stderr]     |
[INFO] [stderr] 213 |         Self::new(err, <dyn Ops>::default(), ErrorSink::default())
[INFO] [stderr]     |                        ++++    +
[INFO] [stderr] 
[INFO] [stderr] warning: trait objects without an explicit `dyn` are deprecated
[INFO] [stderr]    --> src/extension/filter/network/context.rs:213:40
[INFO] [stderr]     |
[INFO] [stderr] 213 |         Self::new(err, Ops::default(), ErrorSink::default())
[INFO] [stderr]     |                                        ^^^^^^^^^
[INFO] [stderr]     |
[INFO] [stderr]     = warning: this is accepted in the current edition (Rust 2018) but is a hard error in Rust 2021!
[INFO] [stderr]     = note: for more information, see <https://doc.rust-lang.org/nightly/edition-guide/rust-2021/warnings-promoted-to-error.html>
[INFO] [stderr] help: use `dyn`
[INFO] [stderr]     |
[INFO] [stderr] 213 |         Self::new(err, Ops::default(), <dyn ErrorSink>::default())
[INFO] [stderr]     |                                        ++++          +
[INFO] [stderr] 
[INFO] [stderr] warning: `envoy-sdk` (lib) generated 21 warnings (run `cargo fix --lib -p envoy-sdk` to apply 21 suggestions)
[INFO] [stderr] warning: `envoy-sdk` (lib test) generated 21 warnings (21 duplicates)
[INFO] [stderr]     Finished test [unoptimized + debuginfo] target(s) in 0.03s
[INFO] [stderr]      Running unittests src/lib.rs (/opt/rustwide/target/debug/deps/envoy_sdk-54567145d34e1dd9)
[INFO] [stdout] 
[INFO] [stdout] running 0 tests
[INFO] [stdout] 
[INFO] [stdout] test result: ok. 0 passed; 0 failed; 0 ignored; 0 measured; 0 filtered out; finished in 0.00s
[INFO] [stdout] 
[INFO] [stderr]      Running tests/version-numbers.rs (/opt/rustwide/target/debug/deps/version_numbers-09d1f2d7a66ebb2f)
[INFO] [stdout] 
[INFO] [stdout] running 2 tests
[INFO] [stdout] test test_readme_deps ... ok
[INFO] [stdout] test test_html_root_url ... ok
[INFO] [stdout] 
[INFO] [stdout] test result: ok. 2 passed; 0 failed; 0 ignored; 0 measured; 0 filtered out; finished in 0.00s
[INFO] [stdout] 
[INFO] [stderr]    Doc-tests envoy-sdk
[INFO] [stdout] 
[INFO] [stdout] running 46 tests
[INFO] [stdout] test src/error.rs - error (line 19) ... ok
[INFO] [stdout] test src/extension/access_logger/mod.rs - extension::access_logger (line 26) ... ok
[INFO] [stdout] test src/extension/factory/mod.rs - extension::factory (line 24) ... ok
[INFO] [stdout] test src/extension/access_logger/mod.rs - extension::access_logger (line 40) ... ok
[INFO] [stdout] test src/error.rs - error (line 29) ... ok
[INFO] [stdout] test src/error.rs - error (line 55) ... ok
[INFO] [stdout] test src/error.rs - error (line 41) ... ok
[INFO] [stdout] test src/extension/access_logger/mod.rs - extension::access_logger::AccessLogger (line 83) ... ok
[INFO] [stdout] test src/extension/factory/mod.rs - extension::factory::ExtensionFactory (line 185) ... ok
[INFO] [stdout] test src/extension/filter/http/mod.rs - extension::filter::http (line 27) ... ok
[INFO] [stdout] test src/extension/filter/http/mod.rs - extension::filter::http (line 39) ... ok
[INFO] [stdout] test src/extension/factory/mod.rs - extension::factory::ExtensionFactory (line 137) ... ok
[INFO] [stdout] test src/extension/factory/mod.rs - extension::factory::ExtensionFactory (line 111) ... ok
[INFO] [stdout] test src/extension/filter/http/mod.rs - extension::filter::http (line 66) ... ok
[INFO] [stdout] test src/extension/filter/http/mod.rs - extension::filter::http::HttpFilter::on_request_body (line 334) ... ok
[INFO] [stdout] test src/extension/filter/http/mod.rs - extension::filter::http::HttpFilter (line 237) ... ok
[INFO] [stdout] test src/extension/filter/http/mod.rs - extension::filter::http::HttpFilter::on_request_headers (line 288) ... ok
[INFO] [stdout] test src/extension/filter/http/mod.rs - extension::filter::http::HttpFilter::on_request_trailers (line 380) ... ok
[INFO] [stdout] test src/extension/filter/network/mod.rs - extension::filter::network (line 39) ... ok
[INFO] [stdout] test src/extension/filter/network/mod.rs - extension::filter::network (line 27) ... ok
[INFO] [stdout] test src/extension/filter/network/mod.rs - extension::filter::network (line 66) ... ok
[INFO] [stdout] test src/host/http/client.rs - host::http::client::HttpClient (line 29) ... ok
[INFO] [stdout] test src/extension/filter/network/mod.rs - extension::filter::network::NetworkFilter (line 156) ... ok
[INFO] [stdout] test src/host/http/client.rs - host::http::client::HttpClient (line 51) ... ok
[INFO] [stdout] test src/host/http/client.rs - host::http::client::HttpClient (line 74) ... ok
[INFO] [stdout] test src/extension/module/start.rs - extension::module::start::entrypoint (line 25) ... ok
[INFO] [stdout] test src/host/log.rs - host::log (line 21) ... ok
[INFO] [stdout] test src/host/log.rs - host::log (line 32) ... ok
[INFO] [stdout] test src/host/shared_data.rs - host::shared_data::SharedData (line 25) ... ok
[INFO] [stdout] test src/host/log.rs - host::log::set_max_level (line 57) ... FAILED
[INFO] [stdout] test src/host/shared_data.rs - host::shared_data::SharedData (line 42) ... ok
[INFO] [stdout] test src/host/mod.rs - host (line 32) ... ok
[INFO] [stdout] test src/host/shared_queue.rs - host::shared_queue::SharedQueue (line 25) ... ok
[INFO] [stdout] test src/host/shared_queue.rs - host::shared_queue::SharedQueue (line 42) ... ok
[INFO] [stdout] test src/host/stats.rs - host::stats::Gauge (line 133) ... ok
[INFO] [stdout] test src/host/stream_info/mod.rs - host::stream_info::StreamInfo (line 38) ... ok
[INFO] [stdout] test src/host/stats.rs - host::stats::Stats (line 28) ... ok
[INFO] [stdout] test src/host/time.rs - host::time::Clock (line 27) ... ok
[INFO] [stdout] test src/host/time.rs - host::time::Clock (line 42) ... ok
[INFO] [stdout] test src/host/stats.rs - host::stats::Stats (line 45) ... ok
[INFO] [stdout] test src/host/stats.rs - host::stats::Counter (line 98) ... ok
[INFO] [stdout] test src/host/stats.rs - host::stats::Histogram (line 182) ... ok
[INFO] [stdout] test src/lib.rs - (line 19) ... ok
[INFO] [stdout] test src/host/types.rs - host::types::HeaderMap::get (line 70) ... ok
[INFO] [stdout] test src/host/types.rs - host::types::HeaderMap::insert (line 100) ... ok
[INFO] [stdout] test src/host/types.rs - host::types::HeaderMap::remove (line 130) ... ok
[INFO] [stdout] 
[INFO] [stdout] failures:
[INFO] [stdout] 
[INFO] [stdout] ---- src/host/log.rs - host::log::set_max_level (line 57) stdout ----
[INFO] [stdout] error: linking with `cc` failed: exit status: 1
[INFO] [stdout]   |
[INFO] [stdout]   = note: LC_ALL="C" PATH="/opt/rustwide/rustup-home/toolchains/1.75.0-x86_64-unknown-linux-gnu/lib/rustlib/x86_64-unknown-linux-gnu/bin:/opt/rustwide/cargo-home/bin:/usr/local/sbin:/usr/local/bin:/usr/sbin:/usr/bin:/sbin:/bin" VSLANG="1033" "cc" "-m64" "/tmp/rustc48j0vA/symbols.o" "/tmp/rustdoctestwgPk73/rust_out.rust_out.263fb70ac1c95110-cgu.0.rcgu.o" "/tmp/rustdoctestwgPk73/rust_out.2uel00cfmdh5ufit.rcgu.o" "-Wl,--as-needed" "-L" "/opt/rustwide/target/debug/deps" "-L" "/opt/rustwide/target/debug/deps" "-L" "/opt/rustwide/rustup-home/toolchains/1.75.0-x86_64-unknown-linux-gnu/lib/rustlib/x86_64-unknown-linux-gnu/lib" "-Wl,-Bstatic" "/opt/rustwide/target/debug/deps/libenvoy_sdk-d8050888ff2d91bc.rlib" "/opt/rustwide/target/debug/deps/libbitflags-b7cee2ca4fb438d0.rlib" "/opt/rustwide/target/debug/deps/libanyhow-309ab2c875f40ec7.rlib" "/opt/rustwide/target/debug/deps/libproxy_wasm_experimental-892c20dcda651d3f.rlib" "/opt/rustwide/target/debug/deps/liblog-4f472032e8cdd371.rlib" "/opt/rustwide/target/debug/deps/libhashbrown-325dcd196ecc1fd8.rlib" "/opt/rustwide/target/debug/deps/libahash-0f2af9c3e16d0282.rlib" "/opt/rustwide/rustup-home/toolchains/1.75.0-x86_64-unknown-linux-gnu/lib/rustlib/x86_64-unknown-linux-gnu/lib/libstd-90f6ddbf82de36ec.rlib" "/opt/rustwide/rustup-home/toolchains/1.75.0-x86_64-unknown-linux-gnu/lib/rustlib/x86_64-unknown-linux-gnu/lib/libpanic_unwind-480c41e9d4e1f677.rlib" "/opt/rustwide/rustup-home/toolchains/1.75.0-x86_64-unknown-linux-gnu/lib/rustlib/x86_64-unknown-linux-gnu/lib/libobject-db744c0ca03eed1d.rlib" "/opt/rustwide/rustup-home/toolchains/1.75.0-x86_64-unknown-linux-gnu/lib/rustlib/x86_64-unknown-linux-gnu/lib/libmemchr-8ba652dc7d4b285a.rlib" "/opt/rustwide/rustup-home/toolchains/1.75.0-x86_64-unknown-linux-gnu/lib/rustlib/x86_64-unknown-linux-gnu/lib/libaddr2line-d5f4520a9ebc0d58.rlib" "/opt/rustwide/rustup-home/toolchains/1.75.0-x86_64-unknown-linux-gnu/lib/rustlib/x86_64-unknown-linux-gnu/lib/libgimli-4ad84de58f0cb463.rlib" "/opt/rustwide/rustup-home/toolchains/1.75.0-x86_64-unknown-linux-gnu/lib/rustlib/x86_64-unknown-linux-gnu/lib/librustc_demangle-0d10aae2e0f38735.rlib" "/opt/rustwide/rustup-home/toolchains/1.75.0-x86_64-unknown-linux-gnu/lib/rustlib/x86_64-unknown-linux-gnu/lib/libstd_detect-0c17cff739e6745b.rlib" "/opt/rustwide/rustup-home/toolchains/1.75.0-x86_64-unknown-linux-gnu/lib/rustlib/x86_64-unknown-linux-gnu/lib/libhashbrown-b29e17139dde1aa8.rlib" "/opt/rustwide/rustup-home/toolchains/1.75.0-x86_64-unknown-linux-gnu/lib/rustlib/x86_64-unknown-linux-gnu/lib/librustc_std_workspace_alloc-1f975299829cc7bd.rlib" "/opt/rustwide/rustup-home/toolchains/1.75.0-x86_64-unknown-linux-gnu/lib/rustlib/x86_64-unknown-linux-gnu/lib/libminiz_oxide-86bae3bc3079f89b.rlib" "/opt/rustwide/rustup-home/toolchains/1.75.0-x86_64-unknown-linux-gnu/lib/rustlib/x86_64-unknown-linux-gnu/lib/libadler-321b82c30dffdf5f.rlib" "/opt/rustwide/rustup-home/toolchains/1.75.0-x86_64-unknown-linux-gnu/lib/rustlib/x86_64-unknown-linux-gnu/lib/libunwind-3dd8a6810a0bdfef.rlib" "/opt/rustwide/rustup-home/toolchains/1.75.0-x86_64-unknown-linux-gnu/lib/rustlib/x86_64-unknown-linux-gnu/lib/libcfg_if-eb39a61c0c879984.rlib" "/opt/rustwide/rustup-home/toolchains/1.75.0-x86_64-unknown-linux-gnu/lib/rustlib/x86_64-unknown-linux-gnu/lib/liblibc-aa769569f91c3548.rlib" "/opt/rustwide/rustup-home/toolchains/1.75.0-x86_64-unknown-linux-gnu/lib/rustlib/x86_64-unknown-linux-gnu/lib/liballoc-510a192a50a983ed.rlib" "/opt/rustwide/rustup-home/toolchains/1.75.0-x86_64-unknown-linux-gnu/lib/rustlib/x86_64-unknown-linux-gnu/lib/librustc_std_workspace_core-0577018320f99037.rlib" "/opt/rustwide/rustup-home/toolchains/1.75.0-x86_64-unknown-linux-gnu/lib/rustlib/x86_64-unknown-linux-gnu/lib/libcore-193cf992125ccd4c.rlib" "/opt/rustwide/rustup-home/toolchains/1.75.0-x86_64-unknown-linux-gnu/lib/rustlib/x86_64-unknown-linux-gnu/lib/libcompiler_builtins-8e138eaf26ebb4a8.rlib" "-Wl,-Bdynamic" "-lgcc_s" "-lutil" "-lrt" "-lpthread" "-lm" "-ldl" "-lc" "-Wl,--eh-frame-hdr" "-Wl,-z,noexecstack" "-L" "/opt/rustwide/rustup-home/toolchains/1.75.0-x86_64-unknown-linux-gnu/lib/rustlib/x86_64-unknown-linux-gnu/lib" "-o" "/tmp/rustdoctestwgPk73/rust_out" "-Wl,--gc-sections" "-pie" "-Wl,-z,relro,-z,now" "-nodefaultlibs"
[INFO] [stdout]   = note: /usr/bin/ld: /opt/rustwide/target/debug/deps/libproxy_wasm_experimental-892c20dcda651d3f.rlib(proxy_wasm_experimental-892c20dcda651d3f.proxy_wasm_experimental.3fc67f2421596f27-cgu.6.rcgu.o): in function `proxy_wasm_experimental::hostcalls::log':
[INFO] [stdout]           /opt/rustwide/cargo-home/registry/src/index.crates.io-6f17d22bba15001f/proxy-wasm-experimental-0.0.8/src/hostcalls.rs:70: undefined reference to `proxy_log'
[INFO] [stdout]           collect2: error: ld returned 1 exit status
[INFO] [stdout]           
[INFO] [stdout]   = note: some `extern` functions couldn't be found; some native libraries may need to be installed or have their path specified
[INFO] [stdout]   = note: use the `-l` flag to specify native libraries to link
[INFO] [stdout]   = note: use the `cargo:rustc-link-lib` directive to specify the native libraries to link with Cargo (see https://doc.rust-lang.org/cargo/reference/build-scripts.html#cargorustc-link-libkindname)
[INFO] [stdout] 
[INFO] [stdout] error: aborting due to previous error
[INFO] [stdout] 
[INFO] [stdout] Couldn't compile the test.
[INFO] [stdout] 
[INFO] [stdout] failures:
[INFO] [stdout]     src/host/log.rs - host::log::set_max_level (line 57)
[INFO] [stdout] 
[INFO] [stdout] test result: FAILED. 45 passed; 1 failed; 0 ignored; 0 measured; 0 filtered out; finished in 3.01s
[INFO] [stdout] 
[INFO] [stderr] error: doctest failed, to rerun pass `--doc`
[INFO] running `Command { std: "docker" "inspect" "62c5b3257a14b6e30a7eb1677d4bd88c59af48a4b3e8359517ebc4ec6db92035", kill_on_drop: false }`
[INFO] running `Command { std: "docker" "rm" "-f" "62c5b3257a14b6e30a7eb1677d4bd88c59af48a4b3e8359517ebc4ec6db92035", kill_on_drop: false }`
[INFO] [stdout] 62c5b3257a14b6e30a7eb1677d4bd88c59af48a4b3e8359517ebc4ec6db92035
