[INFO] fetching crate enum_cycling 0.1.1...
[INFO] testing enum_cycling-0.1.1 against 1.75.0 for beta-1.76-1
[INFO] extracting crate enum_cycling 0.1.1 into /workspace/builds/worker-5-tc1/source
[INFO] validating manifest of crates.io crate enum_cycling 0.1.1 on toolchain 1.75.0
[INFO] running `Command { std: CARGO_HOME="/workspace/cargo-home" RUSTUP_HOME="/workspace/rustup-home" "/workspace/cargo-home/bin/cargo" "+1.75.0" "metadata" "--manifest-path" "Cargo.toml" "--no-deps", kill_on_drop: false }`
[INFO] started tweaking crates.io crate enum_cycling 0.1.1
[INFO] finished tweaking crates.io crate enum_cycling 0.1.1
[INFO] tweaked toml for crates.io crate enum_cycling 0.1.1 written to /workspace/builds/worker-5-tc1/source/Cargo.toml
[INFO] running `Command { std: CARGO_HOME="/workspace/cargo-home" RUSTUP_HOME="/workspace/rustup-home" "/workspace/cargo-home/bin/cargo" "+1.75.0" "generate-lockfile" "--manifest-path" "Cargo.toml", kill_on_drop: false }`
[INFO] [stderr]     Updating crates.io index
[INFO] running `Command { std: CARGO_HOME="/workspace/cargo-home" RUSTUP_HOME="/workspace/rustup-home" "/workspace/cargo-home/bin/cargo" "+1.75.0" "fetch" "--manifest-path" "Cargo.toml", kill_on_drop: false }`
[INFO] [stderr]  Downloading crates ...
[INFO] [stderr]   Downloaded enum_cycling_derive v0.1.0
[INFO] running `Command { std: "docker" "create" "-v" "/var/lib/crater-agent-workspace/builds/worker-5-tc1/target:/opt/rustwide/target:rw,Z" "-v" "/var/lib/crater-agent-workspace/builds/worker-5-tc1/source:/opt/rustwide/workdir:ro,Z" "-v" "/var/lib/crater-agent-workspace/cargo-home:/opt/rustwide/cargo-home:ro,Z" "-v" "/var/lib/crater-agent-workspace/rustup-home:/opt/rustwide/rustup-home:ro,Z" "-e" "SOURCE_DIR=/opt/rustwide/workdir" "-e" "CARGO_TARGET_DIR=/opt/rustwide/target" "-e" "CARGO_HOME=/opt/rustwide/cargo-home" "-e" "RUSTUP_HOME=/opt/rustwide/rustup-home" "-w" "/opt/rustwide/workdir" "-m" "1610612736" "--user" "0:0" "--network" "none" "ghcr.io/rust-lang/crates-build-env/linux@sha256:2788e3201cd34a07e3172128adcd8b3090168a8e3bcc40d7c032b9dda1df7d1c" "/opt/rustwide/cargo-home/bin/cargo" "+1.75.0" "metadata" "--no-deps" "--format-version=1", kill_on_drop: false }`
[INFO] [stdout] e6cb4998f570c616df76c7ce154e002b3101ece1bb518c453ec1acee7e1b9cd9
[INFO] running `Command { std: "docker" "start" "-a" "e6cb4998f570c616df76c7ce154e002b3101ece1bb518c453ec1acee7e1b9cd9", kill_on_drop: false }`
[INFO] running `Command { std: "docker" "inspect" "e6cb4998f570c616df76c7ce154e002b3101ece1bb518c453ec1acee7e1b9cd9", kill_on_drop: false }`
[INFO] running `Command { std: "docker" "rm" "-f" "e6cb4998f570c616df76c7ce154e002b3101ece1bb518c453ec1acee7e1b9cd9", kill_on_drop: false }`
[INFO] [stdout] e6cb4998f570c616df76c7ce154e002b3101ece1bb518c453ec1acee7e1b9cd9
[INFO] running `Command { std: "docker" "create" "-v" "/var/lib/crater-agent-workspace/builds/worker-5-tc1/target:/opt/rustwide/target:rw,Z" "-v" "/var/lib/crater-agent-workspace/builds/worker-5-tc1/source:/opt/rustwide/workdir:ro,Z" "-v" "/var/lib/crater-agent-workspace/cargo-home:/opt/rustwide/cargo-home:ro,Z" "-v" "/var/lib/crater-agent-workspace/rustup-home:/opt/rustwide/rustup-home:ro,Z" "-e" "SOURCE_DIR=/opt/rustwide/workdir" "-e" "CARGO_TARGET_DIR=/opt/rustwide/target" "-e" "CARGO_INCREMENTAL=0" "-e" "RUST_BACKTRACE=full" "-e" "RUSTFLAGS=--cap-lints=warn" "-e" "RUSTDOCFLAGS=--cap-lints=warn" "-e" "CARGO_HOME=/opt/rustwide/cargo-home" "-e" "RUSTUP_HOME=/opt/rustwide/rustup-home" "-w" "/opt/rustwide/workdir" "-m" "1610612736" "--user" "0:0" "--network" "none" "ghcr.io/rust-lang/crates-build-env/linux@sha256:2788e3201cd34a07e3172128adcd8b3090168a8e3bcc40d7c032b9dda1df7d1c" "/opt/rustwide/cargo-home/bin/cargo" "+1.75.0" "build" "--frozen" "--message-format=json", kill_on_drop: false }`
[INFO] [stdout] 2702824570b75430d387a08b20e015ddb1053dd83ac56d83e22f8cb9121188b0
[INFO] running `Command { std: "docker" "start" "-a" "2702824570b75430d387a08b20e015ddb1053dd83ac56d83e22f8cb9121188b0", kill_on_drop: false }`
[INFO] [stderr]    Compiling enum_cycling v0.1.1 (/opt/rustwide/workdir)
[INFO] [stderr]     Finished dev [unoptimized + debuginfo] target(s) in 0.06s
[INFO] running `Command { std: "docker" "inspect" "2702824570b75430d387a08b20e015ddb1053dd83ac56d83e22f8cb9121188b0", kill_on_drop: false }`
[INFO] running `Command { std: "docker" "rm" "-f" "2702824570b75430d387a08b20e015ddb1053dd83ac56d83e22f8cb9121188b0", kill_on_drop: false }`
[INFO] [stdout] 2702824570b75430d387a08b20e015ddb1053dd83ac56d83e22f8cb9121188b0
[INFO] running `Command { std: "docker" "create" "-v" "/var/lib/crater-agent-workspace/builds/worker-5-tc1/target:/opt/rustwide/target:rw,Z" "-v" "/var/lib/crater-agent-workspace/builds/worker-5-tc1/source:/opt/rustwide/workdir:ro,Z" "-v" "/var/lib/crater-agent-workspace/cargo-home:/opt/rustwide/cargo-home:ro,Z" "-v" "/var/lib/crater-agent-workspace/rustup-home:/opt/rustwide/rustup-home:ro,Z" "-e" "SOURCE_DIR=/opt/rustwide/workdir" "-e" "CARGO_TARGET_DIR=/opt/rustwide/target" "-e" "CARGO_INCREMENTAL=0" "-e" "RUST_BACKTRACE=full" "-e" "RUSTFLAGS=--cap-lints=warn" "-e" "RUSTDOCFLAGS=--cap-lints=warn" "-e" "CARGO_HOME=/opt/rustwide/cargo-home" "-e" "RUSTUP_HOME=/opt/rustwide/rustup-home" "-w" "/opt/rustwide/workdir" "-m" "1610612736" "--user" "0:0" "--network" "none" "ghcr.io/rust-lang/crates-build-env/linux@sha256:2788e3201cd34a07e3172128adcd8b3090168a8e3bcc40d7c032b9dda1df7d1c" "/opt/rustwide/cargo-home/bin/cargo" "+1.75.0" "test" "--frozen" "--no-run" "--message-format=json", kill_on_drop: false }`
[INFO] [stdout] 0a98c129824bf13f6c5fbc314261e1414d56c6bc5b828faf9dd398105c571f07
[INFO] running `Command { std: "docker" "start" "-a" "0a98c129824bf13f6c5fbc314261e1414d56c6bc5b828faf9dd398105c571f07", kill_on_drop: false }`
[INFO] [stderr]    Compiling proc-macro2 v1.0.75
[INFO] [stderr]    Compiling unicode-ident v1.0.12
[INFO] [stderr]    Compiling syn v1.0.109
[INFO] [stderr]    Compiling quote v1.0.35
[INFO] [stderr]    Compiling enum_cycling_derive v0.1.0
[INFO] [stderr]    Compiling enum_cycling v0.1.1 (/opt/rustwide/workdir)
[INFO] [stderr]     Finished test [unoptimized + debuginfo] target(s) in 2.58s
[INFO] running `Command { std: "docker" "inspect" "0a98c129824bf13f6c5fbc314261e1414d56c6bc5b828faf9dd398105c571f07", kill_on_drop: false }`
[INFO] running `Command { std: "docker" "rm" "-f" "0a98c129824bf13f6c5fbc314261e1414d56c6bc5b828faf9dd398105c571f07", kill_on_drop: false }`
[INFO] [stdout] 0a98c129824bf13f6c5fbc314261e1414d56c6bc5b828faf9dd398105c571f07
[INFO] running `Command { std: "docker" "create" "-v" "/var/lib/crater-agent-workspace/builds/worker-5-tc1/target:/opt/rustwide/target:rw,Z" "-v" "/var/lib/crater-agent-workspace/builds/worker-5-tc1/source:/opt/rustwide/workdir:ro,Z" "-v" "/var/lib/crater-agent-workspace/cargo-home:/opt/rustwide/cargo-home:ro,Z" "-v" "/var/lib/crater-agent-workspace/rustup-home:/opt/rustwide/rustup-home:ro,Z" "-e" "SOURCE_DIR=/opt/rustwide/workdir" "-e" "CARGO_TARGET_DIR=/opt/rustwide/target" "-e" "CARGO_INCREMENTAL=0" "-e" "RUST_BACKTRACE=full" "-e" "RUSTFLAGS=--cap-lints=warn" "-e" "RUSTDOCFLAGS=--cap-lints=warn" "-e" "CARGO_HOME=/opt/rustwide/cargo-home" "-e" "RUSTUP_HOME=/opt/rustwide/rustup-home" "-w" "/opt/rustwide/workdir" "-m" "1610612736" "--user" "0:0" "--network" "none" "ghcr.io/rust-lang/crates-build-env/linux@sha256:2788e3201cd34a07e3172128adcd8b3090168a8e3bcc40d7c032b9dda1df7d1c" "/opt/rustwide/cargo-home/bin/cargo" "+1.75.0" "test" "--frozen", kill_on_drop: false }`
[INFO] [stdout] 26e3e8423b064d85b2d68f2b8525a98b2ebd4e77ce73dc601ec5f57b426e3c7b
[INFO] running `Command { std: "docker" "start" "-a" "26e3e8423b064d85b2d68f2b8525a98b2ebd4e77ce73dc601ec5f57b426e3c7b", kill_on_drop: false }`
[INFO] [stderr]     Finished test [unoptimized + debuginfo] target(s) in 0.00s
[INFO] [stderr]      Running unittests src/lib.rs (/opt/rustwide/target/debug/deps/enum_cycling-01ece288bc10f471)
[INFO] [stdout] 
[INFO] [stdout] running 0 tests
[INFO] [stdout] 
[INFO] [stdout] test result: ok. 0 passed; 0 failed; 0 ignored; 0 measured; 0 filtered out; finished in 0.00s
[INFO] [stdout] 
[INFO] [stderr]    Doc-tests enum_cycling
[INFO] [stdout] 
[INFO] [stdout] running 2 tests
[INFO] [stdout] test src/lib.rs - EnumCycle (line 50) ... FAILED
[INFO] [stdout] test src/lib.rs - EnumCycle (line 25) ... FAILED
[INFO] [stdout] 
[INFO] [stdout] failures:
[INFO] [stdout] 
[INFO] [stdout] ---- src/lib.rs - EnumCycle (line 50) stdout ----
[INFO] [stdout] error: cannot find derive macro `EnumCycle` in this scope
[INFO] [stdout]  --> src/lib.rs:54:28
[INFO] [stdout]   |
[INFO] [stdout] 7 | #[derive(PartialEq, Debug, EnumCycle)]
[INFO] [stdout]   |                            ^^^^^^^^^
[INFO] [stdout]   |
[INFO] [stdout] note: `EnumCycle` is imported here, but it is only a trait, without a derive macro
[INFO] [stdout]  --> src/lib.rs:52:5
[INFO] [stdout]   |
[INFO] [stdout] 5 | use enum_cycling::EnumCycle;
[INFO] [stdout]   |     ^^^^^^^^^^^^^^^^^^^^^^^
[INFO] [stdout] help: consider importing this derive macro
[INFO] [stdout]   |
[INFO] [stdout] 2 + use enum_cycling_derive::EnumCycle;
[INFO] [stdout]   |
[INFO] [stdout] 
[INFO] [stdout] error: cannot find attribute `cycle` in this scope
[INFO] [stdout]  --> src/lib.rs:55:3
[INFO] [stdout]   |
[INFO] [stdout] 8 | #[cycle(NewGame, Continue, Quit)]
[INFO] [stdout]   |   ^^^^^
[INFO] [stdout] 
[INFO] [stdout] error: aborting due to 2 previous errors
[INFO] [stdout] 
[INFO] [stdout] Couldn't compile the test.
[INFO] [stdout] ---- src/lib.rs - EnumCycle (line 25) stdout ----
[INFO] [stdout] error: cannot find derive macro `EnumCycle` in this scope
[INFO] [stdout]  --> src/lib.rs:30:28
[INFO] [stdout]   |
[INFO] [stdout] 7 | #[derive(PartialEq, Debug, EnumCycle)]
[INFO] [stdout]   |                            ^^^^^^^^^
[INFO] [stdout]   |
[INFO] [stdout] note: `EnumCycle` is imported here, but it is only a trait, without a derive macro
[INFO] [stdout]  --> src/lib.rs:28:5
[INFO] [stdout]   |
[INFO] [stdout] 5 | use enum_cycling::EnumCycle;
[INFO] [stdout]   |     ^^^^^^^^^^^^^^^^^^^^^^^
[INFO] [stdout] help: consider importing this derive macro
[INFO] [stdout]   |
[INFO] [stdout] 5 + use enum_cycling_derive::EnumCycle;
[INFO] [stdout]   |
[INFO] [stdout] 
[INFO] [stdout] error: cannot find attribute `skip` in this scope
[INFO] [stdout]   --> src/lib.rs:34:7
[INFO] [stdout]    |
[INFO] [stdout] 11 |     #[skip]
[INFO] [stdout]    |       ^^^^
[INFO] [stdout] 
[INFO] [stdout] error[E0599]: no method named `down` found for enum `MainMenu` in the current scope
[INFO] [stdout]   --> src/lib.rs:42:34
[INFO] [stdout]    |
[INFO] [stdout] 8  | enum MainMenu {
[INFO] [stdout]    | ------------- method `down` not found for this enum
[INFO] [stdout] ...
[INFO] [stdout] 19 |     assert_eq!(MainMenu::NewGame.down(), MainMenu::Continue);
[INFO] [stdout]    |                                  ^^^^ method not found in `MainMenu`
[INFO] [stdout]    |
[INFO] [stdout]    = help: items from traits can only be used if the trait is implemented and in scope
[INFO] [stdout]    = note: the following trait defines an item `down`, perhaps you need to implement it:
[INFO] [stdout]            candidate #1: `EnumCycle`
[INFO] [stdout] 
[INFO] [stdout] error: aborting due to 3 previous errors
[INFO] [stdout] 
[INFO] [stdout] For more information about this error, try `rustc --explain E0599`.
[INFO] [stdout] Couldn't compile the test.
[INFO] [stdout] 
[INFO] [stdout] failures:
[INFO] [stdout]     src/lib.rs - EnumCycle (line 25)
[INFO] [stdout]     src/lib.rs - EnumCycle (line 50)
[INFO] [stdout] 
[INFO] [stdout] test result: FAILED. 0 passed; 2 failed; 0 ignored; 0 measured; 0 filtered out; finished in 0.38s
[INFO] [stdout] 
[INFO] [stderr] error: doctest failed, to rerun pass `--doc`
[INFO] running `Command { std: "docker" "inspect" "26e3e8423b064d85b2d68f2b8525a98b2ebd4e77ce73dc601ec5f57b426e3c7b", kill_on_drop: false }`
[INFO] running `Command { std: "docker" "rm" "-f" "26e3e8423b064d85b2d68f2b8525a98b2ebd4e77ce73dc601ec5f57b426e3c7b", kill_on_drop: false }`
[INFO] [stdout] 26e3e8423b064d85b2d68f2b8525a98b2ebd4e77ce73dc601ec5f57b426e3c7b
[INFO] testing enum_cycling-0.1.1 against beta-2023-12-22 for beta-1.76-1
[INFO] extracting crate enum_cycling 0.1.1 into /workspace/builds/worker-5-tc2/source
[INFO] validating manifest of crates.io crate enum_cycling 0.1.1 on toolchain beta-2023-12-22
[INFO] running `Command { std: CARGO_HOME="/workspace/cargo-home" RUSTUP_HOME="/workspace/rustup-home" "/workspace/cargo-home/bin/cargo" "+beta-2023-12-22" "metadata" "--manifest-path" "Cargo.toml" "--no-deps", kill_on_drop: false }`
[INFO] started tweaking crates.io crate enum_cycling 0.1.1
[INFO] finished tweaking crates.io crate enum_cycling 0.1.1
[INFO] tweaked toml for crates.io crate enum_cycling 0.1.1 written to /workspace/builds/worker-5-tc2/source/Cargo.toml
[INFO] running `Command { std: CARGO_HOME="/workspace/cargo-home" RUSTUP_HOME="/workspace/rustup-home" "/workspace/cargo-home/bin/cargo" "+beta-2023-12-22" "generate-lockfile" "--manifest-path" "Cargo.toml", kill_on_drop: false }`
[INFO] [stderr]     Updating crates.io index
[INFO] running `Command { std: CARGO_HOME="/workspace/cargo-home" RUSTUP_HOME="/workspace/rustup-home" "/workspace/cargo-home/bin/cargo" "+beta-2023-12-22" "fetch" "--manifest-path" "Cargo.toml", kill_on_drop: false }`
[INFO] running `Command { std: "docker" "create" "-v" "/var/lib/crater-agent-workspace/builds/worker-5-tc2/target:/opt/rustwide/target:rw,Z" "-v" "/var/lib/crater-agent-workspace/builds/worker-5-tc2/source:/opt/rustwide/workdir:ro,Z" "-v" "/var/lib/crater-agent-workspace/cargo-home:/opt/rustwide/cargo-home:ro,Z" "-v" "/var/lib/crater-agent-workspace/rustup-home:/opt/rustwide/rustup-home:ro,Z" "-e" "SOURCE_DIR=/opt/rustwide/workdir" "-e" "CARGO_TARGET_DIR=/opt/rustwide/target" "-e" "CARGO_HOME=/opt/rustwide/cargo-home" "-e" "RUSTUP_HOME=/opt/rustwide/rustup-home" "-w" "/opt/rustwide/workdir" "-m" "1610612736" "--user" "0:0" "--network" "none" "ghcr.io/rust-lang/crates-build-env/linux@sha256:2788e3201cd34a07e3172128adcd8b3090168a8e3bcc40d7c032b9dda1df7d1c" "/opt/rustwide/cargo-home/bin/cargo" "+beta-2023-12-22" "metadata" "--no-deps" "--format-version=1", kill_on_drop: false }`
[INFO] [stdout] 90e980b76945153f9022df61ed788b694df2b7b7d29f0aa97ecc4459b9444d7f
[INFO] running `Command { std: "docker" "start" "-a" "90e980b76945153f9022df61ed788b694df2b7b7d29f0aa97ecc4459b9444d7f", kill_on_drop: false }`
[INFO] running `Command { std: "docker" "inspect" "90e980b76945153f9022df61ed788b694df2b7b7d29f0aa97ecc4459b9444d7f", kill_on_drop: false }`
[INFO] running `Command { std: "docker" "rm" "-f" "90e980b76945153f9022df61ed788b694df2b7b7d29f0aa97ecc4459b9444d7f", kill_on_drop: false }`
[INFO] [stdout] 90e980b76945153f9022df61ed788b694df2b7b7d29f0aa97ecc4459b9444d7f
[INFO] running `Command { std: "docker" "create" "-v" "/var/lib/crater-agent-workspace/builds/worker-5-tc2/target:/opt/rustwide/target:rw,Z" "-v" "/var/lib/crater-agent-workspace/builds/worker-5-tc2/source:/opt/rustwide/workdir:ro,Z" "-v" "/var/lib/crater-agent-workspace/cargo-home:/opt/rustwide/cargo-home:ro,Z" "-v" "/var/lib/crater-agent-workspace/rustup-home:/opt/rustwide/rustup-home:ro,Z" "-e" "SOURCE_DIR=/opt/rustwide/workdir" "-e" "CARGO_TARGET_DIR=/opt/rustwide/target" "-e" "CARGO_INCREMENTAL=0" "-e" "RUST_BACKTRACE=full" "-e" "RUSTFLAGS=--cap-lints=warn" "-e" "RUSTDOCFLAGS=--cap-lints=warn" "-e" "CARGO_HOME=/opt/rustwide/cargo-home" "-e" "RUSTUP_HOME=/opt/rustwide/rustup-home" "-w" "/opt/rustwide/workdir" "-m" "1610612736" "--user" "0:0" "--network" "none" "ghcr.io/rust-lang/crates-build-env/linux@sha256:2788e3201cd34a07e3172128adcd8b3090168a8e3bcc40d7c032b9dda1df7d1c" "/opt/rustwide/cargo-home/bin/cargo" "+beta-2023-12-22" "build" "--frozen" "--message-format=json", kill_on_drop: false }`
[INFO] [stdout] 6e18e0d1547353281356637f093f285a6e9806b3b1a2ccc10d95b0631e73338d
[INFO] running `Command { std: "docker" "start" "-a" "6e18e0d1547353281356637f093f285a6e9806b3b1a2ccc10d95b0631e73338d", kill_on_drop: false }`
[INFO] [stderr]    Compiling enum_cycling v0.1.1 (/opt/rustwide/workdir)
[INFO] [stderr]     Finished dev [unoptimized + debuginfo] target(s) in 0.07s
[INFO] running `Command { std: "docker" "inspect" "6e18e0d1547353281356637f093f285a6e9806b3b1a2ccc10d95b0631e73338d", kill_on_drop: false }`
[INFO] running `Command { std: "docker" "rm" "-f" "6e18e0d1547353281356637f093f285a6e9806b3b1a2ccc10d95b0631e73338d", kill_on_drop: false }`
[INFO] [stdout] 6e18e0d1547353281356637f093f285a6e9806b3b1a2ccc10d95b0631e73338d
[INFO] running `Command { std: "docker" "create" "-v" "/var/lib/crater-agent-workspace/builds/worker-5-tc2/target:/opt/rustwide/target:rw,Z" "-v" "/var/lib/crater-agent-workspace/builds/worker-5-tc2/source:/opt/rustwide/workdir:ro,Z" "-v" "/var/lib/crater-agent-workspace/cargo-home:/opt/rustwide/cargo-home:ro,Z" "-v" "/var/lib/crater-agent-workspace/rustup-home:/opt/rustwide/rustup-home:ro,Z" "-e" "SOURCE_DIR=/opt/rustwide/workdir" "-e" "CARGO_TARGET_DIR=/opt/rustwide/target" "-e" "CARGO_INCREMENTAL=0" "-e" "RUST_BACKTRACE=full" "-e" "RUSTFLAGS=--cap-lints=warn" "-e" "RUSTDOCFLAGS=--cap-lints=warn" "-e" "CARGO_HOME=/opt/rustwide/cargo-home" "-e" "RUSTUP_HOME=/opt/rustwide/rustup-home" "-w" "/opt/rustwide/workdir" "-m" "1610612736" "--user" "0:0" "--network" "none" "ghcr.io/rust-lang/crates-build-env/linux@sha256:2788e3201cd34a07e3172128adcd8b3090168a8e3bcc40d7c032b9dda1df7d1c" "/opt/rustwide/cargo-home/bin/cargo" "+beta-2023-12-22" "test" "--frozen" "--no-run" "--message-format=json", kill_on_drop: false }`
[INFO] [stdout] ac2c93cd2b233853b3af7253e5385ae3f35b40293b20504de5ec52a24eec1ec2
[INFO] running `Command { std: "docker" "start" "-a" "ac2c93cd2b233853b3af7253e5385ae3f35b40293b20504de5ec52a24eec1ec2", kill_on_drop: false }`
[INFO] [stderr]    Compiling proc-macro2 v1.0.75
[INFO] [stderr]    Compiling unicode-ident v1.0.12
[INFO] [stderr]    Compiling syn v1.0.109
[INFO] [stderr]    Compiling quote v1.0.35
[INFO] [stderr]    Compiling enum_cycling_derive v0.1.0
[INFO] [stderr]    Compiling enum_cycling v0.1.1 (/opt/rustwide/workdir)
[INFO] [stderr]     Finished test [unoptimized + debuginfo] target(s) in 2.64s
[INFO] running `Command { std: "docker" "inspect" "ac2c93cd2b233853b3af7253e5385ae3f35b40293b20504de5ec52a24eec1ec2", kill_on_drop: false }`
[INFO] running `Command { std: "docker" "rm" "-f" "ac2c93cd2b233853b3af7253e5385ae3f35b40293b20504de5ec52a24eec1ec2", kill_on_drop: false }`
[INFO] [stdout] ac2c93cd2b233853b3af7253e5385ae3f35b40293b20504de5ec52a24eec1ec2
[INFO] running `Command { std: "docker" "create" "-v" "/var/lib/crater-agent-workspace/builds/worker-5-tc2/target:/opt/rustwide/target:rw,Z" "-v" "/var/lib/crater-agent-workspace/builds/worker-5-tc2/source:/opt/rustwide/workdir:ro,Z" "-v" "/var/lib/crater-agent-workspace/cargo-home:/opt/rustwide/cargo-home:ro,Z" "-v" "/var/lib/crater-agent-workspace/rustup-home:/opt/rustwide/rustup-home:ro,Z" "-e" "SOURCE_DIR=/opt/rustwide/workdir" "-e" "CARGO_TARGET_DIR=/opt/rustwide/target" "-e" "CARGO_INCREMENTAL=0" "-e" "RUST_BACKTRACE=full" "-e" "RUSTFLAGS=--cap-lints=warn" "-e" "RUSTDOCFLAGS=--cap-lints=warn" "-e" "CARGO_HOME=/opt/rustwide/cargo-home" "-e" "RUSTUP_HOME=/opt/rustwide/rustup-home" "-w" "/opt/rustwide/workdir" "-m" "1610612736" "--user" "0:0" "--network" "none" "ghcr.io/rust-lang/crates-build-env/linux@sha256:2788e3201cd34a07e3172128adcd8b3090168a8e3bcc40d7c032b9dda1df7d1c" "/opt/rustwide/cargo-home/bin/cargo" "+beta-2023-12-22" "test" "--frozen", kill_on_drop: false }`
[INFO] [stdout] efb166d6317a9a3995a35a1404f03752fab58ee392740cce3d8a4cc6af2d31ab
[INFO] running `Command { std: "docker" "start" "-a" "efb166d6317a9a3995a35a1404f03752fab58ee392740cce3d8a4cc6af2d31ab", kill_on_drop: false }`
[INFO] [stderr]     Finished test [unoptimized + debuginfo] target(s) in 0.01s
[INFO] [stderr]      Running unittests src/lib.rs (/opt/rustwide/target/debug/deps/enum_cycling-aa5c4b5ef0e4489d)
[INFO] [stdout] 
[INFO] [stdout] running 0 tests
[INFO] [stdout] 
[INFO] [stdout] test result: ok. 0 passed; 0 failed; 0 ignored; 0 measured; 0 filtered out; finished in 0.00s
[INFO] [stdout] 
[INFO] [stderr]    Doc-tests enum_cycling
[INFO] [stdout] 
[INFO] [stdout] running 2 tests
[INFO] [stdout] test src/lib.rs - EnumCycle (line 50) ... FAILED
[INFO] [stdout] test src/lib.rs - EnumCycle (line 25) ... FAILED
[INFO] [stdout] 
[INFO] [stdout] failures:
[INFO] [stdout] 
[INFO] [stdout] ---- src/lib.rs - EnumCycle (line 50) stdout ----
[INFO] [stdout] error: cannot find derive macro `EnumCycle` in this scope
[INFO] [stdout]  --> src/lib.rs:54:28
[INFO] [stdout]   |
[INFO] [stdout] 7 | #[derive(PartialEq, Debug, EnumCycle)]
[INFO] [stdout]   |                            ^^^^^^^^^
[INFO] [stdout]   |
[INFO] [stdout] note: `EnumCycle` is imported here, but it is only a trait, without a derive macro
[INFO] [stdout]  --> src/lib.rs:52:5
[INFO] [stdout]   |
[INFO] [stdout] 5 | use enum_cycling::EnumCycle;
[INFO] [stdout]   |     ^^^^^^^^^^^^^^^^^^^^^^^
[INFO] [stdout] help: consider importing this derive macro
[INFO] [stdout]   |
[INFO] [stdout] 2 + use enum_cycling_derive::EnumCycle;
[INFO] [stdout]   |
[INFO] [stdout] 
[INFO] [stdout] error: cannot find attribute `cycle` in this scope
[INFO] [stdout]  --> src/lib.rs:55:3
[INFO] [stdout]   |
[INFO] [stdout] 8 | #[cycle(NewGame, Continue, Quit)]
[INFO] [stdout]   |   ^^^^^
[INFO] [stdout] 
[INFO] [stdout] error: aborting due to 2 previous errors
[INFO] [stdout] 
[INFO] [stdout] Couldn't compile the test.
[INFO] [stdout] ---- src/lib.rs - EnumCycle (line 25) stdout ----
[INFO] [stdout] error: cannot find derive macro `EnumCycle` in this scope
[INFO] [stdout]  --> src/lib.rs:30:28
[INFO] [stdout]   |
[INFO] [stdout] 7 | #[derive(PartialEq, Debug, EnumCycle)]
[INFO] [stdout]   |                            ^^^^^^^^^
[INFO] [stdout]   |
[INFO] [stdout] note: `EnumCycle` is imported here, but it is only a trait, without a derive macro
[INFO] [stdout]  --> src/lib.rs:28:5
[INFO] [stdout]   |
[INFO] [stdout] 5 | use enum_cycling::EnumCycle;
[INFO] [stdout]   |     ^^^^^^^^^^^^^^^^^^^^^^^
[INFO] [stdout] help: consider importing this derive macro
[INFO] [stdout]   |
[INFO] [stdout] 5 + use enum_cycling_derive::EnumCycle;
[INFO] [stdout]   |
[INFO] [stdout] 
[INFO] [stdout] error: cannot find attribute `skip` in this scope
[INFO] [stdout]   --> src/lib.rs:34:7
[INFO] [stdout]    |
[INFO] [stdout] 11 |     #[skip]
[INFO] [stdout]    |       ^^^^
[INFO] [stdout] 
[INFO] [stdout] error[E0599]: no method named `down` found for enum `MainMenu` in the current scope
[INFO] [stdout]   --> src/lib.rs:42:34
[INFO] [stdout]    |
[INFO] [stdout] 8  | enum MainMenu {
[INFO] [stdout]    | ------------- method `down` not found for this enum
[INFO] [stdout] ...
[INFO] [stdout] 19 |     assert_eq!(MainMenu::NewGame.down(), MainMenu::Continue);
[INFO] [stdout]    |                                  ^^^^ method not found in `MainMenu`
[INFO] [stdout]    |
[INFO] [stdout]    = help: items from traits can only be used if the trait is implemented and in scope
[INFO] [stdout]    = note: the following trait defines an item `down`, perhaps you need to implement it:
[INFO] [stdout]            candidate #1: `EnumCycle`
[INFO] [stdout] 
[INFO] [stdout] error: aborting due to 3 previous errors
[INFO] [stdout] 
[INFO] [stdout] For more information about this error, try `rustc --explain E0599`.
[INFO] [stdout] Couldn't compile the test.
[INFO] [stdout] 
[INFO] [stdout] failures:
[INFO] [stdout]     src/lib.rs - EnumCycle (line 25)
[INFO] [stdout]     src/lib.rs - EnumCycle (line 50)
[INFO] [stdout] 
[INFO] [stdout] test result: FAILED. 0 passed; 2 failed; 0 ignored; 0 measured; 0 filtered out; finished in 0.28s
[INFO] [stdout] 
[INFO] [stderr] error: doctest failed, to rerun pass `--doc`
[INFO] running `Command { std: "docker" "inspect" "efb166d6317a9a3995a35a1404f03752fab58ee392740cce3d8a4cc6af2d31ab", kill_on_drop: false }`
[INFO] running `Command { std: "docker" "rm" "-f" "efb166d6317a9a3995a35a1404f03752fab58ee392740cce3d8a4cc6af2d31ab", kill_on_drop: false }`
[INFO] [stdout] efb166d6317a9a3995a35a1404f03752fab58ee392740cce3d8a4cc6af2d31ab
