[INFO] fetching crate enum-tag-macro 0.3.0...
[INFO] testing enum-tag-macro-0.3.0 against 1.75.0 for beta-1.76-1
[INFO] extracting crate enum-tag-macro 0.3.0 into /workspace/builds/worker-3-tc1/source
[INFO] validating manifest of crates.io crate enum-tag-macro 0.3.0 on toolchain 1.75.0
[INFO] running `Command { std: CARGO_HOME="/workspace/cargo-home" RUSTUP_HOME="/workspace/rustup-home" "/workspace/cargo-home/bin/cargo" "+1.75.0" "metadata" "--manifest-path" "Cargo.toml" "--no-deps", kill_on_drop: false }`
[INFO] started tweaking crates.io crate enum-tag-macro 0.3.0
[INFO] finished tweaking crates.io crate enum-tag-macro 0.3.0
[INFO] tweaked toml for crates.io crate enum-tag-macro 0.3.0 written to /workspace/builds/worker-3-tc1/source/Cargo.toml
[INFO] running `Command { std: CARGO_HOME="/workspace/cargo-home" RUSTUP_HOME="/workspace/rustup-home" "/workspace/cargo-home/bin/cargo" "+1.75.0" "generate-lockfile" "--manifest-path" "Cargo.toml", kill_on_drop: false }`
[INFO] [stderr]     Updating crates.io index
[INFO] running `Command { std: CARGO_HOME="/workspace/cargo-home" RUSTUP_HOME="/workspace/rustup-home" "/workspace/cargo-home/bin/cargo" "+1.75.0" "fetch" "--manifest-path" "Cargo.toml", kill_on_drop: false }`
[INFO] running `Command { std: "docker" "create" "-v" "/var/lib/crater-agent-workspace/builds/worker-3-tc1/target:/opt/rustwide/target:rw,Z" "-v" "/var/lib/crater-agent-workspace/builds/worker-3-tc1/source:/opt/rustwide/workdir:ro,Z" "-v" "/var/lib/crater-agent-workspace/cargo-home:/opt/rustwide/cargo-home:ro,Z" "-v" "/var/lib/crater-agent-workspace/rustup-home:/opt/rustwide/rustup-home:ro,Z" "-e" "SOURCE_DIR=/opt/rustwide/workdir" "-e" "CARGO_TARGET_DIR=/opt/rustwide/target" "-e" "CARGO_HOME=/opt/rustwide/cargo-home" "-e" "RUSTUP_HOME=/opt/rustwide/rustup-home" "-w" "/opt/rustwide/workdir" "-m" "1610612736" "--user" "0:0" "--network" "none" "ghcr.io/rust-lang/crates-build-env/linux@sha256:2788e3201cd34a07e3172128adcd8b3090168a8e3bcc40d7c032b9dda1df7d1c" "/opt/rustwide/cargo-home/bin/cargo" "+1.75.0" "metadata" "--no-deps" "--format-version=1", kill_on_drop: false }`
[INFO] [stdout] 4417dd78a3ad13994930bfcc2521aabbe5028f2499018dcfc3465067bb140797
[INFO] running `Command { std: "docker" "start" "-a" "4417dd78a3ad13994930bfcc2521aabbe5028f2499018dcfc3465067bb140797", kill_on_drop: false }`
[INFO] running `Command { std: "docker" "inspect" "4417dd78a3ad13994930bfcc2521aabbe5028f2499018dcfc3465067bb140797", kill_on_drop: false }`
[INFO] running `Command { std: "docker" "rm" "-f" "4417dd78a3ad13994930bfcc2521aabbe5028f2499018dcfc3465067bb140797", kill_on_drop: false }`
[INFO] [stdout] 4417dd78a3ad13994930bfcc2521aabbe5028f2499018dcfc3465067bb140797
[INFO] running `Command { std: "docker" "create" "-v" "/var/lib/crater-agent-workspace/builds/worker-3-tc1/target:/opt/rustwide/target:rw,Z" "-v" "/var/lib/crater-agent-workspace/builds/worker-3-tc1/source:/opt/rustwide/workdir:ro,Z" "-v" "/var/lib/crater-agent-workspace/cargo-home:/opt/rustwide/cargo-home:ro,Z" "-v" "/var/lib/crater-agent-workspace/rustup-home:/opt/rustwide/rustup-home:ro,Z" "-e" "SOURCE_DIR=/opt/rustwide/workdir" "-e" "CARGO_TARGET_DIR=/opt/rustwide/target" "-e" "CARGO_INCREMENTAL=0" "-e" "RUST_BACKTRACE=full" "-e" "RUSTFLAGS=--cap-lints=warn" "-e" "RUSTDOCFLAGS=--cap-lints=warn" "-e" "CARGO_HOME=/opt/rustwide/cargo-home" "-e" "RUSTUP_HOME=/opt/rustwide/rustup-home" "-w" "/opt/rustwide/workdir" "-m" "1610612736" "--user" "0:0" "--network" "none" "ghcr.io/rust-lang/crates-build-env/linux@sha256:2788e3201cd34a07e3172128adcd8b3090168a8e3bcc40d7c032b9dda1df7d1c" "/opt/rustwide/cargo-home/bin/cargo" "+1.75.0" "build" "--frozen" "--message-format=json", kill_on_drop: false }`
[INFO] [stdout] 4bf27a62cdf66660fbd1a3793273c9a66f3deb2eefff807e5dd41ebe56a7d81f
[INFO] running `Command { std: "docker" "start" "-a" "4bf27a62cdf66660fbd1a3793273c9a66f3deb2eefff807e5dd41ebe56a7d81f", kill_on_drop: false }`
[INFO] [stderr]    Compiling proc-macro2 v1.0.75
[INFO] [stderr]    Compiling unicode-ident v1.0.12
[INFO] [stderr]    Compiling quote v1.0.35
[INFO] [stderr]    Compiling syn v2.0.48
[INFO] [stderr]    Compiling enum-tag-macro v0.3.0 (/opt/rustwide/workdir)
[INFO] [stderr]     Finished dev [unoptimized + debuginfo] target(s) in 1.90s
[INFO] running `Command { std: "docker" "inspect" "4bf27a62cdf66660fbd1a3793273c9a66f3deb2eefff807e5dd41ebe56a7d81f", kill_on_drop: false }`
[INFO] running `Command { std: "docker" "rm" "-f" "4bf27a62cdf66660fbd1a3793273c9a66f3deb2eefff807e5dd41ebe56a7d81f", kill_on_drop: false }`
[INFO] [stdout] 4bf27a62cdf66660fbd1a3793273c9a66f3deb2eefff807e5dd41ebe56a7d81f
[INFO] running `Command { std: "docker" "create" "-v" "/var/lib/crater-agent-workspace/builds/worker-3-tc1/target:/opt/rustwide/target:rw,Z" "-v" "/var/lib/crater-agent-workspace/builds/worker-3-tc1/source:/opt/rustwide/workdir:ro,Z" "-v" "/var/lib/crater-agent-workspace/cargo-home:/opt/rustwide/cargo-home:ro,Z" "-v" "/var/lib/crater-agent-workspace/rustup-home:/opt/rustwide/rustup-home:ro,Z" "-e" "SOURCE_DIR=/opt/rustwide/workdir" "-e" "CARGO_TARGET_DIR=/opt/rustwide/target" "-e" "CARGO_INCREMENTAL=0" "-e" "RUST_BACKTRACE=full" "-e" "RUSTFLAGS=--cap-lints=warn" "-e" "RUSTDOCFLAGS=--cap-lints=warn" "-e" "CARGO_HOME=/opt/rustwide/cargo-home" "-e" "RUSTUP_HOME=/opt/rustwide/rustup-home" "-w" "/opt/rustwide/workdir" "-m" "1610612736" "--user" "0:0" "--network" "none" "ghcr.io/rust-lang/crates-build-env/linux@sha256:2788e3201cd34a07e3172128adcd8b3090168a8e3bcc40d7c032b9dda1df7d1c" "/opt/rustwide/cargo-home/bin/cargo" "+1.75.0" "test" "--frozen" "--no-run" "--message-format=json", kill_on_drop: false }`
[INFO] [stdout] 6fdc0ed70591bc34d7a9ad1e1c2d0712f5369e77126c47ec0ee419323bf48550
[INFO] running `Command { std: "docker" "start" "-a" "6fdc0ed70591bc34d7a9ad1e1c2d0712f5369e77126c47ec0ee419323bf48550", kill_on_drop: false }`
[INFO] [stderr]    Compiling enum-tag-macro v0.3.0 (/opt/rustwide/workdir)
[INFO] [stderr]     Finished test [unoptimized + debuginfo] target(s) in 0.29s
[INFO] running `Command { std: "docker" "inspect" "6fdc0ed70591bc34d7a9ad1e1c2d0712f5369e77126c47ec0ee419323bf48550", kill_on_drop: false }`
[INFO] running `Command { std: "docker" "rm" "-f" "6fdc0ed70591bc34d7a9ad1e1c2d0712f5369e77126c47ec0ee419323bf48550", kill_on_drop: false }`
[INFO] [stdout] 6fdc0ed70591bc34d7a9ad1e1c2d0712f5369e77126c47ec0ee419323bf48550
[INFO] running `Command { std: "docker" "create" "-v" "/var/lib/crater-agent-workspace/builds/worker-3-tc1/target:/opt/rustwide/target:rw,Z" "-v" "/var/lib/crater-agent-workspace/builds/worker-3-tc1/source:/opt/rustwide/workdir:ro,Z" "-v" "/var/lib/crater-agent-workspace/cargo-home:/opt/rustwide/cargo-home:ro,Z" "-v" "/var/lib/crater-agent-workspace/rustup-home:/opt/rustwide/rustup-home:ro,Z" "-e" "SOURCE_DIR=/opt/rustwide/workdir" "-e" "CARGO_TARGET_DIR=/opt/rustwide/target" "-e" "CARGO_INCREMENTAL=0" "-e" "RUST_BACKTRACE=full" "-e" "RUSTFLAGS=--cap-lints=warn" "-e" "RUSTDOCFLAGS=--cap-lints=warn" "-e" "CARGO_HOME=/opt/rustwide/cargo-home" "-e" "RUSTUP_HOME=/opt/rustwide/rustup-home" "-w" "/opt/rustwide/workdir" "-m" "1610612736" "--user" "0:0" "--network" "none" "ghcr.io/rust-lang/crates-build-env/linux@sha256:2788e3201cd34a07e3172128adcd8b3090168a8e3bcc40d7c032b9dda1df7d1c" "/opt/rustwide/cargo-home/bin/cargo" "+1.75.0" "test" "--frozen", kill_on_drop: false }`
[INFO] [stdout] e467587a22d5bafe14050c15d6e3372d84ddfa5311d13d636d13a3321dc6ac8b
[INFO] running `Command { std: "docker" "start" "-a" "e467587a22d5bafe14050c15d6e3372d84ddfa5311d13d636d13a3321dc6ac8b", kill_on_drop: false }`
[INFO] [stderr]     Finished test [unoptimized + debuginfo] target(s) in 0.00s
[INFO] [stderr]      Running unittests src/lib.rs (/opt/rustwide/target/debug/deps/enum_tag_macro-d5e4e2c7d6fa5332)
[INFO] [stdout] 
[INFO] [stdout] running 0 tests
[INFO] [stdout] 
[INFO] [stdout] test result: ok. 0 passed; 0 failed; 0 ignored; 0 measured; 0 filtered out; finished in 0.00s
[INFO] [stdout] 
[INFO] [stderr]    Doc-tests enum-tag-macro
[INFO] [stdout] 
[INFO] [stdout] running 2 tests
[INFO] [stdout] test src/lib.rs - enum_tag (line 48) ... FAILED
[INFO] [stdout] test src/lib.rs - enum_tag (line 19) ... FAILED
[INFO] [stdout] 
[INFO] [stdout] failures:
[INFO] [stdout] 
[INFO] [stdout] ---- src/lib.rs - enum_tag (line 48) stdout ----
[INFO] [stdout] error[E0433]: failed to resolve: could not find `enum_tag` in the list of imported crates
[INFO] [stdout]   --> src/lib.rs:79:12
[INFO] [stdout]    |
[INFO] [stdout] 33 |     impl ::enum_tag::EnumTag for Foo {
[INFO] [stdout]    |            ^^^^^^^^ could not find `enum_tag` in the list of imported crates
[INFO] [stdout] 
[INFO] [stdout] error[E0433]: failed to resolve: could not find `enum_tag` in the list of imported crates
[INFO] [stdout]   --> src/lib.rs:82:37
[INFO] [stdout]    |
[INFO] [stdout] 36 |         fn tag(&self) -> <Self as ::enum_tag::EnumTag>::Tag {
[INFO] [stdout]    |                                     ^^^^^^^^ could not find `enum_tag` in the list of imported crates
[INFO] [stdout] 
[INFO] [stdout] error[E0433]: failed to resolve: could not find `enum_tag` in the list of imported crates
[INFO] [stdout]   --> src/lib.rs:84:46
[INFO] [stdout]    |
[INFO] [stdout] 38 |                 Self::A { .. } => <Self as ::enum_tag::EnumTag>::Tag::A,
[INFO] [stdout]    |                                              ^^^^^^^^ could not find `enum_tag` in the list of imported crates
[INFO] [stdout] 
[INFO] [stdout] error[E0433]: failed to resolve: could not find `enum_tag` in the list of imported crates
[INFO] [stdout]   --> src/lib.rs:85:46
[INFO] [stdout]    |
[INFO] [stdout] 39 |                 Self::B { .. } => <Self as ::enum_tag::EnumTag>::Tag::B,
[INFO] [stdout]    |                                              ^^^^^^^^ could not find `enum_tag` in the list of imported crates
[INFO] [stdout] 
[INFO] [stdout] error[E0433]: failed to resolve: could not find `enum_tag` in the list of imported crates
[INFO] [stdout]   --> src/lib.rs:86:46
[INFO] [stdout]    |
[INFO] [stdout] 40 |                 Self::C { .. } => <Self as ::enum_tag::EnumTag>::Tag::C,
[INFO] [stdout]    |                                              ^^^^^^^^ could not find `enum_tag` in the list of imported crates
[INFO] [stdout] 
[INFO] [stdout] error[E0433]: failed to resolve: could not find `enum_tag` in the list of imported crates
[INFO] [stdout]   --> src/lib.rs:87:46
[INFO] [stdout]    |
[INFO] [stdout] 41 |                 Self::D { .. } => <Self as ::enum_tag::EnumTag>::Tag::D,
[INFO] [stdout]    |                                              ^^^^^^^^ could not find `enum_tag` in the list of imported crates
[INFO] [stdout] 
[INFO] [stdout] error[E0433]: failed to resolve: could not find `enum_tag` in the list of imported crates
[INFO] [stdout]   --> src/lib.rs:88:46
[INFO] [stdout]    |
[INFO] [stdout] 42 |                 Self::E { .. } => <Self as ::enum_tag::EnumTag>::Tag::E,
[INFO] [stdout]    |                                              ^^^^^^^^ could not find `enum_tag` in the list of imported crates
[INFO] [stdout] 
[INFO] [stdout] error[E0433]: failed to resolve: could not find `enum_tag` in the list of imported crates
[INFO] [stdout]   --> src/lib.rs:89:46
[INFO] [stdout]    |
[INFO] [stdout] 43 |                 Self::F { .. } => <Self as ::enum_tag::EnumTag>::Tag::F,
[INFO] [stdout]    |                                              ^^^^^^^^ could not find `enum_tag` in the list of imported crates
[INFO] [stdout] 
[INFO] [stdout] error: aborting due to 8 previous errors
[INFO] [stdout] 
[INFO] [stdout] For more information about this error, try `rustc --explain E0433`.
[INFO] [stdout] Couldn't compile the test.
[INFO] [stdout] ---- src/lib.rs - enum_tag (line 19) stdout ----
[INFO] [stdout] error[E0432]: unresolved import `enum_tag`
[INFO] [stdout]  --> src/lib.rs:20:5
[INFO] [stdout]   |
[INFO] [stdout] 3 | use enum_tag::EnumTag;
[INFO] [stdout]   |     ^^^^^^^^ use of undeclared crate or module `enum_tag`
[INFO] [stdout] 
[INFO] [stdout] error: cannot determine resolution for the derive macro `EnumTag`
[INFO] [stdout]  --> src/lib.rs:22:10
[INFO] [stdout]   |
[INFO] [stdout] 5 | #[derive(EnumTag)]
[INFO] [stdout]   |          ^^^^^^^
[INFO] [stdout]   |
[INFO] [stdout]   = note: import resolution is stuck, try simplifying macro imports
[INFO] [stdout] 
[INFO] [stdout] error[E0599]: no method named `tag` found for enum `Foo` in the current scope
[INFO] [stdout]   --> src/lib.rs:36:30
[INFO] [stdout]    |
[INFO] [stdout] 7  | enum Foo {
[INFO] [stdout]    | -------- method `tag` not found for this enum
[INFO] [stdout] ...
[INFO] [stdout] 19 | assert_eq!(FooTag::A, Foo::A.tag());
[INFO] [stdout]    |                              ^^^ method not found in `Foo`
[INFO] [stdout] 
[INFO] [stdout] error[E0599]: no method named `tag` found for enum `Foo` in the current scope
[INFO] [stdout]   --> src/lib.rs:37:30
[INFO] [stdout]    |
[INFO] [stdout] 7  | enum Foo {
[INFO] [stdout]    | -------- method `tag` not found for this enum
[INFO] [stdout] ...
[INFO] [stdout] 20 | assert_eq!(FooTag::B, Foo::B.tag());
[INFO] [stdout]    |                              ^^^ method not found in `Foo`
[INFO] [stdout] 
[INFO] [stdout] error[E0599]: no method named `tag` found for enum `Foo` in the current scope
[INFO] [stdout]   --> src/lib.rs:38:33
[INFO] [stdout]    |
[INFO] [stdout] 7  | enum Foo {
[INFO] [stdout]    | -------- method `tag` not found for this enum
[INFO] [stdout] ...
[INFO] [stdout] 21 | assert_eq!(FooTag::C, Foo::C(1).tag());
[INFO] [stdout]    |                                 ^^^ method not found in `Foo`
[INFO] [stdout] 
[INFO] [stdout] error[E0599]: no method named `tag` found for enum `Foo` in the current scope
[INFO] [stdout]   --> src/lib.rs:39:36
[INFO] [stdout]    |
[INFO] [stdout] 7  | enum Foo {
[INFO] [stdout]    | -------- method `tag` not found for this enum
[INFO] [stdout] ...
[INFO] [stdout] 22 | assert_eq!(FooTag::D, Foo::D(2, 3).tag());
[INFO] [stdout]    |                                    ^^^ method not found in `Foo`
[INFO] [stdout] 
[INFO] [stdout] error[E0599]: no method named `tag` found for enum `Foo` in the current scope
[INFO] [stdout]   --> src/lib.rs:40:39
[INFO] [stdout]    |
[INFO] [stdout] 7  | enum Foo {
[INFO] [stdout]    | -------- method `tag` not found for this enum
[INFO] [stdout] ...
[INFO] [stdout] 23 | assert_eq!(FooTag::E, Foo::E { a: 4 }.tag());
[INFO] [stdout]    |                                       ^^^ method not found in `Foo`
[INFO] [stdout] 
[INFO] [stdout] error[E0599]: no method named `tag` found for enum `Foo` in the current scope
[INFO] [stdout]   --> src/lib.rs:41:45
[INFO] [stdout]    |
[INFO] [stdout] 7  | enum Foo {
[INFO] [stdout]    | -------- method `tag` not found for this enum
[INFO] [stdout] ...
[INFO] [stdout] 24 | assert_eq!(FooTag::F, Foo::F { a: 5, b: 6 }.tag());
[INFO] [stdout]    |                                             ^^^ method not found in `Foo`
[INFO] [stdout] 
[INFO] [stdout] error: aborting due to 8 previous errors
[INFO] [stdout] 
[INFO] [stdout] Some errors have detailed explanations: E0432, E0599.
[INFO] [stdout] For more information about an error, try `rustc --explain E0432`.
[INFO] [stdout] Couldn't compile the test.
[INFO] [stdout] 
[INFO] [stdout] failures:
[INFO] [stdout]     src/lib.rs - enum_tag (line 19)
[INFO] [stdout]     src/lib.rs - enum_tag (line 48)
[INFO] [stdout] 
[INFO] [stdout] test result: FAILED. 0 passed; 2 failed; 0 ignored; 0 measured; 0 filtered out; finished in 0.08s
[INFO] [stdout] 
[INFO] [stderr] error: doctest failed, to rerun pass `--doc`
[INFO] running `Command { std: "docker" "inspect" "e467587a22d5bafe14050c15d6e3372d84ddfa5311d13d636d13a3321dc6ac8b", kill_on_drop: false }`
[INFO] running `Command { std: "docker" "rm" "-f" "e467587a22d5bafe14050c15d6e3372d84ddfa5311d13d636d13a3321dc6ac8b", kill_on_drop: false }`
[INFO] [stdout] e467587a22d5bafe14050c15d6e3372d84ddfa5311d13d636d13a3321dc6ac8b
[INFO] testing enum-tag-macro-0.3.0 against beta-2023-12-22 for beta-1.76-1
[INFO] extracting crate enum-tag-macro 0.3.0 into /workspace/builds/worker-3-tc2/source
[INFO] validating manifest of crates.io crate enum-tag-macro 0.3.0 on toolchain beta-2023-12-22
[INFO] running `Command { std: CARGO_HOME="/workspace/cargo-home" RUSTUP_HOME="/workspace/rustup-home" "/workspace/cargo-home/bin/cargo" "+beta-2023-12-22" "metadata" "--manifest-path" "Cargo.toml" "--no-deps", kill_on_drop: false }`
[INFO] started tweaking crates.io crate enum-tag-macro 0.3.0
[INFO] finished tweaking crates.io crate enum-tag-macro 0.3.0
[INFO] tweaked toml for crates.io crate enum-tag-macro 0.3.0 written to /workspace/builds/worker-3-tc2/source/Cargo.toml
[INFO] running `Command { std: CARGO_HOME="/workspace/cargo-home" RUSTUP_HOME="/workspace/rustup-home" "/workspace/cargo-home/bin/cargo" "+beta-2023-12-22" "generate-lockfile" "--manifest-path" "Cargo.toml", kill_on_drop: false }`
[INFO] [stderr]     Updating crates.io index
[INFO] running `Command { std: CARGO_HOME="/workspace/cargo-home" RUSTUP_HOME="/workspace/rustup-home" "/workspace/cargo-home/bin/cargo" "+beta-2023-12-22" "fetch" "--manifest-path" "Cargo.toml", kill_on_drop: false }`
[INFO] running `Command { std: "docker" "create" "-v" "/var/lib/crater-agent-workspace/builds/worker-3-tc2/target:/opt/rustwide/target:rw,Z" "-v" "/var/lib/crater-agent-workspace/builds/worker-3-tc2/source:/opt/rustwide/workdir:ro,Z" "-v" "/var/lib/crater-agent-workspace/cargo-home:/opt/rustwide/cargo-home:ro,Z" "-v" "/var/lib/crater-agent-workspace/rustup-home:/opt/rustwide/rustup-home:ro,Z" "-e" "SOURCE_DIR=/opt/rustwide/workdir" "-e" "CARGO_TARGET_DIR=/opt/rustwide/target" "-e" "CARGO_HOME=/opt/rustwide/cargo-home" "-e" "RUSTUP_HOME=/opt/rustwide/rustup-home" "-w" "/opt/rustwide/workdir" "-m" "1610612736" "--user" "0:0" "--network" "none" "ghcr.io/rust-lang/crates-build-env/linux@sha256:2788e3201cd34a07e3172128adcd8b3090168a8e3bcc40d7c032b9dda1df7d1c" "/opt/rustwide/cargo-home/bin/cargo" "+beta-2023-12-22" "metadata" "--no-deps" "--format-version=1", kill_on_drop: false }`
[INFO] [stdout] d600fe7ca2eeb31089c5be27eea6acb3bff4429294f184fcfbb359bd3e1c4188
[INFO] running `Command { std: "docker" "start" "-a" "d600fe7ca2eeb31089c5be27eea6acb3bff4429294f184fcfbb359bd3e1c4188", kill_on_drop: false }`
[INFO] running `Command { std: "docker" "inspect" "d600fe7ca2eeb31089c5be27eea6acb3bff4429294f184fcfbb359bd3e1c4188", kill_on_drop: false }`
[INFO] running `Command { std: "docker" "rm" "-f" "d600fe7ca2eeb31089c5be27eea6acb3bff4429294f184fcfbb359bd3e1c4188", kill_on_drop: false }`
[INFO] [stdout] d600fe7ca2eeb31089c5be27eea6acb3bff4429294f184fcfbb359bd3e1c4188
[INFO] running `Command { std: "docker" "create" "-v" "/var/lib/crater-agent-workspace/builds/worker-3-tc2/target:/opt/rustwide/target:rw,Z" "-v" "/var/lib/crater-agent-workspace/builds/worker-3-tc2/source:/opt/rustwide/workdir:ro,Z" "-v" "/var/lib/crater-agent-workspace/cargo-home:/opt/rustwide/cargo-home:ro,Z" "-v" "/var/lib/crater-agent-workspace/rustup-home:/opt/rustwide/rustup-home:ro,Z" "-e" "SOURCE_DIR=/opt/rustwide/workdir" "-e" "CARGO_TARGET_DIR=/opt/rustwide/target" "-e" "CARGO_INCREMENTAL=0" "-e" "RUST_BACKTRACE=full" "-e" "RUSTFLAGS=--cap-lints=warn" "-e" "RUSTDOCFLAGS=--cap-lints=warn" "-e" "CARGO_HOME=/opt/rustwide/cargo-home" "-e" "RUSTUP_HOME=/opt/rustwide/rustup-home" "-w" "/opt/rustwide/workdir" "-m" "1610612736" "--user" "0:0" "--network" "none" "ghcr.io/rust-lang/crates-build-env/linux@sha256:2788e3201cd34a07e3172128adcd8b3090168a8e3bcc40d7c032b9dda1df7d1c" "/opt/rustwide/cargo-home/bin/cargo" "+beta-2023-12-22" "build" "--frozen" "--message-format=json", kill_on_drop: false }`
[INFO] [stdout] 003e5a6cd222f1cef09811277e4b4843b5738d83ad815cbffa81cd735b31ffed
[INFO] running `Command { std: "docker" "start" "-a" "003e5a6cd222f1cef09811277e4b4843b5738d83ad815cbffa81cd735b31ffed", kill_on_drop: false }`
[INFO] [stderr]    Compiling proc-macro2 v1.0.75
[INFO] [stderr]    Compiling unicode-ident v1.0.12
[INFO] [stderr]    Compiling quote v1.0.35
[INFO] [stderr]    Compiling syn v2.0.48
[INFO] [stderr]    Compiling enum-tag-macro v0.3.0 (/opt/rustwide/workdir)
[INFO] [stderr]     Finished dev [unoptimized + debuginfo] target(s) in 2.01s
[INFO] running `Command { std: "docker" "inspect" "003e5a6cd222f1cef09811277e4b4843b5738d83ad815cbffa81cd735b31ffed", kill_on_drop: false }`
[INFO] running `Command { std: "docker" "rm" "-f" "003e5a6cd222f1cef09811277e4b4843b5738d83ad815cbffa81cd735b31ffed", kill_on_drop: false }`
[INFO] [stdout] 003e5a6cd222f1cef09811277e4b4843b5738d83ad815cbffa81cd735b31ffed
[INFO] running `Command { std: "docker" "create" "-v" "/var/lib/crater-agent-workspace/builds/worker-3-tc2/target:/opt/rustwide/target:rw,Z" "-v" "/var/lib/crater-agent-workspace/builds/worker-3-tc2/source:/opt/rustwide/workdir:ro,Z" "-v" "/var/lib/crater-agent-workspace/cargo-home:/opt/rustwide/cargo-home:ro,Z" "-v" "/var/lib/crater-agent-workspace/rustup-home:/opt/rustwide/rustup-home:ro,Z" "-e" "SOURCE_DIR=/opt/rustwide/workdir" "-e" "CARGO_TARGET_DIR=/opt/rustwide/target" "-e" "CARGO_INCREMENTAL=0" "-e" "RUST_BACKTRACE=full" "-e" "RUSTFLAGS=--cap-lints=warn" "-e" "RUSTDOCFLAGS=--cap-lints=warn" "-e" "CARGO_HOME=/opt/rustwide/cargo-home" "-e" "RUSTUP_HOME=/opt/rustwide/rustup-home" "-w" "/opt/rustwide/workdir" "-m" "1610612736" "--user" "0:0" "--network" "none" "ghcr.io/rust-lang/crates-build-env/linux@sha256:2788e3201cd34a07e3172128adcd8b3090168a8e3bcc40d7c032b9dda1df7d1c" "/opt/rustwide/cargo-home/bin/cargo" "+beta-2023-12-22" "test" "--frozen" "--no-run" "--message-format=json", kill_on_drop: false }`
[INFO] [stdout] 86c7c84bfcd79ca1d981e2cac92bb75824c6a9647067f2e46d374053a5a4c2ec
[INFO] running `Command { std: "docker" "start" "-a" "86c7c84bfcd79ca1d981e2cac92bb75824c6a9647067f2e46d374053a5a4c2ec", kill_on_drop: false }`
[INFO] [stderr]    Compiling enum-tag-macro v0.3.0 (/opt/rustwide/workdir)
[INFO] [stderr]     Finished test [unoptimized + debuginfo] target(s) in 0.29s
[INFO] running `Command { std: "docker" "inspect" "86c7c84bfcd79ca1d981e2cac92bb75824c6a9647067f2e46d374053a5a4c2ec", kill_on_drop: false }`
[INFO] running `Command { std: "docker" "rm" "-f" "86c7c84bfcd79ca1d981e2cac92bb75824c6a9647067f2e46d374053a5a4c2ec", kill_on_drop: false }`
[INFO] [stdout] 86c7c84bfcd79ca1d981e2cac92bb75824c6a9647067f2e46d374053a5a4c2ec
[INFO] running `Command { std: "docker" "create" "-v" "/var/lib/crater-agent-workspace/builds/worker-3-tc2/target:/opt/rustwide/target:rw,Z" "-v" "/var/lib/crater-agent-workspace/builds/worker-3-tc2/source:/opt/rustwide/workdir:ro,Z" "-v" "/var/lib/crater-agent-workspace/cargo-home:/opt/rustwide/cargo-home:ro,Z" "-v" "/var/lib/crater-agent-workspace/rustup-home:/opt/rustwide/rustup-home:ro,Z" "-e" "SOURCE_DIR=/opt/rustwide/workdir" "-e" "CARGO_TARGET_DIR=/opt/rustwide/target" "-e" "CARGO_INCREMENTAL=0" "-e" "RUST_BACKTRACE=full" "-e" "RUSTFLAGS=--cap-lints=warn" "-e" "RUSTDOCFLAGS=--cap-lints=warn" "-e" "CARGO_HOME=/opt/rustwide/cargo-home" "-e" "RUSTUP_HOME=/opt/rustwide/rustup-home" "-w" "/opt/rustwide/workdir" "-m" "1610612736" "--user" "0:0" "--network" "none" "ghcr.io/rust-lang/crates-build-env/linux@sha256:2788e3201cd34a07e3172128adcd8b3090168a8e3bcc40d7c032b9dda1df7d1c" "/opt/rustwide/cargo-home/bin/cargo" "+beta-2023-12-22" "test" "--frozen", kill_on_drop: false }`
[INFO] [stdout] 8f26c70ffdb96c1ab9d121a1a9c0d5067c46e24b390d5345f954b4769696cd70
[INFO] running `Command { std: "docker" "start" "-a" "8f26c70ffdb96c1ab9d121a1a9c0d5067c46e24b390d5345f954b4769696cd70", kill_on_drop: false }`
[INFO] [stderr]     Finished test [unoptimized + debuginfo] target(s) in 0.00s
[INFO] [stderr]      Running unittests src/lib.rs (/opt/rustwide/target/debug/deps/enum_tag_macro-41be83c2f976f6e6)
[INFO] [stdout] 
[INFO] [stdout] running 0 tests
[INFO] [stdout] 
[INFO] [stdout] test result: ok. 0 passed; 0 failed; 0 ignored; 0 measured; 0 filtered out; finished in 0.00s
[INFO] [stdout] 
[INFO] [stderr]    Doc-tests enum-tag-macro
[INFO] [stdout] 
[INFO] [stdout] running 2 tests
[INFO] [stdout] test src/lib.rs - enum_tag (line 48) ... FAILED
[INFO] [stdout] test src/lib.rs - enum_tag (line 19) ... FAILED
[INFO] [stdout] 
[INFO] [stdout] failures:
[INFO] [stdout] 
[INFO] [stdout] ---- src/lib.rs - enum_tag (line 48) stdout ----
[INFO] [stdout] error[E0433]: failed to resolve: could not find `enum_tag` in the list of imported crates
[INFO] [stdout]   --> src/lib.rs:79:12
[INFO] [stdout]    |
[INFO] [stdout] 33 |     impl ::enum_tag::EnumTag for Foo {
[INFO] [stdout]    |            ^^^^^^^^ could not find `enum_tag` in the list of imported crates
[INFO] [stdout] 
[INFO] [stdout] error[E0433]: failed to resolve: could not find `enum_tag` in the list of imported crates
[INFO] [stdout]   --> src/lib.rs:82:37
[INFO] [stdout]    |
[INFO] [stdout] 36 |         fn tag(&self) -> <Self as ::enum_tag::EnumTag>::Tag {
[INFO] [stdout]    |                                     ^^^^^^^^ could not find `enum_tag` in the list of imported crates
[INFO] [stdout] 
[INFO] [stdout] error[E0433]: failed to resolve: could not find `enum_tag` in the list of imported crates
[INFO] [stdout]   --> src/lib.rs:84:46
[INFO] [stdout]    |
[INFO] [stdout] 38 |                 Self::A { .. } => <Self as ::enum_tag::EnumTag>::Tag::A,
[INFO] [stdout]    |                                              ^^^^^^^^ could not find `enum_tag` in the list of imported crates
[INFO] [stdout] 
[INFO] [stdout] error[E0433]: failed to resolve: could not find `enum_tag` in the list of imported crates
[INFO] [stdout]   --> src/lib.rs:85:46
[INFO] [stdout]    |
[INFO] [stdout] 39 |                 Self::B { .. } => <Self as ::enum_tag::EnumTag>::Tag::B,
[INFO] [stdout]    |                                              ^^^^^^^^ could not find `enum_tag` in the list of imported crates
[INFO] [stdout] 
[INFO] [stdout] error[E0433]: failed to resolve: could not find `enum_tag` in the list of imported crates
[INFO] [stdout]   --> src/lib.rs:86:46
[INFO] [stdout]    |
[INFO] [stdout] 40 |                 Self::C { .. } => <Self as ::enum_tag::EnumTag>::Tag::C,
[INFO] [stdout]    |                                              ^^^^^^^^ could not find `enum_tag` in the list of imported crates
[INFO] [stdout] 
[INFO] [stdout] error[E0433]: failed to resolve: could not find `enum_tag` in the list of imported crates
[INFO] [stdout]   --> src/lib.rs:87:46
[INFO] [stdout]    |
[INFO] [stdout] 41 |                 Self::D { .. } => <Self as ::enum_tag::EnumTag>::Tag::D,
[INFO] [stdout]    |                                              ^^^^^^^^ could not find `enum_tag` in the list of imported crates
[INFO] [stdout] 
[INFO] [stdout] error[E0433]: failed to resolve: could not find `enum_tag` in the list of imported crates
[INFO] [stdout]   --> src/lib.rs:88:46
[INFO] [stdout]    |
[INFO] [stdout] 42 |                 Self::E { .. } => <Self as ::enum_tag::EnumTag>::Tag::E,
[INFO] [stdout]    |                                              ^^^^^^^^ could not find `enum_tag` in the list of imported crates
[INFO] [stdout] 
[INFO] [stdout] error[E0433]: failed to resolve: could not find `enum_tag` in the list of imported crates
[INFO] [stdout]   --> src/lib.rs:89:46
[INFO] [stdout]    |
[INFO] [stdout] 43 |                 Self::F { .. } => <Self as ::enum_tag::EnumTag>::Tag::F,
[INFO] [stdout]    |                                              ^^^^^^^^ could not find `enum_tag` in the list of imported crates
[INFO] [stdout] 
[INFO] [stdout] error: aborting due to 8 previous errors
[INFO] [stdout] 
[INFO] [stdout] For more information about this error, try `rustc --explain E0433`.
[INFO] [stdout] Couldn't compile the test.
[INFO] [stdout] ---- src/lib.rs - enum_tag (line 19) stdout ----
[INFO] [stdout] error[E0432]: unresolved import `enum_tag`
[INFO] [stdout]  --> src/lib.rs:20:5
[INFO] [stdout]   |
[INFO] [stdout] 3 | use enum_tag::EnumTag;
[INFO] [stdout]   |     ^^^^^^^^ use of undeclared crate or module `enum_tag`
[INFO] [stdout] 
[INFO] [stdout] error: cannot determine resolution for the derive macro `EnumTag`
[INFO] [stdout]  --> src/lib.rs:22:10
[INFO] [stdout]   |
[INFO] [stdout] 5 | #[derive(EnumTag)]
[INFO] [stdout]   |          ^^^^^^^
[INFO] [stdout]   |
[INFO] [stdout]   = note: import resolution is stuck, try simplifying macro imports
[INFO] [stdout] 
[INFO] [stdout] error[E0599]: no method named `tag` found for enum `Foo` in the current scope
[INFO] [stdout]   --> src/lib.rs:36:30
[INFO] [stdout]    |
[INFO] [stdout] 7  | enum Foo {
[INFO] [stdout]    | -------- method `tag` not found for this enum
[INFO] [stdout] ...
[INFO] [stdout] 19 | assert_eq!(FooTag::A, Foo::A.tag());
[INFO] [stdout]    |                              ^^^ method not found in `Foo`
[INFO] [stdout] 
[INFO] [stdout] error[E0599]: no method named `tag` found for enum `Foo` in the current scope
[INFO] [stdout]   --> src/lib.rs:37:30
[INFO] [stdout]    |
[INFO] [stdout] 7  | enum Foo {
[INFO] [stdout]    | -------- method `tag` not found for this enum
[INFO] [stdout] ...
[INFO] [stdout] 20 | assert_eq!(FooTag::B, Foo::B.tag());
[INFO] [stdout]    |                              ^^^ method not found in `Foo`
[INFO] [stdout] 
[INFO] [stdout] error[E0599]: no method named `tag` found for enum `Foo` in the current scope
[INFO] [stdout]   --> src/lib.rs:38:33
[INFO] [stdout]    |
[INFO] [stdout] 7  | enum Foo {
[INFO] [stdout]    | -------- method `tag` not found for this enum
[INFO] [stdout] ...
[INFO] [stdout] 21 | assert_eq!(FooTag::C, Foo::C(1).tag());
[INFO] [stdout]    |                                 ^^^ method not found in `Foo`
[INFO] [stdout] 
[INFO] [stdout] error[E0599]: no method named `tag` found for enum `Foo` in the current scope
[INFO] [stdout]   --> src/lib.rs:39:36
[INFO] [stdout]    |
[INFO] [stdout] 7  | enum Foo {
[INFO] [stdout]    | -------- method `tag` not found for this enum
[INFO] [stdout] ...
[INFO] [stdout] 22 | assert_eq!(FooTag::D, Foo::D(2, 3).tag());
[INFO] [stdout]    |                                    ^^^ method not found in `Foo`
[INFO] [stdout] 
[INFO] [stdout] error[E0599]: no method named `tag` found for enum `Foo` in the current scope
[INFO] [stdout]   --> src/lib.rs:40:39
[INFO] [stdout]    |
[INFO] [stdout] 7  | enum Foo {
[INFO] [stdout]    | -------- method `tag` not found for this enum
[INFO] [stdout] ...
[INFO] [stdout] 23 | assert_eq!(FooTag::E, Foo::E { a: 4 }.tag());
[INFO] [stdout]    |                                       ^^^ method not found in `Foo`
[INFO] [stdout] 
[INFO] [stdout] error[E0599]: no method named `tag` found for enum `Foo` in the current scope
[INFO] [stdout]   --> src/lib.rs:41:45
[INFO] [stdout]    |
[INFO] [stdout] 7  | enum Foo {
[INFO] [stdout]    | -------- method `tag` not found for this enum
[INFO] [stdout] ...
[INFO] [stdout] 24 | assert_eq!(FooTag::F, Foo::F { a: 5, b: 6 }.tag());
[INFO] [stdout]    |                                             ^^^ method not found in `Foo`
[INFO] [stdout] 
[INFO] [stdout] error: aborting due to 8 previous errors
[INFO] [stdout] 
[INFO] [stdout] Some errors have detailed explanations: E0432, E0599.
[INFO] [stdout] For more information about an error, try `rustc --explain E0432`.
[INFO] [stdout] Couldn't compile the test.
[INFO] [stdout] 
[INFO] [stdout] failures:
[INFO] [stdout]     src/lib.rs - enum_tag (line 19)
[INFO] [stdout]     src/lib.rs - enum_tag (line 48)
[INFO] [stdout] 
[INFO] [stdout] test result: FAILED. 0 passed; 2 failed; 0 ignored; 0 measured; 0 filtered out; finished in 0.08s
[INFO] [stdout] 
[INFO] [stderr] error: doctest failed, to rerun pass `--doc`
[INFO] running `Command { std: "docker" "inspect" "8f26c70ffdb96c1ab9d121a1a9c0d5067c46e24b390d5345f954b4769696cd70", kill_on_drop: false }`
[INFO] running `Command { std: "docker" "rm" "-f" "8f26c70ffdb96c1ab9d121a1a9c0d5067c46e24b390d5345f954b4769696cd70", kill_on_drop: false }`
[INFO] [stdout] 8f26c70ffdb96c1ab9d121a1a9c0d5067c46e24b390d5345f954b4769696cd70
