[INFO] fetching crate enum-group 0.1.2...
[INFO] testing enum-group-0.1.2 against 1.75.0 for beta-1.76-1
[INFO] extracting crate enum-group 0.1.2 into /workspace/builds/worker-3-tc1/source
[INFO] validating manifest of crates.io crate enum-group 0.1.2 on toolchain 1.75.0
[INFO] running `Command { std: CARGO_HOME="/workspace/cargo-home" RUSTUP_HOME="/workspace/rustup-home" "/workspace/cargo-home/bin/cargo" "+1.75.0" "metadata" "--manifest-path" "Cargo.toml" "--no-deps", kill_on_drop: false }`
[INFO] started tweaking crates.io crate enum-group 0.1.2
[INFO] finished tweaking crates.io crate enum-group 0.1.2
[INFO] tweaked toml for crates.io crate enum-group 0.1.2 written to /workspace/builds/worker-3-tc1/source/Cargo.toml
[INFO] crate crates.io crate enum-group 0.1.2 already has a lockfile, it will not be regenerated
[INFO] running `Command { std: CARGO_HOME="/workspace/cargo-home" RUSTUP_HOME="/workspace/rustup-home" "/workspace/cargo-home/bin/cargo" "+1.75.0" "fetch" "--manifest-path" "Cargo.toml", kill_on_drop: false }`
[INFO] running `Command { std: "docker" "create" "-v" "/var/lib/crater-agent-workspace/builds/worker-3-tc1/target:/opt/rustwide/target:rw,Z" "-v" "/var/lib/crater-agent-workspace/builds/worker-3-tc1/source:/opt/rustwide/workdir:ro,Z" "-v" "/var/lib/crater-agent-workspace/cargo-home:/opt/rustwide/cargo-home:ro,Z" "-v" "/var/lib/crater-agent-workspace/rustup-home:/opt/rustwide/rustup-home:ro,Z" "-e" "SOURCE_DIR=/opt/rustwide/workdir" "-e" "CARGO_TARGET_DIR=/opt/rustwide/target" "-e" "CARGO_HOME=/opt/rustwide/cargo-home" "-e" "RUSTUP_HOME=/opt/rustwide/rustup-home" "-w" "/opt/rustwide/workdir" "-m" "1610612736" "--user" "0:0" "--network" "none" "ghcr.io/rust-lang/crates-build-env/linux@sha256:2788e3201cd34a07e3172128adcd8b3090168a8e3bcc40d7c032b9dda1df7d1c" "/opt/rustwide/cargo-home/bin/cargo" "+1.75.0" "metadata" "--no-deps" "--format-version=1", kill_on_drop: false }`
[INFO] [stdout] 956d0f716b9771c21af941797d6b8a1a3159313749ffa865b95dabae72a0e808
[INFO] running `Command { std: "docker" "start" "-a" "956d0f716b9771c21af941797d6b8a1a3159313749ffa865b95dabae72a0e808", kill_on_drop: false }`
[INFO] running `Command { std: "docker" "inspect" "956d0f716b9771c21af941797d6b8a1a3159313749ffa865b95dabae72a0e808", kill_on_drop: false }`
[INFO] running `Command { std: "docker" "rm" "-f" "956d0f716b9771c21af941797d6b8a1a3159313749ffa865b95dabae72a0e808", kill_on_drop: false }`
[INFO] [stdout] 956d0f716b9771c21af941797d6b8a1a3159313749ffa865b95dabae72a0e808
[INFO] running `Command { std: "docker" "create" "-v" "/var/lib/crater-agent-workspace/builds/worker-3-tc1/target:/opt/rustwide/target:rw,Z" "-v" "/var/lib/crater-agent-workspace/builds/worker-3-tc1/source:/opt/rustwide/workdir:ro,Z" "-v" "/var/lib/crater-agent-workspace/cargo-home:/opt/rustwide/cargo-home:ro,Z" "-v" "/var/lib/crater-agent-workspace/rustup-home:/opt/rustwide/rustup-home:ro,Z" "-e" "SOURCE_DIR=/opt/rustwide/workdir" "-e" "CARGO_TARGET_DIR=/opt/rustwide/target" "-e" "CARGO_INCREMENTAL=0" "-e" "RUST_BACKTRACE=full" "-e" "RUSTFLAGS=--cap-lints=warn" "-e" "RUSTDOCFLAGS=--cap-lints=warn" "-e" "CARGO_HOME=/opt/rustwide/cargo-home" "-e" "RUSTUP_HOME=/opt/rustwide/rustup-home" "-w" "/opt/rustwide/workdir" "-m" "1610612736" "--user" "0:0" "--network" "none" "ghcr.io/rust-lang/crates-build-env/linux@sha256:2788e3201cd34a07e3172128adcd8b3090168a8e3bcc40d7c032b9dda1df7d1c" "/opt/rustwide/cargo-home/bin/cargo" "+1.75.0" "build" "--frozen" "--message-format=json", kill_on_drop: false }`
[INFO] [stdout] cbe482e663662c03b5f3fe7d64b431e8a5ef535534ef725a55dfb4fdcd32c304
[INFO] running `Command { std: "docker" "start" "-a" "cbe482e663662c03b5f3fe7d64b431e8a5ef535534ef725a55dfb4fdcd32c304", kill_on_drop: false }`
[INFO] [stderr]    Compiling proc-macro2 v1.0.40
[INFO] [stderr]    Compiling quote v1.0.20
[INFO] [stderr]    Compiling unicode-ident v1.0.2
[INFO] [stderr]    Compiling syn v1.0.98
[INFO] [stderr]    Compiling enum-group v0.1.2 (/opt/rustwide/workdir)
[INFO] [stderr]     Finished dev [unoptimized + debuginfo] target(s) in 2.57s
[INFO] running `Command { std: "docker" "inspect" "cbe482e663662c03b5f3fe7d64b431e8a5ef535534ef725a55dfb4fdcd32c304", kill_on_drop: false }`
[INFO] running `Command { std: "docker" "rm" "-f" "cbe482e663662c03b5f3fe7d64b431e8a5ef535534ef725a55dfb4fdcd32c304", kill_on_drop: false }`
[INFO] [stdout] cbe482e663662c03b5f3fe7d64b431e8a5ef535534ef725a55dfb4fdcd32c304
[INFO] running `Command { std: "docker" "create" "-v" "/var/lib/crater-agent-workspace/builds/worker-3-tc1/target:/opt/rustwide/target:rw,Z" "-v" "/var/lib/crater-agent-workspace/builds/worker-3-tc1/source:/opt/rustwide/workdir:ro,Z" "-v" "/var/lib/crater-agent-workspace/cargo-home:/opt/rustwide/cargo-home:ro,Z" "-v" "/var/lib/crater-agent-workspace/rustup-home:/opt/rustwide/rustup-home:ro,Z" "-e" "SOURCE_DIR=/opt/rustwide/workdir" "-e" "CARGO_TARGET_DIR=/opt/rustwide/target" "-e" "CARGO_INCREMENTAL=0" "-e" "RUST_BACKTRACE=full" "-e" "RUSTFLAGS=--cap-lints=warn" "-e" "RUSTDOCFLAGS=--cap-lints=warn" "-e" "CARGO_HOME=/opt/rustwide/cargo-home" "-e" "RUSTUP_HOME=/opt/rustwide/rustup-home" "-w" "/opt/rustwide/workdir" "-m" "1610612736" "--user" "0:0" "--network" "none" "ghcr.io/rust-lang/crates-build-env/linux@sha256:2788e3201cd34a07e3172128adcd8b3090168a8e3bcc40d7c032b9dda1df7d1c" "/opt/rustwide/cargo-home/bin/cargo" "+1.75.0" "test" "--frozen" "--no-run" "--message-format=json", kill_on_drop: false }`
[INFO] [stdout] fd90542ed9306260a90531acad2ef94be64e3d1f2c7caaf399636fc861bc3403
[INFO] running `Command { std: "docker" "start" "-a" "fd90542ed9306260a90531acad2ef94be64e3d1f2c7caaf399636fc861bc3403", kill_on_drop: false }`
[INFO] [stderr]    Compiling proc-macro2 v1.0.40
[INFO] [stderr]    Compiling unicode-ident v1.0.2
[INFO] [stderr]    Compiling quote v1.0.20
[INFO] [stderr]    Compiling syn v1.0.98
[INFO] [stderr]    Compiling enum-group v0.1.2 (/opt/rustwide/workdir)
[INFO] [stderr]     Finished test [unoptimized + debuginfo] target(s) in 2.93s
[INFO] running `Command { std: "docker" "inspect" "fd90542ed9306260a90531acad2ef94be64e3d1f2c7caaf399636fc861bc3403", kill_on_drop: false }`
[INFO] running `Command { std: "docker" "rm" "-f" "fd90542ed9306260a90531acad2ef94be64e3d1f2c7caaf399636fc861bc3403", kill_on_drop: false }`
[INFO] [stdout] fd90542ed9306260a90531acad2ef94be64e3d1f2c7caaf399636fc861bc3403
[INFO] running `Command { std: "docker" "create" "-v" "/var/lib/crater-agent-workspace/builds/worker-3-tc1/target:/opt/rustwide/target:rw,Z" "-v" "/var/lib/crater-agent-workspace/builds/worker-3-tc1/source:/opt/rustwide/workdir:ro,Z" "-v" "/var/lib/crater-agent-workspace/cargo-home:/opt/rustwide/cargo-home:ro,Z" "-v" "/var/lib/crater-agent-workspace/rustup-home:/opt/rustwide/rustup-home:ro,Z" "-e" "SOURCE_DIR=/opt/rustwide/workdir" "-e" "CARGO_TARGET_DIR=/opt/rustwide/target" "-e" "CARGO_INCREMENTAL=0" "-e" "RUST_BACKTRACE=full" "-e" "RUSTFLAGS=--cap-lints=warn" "-e" "RUSTDOCFLAGS=--cap-lints=warn" "-e" "CARGO_HOME=/opt/rustwide/cargo-home" "-e" "RUSTUP_HOME=/opt/rustwide/rustup-home" "-w" "/opt/rustwide/workdir" "-m" "1610612736" "--user" "0:0" "--network" "none" "ghcr.io/rust-lang/crates-build-env/linux@sha256:2788e3201cd34a07e3172128adcd8b3090168a8e3bcc40d7c032b9dda1df7d1c" "/opt/rustwide/cargo-home/bin/cargo" "+1.75.0" "test" "--frozen", kill_on_drop: false }`
[INFO] [stdout] 8cbc9e6ee31f3f1b67248d34dbc766b97403b9002c84cb826065f7ca819ed638
[INFO] running `Command { std: "docker" "start" "-a" "8cbc9e6ee31f3f1b67248d34dbc766b97403b9002c84cb826065f7ca819ed638", kill_on_drop: false }`
[INFO] [stderr]     Finished test [unoptimized + debuginfo] target(s) in 0.01s
[INFO] [stderr]      Running unittests src/lib.rs (/opt/rustwide/target/debug/deps/enum_group-059ff6f186fa451c)
[INFO] [stdout] 
[INFO] [stdout] running 0 tests
[INFO] [stdout] 
[INFO] [stdout] test result: ok. 0 passed; 0 failed; 0 ignored; 0 measured; 0 filtered out; finished in 0.00s
[INFO] [stdout] 
[INFO] [stderr]      Running tests/generic_enum.rs (/opt/rustwide/target/debug/deps/generic_enum-1dae14dc0e0fac50)
[INFO] [stdout] 
[INFO] [stdout] running 2 tests
[INFO] [stdout] test test_is_freeze ... ok
[INFO] [stdout] test test_is_multi_line ... ok
[INFO] [stdout] 
[INFO] [stdout] test result: ok. 2 passed; 0 failed; 0 ignored; 0 measured; 0 filtered out; finished in 0.00s
[INFO] [stdout] 
[INFO] [stderr]      Running tests/named_enum.rs (/opt/rustwide/target/debug/deps/named_enum-6cd46604896a9779)
[INFO] [stdout] 
[INFO] [stdout] running 5 tests
[INFO] [stdout] test test_is_animal ... ok
[INFO] [stdout] test test_is_bird ... ok
[INFO] [stdout] test test_is_mammalian ... ok
[INFO] [stdout] test test_is_plant ... ok
[INFO] [stdout] test test_is_reptile ... ok
[INFO] [stdout] 
[INFO] [stdout] test result: ok. 5 passed; 0 failed; 0 ignored; 0 measured; 0 filtered out; finished in 0.00s
[INFO] [stdout] 
[INFO] [stderr]      Running tests/unit_enum.rs (/opt/rustwide/target/debug/deps/unit_enum-6655a0b5744eb436)
[INFO] [stdout] 
[INFO] [stdout] running 3 tests
[INFO] [stdout] test test_is_even ... ok
[INFO] [stdout] test test_is_prime ... ok
[INFO] [stdout] test test_is_odd ... ok
[INFO] [stdout] 
[INFO] [stdout] test result: ok. 3 passed; 0 failed; 0 ignored; 0 measured; 0 filtered out; finished in 0.00s
[INFO] [stdout] 
[INFO] [stderr]      Running tests/unname_enum.rs (/opt/rustwide/target/debug/deps/unname_enum-a21d2c8eab8416b6)
[INFO] [stdout] 
[INFO] [stdout] running 9 tests
[INFO] [stdout] test test_is_comparable ... ok
[INFO] [stdout] test test_is_i16 ... ok
[INFO] [stdout] test test_is_i8 ... ok
[INFO] [stdout] test test_is_float32 ... ok
[INFO] [stdout] test test_is_integer ... ok
[INFO] [stdout] test test_is_number ... ok
[INFO] [stdout] test test_is_order ... ok
[INFO] [stdout] test test_is_str ... ok
[INFO] [stdout] test test_is_unknown ... ok
[INFO] [stdout] 
[INFO] [stdout] test result: ok. 9 passed; 0 failed; 0 ignored; 0 measured; 0 filtered out; finished in 0.00s
[INFO] [stdout] 
[INFO] [stderr]    Doc-tests enum-group
[INFO] [stdout] 
[INFO] [stdout] running 5 tests
[INFO] [stdout] test src/lib.rs - test_readme (line 175) ... FAILED
[INFO] [stdout] test src/lib.rs - test_readme (line 93) ... ok
[INFO] [stdout] test src/lib.rs - test_readme (line 154) ... ok
[INFO] [stdout] test src/lib.rs - test_readme (line 132) ... ok
[INFO] [stdout] test src/lib.rs - test_readme (line 51) ... ok
[INFO] [stdout] 
[INFO] [stdout] failures:
[INFO] [stdout] 
[INFO] [stdout] ---- src/lib.rs - test_readme (line 175) stdout ----
[INFO] [stdout] Test executable succeeded, but it's marked `should_panic`.
[INFO] [stdout] 
[INFO] [stdout] failures:
[INFO] [stdout]     src/lib.rs - test_readme (line 175)
[INFO] [stdout] 
[INFO] [stdout] test result: FAILED. 4 passed; 1 failed; 0 ignored; 0 measured; 0 filtered out; finished in 0.27s
[INFO] [stdout] 
[INFO] [stderr] error: doctest failed, to rerun pass `--doc`
[INFO] running `Command { std: "docker" "inspect" "8cbc9e6ee31f3f1b67248d34dbc766b97403b9002c84cb826065f7ca819ed638", kill_on_drop: false }`
[INFO] running `Command { std: "docker" "rm" "-f" "8cbc9e6ee31f3f1b67248d34dbc766b97403b9002c84cb826065f7ca819ed638", kill_on_drop: false }`
[INFO] [stdout] 8cbc9e6ee31f3f1b67248d34dbc766b97403b9002c84cb826065f7ca819ed638
[INFO] testing enum-group-0.1.2 against beta-2023-12-22 for beta-1.76-1
[INFO] extracting crate enum-group 0.1.2 into /workspace/builds/worker-3-tc2/source
[INFO] validating manifest of crates.io crate enum-group 0.1.2 on toolchain beta-2023-12-22
[INFO] running `Command { std: CARGO_HOME="/workspace/cargo-home" RUSTUP_HOME="/workspace/rustup-home" "/workspace/cargo-home/bin/cargo" "+beta-2023-12-22" "metadata" "--manifest-path" "Cargo.toml" "--no-deps", kill_on_drop: false }`
[INFO] started tweaking crates.io crate enum-group 0.1.2
[INFO] finished tweaking crates.io crate enum-group 0.1.2
[INFO] tweaked toml for crates.io crate enum-group 0.1.2 written to /workspace/builds/worker-3-tc2/source/Cargo.toml
[INFO] crate crates.io crate enum-group 0.1.2 already has a lockfile, it will not be regenerated
[INFO] running `Command { std: CARGO_HOME="/workspace/cargo-home" RUSTUP_HOME="/workspace/rustup-home" "/workspace/cargo-home/bin/cargo" "+beta-2023-12-22" "fetch" "--manifest-path" "Cargo.toml", kill_on_drop: false }`
[INFO] running `Command { std: "docker" "create" "-v" "/var/lib/crater-agent-workspace/builds/worker-3-tc2/target:/opt/rustwide/target:rw,Z" "-v" "/var/lib/crater-agent-workspace/builds/worker-3-tc2/source:/opt/rustwide/workdir:ro,Z" "-v" "/var/lib/crater-agent-workspace/cargo-home:/opt/rustwide/cargo-home:ro,Z" "-v" "/var/lib/crater-agent-workspace/rustup-home:/opt/rustwide/rustup-home:ro,Z" "-e" "SOURCE_DIR=/opt/rustwide/workdir" "-e" "CARGO_TARGET_DIR=/opt/rustwide/target" "-e" "CARGO_HOME=/opt/rustwide/cargo-home" "-e" "RUSTUP_HOME=/opt/rustwide/rustup-home" "-w" "/opt/rustwide/workdir" "-m" "1610612736" "--user" "0:0" "--network" "none" "ghcr.io/rust-lang/crates-build-env/linux@sha256:2788e3201cd34a07e3172128adcd8b3090168a8e3bcc40d7c032b9dda1df7d1c" "/opt/rustwide/cargo-home/bin/cargo" "+beta-2023-12-22" "metadata" "--no-deps" "--format-version=1", kill_on_drop: false }`
[INFO] [stdout] dc68c1c2c58c48bbfca38d62de9f810d32bbaad44477fbaab00479a5a1a1ca2c
[INFO] running `Command { std: "docker" "start" "-a" "dc68c1c2c58c48bbfca38d62de9f810d32bbaad44477fbaab00479a5a1a1ca2c", kill_on_drop: false }`
[INFO] running `Command { std: "docker" "inspect" "dc68c1c2c58c48bbfca38d62de9f810d32bbaad44477fbaab00479a5a1a1ca2c", kill_on_drop: false }`
[INFO] running `Command { std: "docker" "rm" "-f" "dc68c1c2c58c48bbfca38d62de9f810d32bbaad44477fbaab00479a5a1a1ca2c", kill_on_drop: false }`
[INFO] [stdout] dc68c1c2c58c48bbfca38d62de9f810d32bbaad44477fbaab00479a5a1a1ca2c
[INFO] running `Command { std: "docker" "create" "-v" "/var/lib/crater-agent-workspace/builds/worker-3-tc2/target:/opt/rustwide/target:rw,Z" "-v" "/var/lib/crater-agent-workspace/builds/worker-3-tc2/source:/opt/rustwide/workdir:ro,Z" "-v" "/var/lib/crater-agent-workspace/cargo-home:/opt/rustwide/cargo-home:ro,Z" "-v" "/var/lib/crater-agent-workspace/rustup-home:/opt/rustwide/rustup-home:ro,Z" "-e" "SOURCE_DIR=/opt/rustwide/workdir" "-e" "CARGO_TARGET_DIR=/opt/rustwide/target" "-e" "CARGO_INCREMENTAL=0" "-e" "RUST_BACKTRACE=full" "-e" "RUSTFLAGS=--cap-lints=warn" "-e" "RUSTDOCFLAGS=--cap-lints=warn" "-e" "CARGO_HOME=/opt/rustwide/cargo-home" "-e" "RUSTUP_HOME=/opt/rustwide/rustup-home" "-w" "/opt/rustwide/workdir" "-m" "1610612736" "--user" "0:0" "--network" "none" "ghcr.io/rust-lang/crates-build-env/linux@sha256:2788e3201cd34a07e3172128adcd8b3090168a8e3bcc40d7c032b9dda1df7d1c" "/opt/rustwide/cargo-home/bin/cargo" "+beta-2023-12-22" "build" "--frozen" "--message-format=json", kill_on_drop: false }`
[INFO] [stdout] f66dc87158a89ea8c5fc6f704d756689f8cf33b437e3605630fc33fe31d368a3
[INFO] running `Command { std: "docker" "start" "-a" "f66dc87158a89ea8c5fc6f704d756689f8cf33b437e3605630fc33fe31d368a3", kill_on_drop: false }`
[INFO] [stderr]    Compiling proc-macro2 v1.0.40
[INFO] [stderr]    Compiling quote v1.0.20
[INFO] [stderr]    Compiling unicode-ident v1.0.2
[INFO] [stderr]    Compiling syn v1.0.98
[INFO] [stderr]    Compiling enum-group v0.1.2 (/opt/rustwide/workdir)
[INFO] [stderr]     Finished dev [unoptimized + debuginfo] target(s) in 2.99s
[INFO] running `Command { std: "docker" "inspect" "f66dc87158a89ea8c5fc6f704d756689f8cf33b437e3605630fc33fe31d368a3", kill_on_drop: false }`
[INFO] running `Command { std: "docker" "rm" "-f" "f66dc87158a89ea8c5fc6f704d756689f8cf33b437e3605630fc33fe31d368a3", kill_on_drop: false }`
[INFO] [stdout] f66dc87158a89ea8c5fc6f704d756689f8cf33b437e3605630fc33fe31d368a3
[INFO] running `Command { std: "docker" "create" "-v" "/var/lib/crater-agent-workspace/builds/worker-3-tc2/target:/opt/rustwide/target:rw,Z" "-v" "/var/lib/crater-agent-workspace/builds/worker-3-tc2/source:/opt/rustwide/workdir:ro,Z" "-v" "/var/lib/crater-agent-workspace/cargo-home:/opt/rustwide/cargo-home:ro,Z" "-v" "/var/lib/crater-agent-workspace/rustup-home:/opt/rustwide/rustup-home:ro,Z" "-e" "SOURCE_DIR=/opt/rustwide/workdir" "-e" "CARGO_TARGET_DIR=/opt/rustwide/target" "-e" "CARGO_INCREMENTAL=0" "-e" "RUST_BACKTRACE=full" "-e" "RUSTFLAGS=--cap-lints=warn" "-e" "RUSTDOCFLAGS=--cap-lints=warn" "-e" "CARGO_HOME=/opt/rustwide/cargo-home" "-e" "RUSTUP_HOME=/opt/rustwide/rustup-home" "-w" "/opt/rustwide/workdir" "-m" "1610612736" "--user" "0:0" "--network" "none" "ghcr.io/rust-lang/crates-build-env/linux@sha256:2788e3201cd34a07e3172128adcd8b3090168a8e3bcc40d7c032b9dda1df7d1c" "/opt/rustwide/cargo-home/bin/cargo" "+beta-2023-12-22" "test" "--frozen" "--no-run" "--message-format=json", kill_on_drop: false }`
[INFO] [stdout] 51c49dbb45a3cd49f68e92ff580d453829e2bdf56d14a33884bd679421bd9a61
[INFO] running `Command { std: "docker" "start" "-a" "51c49dbb45a3cd49f68e92ff580d453829e2bdf56d14a33884bd679421bd9a61", kill_on_drop: false }`
[INFO] [stderr]    Compiling proc-macro2 v1.0.40
[INFO] [stderr]    Compiling unicode-ident v1.0.2
[INFO] [stderr]    Compiling quote v1.0.20
[INFO] [stderr]    Compiling syn v1.0.98
[INFO] [stderr]    Compiling enum-group v0.1.2 (/opt/rustwide/workdir)
[INFO] [stderr]     Finished test [unoptimized + debuginfo] target(s) in 2.88s
[INFO] running `Command { std: "docker" "inspect" "51c49dbb45a3cd49f68e92ff580d453829e2bdf56d14a33884bd679421bd9a61", kill_on_drop: false }`
[INFO] running `Command { std: "docker" "rm" "-f" "51c49dbb45a3cd49f68e92ff580d453829e2bdf56d14a33884bd679421bd9a61", kill_on_drop: false }`
[INFO] [stdout] 51c49dbb45a3cd49f68e92ff580d453829e2bdf56d14a33884bd679421bd9a61
[INFO] running `Command { std: "docker" "create" "-v" "/var/lib/crater-agent-workspace/builds/worker-3-tc2/target:/opt/rustwide/target:rw,Z" "-v" "/var/lib/crater-agent-workspace/builds/worker-3-tc2/source:/opt/rustwide/workdir:ro,Z" "-v" "/var/lib/crater-agent-workspace/cargo-home:/opt/rustwide/cargo-home:ro,Z" "-v" "/var/lib/crater-agent-workspace/rustup-home:/opt/rustwide/rustup-home:ro,Z" "-e" "SOURCE_DIR=/opt/rustwide/workdir" "-e" "CARGO_TARGET_DIR=/opt/rustwide/target" "-e" "CARGO_INCREMENTAL=0" "-e" "RUST_BACKTRACE=full" "-e" "RUSTFLAGS=--cap-lints=warn" "-e" "RUSTDOCFLAGS=--cap-lints=warn" "-e" "CARGO_HOME=/opt/rustwide/cargo-home" "-e" "RUSTUP_HOME=/opt/rustwide/rustup-home" "-w" "/opt/rustwide/workdir" "-m" "1610612736" "--user" "0:0" "--network" "none" "ghcr.io/rust-lang/crates-build-env/linux@sha256:2788e3201cd34a07e3172128adcd8b3090168a8e3bcc40d7c032b9dda1df7d1c" "/opt/rustwide/cargo-home/bin/cargo" "+beta-2023-12-22" "test" "--frozen", kill_on_drop: false }`
[INFO] [stdout] 65cb4046685381ac4f608442cc5bb3233ae201e4391e6400c033c1703b27e9bc
[INFO] running `Command { std: "docker" "start" "-a" "65cb4046685381ac4f608442cc5bb3233ae201e4391e6400c033c1703b27e9bc", kill_on_drop: false }`
[INFO] [stderr]     Finished test [unoptimized + debuginfo] target(s) in 0.01s
[INFO] [stderr]      Running unittests src/lib.rs (/opt/rustwide/target/debug/deps/enum_group-3c10c863df7171aa)
[INFO] [stdout] 
[INFO] [stdout] running 0 tests
[INFO] [stdout] 
[INFO] [stdout] test result: ok. 0 passed; 0 failed; 0 ignored; 0 measured; 0 filtered out; finished in 0.00s
[INFO] [stdout] 
[INFO] [stderr]      Running tests/generic_enum.rs (/opt/rustwide/target/debug/deps/generic_enum-f6be747c454adafa)
[INFO] [stdout] 
[INFO] [stdout] running 2 tests
[INFO] [stdout] test test_is_freeze ... ok
[INFO] [stdout] test test_is_multi_line ... ok
[INFO] [stdout] 
[INFO] [stdout] test result: ok. 2 passed; 0 failed; 0 ignored; 0 measured; 0 filtered out; finished in 0.00s
[INFO] [stdout] 
[INFO] [stderr]      Running tests/named_enum.rs (/opt/rustwide/target/debug/deps/named_enum-d7ecd061663506cb)
[INFO] [stdout] 
[INFO] [stdout] running 5 tests
[INFO] [stdout] test test_is_animal ... ok
[INFO] [stdout] test test_is_mammalian ... ok
[INFO] [stdout] test test_is_bird ... ok
[INFO] [stdout] test test_is_reptile ... ok
[INFO] [stdout] test test_is_plant ... ok
[INFO] [stdout] 
[INFO] [stdout] test result: ok. 5 passed; 0 failed; 0 ignored; 0 measured; 0 filtered out; finished in 0.00s
[INFO] [stdout] 
[INFO] [stderr]      Running tests/unit_enum.rs (/opt/rustwide/target/debug/deps/unit_enum-b9f7c084b4a72d4a)
[INFO] [stdout] 
[INFO] [stdout] running 3 tests
[INFO] [stdout] test test_is_even ... ok
[INFO] [stdout] test test_is_odd ... ok
[INFO] [stdout] test test_is_prime ... ok
[INFO] [stdout] 
[INFO] [stdout] test result: ok. 3 passed; 0 failed; 0 ignored; 0 measured; 0 filtered out; finished in 0.00s
[INFO] [stdout] 
[INFO] [stderr]      Running tests/unname_enum.rs (/opt/rustwide/target/debug/deps/unname_enum-c5591838672a7816)
[INFO] [stdout] 
[INFO] [stdout] running 9 tests
[INFO] [stdout] test test_is_comparable ... ok
[INFO] [stdout] test test_is_float32 ... ok
[INFO] [stdout] test test_is_i8 ... ok
[INFO] [stdout] test test_is_integer ... ok
[INFO] [stdout] test test_is_i16 ... ok
[INFO] [stdout] test test_is_number ... ok
[INFO] [stdout] test test_is_order ... ok
[INFO] [stdout] test test_is_str ... ok
[INFO] [stdout] test test_is_unknown ... ok
[INFO] [stdout] 
[INFO] [stdout] test result: ok. 9 passed; 0 failed; 0 ignored; 0 measured; 0 filtered out; finished in 0.00s
[INFO] [stdout] 
[INFO] [stderr]    Doc-tests enum-group
[INFO] [stdout] 
[INFO] [stdout] running 5 tests
[INFO] [stdout] test src/lib.rs - test_readme (line 51) ... ok
[INFO] [stdout] test src/lib.rs - test_readme (line 93) ... ok
[INFO] [stdout] test src/lib.rs - test_readme (line 132) ... ok
[INFO] [stdout] test src/lib.rs - test_readme (line 154) ... ok
[INFO] [stdout] test src/lib.rs - test_readme (line 175) ... FAILED
[INFO] [stdout] 
[INFO] [stdout] failures:
[INFO] [stdout] 
[INFO] [stdout] ---- src/lib.rs - test_readme (line 175) stdout ----
[INFO] [stdout] Test executable succeeded, but it's marked `should_panic`.
[INFO] [stdout] 
[INFO] [stdout] failures:
[INFO] [stdout]     src/lib.rs - test_readme (line 175)
[INFO] [stdout] 
[INFO] [stdout] test result: FAILED. 4 passed; 1 failed; 0 ignored; 0 measured; 0 filtered out; finished in 0.15s
[INFO] [stdout] 
[INFO] [stderr] error: doctest failed, to rerun pass `--doc`
[INFO] running `Command { std: "docker" "inspect" "65cb4046685381ac4f608442cc5bb3233ae201e4391e6400c033c1703b27e9bc", kill_on_drop: false }`
[INFO] running `Command { std: "docker" "rm" "-f" "65cb4046685381ac4f608442cc5bb3233ae201e4391e6400c033c1703b27e9bc", kill_on_drop: false }`
[INFO] [stdout] 65cb4046685381ac4f608442cc5bb3233ae201e4391e6400c033c1703b27e9bc
