[INFO] fetching crate entity_store_helper 0.17.0...
[INFO] testing entity_store_helper-0.17.0 against 1.75.0 for beta-1.76-1
[INFO] extracting crate entity_store_helper 0.17.0 into /workspace/builds/worker-2-tc1/source
[INFO] validating manifest of crates.io crate entity_store_helper 0.17.0 on toolchain 1.75.0
[INFO] running `Command { std: CARGO_HOME="/workspace/cargo-home" RUSTUP_HOME="/workspace/rustup-home" "/workspace/cargo-home/bin/cargo" "+1.75.0" "metadata" "--manifest-path" "Cargo.toml" "--no-deps", kill_on_drop: false }`
[INFO] started tweaking crates.io crate entity_store_helper 0.17.0
[INFO] finished tweaking crates.io crate entity_store_helper 0.17.0
[INFO] tweaked toml for crates.io crate entity_store_helper 0.17.0 written to /workspace/builds/worker-2-tc1/source/Cargo.toml
[INFO] running `Command { std: CARGO_HOME="/workspace/cargo-home" RUSTUP_HOME="/workspace/rustup-home" "/workspace/cargo-home/bin/cargo" "+1.75.0" "generate-lockfile" "--manifest-path" "Cargo.toml", kill_on_drop: false }`
[INFO] [stderr]     Updating crates.io index
[INFO] running `Command { std: CARGO_HOME="/workspace/cargo-home" RUSTUP_HOME="/workspace/rustup-home" "/workspace/cargo-home/bin/cargo" "+1.75.0" "fetch" "--manifest-path" "Cargo.toml", kill_on_drop: false }`
[INFO] [stderr]  Downloading crates ...
[INFO] [stderr]   Downloaded direction v0.17.11
[INFO] [stderr]   Downloaded grid_2d v0.12.5
[INFO] [stderr]   Downloaded coord_2d v0.2.25
[INFO] [stderr]   Downloaded append v0.1.0
[INFO] running `Command { std: "docker" "create" "-v" "/var/lib/crater-agent-workspace/builds/worker-2-tc1/target:/opt/rustwide/target:rw,Z" "-v" "/var/lib/crater-agent-workspace/builds/worker-2-tc1/source:/opt/rustwide/workdir:ro,Z" "-v" "/var/lib/crater-agent-workspace/cargo-home:/opt/rustwide/cargo-home:ro,Z" "-v" "/var/lib/crater-agent-workspace/rustup-home:/opt/rustwide/rustup-home:ro,Z" "-e" "SOURCE_DIR=/opt/rustwide/workdir" "-e" "CARGO_TARGET_DIR=/opt/rustwide/target" "-e" "CARGO_HOME=/opt/rustwide/cargo-home" "-e" "RUSTUP_HOME=/opt/rustwide/rustup-home" "-w" "/opt/rustwide/workdir" "-m" "1610612736" "--user" "0:0" "--network" "none" "ghcr.io/rust-lang/crates-build-env/linux@sha256:2788e3201cd34a07e3172128adcd8b3090168a8e3bcc40d7c032b9dda1df7d1c" "/opt/rustwide/cargo-home/bin/cargo" "+1.75.0" "metadata" "--no-deps" "--format-version=1", kill_on_drop: false }`
[INFO] [stdout] b1d1e7f743d962f8927f755abbe9727557cf8c0090d94c2fc722cb651c7bc1ca
[INFO] running `Command { std: "docker" "start" "-a" "b1d1e7f743d962f8927f755abbe9727557cf8c0090d94c2fc722cb651c7bc1ca", kill_on_drop: false }`
[INFO] running `Command { std: "docker" "inspect" "b1d1e7f743d962f8927f755abbe9727557cf8c0090d94c2fc722cb651c7bc1ca", kill_on_drop: false }`
[INFO] running `Command { std: "docker" "rm" "-f" "b1d1e7f743d962f8927f755abbe9727557cf8c0090d94c2fc722cb651c7bc1ca", kill_on_drop: false }`
[INFO] [stdout] b1d1e7f743d962f8927f755abbe9727557cf8c0090d94c2fc722cb651c7bc1ca
[INFO] running `Command { std: "docker" "create" "-v" "/var/lib/crater-agent-workspace/builds/worker-2-tc1/target:/opt/rustwide/target:rw,Z" "-v" "/var/lib/crater-agent-workspace/builds/worker-2-tc1/source:/opt/rustwide/workdir:ro,Z" "-v" "/var/lib/crater-agent-workspace/cargo-home:/opt/rustwide/cargo-home:ro,Z" "-v" "/var/lib/crater-agent-workspace/rustup-home:/opt/rustwide/rustup-home:ro,Z" "-e" "SOURCE_DIR=/opt/rustwide/workdir" "-e" "CARGO_TARGET_DIR=/opt/rustwide/target" "-e" "CARGO_INCREMENTAL=0" "-e" "RUST_BACKTRACE=full" "-e" "RUSTFLAGS=--cap-lints=warn" "-e" "RUSTDOCFLAGS=--cap-lints=warn" "-e" "CARGO_HOME=/opt/rustwide/cargo-home" "-e" "RUSTUP_HOME=/opt/rustwide/rustup-home" "-w" "/opt/rustwide/workdir" "-m" "1610612736" "--user" "0:0" "--network" "none" "ghcr.io/rust-lang/crates-build-env/linux@sha256:2788e3201cd34a07e3172128adcd8b3090168a8e3bcc40d7c032b9dda1df7d1c" "/opt/rustwide/cargo-home/bin/cargo" "+1.75.0" "build" "--frozen" "--message-format=json", kill_on_drop: false }`
[INFO] [stdout] cce9b1f211ebb7c46f2af276be71232ebfd530862549f8e6961b6038107c95ec
[INFO] running `Command { std: "docker" "start" "-a" "cce9b1f211ebb7c46f2af276be71232ebfd530862549f8e6961b6038107c95ec", kill_on_drop: false }`
[INFO] [stderr]    Compiling num-traits v0.2.17
[INFO] [stderr]    Compiling num-integer v0.1.45
[INFO] [stderr]    Compiling num-iter v0.1.43
[INFO] [stderr]    Compiling coord_2d v0.2.25
[INFO] [stderr]    Compiling cgmath v0.16.1
[INFO] [stderr]    Compiling rand v0.4.6
[INFO] [stderr]    Compiling approx v0.1.1
[INFO] [stderr]    Compiling append v0.1.0
[INFO] [stderr]    Compiling grid_2d v0.12.5
[INFO] [stderr]    Compiling direction v0.17.11
[INFO] [stderr]    Compiling num-traits v0.1.43
[INFO] [stderr]    Compiling num v0.1.42
[INFO] [stderr]    Compiling entity_store_helper v0.17.0 (/opt/rustwide/workdir)
[INFO] [stderr]     Finished dev [unoptimized + debuginfo] target(s) in 3.35s
[INFO] running `Command { std: "docker" "inspect" "cce9b1f211ebb7c46f2af276be71232ebfd530862549f8e6961b6038107c95ec", kill_on_drop: false }`
[INFO] running `Command { std: "docker" "rm" "-f" "cce9b1f211ebb7c46f2af276be71232ebfd530862549f8e6961b6038107c95ec", kill_on_drop: false }`
[INFO] [stdout] cce9b1f211ebb7c46f2af276be71232ebfd530862549f8e6961b6038107c95ec
[INFO] running `Command { std: "docker" "create" "-v" "/var/lib/crater-agent-workspace/builds/worker-2-tc1/target:/opt/rustwide/target:rw,Z" "-v" "/var/lib/crater-agent-workspace/builds/worker-2-tc1/source:/opt/rustwide/workdir:ro,Z" "-v" "/var/lib/crater-agent-workspace/cargo-home:/opt/rustwide/cargo-home:ro,Z" "-v" "/var/lib/crater-agent-workspace/rustup-home:/opt/rustwide/rustup-home:ro,Z" "-e" "SOURCE_DIR=/opt/rustwide/workdir" "-e" "CARGO_TARGET_DIR=/opt/rustwide/target" "-e" "CARGO_INCREMENTAL=0" "-e" "RUST_BACKTRACE=full" "-e" "RUSTFLAGS=--cap-lints=warn" "-e" "RUSTDOCFLAGS=--cap-lints=warn" "-e" "CARGO_HOME=/opt/rustwide/cargo-home" "-e" "RUSTUP_HOME=/opt/rustwide/rustup-home" "-w" "/opt/rustwide/workdir" "-m" "1610612736" "--user" "0:0" "--network" "none" "ghcr.io/rust-lang/crates-build-env/linux@sha256:2788e3201cd34a07e3172128adcd8b3090168a8e3bcc40d7c032b9dda1df7d1c" "/opt/rustwide/cargo-home/bin/cargo" "+1.75.0" "test" "--frozen" "--no-run" "--message-format=json", kill_on_drop: false }`
[INFO] [stdout] fb75d5a2b0c2b1e64a4c3be0c4893221584cf57f1a81d574eb29691bd27d5298
[INFO] running `Command { std: "docker" "start" "-a" "fb75d5a2b0c2b1e64a4c3be0c4893221584cf57f1a81d574eb29691bd27d5298", kill_on_drop: false }`
[INFO] [stderr]    Compiling entity_store_helper v0.17.0 (/opt/rustwide/workdir)
[INFO] [stderr]     Finished test [unoptimized + debuginfo] target(s) in 0.49s
[INFO] running `Command { std: "docker" "inspect" "fb75d5a2b0c2b1e64a4c3be0c4893221584cf57f1a81d574eb29691bd27d5298", kill_on_drop: false }`
[INFO] running `Command { std: "docker" "rm" "-f" "fb75d5a2b0c2b1e64a4c3be0c4893221584cf57f1a81d574eb29691bd27d5298", kill_on_drop: false }`
[INFO] [stdout] fb75d5a2b0c2b1e64a4c3be0c4893221584cf57f1a81d574eb29691bd27d5298
[INFO] running `Command { std: "docker" "create" "-v" "/var/lib/crater-agent-workspace/builds/worker-2-tc1/target:/opt/rustwide/target:rw,Z" "-v" "/var/lib/crater-agent-workspace/builds/worker-2-tc1/source:/opt/rustwide/workdir:ro,Z" "-v" "/var/lib/crater-agent-workspace/cargo-home:/opt/rustwide/cargo-home:ro,Z" "-v" "/var/lib/crater-agent-workspace/rustup-home:/opt/rustwide/rustup-home:ro,Z" "-e" "SOURCE_DIR=/opt/rustwide/workdir" "-e" "CARGO_TARGET_DIR=/opt/rustwide/target" "-e" "CARGO_INCREMENTAL=0" "-e" "RUST_BACKTRACE=full" "-e" "RUSTFLAGS=--cap-lints=warn" "-e" "RUSTDOCFLAGS=--cap-lints=warn" "-e" "CARGO_HOME=/opt/rustwide/cargo-home" "-e" "RUSTUP_HOME=/opt/rustwide/rustup-home" "-w" "/opt/rustwide/workdir" "-m" "1610612736" "--user" "0:0" "--network" "none" "ghcr.io/rust-lang/crates-build-env/linux@sha256:2788e3201cd34a07e3172128adcd8b3090168a8e3bcc40d7c032b9dda1df7d1c" "/opt/rustwide/cargo-home/bin/cargo" "+1.75.0" "test" "--frozen", kill_on_drop: false }`
[INFO] [stdout] bc45432574bd9d10b5b61931e8a96be281b3147b23b31126c2a01d385434ba82
[INFO] running `Command { std: "docker" "start" "-a" "bc45432574bd9d10b5b61931e8a96be281b3147b23b31126c2a01d385434ba82", kill_on_drop: false }`
[INFO] [stdout] 
[INFO] [stderr]     Finished test [unoptimized + debuginfo] target(s) in 0.02s
[INFO] [stdout] running 0 tests
[INFO] [stderr]      Running unittests src/lib.rs (/opt/rustwide/target/debug/deps/entity_store_helper-57cbd69df31b35f3)
[INFO] [stdout] 
[INFO] [stderr]    Doc-tests entity_store_helper
[INFO] [stdout] test result: ok. 0 passed; 0 failed; 0 ignored; 0 measured; 0 filtered out; finished in 0.00s
[INFO] [stdout] 
[INFO] [stdout] 
[INFO] [stdout] running 1 test
[INFO] [stdout] test src/lib.rs - include_entity_store (line 23) ... FAILED
[INFO] [stdout] 
[INFO] [stdout] failures:
[INFO] [stdout] 
[INFO] [stdout] ---- src/lib.rs - include_entity_store (line 23) stdout ----
[INFO] [stdout] error: expected one of `!` or `::`, found `(`
[INFO] [stdout]  --> src/lib.rs:25:25
[INFO] [stdout]   |
[INFO] [stdout] 4 |     include_entity_store();
[INFO] [stdout]   |                         ^ expected one of `!` or `::`
[INFO] [stdout] 
[INFO] [stdout] error: expected one of `!` or `::`, found `(`
[INFO] [stdout]  --> src/lib.rs:27:32
[INFO] [stdout]   |
[INFO] [stdout] 6 | } _doctest_main_src_lib_rs_23_0() }
[INFO] [stdout]   |                                ^ expected one of `!` or `::`
[INFO] [stdout] 
[INFO] [stdout] error: aborting due to 2 previous errors
[INFO] [stdout] 
[INFO] [stdout] Couldn't compile the test.
[INFO] [stdout] 
[INFO] [stdout] failures:
[INFO] [stdout]     src/lib.rs - include_entity_store (line 23)
[INFO] [stdout] 
[INFO] [stdout] test result: FAILED. 0 passed; 1 failed; 0 ignored; 0 measured; 0 filtered out; finished in 0.05s
[INFO] [stdout] 
[INFO] [stderr] error: doctest failed, to rerun pass `--doc`
[INFO] running `Command { std: "docker" "inspect" "bc45432574bd9d10b5b61931e8a96be281b3147b23b31126c2a01d385434ba82", kill_on_drop: false }`
[INFO] running `Command { std: "docker" "rm" "-f" "bc45432574bd9d10b5b61931e8a96be281b3147b23b31126c2a01d385434ba82", kill_on_drop: false }`
[INFO] [stdout] bc45432574bd9d10b5b61931e8a96be281b3147b23b31126c2a01d385434ba82
[INFO] testing entity_store_helper-0.17.0 against beta-2023-12-22 for beta-1.76-1
[INFO] extracting crate entity_store_helper 0.17.0 into /workspace/builds/worker-2-tc2/source
[INFO] validating manifest of crates.io crate entity_store_helper 0.17.0 on toolchain beta-2023-12-22
[INFO] running `Command { std: CARGO_HOME="/workspace/cargo-home" RUSTUP_HOME="/workspace/rustup-home" "/workspace/cargo-home/bin/cargo" "+beta-2023-12-22" "metadata" "--manifest-path" "Cargo.toml" "--no-deps", kill_on_drop: false }`
[INFO] started tweaking crates.io crate entity_store_helper 0.17.0
[INFO] finished tweaking crates.io crate entity_store_helper 0.17.0
[INFO] tweaked toml for crates.io crate entity_store_helper 0.17.0 written to /workspace/builds/worker-2-tc2/source/Cargo.toml
[INFO] running `Command { std: CARGO_HOME="/workspace/cargo-home" RUSTUP_HOME="/workspace/rustup-home" "/workspace/cargo-home/bin/cargo" "+beta-2023-12-22" "generate-lockfile" "--manifest-path" "Cargo.toml", kill_on_drop: false }`
[INFO] [stderr]     Updating crates.io index
[INFO] running `Command { std: CARGO_HOME="/workspace/cargo-home" RUSTUP_HOME="/workspace/rustup-home" "/workspace/cargo-home/bin/cargo" "+beta-2023-12-22" "fetch" "--manifest-path" "Cargo.toml", kill_on_drop: false }`
[INFO] running `Command { std: "docker" "create" "-v" "/var/lib/crater-agent-workspace/builds/worker-2-tc2/target:/opt/rustwide/target:rw,Z" "-v" "/var/lib/crater-agent-workspace/builds/worker-2-tc2/source:/opt/rustwide/workdir:ro,Z" "-v" "/var/lib/crater-agent-workspace/cargo-home:/opt/rustwide/cargo-home:ro,Z" "-v" "/var/lib/crater-agent-workspace/rustup-home:/opt/rustwide/rustup-home:ro,Z" "-e" "SOURCE_DIR=/opt/rustwide/workdir" "-e" "CARGO_TARGET_DIR=/opt/rustwide/target" "-e" "CARGO_HOME=/opt/rustwide/cargo-home" "-e" "RUSTUP_HOME=/opt/rustwide/rustup-home" "-w" "/opt/rustwide/workdir" "-m" "1610612736" "--user" "0:0" "--network" "none" "ghcr.io/rust-lang/crates-build-env/linux@sha256:2788e3201cd34a07e3172128adcd8b3090168a8e3bcc40d7c032b9dda1df7d1c" "/opt/rustwide/cargo-home/bin/cargo" "+beta-2023-12-22" "metadata" "--no-deps" "--format-version=1", kill_on_drop: false }`
[INFO] [stdout] ed755f8195a22f8737f0b6abcbe81891ef6f30cb0509090c4348b070d61186e8
[INFO] running `Command { std: "docker" "start" "-a" "ed755f8195a22f8737f0b6abcbe81891ef6f30cb0509090c4348b070d61186e8", kill_on_drop: false }`
[INFO] running `Command { std: "docker" "inspect" "ed755f8195a22f8737f0b6abcbe81891ef6f30cb0509090c4348b070d61186e8", kill_on_drop: false }`
[INFO] running `Command { std: "docker" "rm" "-f" "ed755f8195a22f8737f0b6abcbe81891ef6f30cb0509090c4348b070d61186e8", kill_on_drop: false }`
[INFO] [stdout] ed755f8195a22f8737f0b6abcbe81891ef6f30cb0509090c4348b070d61186e8
[INFO] running `Command { std: "docker" "create" "-v" "/var/lib/crater-agent-workspace/builds/worker-2-tc2/target:/opt/rustwide/target:rw,Z" "-v" "/var/lib/crater-agent-workspace/builds/worker-2-tc2/source:/opt/rustwide/workdir:ro,Z" "-v" "/var/lib/crater-agent-workspace/cargo-home:/opt/rustwide/cargo-home:ro,Z" "-v" "/var/lib/crater-agent-workspace/rustup-home:/opt/rustwide/rustup-home:ro,Z" "-e" "SOURCE_DIR=/opt/rustwide/workdir" "-e" "CARGO_TARGET_DIR=/opt/rustwide/target" "-e" "CARGO_INCREMENTAL=0" "-e" "RUST_BACKTRACE=full" "-e" "RUSTFLAGS=--cap-lints=warn" "-e" "RUSTDOCFLAGS=--cap-lints=warn" "-e" "CARGO_HOME=/opt/rustwide/cargo-home" "-e" "RUSTUP_HOME=/opt/rustwide/rustup-home" "-w" "/opt/rustwide/workdir" "-m" "1610612736" "--user" "0:0" "--network" "none" "ghcr.io/rust-lang/crates-build-env/linux@sha256:2788e3201cd34a07e3172128adcd8b3090168a8e3bcc40d7c032b9dda1df7d1c" "/opt/rustwide/cargo-home/bin/cargo" "+beta-2023-12-22" "build" "--frozen" "--message-format=json", kill_on_drop: false }`
[INFO] [stdout] fc71412db8f6323088cc8bd9eafd0528bdf25c4f75a4d167ec7bfe27d4bb2b04
[INFO] running `Command { std: "docker" "start" "-a" "fc71412db8f6323088cc8bd9eafd0528bdf25c4f75a4d167ec7bfe27d4bb2b04", kill_on_drop: false }`
[INFO] [stderr]    Compiling num-traits v0.2.17
[INFO] [stderr]    Compiling num-integer v0.1.45
[INFO] [stderr]    Compiling num-iter v0.1.43
[INFO] [stderr]    Compiling cgmath v0.16.1
[INFO] [stderr]    Compiling coord_2d v0.2.25
[INFO] [stderr]    Compiling approx v0.1.1
[INFO] [stderr]    Compiling rand v0.4.6
[INFO] [stderr]    Compiling append v0.1.0
[INFO] [stderr]    Compiling direction v0.17.11
[INFO] [stderr]    Compiling grid_2d v0.12.5
[INFO] [stderr]    Compiling num-traits v0.1.43
[INFO] [stderr]    Compiling num v0.1.42
[INFO] [stderr]    Compiling entity_store_helper v0.17.0 (/opt/rustwide/workdir)
[INFO] [stderr]     Finished dev [unoptimized + debuginfo] target(s) in 3.82s
[INFO] running `Command { std: "docker" "inspect" "fc71412db8f6323088cc8bd9eafd0528bdf25c4f75a4d167ec7bfe27d4bb2b04", kill_on_drop: false }`
[INFO] running `Command { std: "docker" "rm" "-f" "fc71412db8f6323088cc8bd9eafd0528bdf25c4f75a4d167ec7bfe27d4bb2b04", kill_on_drop: false }`
[INFO] [stdout] fc71412db8f6323088cc8bd9eafd0528bdf25c4f75a4d167ec7bfe27d4bb2b04
[INFO] running `Command { std: "docker" "create" "-v" "/var/lib/crater-agent-workspace/builds/worker-2-tc2/target:/opt/rustwide/target:rw,Z" "-v" "/var/lib/crater-agent-workspace/builds/worker-2-tc2/source:/opt/rustwide/workdir:ro,Z" "-v" "/var/lib/crater-agent-workspace/cargo-home:/opt/rustwide/cargo-home:ro,Z" "-v" "/var/lib/crater-agent-workspace/rustup-home:/opt/rustwide/rustup-home:ro,Z" "-e" "SOURCE_DIR=/opt/rustwide/workdir" "-e" "CARGO_TARGET_DIR=/opt/rustwide/target" "-e" "CARGO_INCREMENTAL=0" "-e" "RUST_BACKTRACE=full" "-e" "RUSTFLAGS=--cap-lints=warn" "-e" "RUSTDOCFLAGS=--cap-lints=warn" "-e" "CARGO_HOME=/opt/rustwide/cargo-home" "-e" "RUSTUP_HOME=/opt/rustwide/rustup-home" "-w" "/opt/rustwide/workdir" "-m" "1610612736" "--user" "0:0" "--network" "none" "ghcr.io/rust-lang/crates-build-env/linux@sha256:2788e3201cd34a07e3172128adcd8b3090168a8e3bcc40d7c032b9dda1df7d1c" "/opt/rustwide/cargo-home/bin/cargo" "+beta-2023-12-22" "test" "--frozen" "--no-run" "--message-format=json", kill_on_drop: false }`
[INFO] [stdout] 39b1c00c3cdce8cf41efc5c5dff21a33bc61133536883837619f38e97414ec17
[INFO] running `Command { std: "docker" "start" "-a" "39b1c00c3cdce8cf41efc5c5dff21a33bc61133536883837619f38e97414ec17", kill_on_drop: false }`
[INFO] [stderr]    Compiling entity_store_helper v0.17.0 (/opt/rustwide/workdir)
[INFO] [stderr]     Finished test [unoptimized + debuginfo] target(s) in 0.43s
[INFO] running `Command { std: "docker" "inspect" "39b1c00c3cdce8cf41efc5c5dff21a33bc61133536883837619f38e97414ec17", kill_on_drop: false }`
[INFO] running `Command { std: "docker" "rm" "-f" "39b1c00c3cdce8cf41efc5c5dff21a33bc61133536883837619f38e97414ec17", kill_on_drop: false }`
[INFO] [stdout] 39b1c00c3cdce8cf41efc5c5dff21a33bc61133536883837619f38e97414ec17
[INFO] running `Command { std: "docker" "create" "-v" "/var/lib/crater-agent-workspace/builds/worker-2-tc2/target:/opt/rustwide/target:rw,Z" "-v" "/var/lib/crater-agent-workspace/builds/worker-2-tc2/source:/opt/rustwide/workdir:ro,Z" "-v" "/var/lib/crater-agent-workspace/cargo-home:/opt/rustwide/cargo-home:ro,Z" "-v" "/var/lib/crater-agent-workspace/rustup-home:/opt/rustwide/rustup-home:ro,Z" "-e" "SOURCE_DIR=/opt/rustwide/workdir" "-e" "CARGO_TARGET_DIR=/opt/rustwide/target" "-e" "CARGO_INCREMENTAL=0" "-e" "RUST_BACKTRACE=full" "-e" "RUSTFLAGS=--cap-lints=warn" "-e" "RUSTDOCFLAGS=--cap-lints=warn" "-e" "CARGO_HOME=/opt/rustwide/cargo-home" "-e" "RUSTUP_HOME=/opt/rustwide/rustup-home" "-w" "/opt/rustwide/workdir" "-m" "1610612736" "--user" "0:0" "--network" "none" "ghcr.io/rust-lang/crates-build-env/linux@sha256:2788e3201cd34a07e3172128adcd8b3090168a8e3bcc40d7c032b9dda1df7d1c" "/opt/rustwide/cargo-home/bin/cargo" "+beta-2023-12-22" "test" "--frozen", kill_on_drop: false }`
[INFO] [stdout] 19269ce33b4c9a31af61d4d6257216050266458f81c79f65afc8a6cca4f0f19e
[INFO] running `Command { std: "docker" "start" "-a" "19269ce33b4c9a31af61d4d6257216050266458f81c79f65afc8a6cca4f0f19e", kill_on_drop: false }`
[INFO] [stderr]     Finished test [unoptimized + debuginfo] target(s) in 0.03s
[INFO] [stderr]      Running unittests src/lib.rs (/opt/rustwide/target/debug/deps/entity_store_helper-10e7e3b922cbc13e)
[INFO] [stdout] 
[INFO] [stdout] running 0 tests
[INFO] [stdout] 
[INFO] [stdout] test result: ok. 0 passed; 0 failed; 0 ignored; 0 measured; 0 filtered out; finished in 0.00s
[INFO] [stdout] 
[INFO] [stderr]    Doc-tests entity_store_helper
[INFO] [stdout] 
[INFO] [stdout] running 1 test
[INFO] [stdout] test src/lib.rs - include_entity_store (line 23) ... FAILED
[INFO] [stderr] error: doctest failed, to rerun pass `--doc`
[INFO] [stdout] 
[INFO] [stdout] failures:
[INFO] [stdout] 
[INFO] [stdout] ---- src/lib.rs - include_entity_store (line 23) stdout ----
[INFO] [stdout] error: expected one of `!` or `::`, found `(`
[INFO] [stdout]  --> src/lib.rs:25:25
[INFO] [stdout]   |
[INFO] [stdout] 4 |     include_entity_store();
[INFO] [stdout]   |                         ^ expected one of `!` or `::`
[INFO] [stdout] 
[INFO] [stdout] error: expected one of `!` or `::`, found `(`
[INFO] [stdout]  --> src/lib.rs:27:32
[INFO] [stdout]   |
[INFO] [stdout] 6 | } _doctest_main_src_lib_rs_23_0() }
[INFO] [stdout]   |                                ^ expected one of `!` or `::`
[INFO] [stdout] 
[INFO] [stdout] error: aborting due to 2 previous errors
[INFO] [stdout] 
[INFO] [stdout] Couldn't compile the test.
[INFO] [stdout] 
[INFO] [stdout] failures:
[INFO] [stdout]     src/lib.rs - include_entity_store (line 23)
[INFO] [stdout] 
[INFO] [stdout] test result: FAILED. 0 passed; 1 failed; 0 ignored; 0 measured; 0 filtered out; finished in 0.04s
[INFO] [stdout] 
[INFO] running `Command { std: "docker" "inspect" "19269ce33b4c9a31af61d4d6257216050266458f81c79f65afc8a6cca4f0f19e", kill_on_drop: false }`
[INFO] running `Command { std: "docker" "rm" "-f" "19269ce33b4c9a31af61d4d6257216050266458f81c79f65afc8a6cca4f0f19e", kill_on_drop: false }`
[INFO] [stdout] 19269ce33b4c9a31af61d4d6257216050266458f81c79f65afc8a6cca4f0f19e
