[INFO] fetching crate engineioxide 0.7.2...
[INFO] testing engineioxide-0.7.2 against 1.75.0 for beta-1.76-1
[INFO] extracting crate engineioxide 0.7.2 into /workspace/builds/worker-5-tc1/source
[INFO] validating manifest of crates.io crate engineioxide 0.7.2 on toolchain 1.75.0
[INFO] running `Command { std: CARGO_HOME="/workspace/cargo-home" RUSTUP_HOME="/workspace/rustup-home" "/workspace/cargo-home/bin/cargo" "+1.75.0" "metadata" "--manifest-path" "Cargo.toml" "--no-deps", kill_on_drop: false }`
[INFO] started tweaking crates.io crate engineioxide 0.7.2
[INFO] finished tweaking crates.io crate engineioxide 0.7.2
[INFO] tweaked toml for crates.io crate engineioxide 0.7.2 written to /workspace/builds/worker-5-tc1/source/Cargo.toml
[INFO] running `Command { std: CARGO_HOME="/workspace/cargo-home" RUSTUP_HOME="/workspace/rustup-home" "/workspace/cargo-home/bin/cargo" "+1.75.0" "generate-lockfile" "--manifest-path" "Cargo.toml", kill_on_drop: false }`
[INFO] [stderr]     Updating crates.io index
[INFO] running `Command { std: CARGO_HOME="/workspace/cargo-home" RUSTUP_HOME="/workspace/rustup-home" "/workspace/cargo-home/bin/cargo" "+1.75.0" "fetch" "--manifest-path" "Cargo.toml", kill_on_drop: false }`
[INFO] [stderr]  Downloading crates ...
[INFO] [stderr]   Downloaded enumflags2_derive v0.7.8
[INFO] [stderr]   Downloaded http-body-util v0.1.0-rc.3
[INFO] [stderr]   Downloaded enumflags2 v0.7.8
[INFO] [stderr]   Downloaded multimap v0.9.1
[INFO] [stderr]   Downloaded cookie v0.18.0
[INFO] [stderr]   Downloaded hyper v1.0.0-rc.4
[INFO] [stderr]   Downloaded cruet v0.14.0
[INFO] [stderr]   Downloaded salvo-utils v0.0.6
[INFO] [stderr]   Downloaded salvo v0.58.5
[INFO] [stderr]   Downloaded salvo_macros v0.58.5
[INFO] [stderr]   Downloaded mime-infer v2.0.5
[INFO] [stderr]   Downloaded salvo_core v0.58.5
[INFO] running `Command { std: "docker" "create" "-v" "/var/lib/crater-agent-workspace/builds/worker-5-tc1/target:/opt/rustwide/target:rw,Z" "-v" "/var/lib/crater-agent-workspace/builds/worker-5-tc1/source:/opt/rustwide/workdir:ro,Z" "-v" "/var/lib/crater-agent-workspace/cargo-home:/opt/rustwide/cargo-home:ro,Z" "-v" "/var/lib/crater-agent-workspace/rustup-home:/opt/rustwide/rustup-home:ro,Z" "-e" "SOURCE_DIR=/opt/rustwide/workdir" "-e" "CARGO_TARGET_DIR=/opt/rustwide/target" "-e" "CARGO_HOME=/opt/rustwide/cargo-home" "-e" "RUSTUP_HOME=/opt/rustwide/rustup-home" "-w" "/opt/rustwide/workdir" "-m" "1610612736" "--user" "0:0" "--network" "none" "ghcr.io/rust-lang/crates-build-env/linux@sha256:2788e3201cd34a07e3172128adcd8b3090168a8e3bcc40d7c032b9dda1df7d1c" "/opt/rustwide/cargo-home/bin/cargo" "+1.75.0" "metadata" "--no-deps" "--format-version=1", kill_on_drop: false }`
[INFO] [stdout] bc776344e7d2c482a8a1f469351eba59fb3a961618b51f1b6548d07a618aa6d9
[INFO] running `Command { std: "docker" "start" "-a" "bc776344e7d2c482a8a1f469351eba59fb3a961618b51f1b6548d07a618aa6d9", kill_on_drop: false }`
[INFO] running `Command { std: "docker" "inspect" "bc776344e7d2c482a8a1f469351eba59fb3a961618b51f1b6548d07a618aa6d9", kill_on_drop: false }`
[INFO] running `Command { std: "docker" "rm" "-f" "bc776344e7d2c482a8a1f469351eba59fb3a961618b51f1b6548d07a618aa6d9", kill_on_drop: false }`
[INFO] [stdout] bc776344e7d2c482a8a1f469351eba59fb3a961618b51f1b6548d07a618aa6d9
[INFO] running `Command { std: "docker" "create" "-v" "/var/lib/crater-agent-workspace/builds/worker-5-tc1/target:/opt/rustwide/target:rw,Z" "-v" "/var/lib/crater-agent-workspace/builds/worker-5-tc1/source:/opt/rustwide/workdir:ro,Z" "-v" "/var/lib/crater-agent-workspace/cargo-home:/opt/rustwide/cargo-home:ro,Z" "-v" "/var/lib/crater-agent-workspace/rustup-home:/opt/rustwide/rustup-home:ro,Z" "-e" "SOURCE_DIR=/opt/rustwide/workdir" "-e" "CARGO_TARGET_DIR=/opt/rustwide/target" "-e" "CARGO_INCREMENTAL=0" "-e" "RUST_BACKTRACE=full" "-e" "RUSTFLAGS=--cap-lints=warn" "-e" "RUSTDOCFLAGS=--cap-lints=warn" "-e" "CARGO_HOME=/opt/rustwide/cargo-home" "-e" "RUSTUP_HOME=/opt/rustwide/rustup-home" "-w" "/opt/rustwide/workdir" "-m" "1610612736" "--user" "0:0" "--network" "none" "ghcr.io/rust-lang/crates-build-env/linux@sha256:2788e3201cd34a07e3172128adcd8b3090168a8e3bcc40d7c032b9dda1df7d1c" "/opt/rustwide/cargo-home/bin/cargo" "+1.75.0" "build" "--frozen" "--message-format=json", kill_on_drop: false }`
[INFO] [stdout] aed02fe405374dc852cf0f33e0d9162e43e2c4ec0f52aa589d5e7649651be43a
[INFO] running `Command { std: "docker" "start" "-a" "aed02fe405374dc852cf0f33e0d9162e43e2c4ec0f52aa589d5e7649651be43a", kill_on_drop: false }`
[INFO] [stderr]    Compiling futures-core v0.3.30
[INFO] [stderr]    Compiling futures-sink v0.3.30
[INFO] [stderr]    Compiling bytes v1.5.0
[INFO] [stderr]    Compiling futures-io v0.3.30
[INFO] [stderr]    Compiling futures-task v0.3.30
[INFO] [stderr]    Compiling percent-encoding v2.3.1
[INFO] [stderr]    Compiling unicode-normalization v0.1.22
[INFO] [stderr]    Compiling unicode-bidi v0.3.14
[INFO] [stderr]    Compiling syn v2.0.48
[INFO] [stderr]    Compiling socket2 v0.5.5
[INFO] [stderr]    Compiling mio v0.8.10
[INFO] [stderr]    Compiling crypto-common v0.1.6
[INFO] [stderr]    Compiling rand_chacha v0.3.1
[INFO] [stderr]    Compiling utf-8 v0.7.6
[INFO] [stderr]    Compiling data-encoding v2.5.0
[INFO] [stderr]    Compiling byteorder v1.5.0
[INFO] [stderr]    Compiling try-lock v0.2.5
[INFO] [stderr]    Compiling futures-channel v0.3.30
[INFO] [stderr]    Compiling digest v0.10.7
[INFO] [stderr]    Compiling form_urlencoded v1.2.1
[INFO] [stderr]    Compiling want v0.3.1
[INFO] [stderr]    Compiling tracing v0.1.40
[INFO] [stderr]    Compiling httpdate v1.0.3
[INFO] [stderr]    Compiling tower-layer v0.3.2
[INFO] [stderr]    Compiling rand v0.8.5
[INFO] [stderr]    Compiling sha1 v0.10.6
[INFO] [stderr]    Compiling tower v0.4.13
[INFO] [stderr]    Compiling http v0.2.11
[INFO] [stderr]    Compiling tokio v1.35.1
[INFO] [stderr]    Compiling idna v0.5.0
[INFO] [stderr]    Compiling url v2.5.0
[INFO] [stderr]    Compiling http-body v0.4.6
[INFO] [stderr]    Compiling futures-macro v0.3.30
[INFO] [stderr]    Compiling thiserror-impl v1.0.56
[INFO] [stderr]    Compiling serde_derive v1.0.194
[INFO] [stderr]    Compiling pin-project-internal v1.1.3
[INFO] [stderr]    Compiling futures-util v0.3.30
[INFO] [stderr]    Compiling thiserror v1.0.56
[INFO] [stderr]    Compiling pin-project v1.1.3
[INFO] [stderr]    Compiling tungstenite v0.20.1
[INFO] [stderr]    Compiling serde v1.0.194
[INFO] [stderr]    Compiling futures-executor v0.3.30
[INFO] [stderr]    Compiling hyper v0.14.28
[INFO] [stderr]    Compiling tokio-tungstenite v0.20.1
[INFO] [stderr]    Compiling futures v0.3.30
[INFO] [stderr]    Compiling serde_json v1.0.111
[INFO] [stderr]    Compiling engineioxide v0.7.2 (/opt/rustwide/workdir)
[INFO] [stderr]     Finished dev [unoptimized + debuginfo] target(s) in 7.41s
[INFO] running `Command { std: "docker" "inspect" "aed02fe405374dc852cf0f33e0d9162e43e2c4ec0f52aa589d5e7649651be43a", kill_on_drop: false }`
[INFO] running `Command { std: "docker" "rm" "-f" "aed02fe405374dc852cf0f33e0d9162e43e2c4ec0f52aa589d5e7649651be43a", kill_on_drop: false }`
[INFO] [stdout] aed02fe405374dc852cf0f33e0d9162e43e2c4ec0f52aa589d5e7649651be43a
[INFO] running `Command { std: "docker" "create" "-v" "/var/lib/crater-agent-workspace/builds/worker-5-tc1/target:/opt/rustwide/target:rw,Z" "-v" "/var/lib/crater-agent-workspace/builds/worker-5-tc1/source:/opt/rustwide/workdir:ro,Z" "-v" "/var/lib/crater-agent-workspace/cargo-home:/opt/rustwide/cargo-home:ro,Z" "-v" "/var/lib/crater-agent-workspace/rustup-home:/opt/rustwide/rustup-home:ro,Z" "-e" "SOURCE_DIR=/opt/rustwide/workdir" "-e" "CARGO_TARGET_DIR=/opt/rustwide/target" "-e" "CARGO_INCREMENTAL=0" "-e" "RUST_BACKTRACE=full" "-e" "RUSTFLAGS=--cap-lints=warn" "-e" "RUSTDOCFLAGS=--cap-lints=warn" "-e" "CARGO_HOME=/opt/rustwide/cargo-home" "-e" "RUSTUP_HOME=/opt/rustwide/rustup-home" "-w" "/opt/rustwide/workdir" "-m" "1610612736" "--user" "0:0" "--network" "none" "ghcr.io/rust-lang/crates-build-env/linux@sha256:2788e3201cd34a07e3172128adcd8b3090168a8e3bcc40d7c032b9dda1df7d1c" "/opt/rustwide/cargo-home/bin/cargo" "+1.75.0" "test" "--frozen" "--no-run" "--message-format=json", kill_on_drop: false }`
[INFO] [stdout] deedad4e7ed98d81003af8c77c69e743184e950f9cb941236f4dec9bf675f275
[INFO] running `Command { std: "docker" "start" "-a" "deedad4e7ed98d81003af8c77c69e743184e950f9cb941236f4dec9bf675f275", kill_on_drop: false }`
[INFO] [stderr]    Compiling futures-sink v0.3.30
[INFO] [stderr]    Compiling log v0.4.20
[INFO] [stderr]    Compiling parking_lot_core v0.9.9
[INFO] [stderr]    Compiling smallvec v1.11.2
[INFO] [stderr]    Compiling subtle v2.5.0
[INFO] [stderr]    Compiling num_cpus v1.16.0
[INFO] [stderr]    Compiling tracing-core v0.1.32
[INFO] [stderr]    Compiling syn v2.0.48
[INFO] [stderr]    Compiling crypto-common v0.1.6
[INFO] [stderr]    Compiling indexmap v2.1.0
[INFO] [stderr]    Compiling unicase v2.7.0
[INFO] [stderr]    Compiling jobserver v0.1.27
[INFO] [stderr]    Compiling mime v0.3.17
[INFO] [stderr]    Compiling rustversion v1.0.14
[INFO] [stderr]    Compiling inout v0.1.3
[INFO] [stderr]    Compiling serde_json v1.0.111
[INFO] [stderr]    Compiling futures-channel v0.3.30
[INFO] [stderr]    Compiling http-body v1.0.0-rc.2
[INFO] [stderr]    Compiling digest v0.10.7
[INFO] [stderr]    Compiling universal-hash v0.5.1
[INFO] [stderr]    Compiling cipher v0.4.4
[INFO] [stderr]    Compiling cc v1.0.83
[INFO] [stderr]    Compiling polyval v0.6.1
[INFO] [stderr]    Compiling multer v2.1.0
[INFO] [stderr]    Compiling time-core v0.1.2
[INFO] [stderr]    Compiling rustix v0.38.28
[INFO] [stderr]    Compiling sha1 v0.10.6
[INFO] [stderr]    Compiling powerfmt v0.2.0
[INFO] [stderr]    Compiling alloc-no-stdlib v2.0.4
[INFO] [stderr]    Compiling zstd-safe v7.0.0
[INFO] [stderr]    Compiling toml_datetime v0.6.3
[INFO] [stderr]    Compiling alloc-stdlib v0.2.2
[INFO] [stderr]    Compiling aes v0.8.3
[INFO] [stderr]    Compiling parking_lot v0.12.1
[INFO] [stderr]    Compiling deranged v0.3.11
[INFO] [stderr]    Compiling mime-infer v2.0.5
[INFO] [stderr]    Compiling ctr v0.9.2
[INFO] [stderr]    Compiling ghash v0.5.0
[INFO] [stderr]    Compiling toml_edit v0.20.2
[INFO] [stderr]    Compiling time-macros v0.2.16
[INFO] [stderr]    Compiling aead v0.5.2
[INFO] [stderr]    Compiling headers-core v0.2.0
[INFO] [stderr]    Compiling encoding_rs v0.8.33
[INFO] [stderr]    Compiling cookie v0.18.0
[INFO] [stderr]    Compiling spin v0.9.8
[INFO] [stderr]    Compiling bitflags v2.4.1
[INFO] [stderr]    Compiling linux-raw-sys v0.4.12
[INFO] [stderr]    Compiling miniz_oxide v0.7.1
[INFO] [stderr]    Compiling headers v0.3.9
[INFO] [stderr]    Compiling mime_guess v2.0.4
[INFO] [stderr]    Compiling aes-gcm v0.10.3
[INFO] [stderr]    Compiling brotli-decompressor v2.5.1
[INFO] [stderr]    Compiling sha2 v0.10.8
[INFO] [stderr]    Compiling hmac v0.12.1
[INFO] [stderr]    Compiling cruet v0.14.0
[INFO] [stderr]    Compiling sync_wrapper v0.1.2
[INFO] [stderr]    Compiling axum-core v0.3.4
[INFO] [stderr]    Compiling xml-rs v0.8.19
[INFO] [stderr]    Compiling regex-automata v0.1.10
[INFO] [stderr]    Compiling flate2 v1.0.28
[INFO] [stderr]    Compiling axum v0.6.20
[INFO] [stderr]    Compiling sharded-slab v0.1.7
[INFO] [stderr]    Compiling tracing-log v0.2.0
[INFO] [stderr]    Compiling rustls-pemfile v1.0.4
[INFO] [stderr]    Compiling zstd-sys v2.0.9+zstd.1.5.5
[INFO] [stderr]    Compiling thread_local v1.1.7
[INFO] [stderr]    Compiling brotli v3.4.0
[INFO] [stderr]    Compiling scoped-tls v1.0.1
[INFO] [stderr]    Compiling matchit v0.7.3
[INFO] [stderr]    Compiling proc-macro-crate v2.0.1
[INFO] [stderr]    Compiling matchers v0.1.0
[INFO] [stderr]    Compiling time v0.3.31
[INFO] [stderr]    Compiling tempfile v3.9.0
[INFO] [stderr]    Compiling futures-macro v0.3.30
[INFO] [stderr]    Compiling tokio-macros v2.2.0
[INFO] [stderr]    Compiling tracing-attributes v0.1.27
[INFO] [stderr]    Compiling serde_derive v1.0.194
[INFO] [stderr]    Compiling thiserror-impl v1.0.56
[INFO] [stderr]    Compiling pin-project-internal v1.1.3
[INFO] [stderr]    Compiling async-trait v0.1.77
[INFO] [stderr]    Compiling enumflags2_derive v0.7.8
[INFO] [stderr]    Compiling salvo_macros v0.58.5
[INFO] [stderr]    Compiling enumflags2 v0.7.8
[INFO] [stderr]    Compiling tokio v1.35.1
[INFO] [stderr]    Compiling futures-util v0.3.30
[INFO] [stderr]    Compiling thiserror v1.0.56
[INFO] [stderr]    Compiling pin-project v1.1.3
[INFO] [stderr]    Compiling tracing v0.1.40
[INFO] [stderr]    Compiling tungstenite v0.20.1
[INFO] [stderr]    Compiling tracing-subscriber v0.3.18
[INFO] [stderr]    Compiling zstd v0.13.0
[INFO] [stderr]    Compiling serde v1.0.194
[INFO] [stderr]    Compiling futures-executor v0.3.30
[INFO] [stderr]    Compiling http-body-util v0.1.0-rc.3
[INFO] [stderr]    Compiling futures v0.3.30
[INFO] [stderr]    Compiling tokio-util v0.7.10
[INFO] [stderr]    Compiling tokio-tungstenite v0.20.1
[INFO] [stderr]    Compiling tokio-stream v0.1.14
[INFO] [stderr]    Compiling h2 v0.3.22
[INFO] [stderr]    Compiling tower v0.4.13
[INFO] [stderr]    Compiling serde_urlencoded v0.7.1
[INFO] [stderr]    Compiling serde-xml-rs v0.6.0
[INFO] [stderr]    Compiling multimap v0.9.1
[INFO] [stderr]    Compiling serde_path_to_error v0.1.15
[INFO] [stderr]    Compiling hyper v0.14.28
[INFO] [stderr]    Compiling hyper v1.0.0-rc.4
[INFO] [stderr]    Compiling salvo-utils v0.0.6
[INFO] [stderr]    Compiling salvo_core v0.58.5
[INFO] [stderr]    Compiling warp v0.3.6
[INFO] [stderr]    Compiling engineioxide v0.7.2 (/opt/rustwide/workdir)
[INFO] [stderr]    Compiling salvo v0.58.5
[INFO] [stderr]     Finished test [unoptimized + debuginfo] target(s) in 22.08s
[INFO] running `Command { std: "docker" "inspect" "deedad4e7ed98d81003af8c77c69e743184e950f9cb941236f4dec9bf675f275", kill_on_drop: false }`
[INFO] running `Command { std: "docker" "rm" "-f" "deedad4e7ed98d81003af8c77c69e743184e950f9cb941236f4dec9bf675f275", kill_on_drop: false }`
[INFO] [stdout] deedad4e7ed98d81003af8c77c69e743184e950f9cb941236f4dec9bf675f275
[INFO] running `Command { std: "docker" "create" "-v" "/var/lib/crater-agent-workspace/builds/worker-5-tc1/target:/opt/rustwide/target:rw,Z" "-v" "/var/lib/crater-agent-workspace/builds/worker-5-tc1/source:/opt/rustwide/workdir:ro,Z" "-v" "/var/lib/crater-agent-workspace/cargo-home:/opt/rustwide/cargo-home:ro,Z" "-v" "/var/lib/crater-agent-workspace/rustup-home:/opt/rustwide/rustup-home:ro,Z" "-e" "SOURCE_DIR=/opt/rustwide/workdir" "-e" "CARGO_TARGET_DIR=/opt/rustwide/target" "-e" "CARGO_INCREMENTAL=0" "-e" "RUST_BACKTRACE=full" "-e" "RUSTFLAGS=--cap-lints=warn" "-e" "RUSTDOCFLAGS=--cap-lints=warn" "-e" "CARGO_HOME=/opt/rustwide/cargo-home" "-e" "RUSTUP_HOME=/opt/rustwide/rustup-home" "-w" "/opt/rustwide/workdir" "-m" "1610612736" "--user" "0:0" "--network" "none" "ghcr.io/rust-lang/crates-build-env/linux@sha256:2788e3201cd34a07e3172128adcd8b3090168a8e3bcc40d7c032b9dda1df7d1c" "/opt/rustwide/cargo-home/bin/cargo" "+1.75.0" "test" "--frozen", kill_on_drop: false }`
[INFO] [stdout] 510968ecb4ebce16b110b8d5ae0d85d15fd75efce64d1a97afa8c1eeabd5d64a
[INFO] running `Command { std: "docker" "start" "-a" "510968ecb4ebce16b110b8d5ae0d85d15fd75efce64d1a97afa8c1eeabd5d64a", kill_on_drop: false }`
[INFO] [stderr]     Finished test [unoptimized + debuginfo] target(s) in 0.14s
[INFO] [stderr]      Running unittests src/lib.rs (/opt/rustwide/target/debug/deps/engineioxide-02b72dcca0dd05a8)
[INFO] [stdout] 
[INFO] [stdout] running 33 tests
[INFO] [stdout] test config::tests::config_transports ... ok
[INFO] [stdout] test packet::tests::test_binary_packet ... ok
[INFO] [stdout] test packet::tests::test_binary_packet_v3 ... ok
[INFO] [stdout] test engine::tests::create_session ... ok
[INFO] [stdout] test packet::tests::test_binary_packet_deserialize ... ok
[INFO] [stdout] test engine::tests::get_socket ... ok
[INFO] [stdout] test engine::tests::close_session ... ok
[INFO] [stdout] test packet::tests::test_message_packet ... ok
[INFO] [stdout] test packet::tests::test_message_packet_deserialize ... ok
[INFO] [stdout] test packet::tests::test_binary_packet_v3_deserialize ... ok
[INFO] [stdout] test packet::tests::test_open_packet ... ok
[INFO] [stdout] test packet::tests::test_open_packet_deserialize ... ok
[INFO] [stdout] test peekable::tests::peek ... ok
[INFO] [stdout] test packet::tests::test_packet_get_size_hint ... ok
[INFO] [stdout] test service::parser::tests::bad_handshake_method ... ok
[INFO] [stdout] test service::parser::tests::request_info_polling ... ok
[INFO] [stdout] test service::parser::tests::request_info_websocket ... ok
[INFO] [stdout] test service::parser::tests::request_info_websocket_with_sid ... ok
[INFO] [stdout] test service::parser::tests::transport_unknown_err ... ok
[INFO] [stdout] test service::parser::tests::unsupported_protocol_version ... ok
[INFO] [stdout] test service::parser::tests::unsupported_transport ... ok
[INFO] [stdout] test sid::tests::test_sid_from_str ... ok
[INFO] [stdout] test sid::tests::test_sid_from_str_invalid ... ok
[INFO] [stdout] test transport::polling::payload::buf::tests::one_long_buf_to_bytes ... ok
[INFO] [stdout] test transport::polling::payload::buf::tests::to_bytes_eq ... ok
[INFO] [stdout] test transport::polling::payload::buf::tests::to_bytes_longer ... ok
[INFO] [stdout] test transport::polling::payload::buf::tests::to_bytes_shorter ... ok
[INFO] [stdout] test transport::polling::payload::decoder::tests::payload_iterator_v4 ... ok
[INFO] [stdout] test transport::polling::payload::decoder::tests::max_payload_v4 ... ok
[INFO] [stdout] test transport::polling::payload::encoder::tests::max_payload_v4 ... ok
[INFO] [stdout] test transport::polling::payload::encoder::tests::encode_v4_payload ... ok
[INFO] [stdout] test transport::polling::payload::decoder::tests::payload_stream_v4 ... ok
[INFO] [stdout] test transport::polling::payload::buf::tests::buf_to_bytes_too_many - should panic ... ok
[INFO] [stdout] 
[INFO] [stdout] test result: ok. 33 passed; 0 failed; 0 ignored; 0 measured; 0 filtered out; finished in 0.03s
[INFO] [stdout] 
[INFO] [stderr]      Running tests/disconnect_reason.rs (/opt/rustwide/target/debug/deps/disconnect_reason-4faf91aa7fcd4350)
[INFO] [stdout] 
[INFO] [stdout] running 7 tests
[INFO] [stdout] test ws_packet_parsing ... ok
[INFO] [stdout] test ws_transport_closed ... ok
[INFO] [stdout] test polling_packet_parsing ... ok
[INFO] [stdout] test polling_transport_closed ... ok
[INFO] [stdout] test multiple_http_polling ... ok
[INFO] [stdout] test ws_heartbeat_timeout ... ok
[INFO] [stdout] test polling_heartbeat_timeout ... ok
[INFO] [stderr]      Running tests/fixture.rs (/opt/rustwide/target/debug/deps/fixture-6838b88488df81b0)
[INFO] [stdout] 
[INFO] [stdout] test result: ok. 7 passed; 0 failed; 0 ignored; 0 measured; 0 filtered out; finished in 0.49s
[INFO] [stdout] 
[INFO] [stdout] 
[INFO] [stdout] running 0 tests
[INFO] [stdout] 
[INFO] [stdout] test result: ok. 0 passed; 0 failed; 0 ignored; 0 measured; 0 filtered out; finished in 0.00s
[INFO] [stdout] 
[INFO] [stderr]    Doc-tests engineioxide
[INFO] [stdout] 
[INFO] [stdout] running 10 tests
[INFO] [stdout] test src/layer.rs - layer (line 30) ... FAILED
[INFO] [stdout] test src/lib.rs - (line 106) ... FAILED
[INFO] [stdout] test src/config.rs - config::EngineIoConfigBuilder::max_buffer_size (line 130) ... ok
[INFO] [stdout] test src/socket.rs - socket (line 9) ... ok
[INFO] [stdout] test src/config.rs - config (line 3) ... ok
[INFO] [stdout] test src/handler.rs - handler (line 3) ... ok
[INFO] [stdout] test src/service/mod.rs - service (line 31) ... ok
[INFO] [stdout] test src/service/mod.rs - service (line 4) ... ok
[INFO] [stdout] test src/layer.rs - layer (line 4) ... ok
[INFO] [stdout] test src/lib.rs - (line 58) ... ok
[INFO] [stdout] 
[INFO] [stdout] failures:
[INFO] [stdout] 
[INFO] [stdout] ---- src/layer.rs - layer (line 30) stdout ----
[INFO] [stdout] error[E0599]: no method named `with_hyper_v1` found for struct `EngineIoLayer` in the current scope
[INFO] [stdout]   --> src/layer.rs:48:6
[INFO] [stdout]    |
[INFO] [stdout] 20 |   let layer = EngineIoLayer::new(MyHandler)
[INFO] [stdout]    |  _____________-
[INFO] [stdout] 21 | |     .with_hyper_v1();     // Enable the hyper-v1 compatibility layer for salvo
[INFO] [stdout]    | |     -^^^^^^^^^^^^^ method not found in `EngineIoLayer<MyHandler>`
[INFO] [stdout]    | |_____|
[INFO] [stdout]    | 
[INFO] [stdout] 
[INFO] [stdout] error: aborting due to previous error
[INFO] [stdout] 
[INFO] [stdout] For more information about this error, try `rustc --explain E0599`.
[INFO] [stdout] Couldn't compile the test.
[INFO] [stdout] ---- src/lib.rs - (line 106) stdout ----
[INFO] [stdout] error[E0599]: no method named `with_hyper_v1` found for struct `EngineIoLayer` in the current scope
[INFO] [stdout]   --> src/lib.rs:145:6
[INFO] [stdout]    |
[INFO] [stdout] 41 |   let layer = EngineIoLayer::new(MyHandler::default())
[INFO] [stdout]    |  _____________-
[INFO] [stdout] 42 | |     .with_hyper_v1();     // Enable the hyper-v1 compatibility layer for salvo
[INFO] [stdout]    | |     -^^^^^^^^^^^^^ method not found in `EngineIoLayer<MyHandler>`
[INFO] [stdout]    | |_____|
[INFO] [stdout]    | 
[INFO] [stdout] 
[INFO] [stdout] error: aborting due to previous error
[INFO] [stdout] 
[INFO] [stdout] For more information about this error, try `rustc --explain E0599`.
[INFO] [stdout] Couldn't compile the test.
[INFO] [stdout] 
[INFO] [stdout] failures:
[INFO] [stdout]     src/layer.rs - layer (line 30)
[INFO] [stdout]     src/lib.rs - (line 106)
[INFO] [stdout] 
[INFO] [stdout] test result: FAILED. 8 passed; 2 failed; 0 ignored; 0 measured; 0 filtered out; finished in 3.37s
[INFO] [stdout] 
[INFO] [stderr] error: doctest failed, to rerun pass `--doc`
[INFO] running `Command { std: "docker" "inspect" "510968ecb4ebce16b110b8d5ae0d85d15fd75efce64d1a97afa8c1eeabd5d64a", kill_on_drop: false }`
[INFO] running `Command { std: "docker" "rm" "-f" "510968ecb4ebce16b110b8d5ae0d85d15fd75efce64d1a97afa8c1eeabd5d64a", kill_on_drop: false }`
[INFO] [stdout] 510968ecb4ebce16b110b8d5ae0d85d15fd75efce64d1a97afa8c1eeabd5d64a
[INFO] testing engineioxide-0.7.2 against beta-2023-12-22 for beta-1.76-1
[INFO] extracting crate engineioxide 0.7.2 into /workspace/builds/worker-5-tc2/source
[INFO] validating manifest of crates.io crate engineioxide 0.7.2 on toolchain beta-2023-12-22
[INFO] running `Command { std: CARGO_HOME="/workspace/cargo-home" RUSTUP_HOME="/workspace/rustup-home" "/workspace/cargo-home/bin/cargo" "+beta-2023-12-22" "metadata" "--manifest-path" "Cargo.toml" "--no-deps", kill_on_drop: false }`
[INFO] started tweaking crates.io crate engineioxide 0.7.2
[INFO] finished tweaking crates.io crate engineioxide 0.7.2
[INFO] tweaked toml for crates.io crate engineioxide 0.7.2 written to /workspace/builds/worker-5-tc2/source/Cargo.toml
[INFO] running `Command { std: CARGO_HOME="/workspace/cargo-home" RUSTUP_HOME="/workspace/rustup-home" "/workspace/cargo-home/bin/cargo" "+beta-2023-12-22" "generate-lockfile" "--manifest-path" "Cargo.toml", kill_on_drop: false }`
[INFO] [stderr]     Updating crates.io index
[INFO] running `Command { std: CARGO_HOME="/workspace/cargo-home" RUSTUP_HOME="/workspace/rustup-home" "/workspace/cargo-home/bin/cargo" "+beta-2023-12-22" "fetch" "--manifest-path" "Cargo.toml", kill_on_drop: false }`
[INFO] running `Command { std: "docker" "create" "-v" "/var/lib/crater-agent-workspace/builds/worker-5-tc2/target:/opt/rustwide/target:rw,Z" "-v" "/var/lib/crater-agent-workspace/builds/worker-5-tc2/source:/opt/rustwide/workdir:ro,Z" "-v" "/var/lib/crater-agent-workspace/cargo-home:/opt/rustwide/cargo-home:ro,Z" "-v" "/var/lib/crater-agent-workspace/rustup-home:/opt/rustwide/rustup-home:ro,Z" "-e" "SOURCE_DIR=/opt/rustwide/workdir" "-e" "CARGO_TARGET_DIR=/opt/rustwide/target" "-e" "CARGO_HOME=/opt/rustwide/cargo-home" "-e" "RUSTUP_HOME=/opt/rustwide/rustup-home" "-w" "/opt/rustwide/workdir" "-m" "1610612736" "--user" "0:0" "--network" "none" "ghcr.io/rust-lang/crates-build-env/linux@sha256:2788e3201cd34a07e3172128adcd8b3090168a8e3bcc40d7c032b9dda1df7d1c" "/opt/rustwide/cargo-home/bin/cargo" "+beta-2023-12-22" "metadata" "--no-deps" "--format-version=1", kill_on_drop: false }`
[INFO] [stdout] 54e8ba1fd538cf2005a55aa7cba7aef7c81a1ff4c597306c2b9c545ac9cdedb0
[INFO] running `Command { std: "docker" "start" "-a" "54e8ba1fd538cf2005a55aa7cba7aef7c81a1ff4c597306c2b9c545ac9cdedb0", kill_on_drop: false }`
[INFO] running `Command { std: "docker" "inspect" "54e8ba1fd538cf2005a55aa7cba7aef7c81a1ff4c597306c2b9c545ac9cdedb0", kill_on_drop: false }`
[INFO] running `Command { std: "docker" "rm" "-f" "54e8ba1fd538cf2005a55aa7cba7aef7c81a1ff4c597306c2b9c545ac9cdedb0", kill_on_drop: false }`
[INFO] [stdout] 54e8ba1fd538cf2005a55aa7cba7aef7c81a1ff4c597306c2b9c545ac9cdedb0
[INFO] running `Command { std: "docker" "create" "-v" "/var/lib/crater-agent-workspace/builds/worker-5-tc2/target:/opt/rustwide/target:rw,Z" "-v" "/var/lib/crater-agent-workspace/builds/worker-5-tc2/source:/opt/rustwide/workdir:ro,Z" "-v" "/var/lib/crater-agent-workspace/cargo-home:/opt/rustwide/cargo-home:ro,Z" "-v" "/var/lib/crater-agent-workspace/rustup-home:/opt/rustwide/rustup-home:ro,Z" "-e" "SOURCE_DIR=/opt/rustwide/workdir" "-e" "CARGO_TARGET_DIR=/opt/rustwide/target" "-e" "CARGO_INCREMENTAL=0" "-e" "RUST_BACKTRACE=full" "-e" "RUSTFLAGS=--cap-lints=warn" "-e" "RUSTDOCFLAGS=--cap-lints=warn" "-e" "CARGO_HOME=/opt/rustwide/cargo-home" "-e" "RUSTUP_HOME=/opt/rustwide/rustup-home" "-w" "/opt/rustwide/workdir" "-m" "1610612736" "--user" "0:0" "--network" "none" "ghcr.io/rust-lang/crates-build-env/linux@sha256:2788e3201cd34a07e3172128adcd8b3090168a8e3bcc40d7c032b9dda1df7d1c" "/opt/rustwide/cargo-home/bin/cargo" "+beta-2023-12-22" "build" "--frozen" "--message-format=json", kill_on_drop: false }`
[INFO] [stdout] b135658223dfbfefe0d29bc1dc441adceef611bc563537722e82779288a24c7d
[INFO] running `Command { std: "docker" "start" "-a" "b135658223dfbfefe0d29bc1dc441adceef611bc563537722e82779288a24c7d", kill_on_drop: false }`
[INFO] [stderr]    Compiling bytes v1.5.0
[INFO] [stderr]    Compiling futures-core v0.3.30
[INFO] [stderr]    Compiling futures-sink v0.3.30
[INFO] [stderr]    Compiling futures-task v0.3.30
[INFO] [stderr]    Compiling futures-io v0.3.30
[INFO] [stderr]    Compiling unicode-bidi v0.3.14
[INFO] [stderr]    Compiling unicode-normalization v0.1.22
[INFO] [stderr]    Compiling percent-encoding v2.3.1
[INFO] [stderr]    Compiling syn v2.0.48
[INFO] [stderr]    Compiling mio v0.8.10
[INFO] [stderr]    Compiling socket2 v0.5.5
[INFO] [stderr]    Compiling crypto-common v0.1.6
[INFO] [stderr]    Compiling rand_chacha v0.3.1
[INFO] [stderr]    Compiling utf-8 v0.7.6
[INFO] [stderr]    Compiling data-encoding v2.5.0
[INFO] [stderr]    Compiling try-lock v0.2.5
[INFO] [stderr]    Compiling byteorder v1.5.0
[INFO] [stderr]    Compiling futures-channel v0.3.30
[INFO] [stderr]    Compiling digest v0.10.7
[INFO] [stderr]    Compiling form_urlencoded v1.2.1
[INFO] [stderr]    Compiling want v0.3.1
[INFO] [stderr]    Compiling tracing v0.1.40
[INFO] [stderr]    Compiling tower-layer v0.3.2
[INFO] [stderr]    Compiling httpdate v1.0.3
[INFO] [stderr]    Compiling sha1 v0.10.6
[INFO] [stderr]    Compiling rand v0.8.5
[INFO] [stderr]    Compiling tower v0.4.13
[INFO] [stderr]    Compiling http v0.2.11
[INFO] [stderr]    Compiling tokio v1.35.1
[INFO] [stderr]    Compiling idna v0.5.0
[INFO] [stderr]    Compiling url v2.5.0
[INFO] [stderr]    Compiling http-body v0.4.6
[INFO] [stderr]    Compiling futures-macro v0.3.30
[INFO] [stderr]    Compiling thiserror-impl v1.0.56
[INFO] [stderr]    Compiling serde_derive v1.0.194
[INFO] [stderr]    Compiling pin-project-internal v1.1.3
[INFO] [stderr]    Compiling futures-util v0.3.30
[INFO] [stderr]    Compiling thiserror v1.0.56
[INFO] [stderr]    Compiling pin-project v1.1.3
[INFO] [stderr]    Compiling tungstenite v0.20.1
[INFO] [stderr]    Compiling serde v1.0.194
[INFO] [stderr]    Compiling futures-executor v0.3.30
[INFO] [stderr]    Compiling hyper v0.14.28
[INFO] [stderr]    Compiling tokio-tungstenite v0.20.1
[INFO] [stderr]    Compiling futures v0.3.30
[INFO] [stderr]    Compiling serde_json v1.0.111
[INFO] [stderr]    Compiling engineioxide v0.7.2 (/opt/rustwide/workdir)
[INFO] [stderr]     Finished dev [unoptimized + debuginfo] target(s) in 8.57s
[INFO] running `Command { std: "docker" "inspect" "b135658223dfbfefe0d29bc1dc441adceef611bc563537722e82779288a24c7d", kill_on_drop: false }`
[INFO] running `Command { std: "docker" "rm" "-f" "b135658223dfbfefe0d29bc1dc441adceef611bc563537722e82779288a24c7d", kill_on_drop: false }`
[INFO] [stdout] b135658223dfbfefe0d29bc1dc441adceef611bc563537722e82779288a24c7d
[INFO] running `Command { std: "docker" "create" "-v" "/var/lib/crater-agent-workspace/builds/worker-5-tc2/target:/opt/rustwide/target:rw,Z" "-v" "/var/lib/crater-agent-workspace/builds/worker-5-tc2/source:/opt/rustwide/workdir:ro,Z" "-v" "/var/lib/crater-agent-workspace/cargo-home:/opt/rustwide/cargo-home:ro,Z" "-v" "/var/lib/crater-agent-workspace/rustup-home:/opt/rustwide/rustup-home:ro,Z" "-e" "SOURCE_DIR=/opt/rustwide/workdir" "-e" "CARGO_TARGET_DIR=/opt/rustwide/target" "-e" "CARGO_INCREMENTAL=0" "-e" "RUST_BACKTRACE=full" "-e" "RUSTFLAGS=--cap-lints=warn" "-e" "RUSTDOCFLAGS=--cap-lints=warn" "-e" "CARGO_HOME=/opt/rustwide/cargo-home" "-e" "RUSTUP_HOME=/opt/rustwide/rustup-home" "-w" "/opt/rustwide/workdir" "-m" "1610612736" "--user" "0:0" "--network" "none" "ghcr.io/rust-lang/crates-build-env/linux@sha256:2788e3201cd34a07e3172128adcd8b3090168a8e3bcc40d7c032b9dda1df7d1c" "/opt/rustwide/cargo-home/bin/cargo" "+beta-2023-12-22" "test" "--frozen" "--no-run" "--message-format=json", kill_on_drop: false }`
[INFO] [stdout] 4cf0683b64f88f10c54b4e94d410fbc4df063d0684758b0f2da64f64f2de4345
[INFO] running `Command { std: "docker" "start" "-a" "4cf0683b64f88f10c54b4e94d410fbc4df063d0684758b0f2da64f64f2de4345", kill_on_drop: false }`
[INFO] [stderr]    Compiling futures-sink v0.3.30
[INFO] [stderr]    Compiling log v0.4.20
[INFO] [stderr]    Compiling smallvec v1.11.2
[INFO] [stderr]    Compiling parking_lot_core v0.9.9
[INFO] [stderr]    Compiling subtle v2.5.0
[INFO] [stderr]    Compiling num_cpus v1.16.0
[INFO] [stderr]    Compiling tracing-core v0.1.32
[INFO] [stderr]    Compiling syn v2.0.48
[INFO] [stderr]    Compiling crypto-common v0.1.6
[INFO] [stderr]    Compiling indexmap v2.1.0
[INFO] [stderr]    Compiling unicase v2.7.0
[INFO] [stderr]    Compiling jobserver v0.1.27
[INFO] [stderr]    Compiling mime v0.3.17
[INFO] [stderr]    Compiling rustversion v1.0.14
[INFO] [stderr]    Compiling inout v0.1.3
[INFO] [stderr]    Compiling serde_json v1.0.111
[INFO] [stderr]    Compiling futures-channel v0.3.30
[INFO] [stderr]    Compiling digest v0.10.7
[INFO] [stderr]    Compiling universal-hash v0.5.1
[INFO] [stderr]    Compiling cipher v0.4.4
[INFO] [stderr]    Compiling polyval v0.6.1
[INFO] [stderr]    Compiling http-body v1.0.0-rc.2
[INFO] [stderr]    Compiling cc v1.0.83
[INFO] [stderr]    Compiling multer v2.1.0
[INFO] [stderr]    Compiling time-core v0.1.2
[INFO] [stderr]    Compiling toml_datetime v0.6.3
[INFO] [stderr]    Compiling sha1 v0.10.6
[INFO] [stderr]    Compiling powerfmt v0.2.0
[INFO] [stderr]    Compiling zstd-safe v7.0.0
[INFO] [stderr]    Compiling rustix v0.38.28
[INFO] [stderr]    Compiling alloc-no-stdlib v2.0.4
[INFO] [stderr]    Compiling time-macros v0.2.16
[INFO] [stderr]    Compiling parking_lot v0.12.1
[INFO] [stderr]    Compiling deranged v0.3.11
[INFO] [stderr]    Compiling alloc-stdlib v0.2.2
[INFO] [stderr]    Compiling mime-infer v2.0.5
[INFO] [stderr]    Compiling toml_edit v0.20.2
[INFO] [stderr]    Compiling ghash v0.5.0
[INFO] [stderr]    Compiling ctr v0.9.2
[INFO] [stderr]    Compiling aes v0.8.3
[INFO] [stderr]    Compiling aead v0.5.2
[INFO] [stderr]    Compiling headers-core v0.2.0
[INFO] [stderr]    Compiling encoding_rs v0.8.33
[INFO] [stderr]    Compiling cookie v0.18.0
[INFO] [stderr]    Compiling linux-raw-sys v0.4.12
[INFO] [stderr]    Compiling spin v0.9.8
[INFO] [stderr]    Compiling bitflags v2.4.1
[INFO] [stderr]    Compiling miniz_oxide v0.7.1
[INFO] [stderr]    Compiling headers v0.3.9
[INFO] [stderr]    Compiling brotli-decompressor v2.5.1
[INFO] [stderr]    Compiling mime_guess v2.0.4
[INFO] [stderr]    Compiling hmac v0.12.1
[INFO] [stderr]    Compiling aes-gcm v0.10.3
[INFO] [stderr]    Compiling sha2 v0.10.8
[INFO] [stderr]    Compiling axum-core v0.3.4
[INFO] [stderr]    Compiling cruet v0.14.0
[INFO] [stderr]    Compiling sync_wrapper v0.1.2
[INFO] [stderr]    Compiling xml-rs v0.8.19
[INFO] [stderr]    Compiling regex-automata v0.1.10
[INFO] [stderr]    Compiling axum v0.6.20
[INFO] [stderr]    Compiling flate2 v1.0.28
[INFO] [stderr]    Compiling sharded-slab v0.1.7
[INFO] [stderr]    Compiling zstd-sys v2.0.9+zstd.1.5.5
[INFO] [stderr]    Compiling tracing-log v0.2.0
[INFO] [stderr]    Compiling rustls-pemfile v1.0.4
[INFO] [stderr]    Compiling thread_local v1.1.7
[INFO] [stderr]    Compiling proc-macro-crate v2.0.1
[INFO] [stderr]    Compiling brotli v3.4.0
[INFO] [stderr]    Compiling matchers v0.1.0
[INFO] [stderr]    Compiling scoped-tls v1.0.1
[INFO] [stderr]    Compiling matchit v0.7.3
[INFO] [stderr]    Compiling time v0.3.31
[INFO] [stderr]    Compiling tempfile v3.9.0
[INFO] [stderr]    Compiling futures-macro v0.3.30
[INFO] [stderr]    Compiling tokio-macros v2.2.0
[INFO] [stderr]    Compiling tracing-attributes v0.1.27
[INFO] [stderr]    Compiling serde_derive v1.0.194
[INFO] [stderr]    Compiling pin-project-internal v1.1.3
[INFO] [stderr]    Compiling thiserror-impl v1.0.56
[INFO] [stderr]    Compiling async-trait v0.1.77
[INFO] [stderr]    Compiling enumflags2_derive v0.7.8
[INFO] [stderr]    Compiling salvo_macros v0.58.5
[INFO] [stderr]    Compiling tokio v1.35.1
[INFO] [stderr]    Compiling enumflags2 v0.7.8
[INFO] [stderr]    Compiling futures-util v0.3.30
[INFO] [stderr]    Compiling pin-project v1.1.3
[INFO] [stderr]    Compiling tracing v0.1.40
[INFO] [stderr]    Compiling thiserror v1.0.56
[INFO] [stderr]    Compiling tungstenite v0.20.1
[INFO] [stderr]    Compiling tracing-subscriber v0.3.18
[INFO] [stderr]    Compiling zstd v0.13.0
[INFO] [stderr]    Compiling serde v1.0.194
[INFO] [stderr]    Compiling http-body-util v0.1.0-rc.3
[INFO] [stderr]    Compiling futures-executor v0.3.30
[INFO] [stderr]    Compiling futures v0.3.30
[INFO] [stderr]    Compiling tokio-util v0.7.10
[INFO] [stderr]    Compiling tokio-tungstenite v0.20.1
[INFO] [stderr]    Compiling tokio-stream v0.1.14
[INFO] [stderr]    Compiling h2 v0.3.22
[INFO] [stderr]    Compiling tower v0.4.13
[INFO] [stderr]    Compiling serde_urlencoded v0.7.1
[INFO] [stderr]    Compiling serde-xml-rs v0.6.0
[INFO] [stderr]    Compiling multimap v0.9.1
[INFO] [stderr]    Compiling serde_path_to_error v0.1.15
[INFO] [stderr]    Compiling hyper v1.0.0-rc.4
[INFO] [stderr]    Compiling hyper v0.14.28
[INFO] [stderr]    Compiling salvo-utils v0.0.6
[INFO] [stderr]    Compiling salvo_core v0.58.5
[INFO] [stderr]    Compiling warp v0.3.6
[INFO] [stderr]    Compiling engineioxide v0.7.2 (/opt/rustwide/workdir)
[INFO] [stderr]    Compiling salvo v0.58.5
[INFO] [stderr]     Finished test [unoptimized + debuginfo] target(s) in 22.64s
[INFO] running `Command { std: "docker" "inspect" "4cf0683b64f88f10c54b4e94d410fbc4df063d0684758b0f2da64f64f2de4345", kill_on_drop: false }`
[INFO] running `Command { std: "docker" "rm" "-f" "4cf0683b64f88f10c54b4e94d410fbc4df063d0684758b0f2da64f64f2de4345", kill_on_drop: false }`
[INFO] [stdout] 4cf0683b64f88f10c54b4e94d410fbc4df063d0684758b0f2da64f64f2de4345
[INFO] running `Command { std: "docker" "create" "-v" "/var/lib/crater-agent-workspace/builds/worker-5-tc2/target:/opt/rustwide/target:rw,Z" "-v" "/var/lib/crater-agent-workspace/builds/worker-5-tc2/source:/opt/rustwide/workdir:ro,Z" "-v" "/var/lib/crater-agent-workspace/cargo-home:/opt/rustwide/cargo-home:ro,Z" "-v" "/var/lib/crater-agent-workspace/rustup-home:/opt/rustwide/rustup-home:ro,Z" "-e" "SOURCE_DIR=/opt/rustwide/workdir" "-e" "CARGO_TARGET_DIR=/opt/rustwide/target" "-e" "CARGO_INCREMENTAL=0" "-e" "RUST_BACKTRACE=full" "-e" "RUSTFLAGS=--cap-lints=warn" "-e" "RUSTDOCFLAGS=--cap-lints=warn" "-e" "CARGO_HOME=/opt/rustwide/cargo-home" "-e" "RUSTUP_HOME=/opt/rustwide/rustup-home" "-w" "/opt/rustwide/workdir" "-m" "1610612736" "--user" "0:0" "--network" "none" "ghcr.io/rust-lang/crates-build-env/linux@sha256:2788e3201cd34a07e3172128adcd8b3090168a8e3bcc40d7c032b9dda1df7d1c" "/opt/rustwide/cargo-home/bin/cargo" "+beta-2023-12-22" "test" "--frozen", kill_on_drop: false }`
[INFO] [stdout] 3d79dee3bd3cb01f651e24f5305b591ea946382efa9bec9b7cd9c11ea18377dd
[INFO] running `Command { std: "docker" "start" "-a" "3d79dee3bd3cb01f651e24f5305b591ea946382efa9bec9b7cd9c11ea18377dd", kill_on_drop: false }`
[INFO] [stderr]     Finished test [unoptimized + debuginfo] target(s) in 0.15s
[INFO] [stderr]      Running unittests src/lib.rs (/opt/rustwide/target/debug/deps/engineioxide-0001c2d8c7593cf3)
[INFO] [stdout] 
[INFO] [stdout] running 33 tests
[INFO] [stdout] test config::tests::config_transports ... ok
[INFO] [stdout] test packet::tests::test_binary_packet_deserialize ... ok
[INFO] [stdout] test packet::tests::test_binary_packet_v3 ... ok
[INFO] [stdout] test packet::tests::test_binary_packet ... ok
[INFO] [stdout] test engine::tests::get_socket ... ok
[INFO] [stdout] test engine::tests::create_session ... ok
[INFO] [stdout] test engine::tests::close_session ... ok
[INFO] [stdout] test packet::tests::test_message_packet ... ok
[INFO] [stdout] test packet::tests::test_binary_packet_v3_deserialize ... ok
[INFO] [stdout] test packet::tests::test_message_packet_deserialize ... ok
[INFO] [stdout] test packet::tests::test_open_packet ... ok
[INFO] [stdout] test packet::tests::test_packet_get_size_hint ... ok
[INFO] [stdout] test packet::tests::test_open_packet_deserialize ... ok
[INFO] [stdout] test peekable::tests::peek ... ok
[INFO] [stdout] test service::parser::tests::request_info_websocket ... ok
[INFO] [stdout] test service::parser::tests::request_info_websocket_with_sid ... ok
[INFO] [stdout] test service::parser::tests::unsupported_protocol_version ... ok
[INFO] [stdout] test service::parser::tests::request_info_polling ... ok
[INFO] [stdout] test service::parser::tests::transport_unknown_err ... ok
[INFO] [stdout] test transport::polling::payload::buf::tests::one_long_buf_to_bytes ... ok
[INFO] [stdout] test transport::polling::payload::buf::tests::to_bytes_eq ... ok
[INFO] [stdout] test transport::polling::payload::buf::tests::to_bytes_longer ... ok
[INFO] [stdout] test transport::polling::payload::buf::tests::to_bytes_shorter ... ok
[INFO] [stdout] test service::parser::tests::bad_handshake_method ... ok
[INFO] [stdout] test sid::tests::test_sid_from_str_invalid ... ok
[INFO] [stdout] test transport::polling::payload::decoder::tests::payload_iterator_v4 ... ok
[INFO] [stdout] test sid::tests::test_sid_from_str ... ok
[INFO] [stdout] test transport::polling::payload::encoder::tests::encode_v4_payload ... ok
[INFO] [stdout] test transport::polling::payload::encoder::tests::max_payload_v4 ... ok
[INFO] [stdout] test service::parser::tests::unsupported_transport ... ok
[INFO] [stdout] test transport::polling::payload::decoder::tests::payload_stream_v4 ... ok
[INFO] [stdout] test transport::polling::payload::decoder::tests::max_payload_v4 ... ok
[INFO] [stdout] test transport::polling::payload::buf::tests::buf_to_bytes_too_many - should panic ... ok
[INFO] [stdout] 
[INFO] [stdout] test result: ok. 33 passed; 0 failed; 0 ignored; 0 measured; 0 filtered out; finished in 0.03s
[INFO] [stdout] 
[INFO] [stderr]      Running tests/disconnect_reason.rs (/opt/rustwide/target/debug/deps/disconnect_reason-18b8eeb5392dbdf8)
[INFO] [stdout] 
[INFO] [stdout] running 7 tests
[INFO] [stdout] test ws_packet_parsing ... ok
[INFO] [stdout] test ws_transport_closed ... ok
[INFO] [stdout] test polling_packet_parsing ... ok
[INFO] [stdout] test polling_transport_closed ... ok
[INFO] [stdout] test multiple_http_polling ... ok
[INFO] [stdout] test ws_heartbeat_timeout ... ok
[INFO] [stdout] test polling_heartbeat_timeout ... ok
[INFO] [stdout] 
[INFO] [stdout] test result: ok. 7 passed; 0 failed; 0 ignored; 0 measured; 0 filtered out; finished in 0.49s
[INFO] [stdout] 
[INFO] [stderr]      Running tests/fixture.rs (/opt/rustwide/target/debug/deps/fixture-ab080c31f7029487)
[INFO] [stdout] 
[INFO] [stdout] running 0 tests
[INFO] [stdout] 
[INFO] [stdout] test result: ok. 0 passed; 0 failed; 0 ignored; 0 measured; 0 filtered out; finished in 0.00s
[INFO] [stdout] 
[INFO] [stderr]    Doc-tests engineioxide
[INFO] [stdout] 
[INFO] [stdout] running 10 tests
[INFO] [stdout] test src/layer.rs - layer (line 30) ... FAILED
[INFO] [stdout] test src/lib.rs - (line 106) ... FAILED
[INFO] [stdout] test src/config.rs - config::EngineIoConfigBuilder::max_buffer_size (line 130) ... ok
[INFO] [stdout] test src/service/mod.rs - service (line 31) ... ok
[INFO] [stdout] test src/handler.rs - handler (line 3) ... ok
[INFO] [stdout] test src/config.rs - config (line 3) ... ok
[INFO] [stdout] test src/socket.rs - socket (line 9) ... ok
[INFO] [stdout] test src/service/mod.rs - service (line 4) ... ok
[INFO] [stdout] test src/lib.rs - (line 58) ... ok
[INFO] [stdout] test src/layer.rs - layer (line 4) ... ok
[INFO] [stdout] 
[INFO] [stdout] failures:
[INFO] [stdout] 
[INFO] [stdout] ---- src/layer.rs - layer (line 30) stdout ----
[INFO] [stdout] error[E0599]: no method named `with_hyper_v1` found for struct `EngineIoLayer` in the current scope
[INFO] [stdout]   --> src/layer.rs:48:6
[INFO] [stdout]    |
[INFO] [stdout] 20 |   let layer = EngineIoLayer::new(MyHandler)
[INFO] [stdout]    |  _____________-
[INFO] [stdout] 21 | |     .with_hyper_v1();     // Enable the hyper-v1 compatibility layer for salvo
[INFO] [stdout]    | |     -^^^^^^^^^^^^^ method not found in `EngineIoLayer<MyHandler>`
[INFO] [stdout]    | |_____|
[INFO] [stdout]    | 
[INFO] [stdout] 
[INFO] [stdout] error: aborting due to 1 previous error
[INFO] [stdout] 
[INFO] [stdout] For more information about this error, try `rustc --explain E0599`.
[INFO] [stdout] Couldn't compile the test.
[INFO] [stdout] ---- src/lib.rs - (line 106) stdout ----
[INFO] [stdout] error[E0599]: no method named `with_hyper_v1` found for struct `EngineIoLayer` in the current scope
[INFO] [stdout]   --> src/lib.rs:145:6
[INFO] [stdout]    |
[INFO] [stdout] 41 |   let layer = EngineIoLayer::new(MyHandler::default())
[INFO] [stdout]    |  _____________-
[INFO] [stdout] 42 | |     .with_hyper_v1();     // Enable the hyper-v1 compatibility layer for salvo
[INFO] [stdout]    | |     -^^^^^^^^^^^^^ method not found in `EngineIoLayer<MyHandler>`
[INFO] [stdout]    | |_____|
[INFO] [stdout]    | 
[INFO] [stdout] 
[INFO] [stdout] error: aborting due to 1 previous error
[INFO] [stdout] 
[INFO] [stdout] For more information about this error, try `rustc --explain E0599`.
[INFO] [stdout] Couldn't compile the test.
[INFO] [stdout] 
[INFO] [stdout] failures:
[INFO] [stdout]     src/layer.rs - layer (line 30)
[INFO] [stdout]     src/lib.rs - (line 106)
[INFO] [stdout] 
[INFO] [stdout] test result: FAILED. 8 passed; 2 failed; 0 ignored; 0 measured; 0 filtered out; finished in 2.30s
[INFO] [stdout] 
[INFO] [stderr] error: doctest failed, to rerun pass `--doc`
[INFO] running `Command { std: "docker" "inspect" "3d79dee3bd3cb01f651e24f5305b591ea946382efa9bec9b7cd9c11ea18377dd", kill_on_drop: false }`
[INFO] running `Command { std: "docker" "rm" "-f" "3d79dee3bd3cb01f651e24f5305b591ea946382efa9bec9b7cd9c11ea18377dd", kill_on_drop: false }`
[INFO] [stdout] 3d79dee3bd3cb01f651e24f5305b591ea946382efa9bec9b7cd9c11ea18377dd
