[INFO] fetching crate emp 1.1.0...
[INFO] testing emp-1.1.0 against 1.75.0 for beta-1.76-1
[INFO] extracting crate emp 1.1.0 into /workspace/builds/worker-3-tc1/source
[INFO] validating manifest of crates.io crate emp 1.1.0 on toolchain 1.75.0
[INFO] running `Command { std: CARGO_HOME="/workspace/cargo-home" RUSTUP_HOME="/workspace/rustup-home" "/workspace/cargo-home/bin/cargo" "+1.75.0" "metadata" "--manifest-path" "Cargo.toml" "--no-deps", kill_on_drop: false }`
[INFO] started tweaking crates.io crate emp 1.1.0
[INFO] finished tweaking crates.io crate emp 1.1.0
[INFO] tweaked toml for crates.io crate emp 1.1.0 written to /workspace/builds/worker-3-tc1/source/Cargo.toml
[INFO] crate crates.io crate emp 1.1.0 already has a lockfile, it will not be regenerated
[INFO] running `Command { std: CARGO_HOME="/workspace/cargo-home" RUSTUP_HOME="/workspace/rustup-home" "/workspace/cargo-home/bin/cargo" "+1.75.0" "fetch" "--manifest-path" "Cargo.toml", kill_on_drop: false }`
[INFO] running `Command { std: "docker" "create" "-v" "/var/lib/crater-agent-workspace/builds/worker-3-tc1/target:/opt/rustwide/target:rw,Z" "-v" "/var/lib/crater-agent-workspace/builds/worker-3-tc1/source:/opt/rustwide/workdir:ro,Z" "-v" "/var/lib/crater-agent-workspace/cargo-home:/opt/rustwide/cargo-home:ro,Z" "-v" "/var/lib/crater-agent-workspace/rustup-home:/opt/rustwide/rustup-home:ro,Z" "-e" "SOURCE_DIR=/opt/rustwide/workdir" "-e" "CARGO_TARGET_DIR=/opt/rustwide/target" "-e" "CARGO_HOME=/opt/rustwide/cargo-home" "-e" "RUSTUP_HOME=/opt/rustwide/rustup-home" "-w" "/opt/rustwide/workdir" "-m" "1610612736" "--user" "0:0" "--network" "none" "ghcr.io/rust-lang/crates-build-env/linux@sha256:2788e3201cd34a07e3172128adcd8b3090168a8e3bcc40d7c032b9dda1df7d1c" "/opt/rustwide/cargo-home/bin/cargo" "+1.75.0" "metadata" "--no-deps" "--format-version=1", kill_on_drop: false }`
[INFO] [stdout] f82f41399f53e53f9fdce5db3735e4e2a5393250ef21dbe96eb058c4beec28ee
[INFO] running `Command { std: "docker" "start" "-a" "f82f41399f53e53f9fdce5db3735e4e2a5393250ef21dbe96eb058c4beec28ee", kill_on_drop: false }`
[INFO] running `Command { std: "docker" "inspect" "f82f41399f53e53f9fdce5db3735e4e2a5393250ef21dbe96eb058c4beec28ee", kill_on_drop: false }`
[INFO] running `Command { std: "docker" "rm" "-f" "f82f41399f53e53f9fdce5db3735e4e2a5393250ef21dbe96eb058c4beec28ee", kill_on_drop: false }`
[INFO] [stdout] f82f41399f53e53f9fdce5db3735e4e2a5393250ef21dbe96eb058c4beec28ee
[INFO] running `Command { std: "docker" "create" "-v" "/var/lib/crater-agent-workspace/builds/worker-3-tc1/target:/opt/rustwide/target:rw,Z" "-v" "/var/lib/crater-agent-workspace/builds/worker-3-tc1/source:/opt/rustwide/workdir:ro,Z" "-v" "/var/lib/crater-agent-workspace/cargo-home:/opt/rustwide/cargo-home:ro,Z" "-v" "/var/lib/crater-agent-workspace/rustup-home:/opt/rustwide/rustup-home:ro,Z" "-e" "SOURCE_DIR=/opt/rustwide/workdir" "-e" "CARGO_TARGET_DIR=/opt/rustwide/target" "-e" "CARGO_INCREMENTAL=0" "-e" "RUST_BACKTRACE=full" "-e" "RUSTFLAGS=--cap-lints=warn" "-e" "RUSTDOCFLAGS=--cap-lints=warn" "-e" "CARGO_HOME=/opt/rustwide/cargo-home" "-e" "RUSTUP_HOME=/opt/rustwide/rustup-home" "-w" "/opt/rustwide/workdir" "-m" "1610612736" "--user" "0:0" "--network" "none" "ghcr.io/rust-lang/crates-build-env/linux@sha256:2788e3201cd34a07e3172128adcd8b3090168a8e3bcc40d7c032b9dda1df7d1c" "/opt/rustwide/cargo-home/bin/cargo" "+1.75.0" "build" "--frozen" "--message-format=json", kill_on_drop: false }`
[INFO] [stdout] d71aa399b92af1c715befd94e24a2218828c6525b0035f437912bb68195b0fb8
[INFO] running `Command { std: "docker" "start" "-a" "d71aa399b92af1c715befd94e24a2218828c6525b0035f437912bb68195b0fb8", kill_on_drop: false }`
[INFO] [stderr]    Compiling serde v1.0.130
[INFO] [stderr]    Compiling serde_json v1.0.68
[INFO] [stderr]    Compiling itoa v0.4.8
[INFO] [stderr]    Compiling emp v1.1.0 (/opt/rustwide/workdir)
[INFO] [stderr]     Finished dev [unoptimized + debuginfo] target(s) in 3.86s
[INFO] running `Command { std: "docker" "inspect" "d71aa399b92af1c715befd94e24a2218828c6525b0035f437912bb68195b0fb8", kill_on_drop: false }`
[INFO] running `Command { std: "docker" "rm" "-f" "d71aa399b92af1c715befd94e24a2218828c6525b0035f437912bb68195b0fb8", kill_on_drop: false }`
[INFO] [stdout] d71aa399b92af1c715befd94e24a2218828c6525b0035f437912bb68195b0fb8
[INFO] running `Command { std: "docker" "create" "-v" "/var/lib/crater-agent-workspace/builds/worker-3-tc1/target:/opt/rustwide/target:rw,Z" "-v" "/var/lib/crater-agent-workspace/builds/worker-3-tc1/source:/opt/rustwide/workdir:ro,Z" "-v" "/var/lib/crater-agent-workspace/cargo-home:/opt/rustwide/cargo-home:ro,Z" "-v" "/var/lib/crater-agent-workspace/rustup-home:/opt/rustwide/rustup-home:ro,Z" "-e" "SOURCE_DIR=/opt/rustwide/workdir" "-e" "CARGO_TARGET_DIR=/opt/rustwide/target" "-e" "CARGO_INCREMENTAL=0" "-e" "RUST_BACKTRACE=full" "-e" "RUSTFLAGS=--cap-lints=warn" "-e" "RUSTDOCFLAGS=--cap-lints=warn" "-e" "CARGO_HOME=/opt/rustwide/cargo-home" "-e" "RUSTUP_HOME=/opt/rustwide/rustup-home" "-w" "/opt/rustwide/workdir" "-m" "1610612736" "--user" "0:0" "--network" "none" "ghcr.io/rust-lang/crates-build-env/linux@sha256:2788e3201cd34a07e3172128adcd8b3090168a8e3bcc40d7c032b9dda1df7d1c" "/opt/rustwide/cargo-home/bin/cargo" "+1.75.0" "test" "--frozen" "--no-run" "--message-format=json", kill_on_drop: false }`
[INFO] [stdout] f5affa30d79e8806c7940b7c2f6a5b1c07d9dbedefdd41c05de16d39c5c5fa09
[INFO] running `Command { std: "docker" "start" "-a" "f5affa30d79e8806c7940b7c2f6a5b1c07d9dbedefdd41c05de16d39c5c5fa09", kill_on_drop: false }`
[INFO] [stderr]    Compiling emp v1.1.0 (/opt/rustwide/workdir)
[INFO] [stderr]     Finished test [unoptimized + debuginfo] target(s) in 0.33s
[INFO] running `Command { std: "docker" "inspect" "f5affa30d79e8806c7940b7c2f6a5b1c07d9dbedefdd41c05de16d39c5c5fa09", kill_on_drop: false }`
[INFO] running `Command { std: "docker" "rm" "-f" "f5affa30d79e8806c7940b7c2f6a5b1c07d9dbedefdd41c05de16d39c5c5fa09", kill_on_drop: false }`
[INFO] [stdout] f5affa30d79e8806c7940b7c2f6a5b1c07d9dbedefdd41c05de16d39c5c5fa09
[INFO] running `Command { std: "docker" "create" "-v" "/var/lib/crater-agent-workspace/builds/worker-3-tc1/target:/opt/rustwide/target:rw,Z" "-v" "/var/lib/crater-agent-workspace/builds/worker-3-tc1/source:/opt/rustwide/workdir:ro,Z" "-v" "/var/lib/crater-agent-workspace/cargo-home:/opt/rustwide/cargo-home:ro,Z" "-v" "/var/lib/crater-agent-workspace/rustup-home:/opt/rustwide/rustup-home:ro,Z" "-e" "SOURCE_DIR=/opt/rustwide/workdir" "-e" "CARGO_TARGET_DIR=/opt/rustwide/target" "-e" "CARGO_INCREMENTAL=0" "-e" "RUST_BACKTRACE=full" "-e" "RUSTFLAGS=--cap-lints=warn" "-e" "RUSTDOCFLAGS=--cap-lints=warn" "-e" "CARGO_HOME=/opt/rustwide/cargo-home" "-e" "RUSTUP_HOME=/opt/rustwide/rustup-home" "-w" "/opt/rustwide/workdir" "-m" "1610612736" "--user" "0:0" "--network" "none" "ghcr.io/rust-lang/crates-build-env/linux@sha256:2788e3201cd34a07e3172128adcd8b3090168a8e3bcc40d7c032b9dda1df7d1c" "/opt/rustwide/cargo-home/bin/cargo" "+1.75.0" "test" "--frozen", kill_on_drop: false }`
[INFO] [stdout] 8ea3f56a2d37ea3bcba7259ccb470c72fc1759473412ab4c1b8869810e41a4d5
[INFO] running `Command { std: "docker" "start" "-a" "8ea3f56a2d37ea3bcba7259ccb470c72fc1759473412ab4c1b8869810e41a4d5", kill_on_drop: false }`
[INFO] [stderr]     Finished test [unoptimized + debuginfo] target(s) in 0.00s
[INFO] [stderr]      Running unittests src/lib.rs (/opt/rustwide/target/debug/deps/emp-3990278dd678d29d)
[INFO] [stdout] 
[INFO] [stdout] running 0 tests
[INFO] [stdout] 
[INFO] [stdout] test result: ok. 0 passed; 0 failed; 0 ignored; 0 measured; 0 filtered out; finished in 0.00s
[INFO] [stdout] 
[INFO] [stderr]      Running unittests src/main.rs (/opt/rustwide/target/debug/deps/emp-b566f0d0859b471e)
[INFO] [stdout] 
[INFO] [stdout] running 0 tests
[INFO] [stdout] 
[INFO] [stdout] test result: ok. 0 passed; 0 failed; 0 ignored; 0 measured; 0 filtered out; finished in 0.00s
[INFO] [stdout] 
[INFO] [stderr]    Doc-tests emp
[INFO] [stdout] 
[INFO] [stdout] running 3 tests
[INFO] [stdout] test src/lib.rs - (line 55) ... FAILED
[INFO] [stdout] test src/lib.rs - (line 11) ... ok
[INFO] [stdout] test src/lib.rs - (line 38) ... ok
[INFO] [stdout] 
[INFO] [stdout] failures:
[INFO] [stdout] 
[INFO] [stdout] ---- src/lib.rs - (line 55) stdout ----
[INFO] [stdout] error[E0433]: failed to resolve: use of undeclared crate or module `value`
[INFO] [stdout]  --> src/lib.rs:60:20
[INFO] [stdout]   |
[INFO] [stdout] 7 |    InvalidKeyError(value::Value),
[INFO] [stdout]   |                    ^^^^^ use of undeclared crate or module `value`
[INFO] [stdout]   |
[INFO] [stdout] help: consider importing one of these items
[INFO] [stdout]   |
[INFO] [stdout] 2 + use emp::value;
[INFO] [stdout]   |
[INFO] [stdout] 2 + use serde_json::value;
[INFO] [stdout]   |
[INFO] [stdout] 
[INFO] [stdout] error: aborting due to previous error
[INFO] [stdout] 
[INFO] [stdout] For more information about this error, try `rustc --explain E0433`.
[INFO] [stdout] Couldn't compile the test.
[INFO] [stdout] 
[INFO] [stdout] failures:
[INFO] [stdout]     src/lib.rs - (line 55)
[INFO] [stdout] 
[INFO] [stdout] test result: FAILED. 2 passed; 1 failed; 0 ignored; 0 measured; 0 filtered out; finished in 0.14s
[INFO] [stdout] 
[INFO] [stderr] error: doctest failed, to rerun pass `--doc`
[INFO] running `Command { std: "docker" "inspect" "8ea3f56a2d37ea3bcba7259ccb470c72fc1759473412ab4c1b8869810e41a4d5", kill_on_drop: false }`
[INFO] running `Command { std: "docker" "rm" "-f" "8ea3f56a2d37ea3bcba7259ccb470c72fc1759473412ab4c1b8869810e41a4d5", kill_on_drop: false }`
[INFO] [stdout] 8ea3f56a2d37ea3bcba7259ccb470c72fc1759473412ab4c1b8869810e41a4d5
[INFO] testing emp-1.1.0 against beta-2023-12-22 for beta-1.76-1
[INFO] extracting crate emp 1.1.0 into /workspace/builds/worker-3-tc2/source
[INFO] validating manifest of crates.io crate emp 1.1.0 on toolchain beta-2023-12-22
[INFO] running `Command { std: CARGO_HOME="/workspace/cargo-home" RUSTUP_HOME="/workspace/rustup-home" "/workspace/cargo-home/bin/cargo" "+beta-2023-12-22" "metadata" "--manifest-path" "Cargo.toml" "--no-deps", kill_on_drop: false }`
[INFO] started tweaking crates.io crate emp 1.1.0
[INFO] finished tweaking crates.io crate emp 1.1.0
[INFO] tweaked toml for crates.io crate emp 1.1.0 written to /workspace/builds/worker-3-tc2/source/Cargo.toml
[INFO] crate crates.io crate emp 1.1.0 already has a lockfile, it will not be regenerated
[INFO] running `Command { std: CARGO_HOME="/workspace/cargo-home" RUSTUP_HOME="/workspace/rustup-home" "/workspace/cargo-home/bin/cargo" "+beta-2023-12-22" "fetch" "--manifest-path" "Cargo.toml", kill_on_drop: false }`
[INFO] running `Command { std: "docker" "create" "-v" "/var/lib/crater-agent-workspace/builds/worker-3-tc2/target:/opt/rustwide/target:rw,Z" "-v" "/var/lib/crater-agent-workspace/builds/worker-3-tc2/source:/opt/rustwide/workdir:ro,Z" "-v" "/var/lib/crater-agent-workspace/cargo-home:/opt/rustwide/cargo-home:ro,Z" "-v" "/var/lib/crater-agent-workspace/rustup-home:/opt/rustwide/rustup-home:ro,Z" "-e" "SOURCE_DIR=/opt/rustwide/workdir" "-e" "CARGO_TARGET_DIR=/opt/rustwide/target" "-e" "CARGO_HOME=/opt/rustwide/cargo-home" "-e" "RUSTUP_HOME=/opt/rustwide/rustup-home" "-w" "/opt/rustwide/workdir" "-m" "1610612736" "--user" "0:0" "--network" "none" "ghcr.io/rust-lang/crates-build-env/linux@sha256:2788e3201cd34a07e3172128adcd8b3090168a8e3bcc40d7c032b9dda1df7d1c" "/opt/rustwide/cargo-home/bin/cargo" "+beta-2023-12-22" "metadata" "--no-deps" "--format-version=1", kill_on_drop: false }`
[INFO] [stdout] 4da9d8d07ac76d892bafcbf4be1cb7d886553424ad03b0d2640695e2952d3865
[INFO] running `Command { std: "docker" "start" "-a" "4da9d8d07ac76d892bafcbf4be1cb7d886553424ad03b0d2640695e2952d3865", kill_on_drop: false }`
[INFO] running `Command { std: "docker" "inspect" "4da9d8d07ac76d892bafcbf4be1cb7d886553424ad03b0d2640695e2952d3865", kill_on_drop: false }`
[INFO] running `Command { std: "docker" "rm" "-f" "4da9d8d07ac76d892bafcbf4be1cb7d886553424ad03b0d2640695e2952d3865", kill_on_drop: false }`
[INFO] [stdout] 4da9d8d07ac76d892bafcbf4be1cb7d886553424ad03b0d2640695e2952d3865
[INFO] running `Command { std: "docker" "create" "-v" "/var/lib/crater-agent-workspace/builds/worker-3-tc2/target:/opt/rustwide/target:rw,Z" "-v" "/var/lib/crater-agent-workspace/builds/worker-3-tc2/source:/opt/rustwide/workdir:ro,Z" "-v" "/var/lib/crater-agent-workspace/cargo-home:/opt/rustwide/cargo-home:ro,Z" "-v" "/var/lib/crater-agent-workspace/rustup-home:/opt/rustwide/rustup-home:ro,Z" "-e" "SOURCE_DIR=/opt/rustwide/workdir" "-e" "CARGO_TARGET_DIR=/opt/rustwide/target" "-e" "CARGO_INCREMENTAL=0" "-e" "RUST_BACKTRACE=full" "-e" "RUSTFLAGS=--cap-lints=warn" "-e" "RUSTDOCFLAGS=--cap-lints=warn" "-e" "CARGO_HOME=/opt/rustwide/cargo-home" "-e" "RUSTUP_HOME=/opt/rustwide/rustup-home" "-w" "/opt/rustwide/workdir" "-m" "1610612736" "--user" "0:0" "--network" "none" "ghcr.io/rust-lang/crates-build-env/linux@sha256:2788e3201cd34a07e3172128adcd8b3090168a8e3bcc40d7c032b9dda1df7d1c" "/opt/rustwide/cargo-home/bin/cargo" "+beta-2023-12-22" "build" "--frozen" "--message-format=json", kill_on_drop: false }`
[INFO] [stdout] 4add25a91fdb5259c426c1f9dac91323f6e3939442eda5a47c74ba10a2e81c09
[INFO] running `Command { std: "docker" "start" "-a" "4add25a91fdb5259c426c1f9dac91323f6e3939442eda5a47c74ba10a2e81c09", kill_on_drop: false }`
[INFO] [stderr]    Compiling serde v1.0.130
[INFO] [stderr]    Compiling serde_json v1.0.68
[INFO] [stderr]    Compiling itoa v0.4.8
[INFO] [stderr]    Compiling emp v1.1.0 (/opt/rustwide/workdir)
[INFO] [stderr]     Finished dev [unoptimized + debuginfo] target(s) in 4.62s
[INFO] running `Command { std: "docker" "inspect" "4add25a91fdb5259c426c1f9dac91323f6e3939442eda5a47c74ba10a2e81c09", kill_on_drop: false }`
[INFO] running `Command { std: "docker" "rm" "-f" "4add25a91fdb5259c426c1f9dac91323f6e3939442eda5a47c74ba10a2e81c09", kill_on_drop: false }`
[INFO] [stdout] 4add25a91fdb5259c426c1f9dac91323f6e3939442eda5a47c74ba10a2e81c09
[INFO] running `Command { std: "docker" "create" "-v" "/var/lib/crater-agent-workspace/builds/worker-3-tc2/target:/opt/rustwide/target:rw,Z" "-v" "/var/lib/crater-agent-workspace/builds/worker-3-tc2/source:/opt/rustwide/workdir:ro,Z" "-v" "/var/lib/crater-agent-workspace/cargo-home:/opt/rustwide/cargo-home:ro,Z" "-v" "/var/lib/crater-agent-workspace/rustup-home:/opt/rustwide/rustup-home:ro,Z" "-e" "SOURCE_DIR=/opt/rustwide/workdir" "-e" "CARGO_TARGET_DIR=/opt/rustwide/target" "-e" "CARGO_INCREMENTAL=0" "-e" "RUST_BACKTRACE=full" "-e" "RUSTFLAGS=--cap-lints=warn" "-e" "RUSTDOCFLAGS=--cap-lints=warn" "-e" "CARGO_HOME=/opt/rustwide/cargo-home" "-e" "RUSTUP_HOME=/opt/rustwide/rustup-home" "-w" "/opt/rustwide/workdir" "-m" "1610612736" "--user" "0:0" "--network" "none" "ghcr.io/rust-lang/crates-build-env/linux@sha256:2788e3201cd34a07e3172128adcd8b3090168a8e3bcc40d7c032b9dda1df7d1c" "/opt/rustwide/cargo-home/bin/cargo" "+beta-2023-12-22" "test" "--frozen" "--no-run" "--message-format=json", kill_on_drop: false }`
[INFO] [stdout] 55c8e7b306329616e61864c150f6e451de069ed1c3f931487dae8ad628522efe
[INFO] running `Command { std: "docker" "start" "-a" "55c8e7b306329616e61864c150f6e451de069ed1c3f931487dae8ad628522efe", kill_on_drop: false }`
[INFO] [stderr]    Compiling emp v1.1.0 (/opt/rustwide/workdir)
[INFO] [stderr]     Finished test [unoptimized + debuginfo] target(s) in 0.31s
[INFO] running `Command { std: "docker" "inspect" "55c8e7b306329616e61864c150f6e451de069ed1c3f931487dae8ad628522efe", kill_on_drop: false }`
[INFO] running `Command { std: "docker" "rm" "-f" "55c8e7b306329616e61864c150f6e451de069ed1c3f931487dae8ad628522efe", kill_on_drop: false }`
[INFO] [stdout] 55c8e7b306329616e61864c150f6e451de069ed1c3f931487dae8ad628522efe
[INFO] running `Command { std: "docker" "create" "-v" "/var/lib/crater-agent-workspace/builds/worker-3-tc2/target:/opt/rustwide/target:rw,Z" "-v" "/var/lib/crater-agent-workspace/builds/worker-3-tc2/source:/opt/rustwide/workdir:ro,Z" "-v" "/var/lib/crater-agent-workspace/cargo-home:/opt/rustwide/cargo-home:ro,Z" "-v" "/var/lib/crater-agent-workspace/rustup-home:/opt/rustwide/rustup-home:ro,Z" "-e" "SOURCE_DIR=/opt/rustwide/workdir" "-e" "CARGO_TARGET_DIR=/opt/rustwide/target" "-e" "CARGO_INCREMENTAL=0" "-e" "RUST_BACKTRACE=full" "-e" "RUSTFLAGS=--cap-lints=warn" "-e" "RUSTDOCFLAGS=--cap-lints=warn" "-e" "CARGO_HOME=/opt/rustwide/cargo-home" "-e" "RUSTUP_HOME=/opt/rustwide/rustup-home" "-w" "/opt/rustwide/workdir" "-m" "1610612736" "--user" "0:0" "--network" "none" "ghcr.io/rust-lang/crates-build-env/linux@sha256:2788e3201cd34a07e3172128adcd8b3090168a8e3bcc40d7c032b9dda1df7d1c" "/opt/rustwide/cargo-home/bin/cargo" "+beta-2023-12-22" "test" "--frozen", kill_on_drop: false }`
[INFO] [stdout] aa88a7813053d03dad3920a96ccf48897fe99a1af45c74ce887ef93e23508535
[INFO] running `Command { std: "docker" "start" "-a" "aa88a7813053d03dad3920a96ccf48897fe99a1af45c74ce887ef93e23508535", kill_on_drop: false }`
[INFO] [stderr]     Finished test [unoptimized + debuginfo] target(s) in 0.01s
[INFO] [stderr]      Running unittests src/lib.rs (/opt/rustwide/target/debug/deps/emp-e29101cd7ad6fcb7)
[INFO] [stdout] 
[INFO] [stdout] running 0 tests
[INFO] [stdout] 
[INFO] [stdout] test result: ok. 0 passed; 0 failed; 0 ignored; 0 measured; 0 filtered out; finished in 0.00s
[INFO] [stdout] 
[INFO] [stderr]      Running unittests src/main.rs (/opt/rustwide/target/debug/deps/emp-7132c730120a6a32)
[INFO] [stdout] 
[INFO] [stdout] running 0 tests
[INFO] [stdout] 
[INFO] [stdout] test result: ok. 0 passed; 0 failed; 0 ignored; 0 measured; 0 filtered out; finished in 0.00s
[INFO] [stdout] 
[INFO] [stderr]    Doc-tests emp
[INFO] [stdout] 
[INFO] [stdout] running 3 tests
[INFO] [stdout] test src/lib.rs - (line 55) ... FAILED
[INFO] [stdout] test src/lib.rs - (line 38) ... ok
[INFO] [stdout] test src/lib.rs - (line 11) ... ok
[INFO] [stdout] 
[INFO] [stdout] failures:
[INFO] [stdout] 
[INFO] [stdout] ---- src/lib.rs - (line 55) stdout ----
[INFO] [stdout] error[E0433]: failed to resolve: use of undeclared crate or module `value`
[INFO] [stdout]  --> src/lib.rs:60:20
[INFO] [stdout]   |
[INFO] [stdout] 7 |    InvalidKeyError(value::Value),
[INFO] [stdout]   |                    ^^^^^ use of undeclared crate or module `value`
[INFO] [stdout]   |
[INFO] [stdout] help: consider importing one of these items
[INFO] [stdout]   |
[INFO] [stdout] 2 + use emp::value;
[INFO] [stdout]   |
[INFO] [stdout] 2 + use serde_json::value;
[INFO] [stdout]   |
[INFO] [stdout] 
[INFO] [stdout] error: aborting due to 1 previous error
[INFO] [stdout] 
[INFO] [stdout] For more information about this error, try `rustc --explain E0433`.
[INFO] [stdout] Couldn't compile the test.
[INFO] [stdout] 
[INFO] [stdout] failures:
[INFO] [stdout]     src/lib.rs - (line 55)
[INFO] [stdout] 
[INFO] [stdout] test result: FAILED. 2 passed; 1 failed; 0 ignored; 0 measured; 0 filtered out; finished in 0.15s
[INFO] [stdout] 
[INFO] [stderr] error: doctest failed, to rerun pass `--doc`
[INFO] running `Command { std: "docker" "inspect" "aa88a7813053d03dad3920a96ccf48897fe99a1af45c74ce887ef93e23508535", kill_on_drop: false }`
[INFO] running `Command { std: "docker" "rm" "-f" "aa88a7813053d03dad3920a96ccf48897fe99a1af45c74ce887ef93e23508535", kill_on_drop: false }`
[INFO] [stdout] aa88a7813053d03dad3920a96ccf48897fe99a1af45c74ce887ef93e23508535
