[INFO] fetching crate embedded-fps 0.1.0...
[INFO] testing embedded-fps-0.1.0 against 1.75.0 for beta-1.76-1
[INFO] extracting crate embedded-fps 0.1.0 into /workspace/builds/worker-7-tc1/source
[INFO] validating manifest of crates.io crate embedded-fps 0.1.0 on toolchain 1.75.0
[INFO] running `Command { std: CARGO_HOME="/workspace/cargo-home" RUSTUP_HOME="/workspace/rustup-home" "/workspace/cargo-home/bin/cargo" "+1.75.0" "metadata" "--manifest-path" "Cargo.toml" "--no-deps", kill_on_drop: false }`
[INFO] started tweaking crates.io crate embedded-fps 0.1.0
[INFO] removed 0 missing examples
[INFO] finished tweaking crates.io crate embedded-fps 0.1.0
[INFO] tweaked toml for crates.io crate embedded-fps 0.1.0 written to /workspace/builds/worker-7-tc1/source/Cargo.toml
[INFO] crate crates.io crate embedded-fps 0.1.0 already has a lockfile, it will not be regenerated
[INFO] running `Command { std: CARGO_HOME="/workspace/cargo-home" RUSTUP_HOME="/workspace/rustup-home" "/workspace/cargo-home/bin/cargo" "+1.75.0" "fetch" "--manifest-path" "Cargo.toml", kill_on_drop: false }`
[INFO] [stderr]     Updating crates.io index
[INFO] [stderr]  Downloading crates ...
[INFO] [stderr]   Downloaded critical-section v0.2.7
[INFO] [stderr]   Downloaded riscv-target v0.1.2
[INFO] [stderr]   Downloaded volatile-register v0.2.1
[INFO] [stderr]   Downloaded atomic-polyfill v0.1.8
[INFO] [stderr]   Downloaded bare-metal v1.0.0
[INFO] [stderr]   Downloaded az v1.2.0
[INFO] [stderr]   Downloaded weezl v0.1.6
[INFO] [stderr]   Downloaded embedded-time v0.12.1
[INFO] [stderr]   Downloaded riscv v0.7.0
[INFO] [stderr]   Downloaded embedded-graphics v0.7.1
[INFO] [stderr]   Downloaded sdl2 v0.32.2
[INFO] [stderr]   Downloaded micromath v1.1.1
[INFO] [stderr]   Downloaded sdl2-sys v0.32.6
[INFO] [stderr]   Downloaded cortex-m v0.7.5
[INFO] [stderr]   Downloaded heapless v0.7.14
[INFO] [stderr]   Downloaded embedded-graphics-core v0.3.3
[INFO] [stderr]   Downloaded bit_field v0.10.1
[INFO] [stderr]   Downloaded embedded-graphics-simulator v0.3.0
[INFO] [stderr]   Downloaded semver v1.0.10
[INFO] running `Command { std: "docker" "create" "-v" "/var/lib/crater-agent-workspace/builds/worker-7-tc1/target:/opt/rustwide/target:rw,Z" "-v" "/var/lib/crater-agent-workspace/builds/worker-7-tc1/source:/opt/rustwide/workdir:ro,Z" "-v" "/var/lib/crater-agent-workspace/cargo-home:/opt/rustwide/cargo-home:ro,Z" "-v" "/var/lib/crater-agent-workspace/rustup-home:/opt/rustwide/rustup-home:ro,Z" "-e" "SOURCE_DIR=/opt/rustwide/workdir" "-e" "CARGO_TARGET_DIR=/opt/rustwide/target" "-e" "CARGO_HOME=/opt/rustwide/cargo-home" "-e" "RUSTUP_HOME=/opt/rustwide/rustup-home" "-w" "/opt/rustwide/workdir" "-m" "1610612736" "--user" "0:0" "--network" "none" "ghcr.io/rust-lang/crates-build-env/linux@sha256:2788e3201cd34a07e3172128adcd8b3090168a8e3bcc40d7c032b9dda1df7d1c" "/opt/rustwide/cargo-home/bin/cargo" "+1.75.0" "metadata" "--no-deps" "--format-version=1", kill_on_drop: false }`
[INFO] [stdout] f6efe4a6d71939ffd8580bd5952c48bd8b6cb2bbca7d426eea07d16e9f8d8dfd
[INFO] running `Command { std: "docker" "start" "-a" "f6efe4a6d71939ffd8580bd5952c48bd8b6cb2bbca7d426eea07d16e9f8d8dfd", kill_on_drop: false }`
[INFO] running `Command { std: "docker" "inspect" "f6efe4a6d71939ffd8580bd5952c48bd8b6cb2bbca7d426eea07d16e9f8d8dfd", kill_on_drop: false }`
[INFO] running `Command { std: "docker" "rm" "-f" "f6efe4a6d71939ffd8580bd5952c48bd8b6cb2bbca7d426eea07d16e9f8d8dfd", kill_on_drop: false }`
[INFO] [stdout] f6efe4a6d71939ffd8580bd5952c48bd8b6cb2bbca7d426eea07d16e9f8d8dfd
[INFO] running `Command { std: "docker" "create" "-v" "/var/lib/crater-agent-workspace/builds/worker-7-tc1/target:/opt/rustwide/target:rw,Z" "-v" "/var/lib/crater-agent-workspace/builds/worker-7-tc1/source:/opt/rustwide/workdir:ro,Z" "-v" "/var/lib/crater-agent-workspace/cargo-home:/opt/rustwide/cargo-home:ro,Z" "-v" "/var/lib/crater-agent-workspace/rustup-home:/opt/rustwide/rustup-home:ro,Z" "-e" "SOURCE_DIR=/opt/rustwide/workdir" "-e" "CARGO_TARGET_DIR=/opt/rustwide/target" "-e" "CARGO_INCREMENTAL=0" "-e" "RUST_BACKTRACE=full" "-e" "RUSTFLAGS=--cap-lints=warn" "-e" "RUSTDOCFLAGS=--cap-lints=warn" "-e" "CARGO_HOME=/opt/rustwide/cargo-home" "-e" "RUSTUP_HOME=/opt/rustwide/rustup-home" "-w" "/opt/rustwide/workdir" "-m" "1610612736" "--user" "0:0" "--network" "none" "ghcr.io/rust-lang/crates-build-env/linux@sha256:2788e3201cd34a07e3172128adcd8b3090168a8e3bcc40d7c032b9dda1df7d1c" "/opt/rustwide/cargo-home/bin/cargo" "+1.75.0" "build" "--frozen" "--message-format=json", kill_on_drop: false }`
[INFO] [stdout] ac82e9e225fda95693cddf7f13b3d115d1bb9b086f0758a5517e4b56f53cf788
[INFO] running `Command { std: "docker" "start" "-a" "ac82e9e225fda95693cddf7f13b3d115d1bb9b086f0758a5517e4b56f53cf788", kill_on_drop: false }`
[INFO] [stderr]    Compiling num-traits v0.2.15
[INFO] [stderr]    Compiling num-integer v0.1.45
[INFO] [stderr]    Compiling semver v1.0.10
[INFO] [stderr]    Compiling num-iter v0.1.43
[INFO] [stderr]    Compiling lock_api v0.4.7
[INFO] [stderr]    Compiling num-rational v0.3.2
[INFO] [stderr]    Compiling byteorder v1.4.3
[INFO] [stderr]    Compiling stable_deref_trait v1.2.0
[INFO] [stderr]    Compiling hash32 v0.2.1
[INFO] [stderr]    Compiling spin v0.9.3
[INFO] [stderr]    Compiling rustc_version v0.4.0
[INFO] [stderr]    Compiling heapless v0.7.14
[INFO] [stderr]    Compiling num-complex v0.3.1
[INFO] [stderr]    Compiling num v0.3.1
[INFO] [stderr]    Compiling embedded-time v0.12.1
[INFO] [stderr]    Compiling embedded-fps v0.1.0 (/opt/rustwide/workdir)
[INFO] [stderr]     Finished dev [unoptimized + debuginfo] target(s) in 3.07s
[INFO] running `Command { std: "docker" "inspect" "ac82e9e225fda95693cddf7f13b3d115d1bb9b086f0758a5517e4b56f53cf788", kill_on_drop: false }`
[INFO] running `Command { std: "docker" "rm" "-f" "ac82e9e225fda95693cddf7f13b3d115d1bb9b086f0758a5517e4b56f53cf788", kill_on_drop: false }`
[INFO] [stdout] ac82e9e225fda95693cddf7f13b3d115d1bb9b086f0758a5517e4b56f53cf788
[INFO] running `Command { std: "docker" "create" "-v" "/var/lib/crater-agent-workspace/builds/worker-7-tc1/target:/opt/rustwide/target:rw,Z" "-v" "/var/lib/crater-agent-workspace/builds/worker-7-tc1/source:/opt/rustwide/workdir:ro,Z" "-v" "/var/lib/crater-agent-workspace/cargo-home:/opt/rustwide/cargo-home:ro,Z" "-v" "/var/lib/crater-agent-workspace/rustup-home:/opt/rustwide/rustup-home:ro,Z" "-e" "SOURCE_DIR=/opt/rustwide/workdir" "-e" "CARGO_TARGET_DIR=/opt/rustwide/target" "-e" "CARGO_INCREMENTAL=0" "-e" "RUST_BACKTRACE=full" "-e" "RUSTFLAGS=--cap-lints=warn" "-e" "RUSTDOCFLAGS=--cap-lints=warn" "-e" "CARGO_HOME=/opt/rustwide/cargo-home" "-e" "RUSTUP_HOME=/opt/rustwide/rustup-home" "-w" "/opt/rustwide/workdir" "-m" "1610612736" "--user" "0:0" "--network" "none" "ghcr.io/rust-lang/crates-build-env/linux@sha256:2788e3201cd34a07e3172128adcd8b3090168a8e3bcc40d7c032b9dda1df7d1c" "/opt/rustwide/cargo-home/bin/cargo" "+1.75.0" "test" "--frozen" "--no-run" "--message-format=json", kill_on_drop: false }`
[INFO] [stdout] c91eceac97c49cd9973254795c885f3483e2c81b5b59a7d1f32a8897fa626fba
[INFO] running `Command { std: "docker" "start" "-a" "c91eceac97c49cd9973254795c885f3483e2c81b5b59a7d1f32a8897fa626fba", kill_on_drop: false }`
[INFO] [stderr]    Compiling libc v0.2.126
[INFO] [stderr]    Compiling autocfg v0.1.8
[INFO] [stderr]    Compiling rand_core v0.4.2
[INFO] [stderr]    Compiling crossbeam-utils v0.8.8
[INFO] [stderr]    Compiling num-iter v0.1.43
[INFO] [stderr]    Compiling crossbeam-epoch v0.9.8
[INFO] [stderr]    Compiling rayon-core v1.9.3
[INFO] [stderr]    Compiling rayon v1.5.3
[INFO] [stderr]    Compiling cfg-if v0.1.10
[INFO] [stderr]    Compiling rand_core v0.3.1
[INFO] [stderr]    Compiling sdl2-sys v0.32.6
[INFO] [stderr]    Compiling rand_pcg v0.1.2
[INFO] [stderr]    Compiling rand_chacha v0.1.1
[INFO] [stderr]    Compiling num-rational v0.3.2
[INFO] [stderr]    Compiling miniz_oxide v0.4.4
[INFO] [stderr]    Compiling az v1.2.0
[INFO] [stderr]    Compiling adler32 v1.2.0
[INFO] [stderr]    Compiling either v1.6.1
[INFO] [stderr]    Compiling crossbeam-channel v0.5.4
[INFO] [stderr]    Compiling rand v0.6.5
[INFO] [stderr]    Compiling crossbeam-deque v0.8.1
[INFO] [stderr]    Compiling weezl v0.1.6
[INFO] [stderr]    Compiling deflate v0.8.6
[INFO] [stderr]    Compiling num_cpus v1.13.1
[INFO] [stderr]    Compiling rand_os v0.1.3
[INFO] [stderr]    Compiling miniz_oxide v0.3.7
[INFO] [stderr]    Compiling rand_isaac v0.1.1
[INFO] [stderr]    Compiling rand_xorshift v0.1.1
[INFO] [stderr]    Compiling rand_hc v0.1.0
[INFO] [stderr]    Compiling rand_jitter v0.1.4
[INFO] [stderr]    Compiling num-complex v0.3.1
[INFO] [stderr]    Compiling sdl2 v0.32.2
[INFO] [stderr]    Compiling color_quant v1.1.0
[INFO] [stderr]    Compiling gif v0.11.3
[INFO] [stderr]    Compiling embedded-graphics-core v0.3.3
[INFO] [stderr]    Compiling png v0.16.8
[INFO] [stderr]    Compiling num v0.3.1
[INFO] [stderr]    Compiling num v0.1.42
[INFO] [stderr]    Compiling hash32 v0.2.1
[INFO] [stderr]    Compiling float-cmp v0.8.0
[INFO] [stderr]    Compiling scoped_threadpool v0.1.9
[INFO] [stderr]    Compiling micromath v1.1.1
[INFO] [stderr]    Compiling bytemuck v1.9.1
[INFO] [stderr]    Compiling embedded-graphics v0.7.1
[INFO] [stderr]    Compiling heapless v0.7.14
[INFO] [stderr]    Compiling embedded-time v0.12.1
[INFO] [stderr]    Compiling jpeg-decoder v0.1.22
[INFO] [stderr]    Compiling embedded-fps v0.1.0 (/opt/rustwide/workdir)
[INFO] [stderr]    Compiling tiff v0.6.1
[INFO] [stderr]    Compiling image v0.23.14
[INFO] [stderr]    Compiling embedded-graphics-simulator v0.3.0
[INFO] [stderr]     Finished test [unoptimized + debuginfo] target(s) in 17.70s
[INFO] running `Command { std: "docker" "inspect" "c91eceac97c49cd9973254795c885f3483e2c81b5b59a7d1f32a8897fa626fba", kill_on_drop: false }`
[INFO] running `Command { std: "docker" "rm" "-f" "c91eceac97c49cd9973254795c885f3483e2c81b5b59a7d1f32a8897fa626fba", kill_on_drop: false }`
[INFO] [stdout] c91eceac97c49cd9973254795c885f3483e2c81b5b59a7d1f32a8897fa626fba
[INFO] running `Command { std: "docker" "create" "-v" "/var/lib/crater-agent-workspace/builds/worker-7-tc1/target:/opt/rustwide/target:rw,Z" "-v" "/var/lib/crater-agent-workspace/builds/worker-7-tc1/source:/opt/rustwide/workdir:ro,Z" "-v" "/var/lib/crater-agent-workspace/cargo-home:/opt/rustwide/cargo-home:ro,Z" "-v" "/var/lib/crater-agent-workspace/rustup-home:/opt/rustwide/rustup-home:ro,Z" "-e" "SOURCE_DIR=/opt/rustwide/workdir" "-e" "CARGO_TARGET_DIR=/opt/rustwide/target" "-e" "CARGO_INCREMENTAL=0" "-e" "RUST_BACKTRACE=full" "-e" "RUSTFLAGS=--cap-lints=warn" "-e" "RUSTDOCFLAGS=--cap-lints=warn" "-e" "CARGO_HOME=/opt/rustwide/cargo-home" "-e" "RUSTUP_HOME=/opt/rustwide/rustup-home" "-w" "/opt/rustwide/workdir" "-m" "1610612736" "--user" "0:0" "--network" "none" "ghcr.io/rust-lang/crates-build-env/linux@sha256:2788e3201cd34a07e3172128adcd8b3090168a8e3bcc40d7c032b9dda1df7d1c" "/opt/rustwide/cargo-home/bin/cargo" "+1.75.0" "test" "--frozen", kill_on_drop: false }`
[INFO] [stdout] dcb9c291899888cff8fcb729c498142f2f83d0ba1016b1b63cd82a04aceaeef2
[INFO] running `Command { std: "docker" "start" "-a" "dcb9c291899888cff8fcb729c498142f2f83d0ba1016b1b63cd82a04aceaeef2", kill_on_drop: false }`
[INFO] [stderr]     Finished test [unoptimized + debuginfo] target(s) in 0.08s
[INFO] [stderr]      Running unittests src/lib.rs (/opt/rustwide/target/debug/deps/embedded_fps-ccfe53eb543e91cb)
[INFO] [stdout] 
[INFO] [stdout] running 0 tests
[INFO] [stdout] 
[INFO] [stdout] test result: ok. 0 passed; 0 failed; 0 ignored; 0 measured; 0 filtered out; finished in 0.00s
[INFO] [stdout] 
[INFO] [stderr]    Doc-tests embedded-fps
[INFO] [stdout] 
[INFO] [stdout] running 2 tests
[INFO] [stdout] test src/lib.rs - (line 49) - compile ... FAILED
[INFO] [stdout] test src/lib.rs - (line 16) ... FAILED
[INFO] [stdout] 
[INFO] [stdout] failures:
[INFO] [stdout] 
[INFO] [stdout] ---- src/lib.rs - (line 49) stdout ----
[INFO] [stdout] error[E0432]: unresolved import `embedded_fps::StdClock`
[INFO] [stdout]    --> src/lib.rs:51:20
[INFO] [stdout]     |
[INFO] [stdout] 4   | use embedded_fps::{StdClock, FPS};
[INFO] [stdout]     |                    ^^^^^^^^ no `StdClock` in the root
[INFO] [stdout]     |
[INFO] [stdout] note: found an item that was configured out
[INFO] [stdout]    --> /opt/rustwide/workdir/src/lib.rs:130:20
[INFO] [stdout]     |
[INFO] [stdout] 130 | pub use std_clock::StdClock;
[INFO] [stdout]     |                    ^^^^^^^^
[INFO] [stdout]     = note: the item is gated behind the `std` feature
[INFO] [stdout] 
[INFO] [stdout] error: aborting due to previous error
[INFO] [stdout] 
[INFO] [stdout] For more information about this error, try `rustc --explain E0432`.
[INFO] [stdout] Couldn't compile the test.
[INFO] [stdout] ---- src/lib.rs - (line 16) stdout ----
[INFO] [stdout] error[E0432]: unresolved import `embedded_fps::StdClock`
[INFO] [stdout]    --> src/lib.rs:18:25
[INFO] [stdout]     |
[INFO] [stdout] 5   | use embedded_fps::{FPS, StdClock};
[INFO] [stdout]     |                         ^^^^^^^^ no `StdClock` in the root
[INFO] [stdout]     |
[INFO] [stdout] note: found an item that was configured out
[INFO] [stdout]    --> /opt/rustwide/workdir/src/lib.rs:130:20
[INFO] [stdout]     |
[INFO] [stdout] 130 | pub use std_clock::StdClock;
[INFO] [stdout]     |                    ^^^^^^^^
[INFO] [stdout]     = note: the item is gated behind the `std` feature
[INFO] [stdout] 
[INFO] [stdout] error: aborting due to previous error
[INFO] [stdout] 
[INFO] [stdout] For more information about this error, try `rustc --explain E0432`.
[INFO] [stdout] Couldn't compile the test.
[INFO] [stdout] 
[INFO] [stdout] failures:
[INFO] [stdout]     src/lib.rs - (line 16)
[INFO] [stdout]     src/lib.rs - (line 49)
[INFO] [stdout] 
[INFO] [stdout] test result: FAILED. 0 passed; 2 failed; 0 ignored; 0 measured; 0 filtered out; finished in 0.13s
[INFO] [stdout] 
[INFO] [stderr] error: doctest failed, to rerun pass `--doc`
[INFO] running `Command { std: "docker" "inspect" "dcb9c291899888cff8fcb729c498142f2f83d0ba1016b1b63cd82a04aceaeef2", kill_on_drop: false }`
[INFO] running `Command { std: "docker" "rm" "-f" "dcb9c291899888cff8fcb729c498142f2f83d0ba1016b1b63cd82a04aceaeef2", kill_on_drop: false }`
[INFO] [stdout] dcb9c291899888cff8fcb729c498142f2f83d0ba1016b1b63cd82a04aceaeef2
[INFO] testing embedded-fps-0.1.0 against beta-2023-12-22 for beta-1.76-1
[INFO] extracting crate embedded-fps 0.1.0 into /workspace/builds/worker-7-tc2/source
[INFO] validating manifest of crates.io crate embedded-fps 0.1.0 on toolchain beta-2023-12-22
[INFO] running `Command { std: CARGO_HOME="/workspace/cargo-home" RUSTUP_HOME="/workspace/rustup-home" "/workspace/cargo-home/bin/cargo" "+beta-2023-12-22" "metadata" "--manifest-path" "Cargo.toml" "--no-deps", kill_on_drop: false }`
[INFO] started tweaking crates.io crate embedded-fps 0.1.0
[INFO] removed 0 missing examples
[INFO] finished tweaking crates.io crate embedded-fps 0.1.0
[INFO] tweaked toml for crates.io crate embedded-fps 0.1.0 written to /workspace/builds/worker-7-tc2/source/Cargo.toml
[INFO] crate crates.io crate embedded-fps 0.1.0 already has a lockfile, it will not be regenerated
[INFO] running `Command { std: CARGO_HOME="/workspace/cargo-home" RUSTUP_HOME="/workspace/rustup-home" "/workspace/cargo-home/bin/cargo" "+beta-2023-12-22" "fetch" "--manifest-path" "Cargo.toml", kill_on_drop: false }`
[INFO] running `Command { std: "docker" "create" "-v" "/var/lib/crater-agent-workspace/builds/worker-7-tc2/target:/opt/rustwide/target:rw,Z" "-v" "/var/lib/crater-agent-workspace/builds/worker-7-tc2/source:/opt/rustwide/workdir:ro,Z" "-v" "/var/lib/crater-agent-workspace/cargo-home:/opt/rustwide/cargo-home:ro,Z" "-v" "/var/lib/crater-agent-workspace/rustup-home:/opt/rustwide/rustup-home:ro,Z" "-e" "SOURCE_DIR=/opt/rustwide/workdir" "-e" "CARGO_TARGET_DIR=/opt/rustwide/target" "-e" "CARGO_HOME=/opt/rustwide/cargo-home" "-e" "RUSTUP_HOME=/opt/rustwide/rustup-home" "-w" "/opt/rustwide/workdir" "-m" "1610612736" "--user" "0:0" "--network" "none" "ghcr.io/rust-lang/crates-build-env/linux@sha256:2788e3201cd34a07e3172128adcd8b3090168a8e3bcc40d7c032b9dda1df7d1c" "/opt/rustwide/cargo-home/bin/cargo" "+beta-2023-12-22" "metadata" "--no-deps" "--format-version=1", kill_on_drop: false }`
[INFO] [stdout] 9e1491fa74af790cb155659f3bc2a0f103c07e9377bd56ea7e5b5db6f1e361f7
[INFO] running `Command { std: "docker" "start" "-a" "9e1491fa74af790cb155659f3bc2a0f103c07e9377bd56ea7e5b5db6f1e361f7", kill_on_drop: false }`
[INFO] running `Command { std: "docker" "inspect" "9e1491fa74af790cb155659f3bc2a0f103c07e9377bd56ea7e5b5db6f1e361f7", kill_on_drop: false }`
[INFO] running `Command { std: "docker" "rm" "-f" "9e1491fa74af790cb155659f3bc2a0f103c07e9377bd56ea7e5b5db6f1e361f7", kill_on_drop: false }`
[INFO] [stdout] 9e1491fa74af790cb155659f3bc2a0f103c07e9377bd56ea7e5b5db6f1e361f7
[INFO] running `Command { std: "docker" "create" "-v" "/var/lib/crater-agent-workspace/builds/worker-7-tc2/target:/opt/rustwide/target:rw,Z" "-v" "/var/lib/crater-agent-workspace/builds/worker-7-tc2/source:/opt/rustwide/workdir:ro,Z" "-v" "/var/lib/crater-agent-workspace/cargo-home:/opt/rustwide/cargo-home:ro,Z" "-v" "/var/lib/crater-agent-workspace/rustup-home:/opt/rustwide/rustup-home:ro,Z" "-e" "SOURCE_DIR=/opt/rustwide/workdir" "-e" "CARGO_TARGET_DIR=/opt/rustwide/target" "-e" "CARGO_INCREMENTAL=0" "-e" "RUST_BACKTRACE=full" "-e" "RUSTFLAGS=--cap-lints=warn" "-e" "RUSTDOCFLAGS=--cap-lints=warn" "-e" "CARGO_HOME=/opt/rustwide/cargo-home" "-e" "RUSTUP_HOME=/opt/rustwide/rustup-home" "-w" "/opt/rustwide/workdir" "-m" "1610612736" "--user" "0:0" "--network" "none" "ghcr.io/rust-lang/crates-build-env/linux@sha256:2788e3201cd34a07e3172128adcd8b3090168a8e3bcc40d7c032b9dda1df7d1c" "/opt/rustwide/cargo-home/bin/cargo" "+beta-2023-12-22" "build" "--frozen" "--message-format=json", kill_on_drop: false }`
[INFO] [stdout] 71a2be52fca67255a1efce1dae6c7f00a3355f83dd538a4048b3b8d107404eba
[INFO] running `Command { std: "docker" "start" "-a" "71a2be52fca67255a1efce1dae6c7f00a3355f83dd538a4048b3b8d107404eba", kill_on_drop: false }`
[INFO] [stderr]    Compiling num-traits v0.2.15
[INFO] [stderr]    Compiling num-integer v0.1.45
[INFO] [stderr]    Compiling semver v1.0.10
[INFO] [stderr]    Compiling num-iter v0.1.43
[INFO] [stderr]    Compiling num-rational v0.3.2
[INFO] [stderr]    Compiling lock_api v0.4.7
[INFO] [stderr]    Compiling byteorder v1.4.3
[INFO] [stderr]    Compiling stable_deref_trait v1.2.0
[INFO] [stderr]    Compiling hash32 v0.2.1
[INFO] [stderr]    Compiling spin v0.9.3
[INFO] [stderr]    Compiling rustc_version v0.4.0
[INFO] [stderr]    Compiling heapless v0.7.14
[INFO] [stderr]    Compiling num-complex v0.3.1
[INFO] [stderr]    Compiling num v0.3.1
[INFO] [stderr]    Compiling embedded-time v0.12.1
[INFO] [stderr]    Compiling embedded-fps v0.1.0 (/opt/rustwide/workdir)
[INFO] [stderr]     Finished dev [unoptimized + debuginfo] target(s) in 4.25s
[INFO] running `Command { std: "docker" "inspect" "71a2be52fca67255a1efce1dae6c7f00a3355f83dd538a4048b3b8d107404eba", kill_on_drop: false }`
[INFO] running `Command { std: "docker" "rm" "-f" "71a2be52fca67255a1efce1dae6c7f00a3355f83dd538a4048b3b8d107404eba", kill_on_drop: false }`
[INFO] [stdout] 71a2be52fca67255a1efce1dae6c7f00a3355f83dd538a4048b3b8d107404eba
[INFO] running `Command { std: "docker" "create" "-v" "/var/lib/crater-agent-workspace/builds/worker-7-tc2/target:/opt/rustwide/target:rw,Z" "-v" "/var/lib/crater-agent-workspace/builds/worker-7-tc2/source:/opt/rustwide/workdir:ro,Z" "-v" "/var/lib/crater-agent-workspace/cargo-home:/opt/rustwide/cargo-home:ro,Z" "-v" "/var/lib/crater-agent-workspace/rustup-home:/opt/rustwide/rustup-home:ro,Z" "-e" "SOURCE_DIR=/opt/rustwide/workdir" "-e" "CARGO_TARGET_DIR=/opt/rustwide/target" "-e" "CARGO_INCREMENTAL=0" "-e" "RUST_BACKTRACE=full" "-e" "RUSTFLAGS=--cap-lints=warn" "-e" "RUSTDOCFLAGS=--cap-lints=warn" "-e" "CARGO_HOME=/opt/rustwide/cargo-home" "-e" "RUSTUP_HOME=/opt/rustwide/rustup-home" "-w" "/opt/rustwide/workdir" "-m" "1610612736" "--user" "0:0" "--network" "none" "ghcr.io/rust-lang/crates-build-env/linux@sha256:2788e3201cd34a07e3172128adcd8b3090168a8e3bcc40d7c032b9dda1df7d1c" "/opt/rustwide/cargo-home/bin/cargo" "+beta-2023-12-22" "test" "--frozen" "--no-run" "--message-format=json", kill_on_drop: false }`
[INFO] [stdout] f4b9fd4bf736342f8383082bbb98617ffd4c0eb5ee941dc663bf6e3d92c211fb
[INFO] running `Command { std: "docker" "start" "-a" "f4b9fd4bf736342f8383082bbb98617ffd4c0eb5ee941dc663bf6e3d92c211fb", kill_on_drop: false }`
[INFO] [stderr]    Compiling libc v0.2.126
[INFO] [stderr]    Compiling autocfg v0.1.8
[INFO] [stderr]    Compiling crossbeam-utils v0.8.8
[INFO] [stderr]    Compiling rand_core v0.4.2
[INFO] [stderr]    Compiling crossbeam-epoch v0.9.8
[INFO] [stderr]    Compiling num-iter v0.1.43
[INFO] [stderr]    Compiling rayon-core v1.9.3
[INFO] [stderr]    Compiling rayon v1.5.3
[INFO] [stderr]    Compiling cfg-if v0.1.10
[INFO] [stderr]    Compiling sdl2-sys v0.32.6
[INFO] [stderr]    Compiling rand_core v0.3.1
[INFO] [stderr]    Compiling rand_chacha v0.1.1
[INFO] [stderr]    Compiling rand_pcg v0.1.2
[INFO] [stderr]    Compiling num-rational v0.3.2
[INFO] [stderr]    Compiling miniz_oxide v0.4.4
[INFO] [stderr]    Compiling adler32 v1.2.0
[INFO] [stderr]    Compiling either v1.6.1
[INFO] [stderr]    Compiling az v1.2.0
[INFO] [stderr]    Compiling rand v0.6.5
[INFO] [stderr]    Compiling weezl v0.1.6
[INFO] [stderr]    Compiling deflate v0.8.6
[INFO] [stderr]    Compiling miniz_oxide v0.3.7
[INFO] [stderr]    Compiling num_cpus v1.13.1
[INFO] [stderr]    Compiling crossbeam-channel v0.5.4
[INFO] [stderr]    Compiling crossbeam-deque v0.8.1
[INFO] [stderr]    Compiling rand_os v0.1.3
[INFO] [stderr]    Compiling rand_hc v0.1.0
[INFO] [stderr]    Compiling rand_isaac v0.1.1
[INFO] [stderr]    Compiling rand_xorshift v0.1.1
[INFO] [stderr]    Compiling rand_jitter v0.1.4
[INFO] [stderr]    Compiling num-complex v0.3.1
[INFO] [stderr]    Compiling color_quant v1.1.0
[INFO] [stderr]    Compiling sdl2 v0.32.2
[INFO] [stderr]    Compiling png v0.16.8
[INFO] [stderr]    Compiling embedded-graphics-core v0.3.3
[INFO] [stderr]    Compiling gif v0.11.3
[INFO] [stderr]    Compiling num v0.1.42
[INFO] [stderr]    Compiling hash32 v0.2.1
[INFO] [stderr]    Compiling num v0.3.1
[INFO] [stderr]    Compiling float-cmp v0.8.0
[INFO] [stderr]    Compiling scoped_threadpool v0.1.9
[INFO] [stderr]    Compiling micromath v1.1.1
[INFO] [stderr]    Compiling bytemuck v1.9.1
[INFO] [stderr]    Compiling heapless v0.7.14
[INFO] [stderr]    Compiling embedded-graphics v0.7.1
[INFO] [stderr]    Compiling embedded-time v0.12.1
[INFO] [stderr]    Compiling embedded-fps v0.1.0 (/opt/rustwide/workdir)
[INFO] [stderr]    Compiling jpeg-decoder v0.1.22
[INFO] [stderr]    Compiling tiff v0.6.1
[INFO] [stderr]    Compiling image v0.23.14
[INFO] [stderr]    Compiling embedded-graphics-simulator v0.3.0
[INFO] [stderr]     Finished test [unoptimized + debuginfo] target(s) in 23.62s
[INFO] running `Command { std: "docker" "inspect" "f4b9fd4bf736342f8383082bbb98617ffd4c0eb5ee941dc663bf6e3d92c211fb", kill_on_drop: false }`
[INFO] running `Command { std: "docker" "rm" "-f" "f4b9fd4bf736342f8383082bbb98617ffd4c0eb5ee941dc663bf6e3d92c211fb", kill_on_drop: false }`
[INFO] [stdout] f4b9fd4bf736342f8383082bbb98617ffd4c0eb5ee941dc663bf6e3d92c211fb
[INFO] running `Command { std: "docker" "create" "-v" "/var/lib/crater-agent-workspace/builds/worker-7-tc2/target:/opt/rustwide/target:rw,Z" "-v" "/var/lib/crater-agent-workspace/builds/worker-7-tc2/source:/opt/rustwide/workdir:ro,Z" "-v" "/var/lib/crater-agent-workspace/cargo-home:/opt/rustwide/cargo-home:ro,Z" "-v" "/var/lib/crater-agent-workspace/rustup-home:/opt/rustwide/rustup-home:ro,Z" "-e" "SOURCE_DIR=/opt/rustwide/workdir" "-e" "CARGO_TARGET_DIR=/opt/rustwide/target" "-e" "CARGO_INCREMENTAL=0" "-e" "RUST_BACKTRACE=full" "-e" "RUSTFLAGS=--cap-lints=warn" "-e" "RUSTDOCFLAGS=--cap-lints=warn" "-e" "CARGO_HOME=/opt/rustwide/cargo-home" "-e" "RUSTUP_HOME=/opt/rustwide/rustup-home" "-w" "/opt/rustwide/workdir" "-m" "1610612736" "--user" "0:0" "--network" "none" "ghcr.io/rust-lang/crates-build-env/linux@sha256:2788e3201cd34a07e3172128adcd8b3090168a8e3bcc40d7c032b9dda1df7d1c" "/opt/rustwide/cargo-home/bin/cargo" "+beta-2023-12-22" "test" "--frozen", kill_on_drop: false }`
[INFO] [stdout] 5dbe3d9b589a2044158851b08246f34bc13df4bd9f9cd3839cc761246e7f16fe
[INFO] running `Command { std: "docker" "start" "-a" "5dbe3d9b589a2044158851b08246f34bc13df4bd9f9cd3839cc761246e7f16fe", kill_on_drop: false }`
[INFO] [stderr]     Finished test [unoptimized + debuginfo] target(s) in 0.08s
[INFO] [stderr]      Running unittests src/lib.rs (/opt/rustwide/target/debug/deps/embedded_fps-58dd2c13a917241b)
[INFO] [stdout] 
[INFO] [stdout] running 0 tests
[INFO] [stdout] 
[INFO] [stdout] test result: ok. 0 passed; 0 failed; 0 ignored; 0 measured; 0 filtered out; finished in 0.00s
[INFO] [stdout] 
[INFO] [stderr]    Doc-tests embedded-fps
[INFO] [stdout] 
[INFO] [stdout] running 2 tests
[INFO] [stdout] test src/lib.rs - (line 16) ... FAILED
[INFO] [stdout] test src/lib.rs - (line 49) - compile ... FAILED
[INFO] [stdout] 
[INFO] [stdout] failures:
[INFO] [stdout] 
[INFO] [stdout] ---- src/lib.rs - (line 16) stdout ----
[INFO] [stdout] error[E0432]: unresolved import `embedded_fps::StdClock`
[INFO] [stdout]    --> src/lib.rs:18:25
[INFO] [stdout]     |
[INFO] [stdout] 5   | use embedded_fps::{FPS, StdClock};
[INFO] [stdout]     |                         ^^^^^^^^ no `StdClock` in the root
[INFO] [stdout]     |
[INFO] [stdout] note: found an item that was configured out
[INFO] [stdout]    --> /opt/rustwide/workdir/src/lib.rs:130:20
[INFO] [stdout]     |
[INFO] [stdout] 130 | pub use std_clock::StdClock;
[INFO] [stdout]     |                    ^^^^^^^^
[INFO] [stdout]     = note: the item is gated behind the `std` feature
[INFO] [stdout] 
[INFO] [stdout] error: aborting due to 1 previous error
[INFO] [stdout] 
[INFO] [stdout] For more information about this error, try `rustc --explain E0432`.
[INFO] [stdout] Couldn't compile the test.
[INFO] [stdout] ---- src/lib.rs - (line 49) stdout ----
[INFO] [stdout] error[E0432]: unresolved import `embedded_fps::StdClock`
[INFO] [stdout]    --> src/lib.rs:51:20
[INFO] [stdout]     |
[INFO] [stdout] 4   | use embedded_fps::{StdClock, FPS};
[INFO] [stdout]     |                    ^^^^^^^^ no `StdClock` in the root
[INFO] [stdout]     |
[INFO] [stdout] note: found an item that was configured out
[INFO] [stdout]    --> /opt/rustwide/workdir/src/lib.rs:130:20
[INFO] [stdout]     |
[INFO] [stdout] 130 | pub use std_clock::StdClock;
[INFO] [stdout]     |                    ^^^^^^^^
[INFO] [stdout]     = note: the item is gated behind the `std` feature
[INFO] [stdout] 
[INFO] [stdout] error: aborting due to 1 previous error
[INFO] [stdout] 
[INFO] [stdout] For more information about this error, try `rustc --explain E0432`.
[INFO] [stdout] Couldn't compile the test.
[INFO] [stdout] 
[INFO] [stdout] failures:
[INFO] [stdout]     src/lib.rs - (line 16)
[INFO] [stdout]     src/lib.rs - (line 49)
[INFO] [stdout] 
[INFO] [stdout] test result: FAILED. 0 passed; 2 failed; 0 ignored; 0 measured; 0 filtered out; finished in 0.10s
[INFO] [stdout] 
[INFO] [stderr] error: doctest failed, to rerun pass `--doc`
[INFO] running `Command { std: "docker" "inspect" "5dbe3d9b589a2044158851b08246f34bc13df4bd9f9cd3839cc761246e7f16fe", kill_on_drop: false }`
[INFO] running `Command { std: "docker" "rm" "-f" "5dbe3d9b589a2044158851b08246f34bc13df4bd9f9cd3839cc761246e7f16fe", kill_on_drop: false }`
[INFO] [stdout] 5dbe3d9b589a2044158851b08246f34bc13df4bd9f9cd3839cc761246e7f16fe
