[INFO] fetching crate embassy-macros 0.2.1...
[INFO] testing embassy-macros-0.2.1 against 1.75.0 for beta-1.76-1
[INFO] extracting crate embassy-macros 0.2.1 into /workspace/builds/worker-2-tc1/source
[INFO] validating manifest of crates.io crate embassy-macros 0.2.1 on toolchain 1.75.0
[INFO] running `Command { std: CARGO_HOME="/workspace/cargo-home" RUSTUP_HOME="/workspace/rustup-home" "/workspace/cargo-home/bin/cargo" "+1.75.0" "metadata" "--manifest-path" "Cargo.toml" "--no-deps", kill_on_drop: false }`
[INFO] started tweaking crates.io crate embassy-macros 0.2.1
[INFO] finished tweaking crates.io crate embassy-macros 0.2.1
[INFO] tweaked toml for crates.io crate embassy-macros 0.2.1 written to /workspace/builds/worker-2-tc1/source/Cargo.toml
[INFO] running `Command { std: CARGO_HOME="/workspace/cargo-home" RUSTUP_HOME="/workspace/rustup-home" "/workspace/cargo-home/bin/cargo" "+1.75.0" "generate-lockfile" "--manifest-path" "Cargo.toml", kill_on_drop: false }`
[INFO] [stderr]     Updating crates.io index
[INFO] running `Command { std: CARGO_HOME="/workspace/cargo-home" RUSTUP_HOME="/workspace/rustup-home" "/workspace/cargo-home/bin/cargo" "+1.75.0" "fetch" "--manifest-path" "Cargo.toml", kill_on_drop: false }`
[INFO] running `Command { std: "docker" "create" "-v" "/var/lib/crater-agent-workspace/builds/worker-2-tc1/target:/opt/rustwide/target:rw,Z" "-v" "/var/lib/crater-agent-workspace/builds/worker-2-tc1/source:/opt/rustwide/workdir:ro,Z" "-v" "/var/lib/crater-agent-workspace/cargo-home:/opt/rustwide/cargo-home:ro,Z" "-v" "/var/lib/crater-agent-workspace/rustup-home:/opt/rustwide/rustup-home:ro,Z" "-e" "SOURCE_DIR=/opt/rustwide/workdir" "-e" "CARGO_TARGET_DIR=/opt/rustwide/target" "-e" "CARGO_HOME=/opt/rustwide/cargo-home" "-e" "RUSTUP_HOME=/opt/rustwide/rustup-home" "-w" "/opt/rustwide/workdir" "-m" "1610612736" "--user" "0:0" "--network" "none" "ghcr.io/rust-lang/crates-build-env/linux@sha256:2788e3201cd34a07e3172128adcd8b3090168a8e3bcc40d7c032b9dda1df7d1c" "/opt/rustwide/cargo-home/bin/cargo" "+1.75.0" "metadata" "--no-deps" "--format-version=1", kill_on_drop: false }`
[INFO] [stdout] 24e128686ab169244e2b6549740d938049a41731557a6a0f0e038e030f72effe
[INFO] running `Command { std: "docker" "start" "-a" "24e128686ab169244e2b6549740d938049a41731557a6a0f0e038e030f72effe", kill_on_drop: false }`
[INFO] running `Command { std: "docker" "inspect" "24e128686ab169244e2b6549740d938049a41731557a6a0f0e038e030f72effe", kill_on_drop: false }`
[INFO] running `Command { std: "docker" "rm" "-f" "24e128686ab169244e2b6549740d938049a41731557a6a0f0e038e030f72effe", kill_on_drop: false }`
[INFO] [stdout] 24e128686ab169244e2b6549740d938049a41731557a6a0f0e038e030f72effe
[INFO] running `Command { std: "docker" "create" "-v" "/var/lib/crater-agent-workspace/builds/worker-2-tc1/target:/opt/rustwide/target:rw,Z" "-v" "/var/lib/crater-agent-workspace/builds/worker-2-tc1/source:/opt/rustwide/workdir:ro,Z" "-v" "/var/lib/crater-agent-workspace/cargo-home:/opt/rustwide/cargo-home:ro,Z" "-v" "/var/lib/crater-agent-workspace/rustup-home:/opt/rustwide/rustup-home:ro,Z" "-e" "SOURCE_DIR=/opt/rustwide/workdir" "-e" "CARGO_TARGET_DIR=/opt/rustwide/target" "-e" "CARGO_INCREMENTAL=0" "-e" "RUST_BACKTRACE=full" "-e" "RUSTFLAGS=--cap-lints=warn" "-e" "RUSTDOCFLAGS=--cap-lints=warn" "-e" "CARGO_HOME=/opt/rustwide/cargo-home" "-e" "RUSTUP_HOME=/opt/rustwide/rustup-home" "-w" "/opt/rustwide/workdir" "-m" "1610612736" "--user" "0:0" "--network" "none" "ghcr.io/rust-lang/crates-build-env/linux@sha256:2788e3201cd34a07e3172128adcd8b3090168a8e3bcc40d7c032b9dda1df7d1c" "/opt/rustwide/cargo-home/bin/cargo" "+1.75.0" "build" "--frozen" "--message-format=json", kill_on_drop: false }`
[INFO] [stdout] 8fdb7f8336e990462237ce36fd4426a70d556892feee0a2d1bc560df2e3e5ed7
[INFO] running `Command { std: "docker" "start" "-a" "8fdb7f8336e990462237ce36fd4426a70d556892feee0a2d1bc560df2e3e5ed7", kill_on_drop: false }`
[INFO] [stderr]    Compiling ident_case v1.0.1
[INFO] [stderr]    Compiling fnv v1.0.7
[INFO] [stderr]    Compiling strsim v0.10.0
[INFO] [stderr]    Compiling syn v2.0.48
[INFO] [stderr]    Compiling darling_core v0.20.3
[INFO] [stderr]    Compiling darling_macro v0.20.3
[INFO] [stderr]    Compiling darling v0.20.3
[INFO] [stderr]    Compiling embassy-macros v0.2.1 (/opt/rustwide/workdir)
[INFO] [stderr]     Finished dev [unoptimized + debuginfo] target(s) in 4.79s
[INFO] running `Command { std: "docker" "inspect" "8fdb7f8336e990462237ce36fd4426a70d556892feee0a2d1bc560df2e3e5ed7", kill_on_drop: false }`
[INFO] running `Command { std: "docker" "rm" "-f" "8fdb7f8336e990462237ce36fd4426a70d556892feee0a2d1bc560df2e3e5ed7", kill_on_drop: false }`
[INFO] [stdout] 8fdb7f8336e990462237ce36fd4426a70d556892feee0a2d1bc560df2e3e5ed7
[INFO] running `Command { std: "docker" "create" "-v" "/var/lib/crater-agent-workspace/builds/worker-2-tc1/target:/opt/rustwide/target:rw,Z" "-v" "/var/lib/crater-agent-workspace/builds/worker-2-tc1/source:/opt/rustwide/workdir:ro,Z" "-v" "/var/lib/crater-agent-workspace/cargo-home:/opt/rustwide/cargo-home:ro,Z" "-v" "/var/lib/crater-agent-workspace/rustup-home:/opt/rustwide/rustup-home:ro,Z" "-e" "SOURCE_DIR=/opt/rustwide/workdir" "-e" "CARGO_TARGET_DIR=/opt/rustwide/target" "-e" "CARGO_INCREMENTAL=0" "-e" "RUST_BACKTRACE=full" "-e" "RUSTFLAGS=--cap-lints=warn" "-e" "RUSTDOCFLAGS=--cap-lints=warn" "-e" "CARGO_HOME=/opt/rustwide/cargo-home" "-e" "RUSTUP_HOME=/opt/rustwide/rustup-home" "-w" "/opt/rustwide/workdir" "-m" "1610612736" "--user" "0:0" "--network" "none" "ghcr.io/rust-lang/crates-build-env/linux@sha256:2788e3201cd34a07e3172128adcd8b3090168a8e3bcc40d7c032b9dda1df7d1c" "/opt/rustwide/cargo-home/bin/cargo" "+1.75.0" "test" "--frozen" "--no-run" "--message-format=json", kill_on_drop: false }`
[INFO] [stdout] 3b7bfe82a69e2dc50a636547fcb2524b505fbf5cdfba5b0ab5337cc6afbbb3c3
[INFO] running `Command { std: "docker" "start" "-a" "3b7bfe82a69e2dc50a636547fcb2524b505fbf5cdfba5b0ab5337cc6afbbb3c3", kill_on_drop: false }`
[INFO] [stderr]    Compiling embassy-macros v0.2.1 (/opt/rustwide/workdir)
[INFO] [stderr]     Finished test [unoptimized + debuginfo] target(s) in 0.59s
[INFO] running `Command { std: "docker" "inspect" "3b7bfe82a69e2dc50a636547fcb2524b505fbf5cdfba5b0ab5337cc6afbbb3c3", kill_on_drop: false }`
[INFO] running `Command { std: "docker" "rm" "-f" "3b7bfe82a69e2dc50a636547fcb2524b505fbf5cdfba5b0ab5337cc6afbbb3c3", kill_on_drop: false }`
[INFO] [stdout] 3b7bfe82a69e2dc50a636547fcb2524b505fbf5cdfba5b0ab5337cc6afbbb3c3
[INFO] running `Command { std: "docker" "create" "-v" "/var/lib/crater-agent-workspace/builds/worker-2-tc1/target:/opt/rustwide/target:rw,Z" "-v" "/var/lib/crater-agent-workspace/builds/worker-2-tc1/source:/opt/rustwide/workdir:ro,Z" "-v" "/var/lib/crater-agent-workspace/cargo-home:/opt/rustwide/cargo-home:ro,Z" "-v" "/var/lib/crater-agent-workspace/rustup-home:/opt/rustwide/rustup-home:ro,Z" "-e" "SOURCE_DIR=/opt/rustwide/workdir" "-e" "CARGO_TARGET_DIR=/opt/rustwide/target" "-e" "CARGO_INCREMENTAL=0" "-e" "RUST_BACKTRACE=full" "-e" "RUSTFLAGS=--cap-lints=warn" "-e" "RUSTDOCFLAGS=--cap-lints=warn" "-e" "CARGO_HOME=/opt/rustwide/cargo-home" "-e" "RUSTUP_HOME=/opt/rustwide/rustup-home" "-w" "/opt/rustwide/workdir" "-m" "1610612736" "--user" "0:0" "--network" "none" "ghcr.io/rust-lang/crates-build-env/linux@sha256:2788e3201cd34a07e3172128adcd8b3090168a8e3bcc40d7c032b9dda1df7d1c" "/opt/rustwide/cargo-home/bin/cargo" "+1.75.0" "test" "--frozen", kill_on_drop: false }`
[INFO] [stdout] d8b06925034e5f07ae681a4b286cd4f8d3446fbcabb79d1cc0c1dcea1a1f1027
[INFO] running `Command { std: "docker" "start" "-a" "d8b06925034e5f07ae681a4b286cd4f8d3446fbcabb79d1cc0c1dcea1a1f1027", kill_on_drop: false }`
[INFO] [stderr]     Finished test [unoptimized + debuginfo] target(s) in 0.01s
[INFO] [stderr]      Running unittests src/lib.rs (/opt/rustwide/target/debug/deps/embassy_macros-d33d504507ce935a)
[INFO] [stdout] 
[INFO] [stdout] running 0 tests
[INFO] [stdout] 
[INFO] [stdout] test result: ok. 0 passed; 0 failed; 0 ignored; 0 measured; 0 filtered out; finished in 0.00s
[INFO] [stdout] 
[INFO] [stderr]    Doc-tests embassy-macros
[INFO] [stdout] 
[INFO] [stdout] running 7 tests
[INFO] [stdout] test src/lib.rs - task (line 42) ... FAILED
[INFO] [stdout] test src/lib.rs - task (line 51) ... FAILED
[INFO] [stdout] test src/lib.rs - main_wasm (line 164) ... FAILED
[INFO] [stdout] test src/lib.rs - main_std (line 139) ... FAILED
[INFO] [stdout] test src/lib.rs - main_riscv (line 104) ... FAILED
[INFO] [stdout] test src/lib.rs - main_cortex_m (line 77) ... FAILED
[INFO] [stdout] test src/lib.rs - main_riscv (line 112) ... FAILED
[INFO] [stdout] 
[INFO] [stdout] failures:
[INFO] [stdout] 
[INFO] [stdout] ---- src/lib.rs - task (line 42) stdout ----
[INFO] [stdout] error[E0433]: failed to resolve: use of undeclared crate or module `embassy_executor`
[INFO] [stdout]  --> src/lib.rs:43:3
[INFO] [stdout]   |
[INFO] [stdout] 3 | #[embassy_executor::task]
[INFO] [stdout]   |   ^^^^^^^^^^^^^^^^ use of undeclared crate or module `embassy_executor`
[INFO] [stdout] 
[INFO] [stdout] error: aborting due to previous error
[INFO] [stdout] 
[INFO] [stdout] For more information about this error, try `rustc --explain E0433`.
[INFO] [stdout] Couldn't compile the test.
[INFO] [stdout] ---- src/lib.rs - task (line 51) stdout ----
[INFO] [stdout] error[E0433]: failed to resolve: use of undeclared crate or module `embassy_executor`
[INFO] [stdout]  --> src/lib.rs:52:3
[INFO] [stdout]   |
[INFO] [stdout] 3 | #[embassy_executor::task(pool_size = 4)]
[INFO] [stdout]   |   ^^^^^^^^^^^^^^^^ use of undeclared crate or module `embassy_executor`
[INFO] [stdout] 
[INFO] [stdout] error: aborting due to previous error
[INFO] [stdout] 
[INFO] [stdout] For more information about this error, try `rustc --explain E0433`.
[INFO] [stdout] Couldn't compile the test.
[INFO] [stdout] ---- src/lib.rs - main_wasm (line 164) stdout ----
[INFO] [stdout] error[E0433]: failed to resolve: use of undeclared crate or module `embassy_executor`
[INFO] [stdout]  --> src/lib.rs:165:3
[INFO] [stdout]   |
[INFO] [stdout] 2 | #[embassy_executor::main]
[INFO] [stdout]   |   ^^^^^^^^^^^^^^^^ use of undeclared crate or module `embassy_executor`
[INFO] [stdout] 
[INFO] [stdout] error[E0752]: `main` function is not allowed to be `async`
[INFO] [stdout]  --> src/lib.rs:166:1
[INFO] [stdout]   |
[INFO] [stdout] 3 | async fn main(_s: embassy_executor::Spawner) {
[INFO] [stdout]   | ^^^^^^^^^^^^^^^^^^^^^^^^^^^^^^^^^^^^^^^^^^^^ `main` function is not allowed to be `async`
[INFO] [stdout] 
[INFO] [stdout] error[E0433]: failed to resolve: use of undeclared crate or module `embassy_executor`
[INFO] [stdout]  --> src/lib.rs:166:19
[INFO] [stdout]   |
[INFO] [stdout] 3 | async fn main(_s: embassy_executor::Spawner) {
[INFO] [stdout]   |                   ^^^^^^^^^^^^^^^^ use of undeclared crate or module `embassy_executor`
[INFO] [stdout] 
[INFO] [stdout] error: aborting due to 3 previous errors
[INFO] [stdout] 
[INFO] [stdout] Some errors have detailed explanations: E0433, E0752.
[INFO] [stdout] For more information about an error, try `rustc --explain E0433`.
[INFO] [stdout] Couldn't compile the test.
[INFO] [stdout] ---- src/lib.rs - main_std (line 139) stdout ----
[INFO] [stdout] error[E0433]: failed to resolve: use of undeclared crate or module `embassy_executor`
[INFO] [stdout]  --> src/lib.rs:140:3
[INFO] [stdout]   |
[INFO] [stdout] 2 | #[embassy_executor::main]
[INFO] [stdout]   |   ^^^^^^^^^^^^^^^^ use of undeclared crate or module `embassy_executor`
[INFO] [stdout] 
[INFO] [stdout] error[E0752]: `main` function is not allowed to be `async`
[INFO] [stdout]  --> src/lib.rs:141:1
[INFO] [stdout]   |
[INFO] [stdout] 3 | async fn main(_s: embassy_executor::Spawner) {
[INFO] [stdout]   | ^^^^^^^^^^^^^^^^^^^^^^^^^^^^^^^^^^^^^^^^^^^^ `main` function is not allowed to be `async`
[INFO] [stdout] 
[INFO] [stdout] error[E0433]: failed to resolve: use of undeclared crate or module `embassy_executor`
[INFO] [stdout]  --> src/lib.rs:141:19
[INFO] [stdout]   |
[INFO] [stdout] 3 | async fn main(_s: embassy_executor::Spawner) {
[INFO] [stdout]   |                   ^^^^^^^^^^^^^^^^ use of undeclared crate or module `embassy_executor`
[INFO] [stdout] 
[INFO] [stdout] error: aborting due to 3 previous errors
[INFO] [stdout] 
[INFO] [stdout] Some errors have detailed explanations: E0433, E0752.
[INFO] [stdout] For more information about an error, try `rustc --explain E0433`.
[INFO] [stdout] Couldn't compile the test.
[INFO] [stdout] ---- src/lib.rs - main_riscv (line 104) stdout ----
[INFO] [stdout] error[E0433]: failed to resolve: use of undeclared crate or module `embassy_executor`
[INFO] [stdout]  --> src/lib.rs:105:3
[INFO] [stdout]   |
[INFO] [stdout] 2 | #[embassy_executor::main]
[INFO] [stdout]   |   ^^^^^^^^^^^^^^^^ use of undeclared crate or module `embassy_executor`
[INFO] [stdout] 
[INFO] [stdout] error[E0752]: `main` function is not allowed to be `async`
[INFO] [stdout]  --> src/lib.rs:106:1
[INFO] [stdout]   |
[INFO] [stdout] 3 | async fn main(_s: embassy_executor::Spawner) {
[INFO] [stdout]   | ^^^^^^^^^^^^^^^^^^^^^^^^^^^^^^^^^^^^^^^^^^^^ `main` function is not allowed to be `async`
[INFO] [stdout] 
[INFO] [stdout] error[E0433]: failed to resolve: use of undeclared crate or module `embassy_executor`
[INFO] [stdout]  --> src/lib.rs:106:19
[INFO] [stdout]   |
[INFO] [stdout] 3 | async fn main(_s: embassy_executor::Spawner) {
[INFO] [stdout]   |                   ^^^^^^^^^^^^^^^^ use of undeclared crate or module `embassy_executor`
[INFO] [stdout] 
[INFO] [stdout] error: aborting due to 3 previous errors
[INFO] [stdout] 
[INFO] [stdout] Some errors have detailed explanations: E0433, E0752.
[INFO] [stdout] For more information about an error, try `rustc --explain E0433`.
[INFO] [stdout] Couldn't compile the test.
[INFO] [stdout] ---- src/lib.rs - main_cortex_m (line 77) stdout ----
[INFO] [stdout] error[E0433]: failed to resolve: use of undeclared crate or module `embassy_executor`
[INFO] [stdout]  --> src/lib.rs:78:3
[INFO] [stdout]   |
[INFO] [stdout] 2 | #[embassy_executor::main]
[INFO] [stdout]   |   ^^^^^^^^^^^^^^^^ use of undeclared crate or module `embassy_executor`
[INFO] [stdout] 
[INFO] [stdout] error[E0752]: `main` function is not allowed to be `async`
[INFO] [stdout]  --> src/lib.rs:79:1
[INFO] [stdout]   |
[INFO] [stdout] 3 | async fn main(_s: embassy_executor::Spawner) {
[INFO] [stdout]   | ^^^^^^^^^^^^^^^^^^^^^^^^^^^^^^^^^^^^^^^^^^^^ `main` function is not allowed to be `async`
[INFO] [stdout] 
[INFO] [stdout] error[E0433]: failed to resolve: use of undeclared crate or module `embassy_executor`
[INFO] [stdout]  --> src/lib.rs:79:19
[INFO] [stdout]   |
[INFO] [stdout] 3 | async fn main(_s: embassy_executor::Spawner) {
[INFO] [stdout]   |                   ^^^^^^^^^^^^^^^^ use of undeclared crate or module `embassy_executor`
[INFO] [stdout] 
[INFO] [stdout] error: aborting due to 3 previous errors
[INFO] [stdout] 
[INFO] [stdout] Some errors have detailed explanations: E0433, E0752.
[INFO] [stdout] For more information about an error, try `rustc --explain E0433`.
[INFO] [stdout] Couldn't compile the test.
[INFO] [stdout] ---- src/lib.rs - main_riscv (line 112) stdout ----
[INFO] [stdout] error[E0433]: failed to resolve: use of undeclared crate or module `embassy_executor`
[INFO] [stdout]  --> src/lib.rs:113:3
[INFO] [stdout]   |
[INFO] [stdout] 2 | #[embassy_executor::main(entry = "esp_riscv_rt::entry")]
[INFO] [stdout]   |   ^^^^^^^^^^^^^^^^ use of undeclared crate or module `embassy_executor`
[INFO] [stdout] 
[INFO] [stdout] error[E0752]: `main` function is not allowed to be `async`
[INFO] [stdout]  --> src/lib.rs:114:1
[INFO] [stdout]   |
[INFO] [stdout] 3 | async fn main(_s: embassy_executor::Spawner) {
[INFO] [stdout]   | ^^^^^^^^^^^^^^^^^^^^^^^^^^^^^^^^^^^^^^^^^^^^ `main` function is not allowed to be `async`
[INFO] [stdout] 
[INFO] [stdout] error[E0433]: failed to resolve: use of undeclared crate or module `embassy_executor`
[INFO] [stdout]  --> src/lib.rs:114:19
[INFO] [stdout]   |
[INFO] [stdout] 3 | async fn main(_s: embassy_executor::Spawner) {
[INFO] [stdout]   |                   ^^^^^^^^^^^^^^^^ use of undeclared crate or module `embassy_executor`
[INFO] [stdout] 
[INFO] [stdout] error: aborting due to 3 previous errors
[INFO] [stdout] 
[INFO] [stdout] Some errors have detailed explanations: E0433, E0752.
[INFO] [stdout] For more information about an error, try `rustc --explain E0433`.
[INFO] [stdout] Couldn't compile the test.
[INFO] [stdout] 
[INFO] [stdout] failures:
[INFO] [stdout]     src/lib.rs - main_cortex_m (line 77)
[INFO] [stdout]     src/lib.rs - main_riscv (line 104)
[INFO] [stdout]     src/lib.rs - main_riscv (line 112)
[INFO] [stdout]     src/lib.rs - main_std (line 139)
[INFO] [stdout]     src/lib.rs - main_wasm (line 164)
[INFO] [stdout]     src/lib.rs - task (line 42)
[INFO] [stdout]     src/lib.rs - task (line 51)
[INFO] [stdout] 
[INFO] [stdout] test result: FAILED. 0 passed; 7 failed; 0 ignored; 0 measured; 0 filtered out; finished in 0.07s
[INFO] [stdout] 
[INFO] [stderr] error: doctest failed, to rerun pass `--doc`
[INFO] running `Command { std: "docker" "inspect" "d8b06925034e5f07ae681a4b286cd4f8d3446fbcabb79d1cc0c1dcea1a1f1027", kill_on_drop: false }`
[INFO] running `Command { std: "docker" "rm" "-f" "d8b06925034e5f07ae681a4b286cd4f8d3446fbcabb79d1cc0c1dcea1a1f1027", kill_on_drop: false }`
[INFO] [stdout] d8b06925034e5f07ae681a4b286cd4f8d3446fbcabb79d1cc0c1dcea1a1f1027
