[INFO] fetching crate elevate 0.6.1...
[INFO] testing elevate-0.6.1 against 1.75.0 for beta-1.76-1
[INFO] extracting crate elevate 0.6.1 into /workspace/builds/worker-1-tc1/source
[INFO] validating manifest of crates.io crate elevate 0.6.1 on toolchain 1.75.0
[INFO] running `Command { std: CARGO_HOME="/workspace/cargo-home" RUSTUP_HOME="/workspace/rustup-home" "/workspace/cargo-home/bin/cargo" "+1.75.0" "metadata" "--manifest-path" "Cargo.toml" "--no-deps", kill_on_drop: false }`
[INFO] started tweaking crates.io crate elevate 0.6.1
[INFO] finished tweaking crates.io crate elevate 0.6.1
[INFO] tweaked toml for crates.io crate elevate 0.6.1 written to /workspace/builds/worker-1-tc1/source/Cargo.toml
[INFO] crate crates.io crate elevate 0.6.1 already has a lockfile, it will not be regenerated
[INFO] running `Command { std: CARGO_HOME="/workspace/cargo-home" RUSTUP_HOME="/workspace/rustup-home" "/workspace/cargo-home/bin/cargo" "+1.75.0" "fetch" "--manifest-path" "Cargo.toml", kill_on_drop: false }`
[INFO] [stderr]  Downloading crates ...
[INFO] [stderr]   Downloaded colored v1.9.3
[INFO] [stderr]   Downloaded simple_logger v1.16.0
[INFO] running `Command { std: "docker" "create" "-v" "/var/lib/crater-agent-workspace/builds/worker-1-tc1/target:/opt/rustwide/target:rw,Z" "-v" "/var/lib/crater-agent-workspace/builds/worker-1-tc1/source:/opt/rustwide/workdir:ro,Z" "-v" "/var/lib/crater-agent-workspace/cargo-home:/opt/rustwide/cargo-home:ro,Z" "-v" "/var/lib/crater-agent-workspace/rustup-home:/opt/rustwide/rustup-home:ro,Z" "-e" "SOURCE_DIR=/opt/rustwide/workdir" "-e" "CARGO_TARGET_DIR=/opt/rustwide/target" "-e" "CARGO_HOME=/opt/rustwide/cargo-home" "-e" "RUSTUP_HOME=/opt/rustwide/rustup-home" "-w" "/opt/rustwide/workdir" "-m" "1610612736" "--user" "0:0" "--network" "none" "ghcr.io/rust-lang/crates-build-env/linux@sha256:2788e3201cd34a07e3172128adcd8b3090168a8e3bcc40d7c032b9dda1df7d1c" "/opt/rustwide/cargo-home/bin/cargo" "+1.75.0" "metadata" "--no-deps" "--format-version=1", kill_on_drop: false }`
[INFO] [stdout] 2464d709246121632fa945fdae8e35bbbf30d4b6c5f64ed4eb561faa785797a1
[INFO] running `Command { std: "docker" "start" "-a" "2464d709246121632fa945fdae8e35bbbf30d4b6c5f64ed4eb561faa785797a1", kill_on_drop: false }`
[INFO] running `Command { std: "docker" "inspect" "2464d709246121632fa945fdae8e35bbbf30d4b6c5f64ed4eb561faa785797a1", kill_on_drop: false }`
[INFO] running `Command { std: "docker" "rm" "-f" "2464d709246121632fa945fdae8e35bbbf30d4b6c5f64ed4eb561faa785797a1", kill_on_drop: false }`
[INFO] [stdout] 2464d709246121632fa945fdae8e35bbbf30d4b6c5f64ed4eb561faa785797a1
[INFO] running `Command { std: "docker" "create" "-v" "/var/lib/crater-agent-workspace/builds/worker-1-tc1/target:/opt/rustwide/target:rw,Z" "-v" "/var/lib/crater-agent-workspace/builds/worker-1-tc1/source:/opt/rustwide/workdir:ro,Z" "-v" "/var/lib/crater-agent-workspace/cargo-home:/opt/rustwide/cargo-home:ro,Z" "-v" "/var/lib/crater-agent-workspace/rustup-home:/opt/rustwide/rustup-home:ro,Z" "-e" "SOURCE_DIR=/opt/rustwide/workdir" "-e" "CARGO_TARGET_DIR=/opt/rustwide/target" "-e" "CARGO_INCREMENTAL=0" "-e" "RUST_BACKTRACE=full" "-e" "RUSTFLAGS=--cap-lints=warn" "-e" "RUSTDOCFLAGS=--cap-lints=warn" "-e" "CARGO_HOME=/opt/rustwide/cargo-home" "-e" "RUSTUP_HOME=/opt/rustwide/rustup-home" "-w" "/opt/rustwide/workdir" "-m" "1610612736" "--user" "0:0" "--network" "none" "ghcr.io/rust-lang/crates-build-env/linux@sha256:2788e3201cd34a07e3172128adcd8b3090168a8e3bcc40d7c032b9dda1df7d1c" "/opt/rustwide/cargo-home/bin/cargo" "+1.75.0" "build" "--frozen" "--message-format=json", kill_on_drop: false }`
[INFO] [stdout] e6a79bc69d0a3f22f807b614b35c8403833f39f36e39de97576104869210e12c
[INFO] running `Command { std: "docker" "start" "-a" "e6a79bc69d0a3f22f807b614b35c8403833f39f36e39de97576104869210e12c", kill_on_drop: false }`
[INFO] [stderr]    Compiling libc v0.2.144
[INFO] [stderr]    Compiling log v0.4.18
[INFO] [stderr]    Compiling elevate v0.6.1 (/opt/rustwide/workdir)
[INFO] [stderr]     Finished dev [unoptimized + debuginfo] target(s) in 1.61s
[INFO] running `Command { std: "docker" "inspect" "e6a79bc69d0a3f22f807b614b35c8403833f39f36e39de97576104869210e12c", kill_on_drop: false }`
[INFO] running `Command { std: "docker" "rm" "-f" "e6a79bc69d0a3f22f807b614b35c8403833f39f36e39de97576104869210e12c", kill_on_drop: false }`
[INFO] [stdout] e6a79bc69d0a3f22f807b614b35c8403833f39f36e39de97576104869210e12c
[INFO] running `Command { std: "docker" "create" "-v" "/var/lib/crater-agent-workspace/builds/worker-1-tc1/target:/opt/rustwide/target:rw,Z" "-v" "/var/lib/crater-agent-workspace/builds/worker-1-tc1/source:/opt/rustwide/workdir:ro,Z" "-v" "/var/lib/crater-agent-workspace/cargo-home:/opt/rustwide/cargo-home:ro,Z" "-v" "/var/lib/crater-agent-workspace/rustup-home:/opt/rustwide/rustup-home:ro,Z" "-e" "SOURCE_DIR=/opt/rustwide/workdir" "-e" "CARGO_TARGET_DIR=/opt/rustwide/target" "-e" "CARGO_INCREMENTAL=0" "-e" "RUST_BACKTRACE=full" "-e" "RUSTFLAGS=--cap-lints=warn" "-e" "RUSTDOCFLAGS=--cap-lints=warn" "-e" "CARGO_HOME=/opt/rustwide/cargo-home" "-e" "RUSTUP_HOME=/opt/rustwide/rustup-home" "-w" "/opt/rustwide/workdir" "-m" "1610612736" "--user" "0:0" "--network" "none" "ghcr.io/rust-lang/crates-build-env/linux@sha256:2788e3201cd34a07e3172128adcd8b3090168a8e3bcc40d7c032b9dda1df7d1c" "/opt/rustwide/cargo-home/bin/cargo" "+1.75.0" "test" "--frozen" "--no-run" "--message-format=json", kill_on_drop: false }`
[INFO] [stdout] 5a6c8e9c27e9c69c380c2bfd2547db3be6c1df36748ae32a813e65acf99ce5dc
[INFO] running `Command { std: "docker" "start" "-a" "5a6c8e9c27e9c69c380c2bfd2547db3be6c1df36748ae32a813e65acf99ce5dc", kill_on_drop: false }`
[INFO] [stderr]    Compiling time-core v0.1.1
[INFO] [stderr]    Compiling num_threads v0.1.6
[INFO] [stderr]    Compiling atty v0.2.14
[INFO] [stderr]    Compiling elevate v0.6.1 (/opt/rustwide/workdir)
[INFO] [stderr]    Compiling colored v1.9.3
[INFO] [stderr]    Compiling time-macros v0.2.9
[INFO] [stderr]    Compiling time v0.3.21
[INFO] [stderr]    Compiling simple_logger v1.16.0
[INFO] [stderr]     Finished test [unoptimized + debuginfo] target(s) in 4.10s
[INFO] running `Command { std: "docker" "inspect" "5a6c8e9c27e9c69c380c2bfd2547db3be6c1df36748ae32a813e65acf99ce5dc", kill_on_drop: false }`
[INFO] running `Command { std: "docker" "rm" "-f" "5a6c8e9c27e9c69c380c2bfd2547db3be6c1df36748ae32a813e65acf99ce5dc", kill_on_drop: false }`
[INFO] [stdout] 5a6c8e9c27e9c69c380c2bfd2547db3be6c1df36748ae32a813e65acf99ce5dc
[INFO] running `Command { std: "docker" "create" "-v" "/var/lib/crater-agent-workspace/builds/worker-1-tc1/target:/opt/rustwide/target:rw,Z" "-v" "/var/lib/crater-agent-workspace/builds/worker-1-tc1/source:/opt/rustwide/workdir:ro,Z" "-v" "/var/lib/crater-agent-workspace/cargo-home:/opt/rustwide/cargo-home:ro,Z" "-v" "/var/lib/crater-agent-workspace/rustup-home:/opt/rustwide/rustup-home:ro,Z" "-e" "SOURCE_DIR=/opt/rustwide/workdir" "-e" "CARGO_TARGET_DIR=/opt/rustwide/target" "-e" "CARGO_INCREMENTAL=0" "-e" "RUST_BACKTRACE=full" "-e" "RUSTFLAGS=--cap-lints=warn" "-e" "RUSTDOCFLAGS=--cap-lints=warn" "-e" "CARGO_HOME=/opt/rustwide/cargo-home" "-e" "RUSTUP_HOME=/opt/rustwide/rustup-home" "-w" "/opt/rustwide/workdir" "-m" "1610612736" "--user" "0:0" "--network" "none" "ghcr.io/rust-lang/crates-build-env/linux@sha256:2788e3201cd34a07e3172128adcd8b3090168a8e3bcc40d7c032b9dda1df7d1c" "/opt/rustwide/cargo-home/bin/cargo" "+1.75.0" "test" "--frozen", kill_on_drop: false }`
[INFO] [stdout] e163e8276c82bc2299904dd17896423086e2df3893f85fcc0984128dd41ecaa0
[INFO] running `Command { std: "docker" "start" "-a" "e163e8276c82bc2299904dd17896423086e2df3893f85fcc0984128dd41ecaa0", kill_on_drop: false }`
[INFO] [stderr]     Finished test [unoptimized + debuginfo] target(s) in 0.02s
[INFO] [stderr]      Running unittests src/lib.rs (/opt/rustwide/target/debug/deps/elevate-00c632bcfa1a61e9)
[INFO] [stdout] 
[INFO] [stdout] running 1 test
[INFO] [stdout] test tests::it_works ... ok
[INFO] [stdout] 
[INFO] [stdout] test result: ok. 1 passed; 0 failed; 0 ignored; 0 measured; 0 filtered out; finished in 0.00s
[INFO] [stdout] 
[INFO] [stderr]    Doc-tests elevate
[INFO] [stdout] 
[INFO] [stdout] running 2 tests
[INFO] [stdout] test src/lib.rs - escalate_if_needed (line 51) ... FAILED
[INFO] [stdout] test src/lib.rs - with_env (line 73) ... FAILED
[INFO] [stdout] 
[INFO] [stdout] failures:
[INFO] [stdout] 
[INFO] [stdout] ---- src/lib.rs - escalate_if_needed (line 51) stdout ----
[INFO] [stdout] error[E0433]: failed to resolve: use of undeclared crate or module `sudo`
[INFO] [stdout]  --> src/lib.rs:54:23
[INFO] [stdout]   |
[INFO] [stdout] 4 |   if sudo::check() == sudo::RunningAs::Root {
[INFO] [stdout]   |                       ^^^^ use of undeclared crate or module `sudo`
[INFO] [stdout]   |
[INFO] [stdout] help: consider importing this enum
[INFO] [stdout]   |
[INFO] [stdout] 2 + use elevate::RunningAs;
[INFO] [stdout]   |
[INFO] [stdout] help: if you import `RunningAs`, refer to it directly
[INFO] [stdout]   |
[INFO] [stdout] 4 -   if sudo::check() == sudo::RunningAs::Root {
[INFO] [stdout] 4 +   if sudo::check() == RunningAs::Root {
[INFO] [stdout]   |
[INFO] [stdout] 
[INFO] [stdout] error[E0433]: failed to resolve: use of undeclared crate or module `sudo`
[INFO] [stdout]  --> src/lib.rs:54:6
[INFO] [stdout]   |
[INFO] [stdout] 4 |   if sudo::check() == sudo::RunningAs::Root {
[INFO] [stdout]   |      ^^^^ use of undeclared crate or module `sudo`
[INFO] [stdout] 
[INFO] [stdout] error[E0433]: failed to resolve: use of undeclared crate or module `sudo`
[INFO] [stdout]  --> src/lib.rs:55:1
[INFO] [stdout]   |
[INFO] [stdout] 5 | sudo::escalate_if_needed()?;
[INFO] [stdout]   | ^^^^ use of undeclared crate or module `sudo`
[INFO] [stdout] 
[INFO] [stdout] error: aborting due to 3 previous errors
[INFO] [stdout] 
[INFO] [stdout] For more information about this error, try `rustc --explain E0433`.
[INFO] [stdout] Couldn't compile the test.
[INFO] [stdout] ---- src/lib.rs - with_env (line 73) stdout ----
[INFO] [stdout] error[E0433]: failed to resolve: use of undeclared crate or module `sudo`
[INFO] [stdout]  --> src/lib.rs:76:23
[INFO] [stdout]   |
[INFO] [stdout] 4 |   if sudo::check() == sudo::RunningAs::Root {
[INFO] [stdout]   |                       ^^^^ use of undeclared crate or module `sudo`
[INFO] [stdout]   |
[INFO] [stdout] help: consider importing this enum
[INFO] [stdout]   |
[INFO] [stdout] 2 + use elevate::RunningAs;
[INFO] [stdout]   |
[INFO] [stdout] help: if you import `RunningAs`, refer to it directly
[INFO] [stdout]   |
[INFO] [stdout] 4 -   if sudo::check() == sudo::RunningAs::Root {
[INFO] [stdout] 4 +   if sudo::check() == RunningAs::Root {
[INFO] [stdout]   |
[INFO] [stdout] 
[INFO] [stdout] error[E0433]: failed to resolve: use of undeclared crate or module `sudo`
[INFO] [stdout]  --> src/lib.rs:76:6
[INFO] [stdout]   |
[INFO] [stdout] 4 |   if sudo::check() == sudo::RunningAs::Root {
[INFO] [stdout]   |      ^^^^ use of undeclared crate or module `sudo`
[INFO] [stdout] 
[INFO] [stdout] error[E0433]: failed to resolve: use of undeclared crate or module `sudo`
[INFO] [stdout]  --> src/lib.rs:77:1
[INFO] [stdout]   |
[INFO] [stdout] 5 | sudo::with_env(&["CARGO_", "MY_APP_"])?;
[INFO] [stdout]   | ^^^^ use of undeclared crate or module `sudo`
[INFO] [stdout] 
[INFO] [stdout] error: aborting due to 3 previous errors
[INFO] [stdout] 
[INFO] [stdout] For more information about this error, try `rustc --explain E0433`.
[INFO] [stdout] Couldn't compile the test.
[INFO] [stdout] 
[INFO] [stdout] failures:
[INFO] [stdout]     src/lib.rs - escalate_if_needed (line 51)
[INFO] [stdout]     src/lib.rs - with_env (line 73)
[INFO] [stdout] 
[INFO] [stdout] test result: FAILED. 0 passed; 2 failed; 0 ignored; 0 measured; 0 filtered out; finished in 0.11s
[INFO] [stdout] 
[INFO] [stderr] error: doctest failed, to rerun pass `--doc`
[INFO] running `Command { std: "docker" "inspect" "e163e8276c82bc2299904dd17896423086e2df3893f85fcc0984128dd41ecaa0", kill_on_drop: false }`
[INFO] running `Command { std: "docker" "rm" "-f" "e163e8276c82bc2299904dd17896423086e2df3893f85fcc0984128dd41ecaa0", kill_on_drop: false }`
[INFO] [stdout] e163e8276c82bc2299904dd17896423086e2df3893f85fcc0984128dd41ecaa0
