[INFO] fetching crate electron_tasje 0.7.0...
[INFO] testing electron_tasje-0.7.0 against 1.75.0 for beta-1.76-1
[INFO] extracting crate electron_tasje 0.7.0 into /workspace/builds/worker-1-tc1/source
[INFO] validating manifest of crates.io crate electron_tasje 0.7.0 on toolchain 1.75.0
[INFO] running `Command { std: CARGO_HOME="/workspace/cargo-home" RUSTUP_HOME="/workspace/rustup-home" "/workspace/cargo-home/bin/cargo" "+1.75.0" "metadata" "--manifest-path" "Cargo.toml" "--no-deps", kill_on_drop: false }`
[INFO] started tweaking crates.io crate electron_tasje 0.7.0
[INFO] finished tweaking crates.io crate electron_tasje 0.7.0
[INFO] tweaked toml for crates.io crate electron_tasje 0.7.0 written to /workspace/builds/worker-1-tc1/source/Cargo.toml
[INFO] crate crates.io crate electron_tasje 0.7.0 already has a lockfile, it will not be regenerated
[INFO] running `Command { std: CARGO_HOME="/workspace/cargo-home" RUSTUP_HOME="/workspace/rustup-home" "/workspace/cargo-home/bin/cargo" "+1.75.0" "fetch" "--manifest-path" "Cargo.toml", kill_on_drop: false }`
[INFO] [stderr]     Updating crates.io index
[INFO] [stderr]  Downloading crates ...
[INFO] [stderr]   Downloaded wasm-bindgen-macro v0.2.82
[INFO] [stderr]   Downloaded brownstone v3.0.0
[INFO] [stderr]   Downloaded asar v0.2.0
[INFO] [stderr]   Downloaded globset v0.4.13
[INFO] [stderr]   Downloaded serde_with v2.0.0
[INFO] [stderr]   Downloaded anstyle-wincon v1.0.2
[INFO] [stderr]   Downloaded wasm-bindgen-macro-support v0.2.82
[INFO] [stderr]   Downloaded darling_core v0.14.1
[INFO] [stderr]   Downloaded thiserror-impl v1.0.47
[INFO] [stderr]   Downloaded bytemuck v1.11.0
[INFO] [stderr]   Downloaded unsafe-libyaml v0.2.2
[INFO] [stderr]   Downloaded pest_derive v2.7.3
[INFO] [stderr]   Downloaded regex-automata v0.3.7
[INFO] [stderr]   Downloaded regex-syntax v0.7.5
[INFO] [stderr]   Downloaded gimli v0.26.2
[INFO] [stderr]   Downloaded globreeks v0.1.1
[INFO] [stderr]   Downloaded bstr v1.6.0
[INFO] [stderr]   Downloaded color-eyre v0.6.2
[INFO] [stderr]   Downloaded wax v0.5.0
[INFO] [stderr]   Downloaded rustix v0.38.8
[INFO] [stderr]   Downloaded linux-raw-sys v0.4.5
[INFO] [stderr]   Downloaded itertools v0.10.3
[INFO] [stderr]   Downloaded aho-corasick v1.0.4
[INFO] [stderr]   Downloaded regex v1.9.4
[INFO] [stderr]   Downloaded clap_builder v4.3.21
[INFO] [stderr]   Downloaded object v0.29.0
[INFO] [stderr]   Downloaded color-spantrace v0.2.0
[INFO] [stderr]   Downloaded js-sys v0.3.59
[INFO] [stderr]   Downloaded time v0.3.12
[INFO] [stderr]   Downloaded const_format v0.2.26
[INFO] [stderr]   Downloaded libdeflate-sys v0.11.0
[INFO] [stderr]   Downloaded png v0.17.6
[INFO] [stderr]   Downloaded image v0.24.3
[INFO] [stderr]   Downloaded oxipng v8.0.0
[INFO] [stderr]   Downloaded bumpalo v3.10.0
[INFO] [stderr]   Downloaded ico v0.3.0
[INFO] [stderr]   Downloaded unicode-ident v1.0.2
[INFO] [stderr]   Downloaded syn v2.0.28
[INFO] [stderr]   Downloaded tracing-subscriber v0.3.15
[INFO] [stderr]   Downloaded clap_derive v4.3.12
[INFO] [stderr]   Downloaded anyhow v1.0.75
[INFO] [stderr]   Downloaded pest v2.7.3
[INFO] [stderr]   Downloaded cpufeatures v0.2.2
[INFO] [stderr]   Downloaded owo-colors v3.4.0
[INFO] [stderr]   Downloaded tracing-error v0.2.0
[INFO] [stderr]   Downloaded const_format_proc_macros v0.2.22
[INFO] [stderr]   Downloaded joinery v2.1.0
[INFO] [stderr]   Downloaded hermit-abi v0.3.2
[INFO] [stderr]   Downloaded windows-targets v0.48.1
[INFO] [stderr]   Downloaded libdeflater v0.11.0
[INFO] [stderr]   Downloaded rgb v0.8.33
[INFO] [stderr]   Downloaded anstyle v1.0.1
[INFO] [stderr]   Downloaded pest_generator v2.7.3
[INFO] [stderr]   Downloaded crossbeam-utils v0.8.11
[INFO] [stderr]   Downloaded hashbrown v0.14.0
[INFO] [stderr]   Downloaded quote v1.0.32
[INFO] [stderr]   Downloaded toml_edit v0.20.0
[INFO] [stderr]   Downloaded wasm-bindgen v0.2.82
[INFO] [stderr]   Downloaded semver v1.0.13
[INFO] [stderr]   Downloaded anstyle-parse v0.2.1
[INFO] [stderr]   Downloaded errno v0.3.2
[INFO] [stderr]   Downloaded icns v0.3.1
[INFO] [stderr]   Downloaded pest_meta v2.7.3
[INFO] [stderr]   Downloaded darling v0.14.1
[INFO] [stderr]   Downloaded nom-supreme v0.8.0
[INFO] [stderr]   Downloaded is-terminal v0.4.9
[INFO] [stderr]   Downloaded clap v4.3.21
[INFO] [stderr]   Downloaded toml v0.8.0
[INFO] [stderr]   Downloaded bitflags v2.4.0
[INFO] [stderr]   Downloaded toml_datetime v0.6.3
[INFO] [stderr]   Downloaded serde_with_macros v2.0.0
[INFO] [stderr]   Downloaded wasm-bindgen-backend v0.2.82
[INFO] [stderr]   Downloaded wasm-bindgen-shared v0.2.82
[INFO] [stderr]   Downloaded pori v0.0.0
[INFO] [stderr]   Downloaded indent_write v2.2.0
[INFO] [stderr]   Downloaded indexmap v2.0.0
[INFO] [stderr]   Downloaded thiserror v1.0.47
[INFO] [stderr]   Downloaded serde_spanned v0.6.3
[INFO] [stderr]   Downloaded smart-default v0.7.1
[INFO] [stderr]   Downloaded is_executable v1.0.1
[INFO] [stderr]   Downloaded darling_macro v0.14.1
[INFO] [stderr]   Downloaded winnow v0.5.10
[INFO] [stderr]   Downloaded backtrace v0.3.66
[INFO] running `Command { std: "docker" "create" "-v" "/var/lib/crater-agent-workspace/builds/worker-1-tc1/target:/opt/rustwide/target:rw,Z" "-v" "/var/lib/crater-agent-workspace/builds/worker-1-tc1/source:/opt/rustwide/workdir:ro,Z" "-v" "/var/lib/crater-agent-workspace/cargo-home:/opt/rustwide/cargo-home:ro,Z" "-v" "/var/lib/crater-agent-workspace/rustup-home:/opt/rustwide/rustup-home:ro,Z" "-e" "SOURCE_DIR=/opt/rustwide/workdir" "-e" "CARGO_TARGET_DIR=/opt/rustwide/target" "-e" "CARGO_HOME=/opt/rustwide/cargo-home" "-e" "RUSTUP_HOME=/opt/rustwide/rustup-home" "-w" "/opt/rustwide/workdir" "-m" "1610612736" "--user" "0:0" "--network" "none" "ghcr.io/rust-lang/crates-build-env/linux@sha256:2788e3201cd34a07e3172128adcd8b3090168a8e3bcc40d7c032b9dda1df7d1c" "/opt/rustwide/cargo-home/bin/cargo" "+1.75.0" "metadata" "--no-deps" "--format-version=1", kill_on_drop: false }`
[INFO] [stdout] cd7d9906123c1d4e9ea0664607c93c642d361a5299698f1ad01833ed95c1e254
[INFO] running `Command { std: "docker" "start" "-a" "cd7d9906123c1d4e9ea0664607c93c642d361a5299698f1ad01833ed95c1e254", kill_on_drop: false }`
[INFO] running `Command { std: "docker" "inspect" "cd7d9906123c1d4e9ea0664607c93c642d361a5299698f1ad01833ed95c1e254", kill_on_drop: false }`
[INFO] running `Command { std: "docker" "rm" "-f" "cd7d9906123c1d4e9ea0664607c93c642d361a5299698f1ad01833ed95c1e254", kill_on_drop: false }`
[INFO] [stdout] cd7d9906123c1d4e9ea0664607c93c642d361a5299698f1ad01833ed95c1e254
[INFO] running `Command { std: "docker" "create" "-v" "/var/lib/crater-agent-workspace/builds/worker-1-tc1/target:/opt/rustwide/target:rw,Z" "-v" "/var/lib/crater-agent-workspace/builds/worker-1-tc1/source:/opt/rustwide/workdir:ro,Z" "-v" "/var/lib/crater-agent-workspace/cargo-home:/opt/rustwide/cargo-home:ro,Z" "-v" "/var/lib/crater-agent-workspace/rustup-home:/opt/rustwide/rustup-home:ro,Z" "-e" "SOURCE_DIR=/opt/rustwide/workdir" "-e" "CARGO_TARGET_DIR=/opt/rustwide/target" "-e" "CARGO_INCREMENTAL=0" "-e" "RUST_BACKTRACE=full" "-e" "RUSTFLAGS=--cap-lints=warn" "-e" "RUSTDOCFLAGS=--cap-lints=warn" "-e" "CARGO_HOME=/opt/rustwide/cargo-home" "-e" "RUSTUP_HOME=/opt/rustwide/rustup-home" "-w" "/opt/rustwide/workdir" "-m" "1610612736" "--user" "0:0" "--network" "none" "ghcr.io/rust-lang/crates-build-env/linux@sha256:2788e3201cd34a07e3172128adcd8b3090168a8e3bcc40d7c032b9dda1df7d1c" "/opt/rustwide/cargo-home/bin/cargo" "+1.75.0" "build" "--frozen" "--message-format=json", kill_on_drop: false }`
[INFO] [stdout] 532b85aa5883889549e7036d14f1b2cb15209275d37806282dc6950ab1707638
[INFO] running `Command { std: "docker" "start" "-a" "532b85aa5883889549e7036d14f1b2cb15209275d37806282dc6950ab1707638", kill_on_drop: false }`
[INFO] [stderr]    Compiling proc-macro2 v1.0.66
[INFO] [stderr]    Compiling unicode-ident v1.0.2
[INFO] [stderr]    Compiling once_cell v1.18.0
[INFO] [stderr]    Compiling serde v1.0.188
[INFO] [stderr]    Compiling cc v1.0.73
[INFO] [stderr]    Compiling thiserror v1.0.47
[INFO] [stderr]    Compiling syn v1.0.98
[INFO] [stderr]    Compiling strsim v0.10.0
[INFO] [stderr]    Compiling typenum v1.15.0
[INFO] [stderr]    Compiling miniz_oxide v0.5.3
[INFO] [stderr]    Compiling rustix v0.38.8
[INFO] [stderr]    Compiling num-traits v0.2.15
[INFO] [stderr]    Compiling generic-array v0.14.5
[INFO] [stderr]    Compiling ident_case v1.0.1
[INFO] [stderr]    Compiling aho-corasick v1.0.4
[INFO] [stderr]    Compiling bitflags v2.4.0
[INFO] [stderr]    Compiling regex-syntax v0.7.5
[INFO] [stderr]    Compiling linux-raw-sys v0.4.5
[INFO] [stderr]    Compiling tracing-core v0.1.29
[INFO] [stderr]    Compiling thread_local v1.1.4
[INFO] [stderr]    Compiling sharded-slab v0.1.4
[INFO] [stderr]    Compiling num-integer v0.1.45
[INFO] [stderr]    Compiling minimal-lexical v0.2.1
[INFO] [stderr]    Compiling utf8parse v0.2.1
[INFO] [stderr]    Compiling ucd-trie v0.1.6
[INFO] [stderr]    Compiling libc v0.2.147
[INFO] [stderr]    Compiling anstyle-parse v0.2.1
[INFO] [stderr]    Compiling num-rational v0.4.1
[INFO] [stderr]    Compiling flate2 v1.0.24
[INFO] [stderr]    Compiling indexmap v1.9.1
[INFO] [stderr]    Compiling nom v7.1.1
[INFO] [stderr]    Compiling anstyle v1.0.1
[INFO] [stderr]    Compiling quote v1.0.32
[INFO] [stderr]    Compiling tracing-subscriber v0.3.15
[INFO] [stderr]    Compiling tracing v0.1.36
[INFO] [stderr]    Compiling gimli v0.26.2
[INFO] [stderr]    Compiling arrayvec v0.7.2
[INFO] [stderr]    Compiling radium v0.7.0
[INFO] [stderr]    Compiling syn v2.0.28
[INFO] [stderr]    Compiling is-terminal v0.4.9
[INFO] [stderr]    Compiling colorchoice v1.0.0
[INFO] [stderr]    Compiling unicode-xid v0.2.3
[INFO] [stderr]    Compiling either v1.7.0
[INFO] [stderr]    Compiling crossbeam-utils v0.8.11
[INFO] [stderr]    Compiling anstyle-query v1.0.0
[INFO] [stderr]    Compiling libdeflate-sys v0.11.0
[INFO] [stderr]    Compiling backtrace v0.3.66
[INFO] [stderr]    Compiling eyre v0.6.8
[INFO] [stderr]    Compiling anstream v0.3.2
[INFO] [stderr]    Compiling itertools v0.10.3
[INFO] [stderr]    Compiling const_format_proc_macros v0.2.22
[INFO] [stderr]    Compiling brownstone v3.0.0
[INFO] [stderr]    Compiling png v0.17.6
[INFO] [stderr]    Compiling object v0.29.0
[INFO] [stderr]    Compiling rustc-demangle v0.1.21
[INFO] [stderr]    Compiling bytemuck v1.11.0
[INFO] [stderr]    Compiling anyhow v1.0.75
[INFO] [stderr]    Compiling block-buffer v0.10.2
[INFO] [stderr]    Compiling crypto-common v0.1.6
[INFO] [stderr]    Compiling tracing-error v0.2.0
[INFO] [stderr]    Compiling owo-colors v3.4.0
[INFO] [stderr]    Compiling regex-automata v0.3.7
[INFO] [stderr]    Compiling regex-automata v0.1.10
[INFO] [stderr]    Compiling indenter v0.3.3
[INFO] [stderr]    Compiling heck v0.4.0
[INFO] [stderr]    Compiling itoa v1.0.2
[INFO] [stderr]    Compiling joinery v2.1.0
[INFO] [stderr]    Compiling clap_lex v0.5.0
[INFO] [stderr]    Compiling serde_json v1.0.85
[INFO] [stderr]    Compiling ryu v1.0.10
[INFO] [stderr]    Compiling tap v1.0.1
[INFO] [stderr]    Compiling indent_write v2.2.0
[INFO] [stderr]    Compiling hashbrown v0.14.0
[INFO] [stderr]    Compiling wyz v0.5.1
[INFO] [stderr]    Compiling nom-supreme v0.8.0
[INFO] [stderr]    Compiling clap_builder v4.3.21
[INFO] [stderr]    Compiling bstr v0.2.17
[INFO] [stderr]    Compiling const_format v0.2.26
[INFO] [stderr]    Compiling walkdir v2.3.3
[INFO] [stderr]    Compiling color-spantrace v0.2.0
[INFO] [stderr]    Compiling indexmap v2.0.0
[INFO] [stderr]    Compiling pori v0.0.0
[INFO] [stderr]    Compiling digest v0.10.3
[INFO] [stderr]    Compiling deflate v0.8.6
[INFO] [stderr]    Compiling bstr v1.6.0
[INFO] [stderr]    Compiling hex v0.4.3
[INFO] [stderr]    Compiling winnow v0.5.10
[INFO] [stderr]    Compiling addr2line v0.17.0
[INFO] [stderr]    Compiling cpufeatures v0.2.2
[INFO] [stderr]    Compiling smallvec v1.9.0
[INFO] [stderr]    Compiling funty v2.0.0
[INFO] [stderr]    Compiling png v0.16.8
[INFO] [stderr]    Compiling image v0.24.3
[INFO] [stderr]    Compiling crossbeam-channel v0.5.6
[INFO] [stderr]    Compiling sha2 v0.10.2
[INFO] [stderr]    Compiling libdeflater v0.11.0
[INFO] [stderr]    Compiling rgb v0.8.33
[INFO] [stderr]    Compiling bitvec v1.0.1
[INFO] [stderr]    Compiling unsafe-libyaml v0.2.2
[INFO] [stderr]    Compiling rustc-hash v1.1.0
[INFO] [stderr]    Compiling is_executable v1.0.1
[INFO] [stderr]    Compiling icns v0.3.1
[INFO] [stderr]    Compiling ico v0.3.0
[INFO] [stderr]    Compiling darling_core v0.14.1
[INFO] [stderr]    Compiling regex v1.9.4
[INFO] [stderr]    Compiling color-eyre v0.6.2
[INFO] [stderr]    Compiling serde_derive v1.0.188
[INFO] [stderr]    Compiling thiserror-impl v1.0.47
[INFO] [stderr]    Compiling clap_derive v4.3.12
[INFO] [stderr]    Compiling globset v0.4.13
[INFO] [stderr]    Compiling smart-default v0.7.1
[INFO] [stderr]    Compiling globreeks v0.1.1
[INFO] [stderr]    Compiling oxipng v8.0.0
[INFO] [stderr]    Compiling darling_macro v0.14.1
[INFO] [stderr]    Compiling pest v2.7.3
[INFO] [stderr]    Compiling wax v0.5.0
[INFO] [stderr]    Compiling darling v0.14.1
[INFO] [stderr]    Compiling serde_with_macros v2.0.0
[INFO] [stderr]    Compiling clap v4.3.21
[INFO] [stderr]    Compiling pest_meta v2.7.3
[INFO] [stderr]    Compiling pest_generator v2.7.3
[INFO] [stderr]    Compiling pest_derive v2.7.3
[INFO] [stderr]    Compiling toml_datetime v0.6.3
[INFO] [stderr]    Compiling serde_spanned v0.6.3
[INFO] [stderr]    Compiling serde_with v2.0.0
[INFO] [stderr]    Compiling json5 v0.4.1
[INFO] [stderr]    Compiling serde_yaml v0.9.13
[INFO] [stderr]    Compiling toml_edit v0.20.0
[INFO] [stderr]    Compiling asar v0.2.0
[INFO] [stderr]    Compiling toml v0.8.0
[INFO] [stderr]    Compiling electron_tasje v0.7.0 (/opt/rustwide/workdir)
[INFO] [stderr]     Finished dev [unoptimized + debuginfo] target(s) in 45.74s
[INFO] running `Command { std: "docker" "inspect" "532b85aa5883889549e7036d14f1b2cb15209275d37806282dc6950ab1707638", kill_on_drop: false }`
[INFO] running `Command { std: "docker" "rm" "-f" "532b85aa5883889549e7036d14f1b2cb15209275d37806282dc6950ab1707638", kill_on_drop: false }`
[INFO] [stdout] 532b85aa5883889549e7036d14f1b2cb15209275d37806282dc6950ab1707638
[INFO] running `Command { std: "docker" "create" "-v" "/var/lib/crater-agent-workspace/builds/worker-1-tc1/target:/opt/rustwide/target:rw,Z" "-v" "/var/lib/crater-agent-workspace/builds/worker-1-tc1/source:/opt/rustwide/workdir:ro,Z" "-v" "/var/lib/crater-agent-workspace/cargo-home:/opt/rustwide/cargo-home:ro,Z" "-v" "/var/lib/crater-agent-workspace/rustup-home:/opt/rustwide/rustup-home:ro,Z" "-e" "SOURCE_DIR=/opt/rustwide/workdir" "-e" "CARGO_TARGET_DIR=/opt/rustwide/target" "-e" "CARGO_INCREMENTAL=0" "-e" "RUST_BACKTRACE=full" "-e" "RUSTFLAGS=--cap-lints=warn" "-e" "RUSTDOCFLAGS=--cap-lints=warn" "-e" "CARGO_HOME=/opt/rustwide/cargo-home" "-e" "RUSTUP_HOME=/opt/rustwide/rustup-home" "-w" "/opt/rustwide/workdir" "-m" "1610612736" "--user" "0:0" "--network" "none" "ghcr.io/rust-lang/crates-build-env/linux@sha256:2788e3201cd34a07e3172128adcd8b3090168a8e3bcc40d7c032b9dda1df7d1c" "/opt/rustwide/cargo-home/bin/cargo" "+1.75.0" "test" "--frozen" "--no-run" "--message-format=json", kill_on_drop: false }`
[INFO] [stdout] c777187a68523ea5d8676bc3206ea59c78e577df7df105451d6a0d3679dd981d
[INFO] running `Command { std: "docker" "start" "-a" "c777187a68523ea5d8676bc3206ea59c78e577df7df105451d6a0d3679dd981d", kill_on_drop: false }`
[INFO] [stderr]    Compiling electron_tasje v0.7.0 (/opt/rustwide/workdir)
[INFO] [stderr]     Finished test [unoptimized + debuginfo] target(s) in 3.87s
[INFO] running `Command { std: "docker" "inspect" "c777187a68523ea5d8676bc3206ea59c78e577df7df105451d6a0d3679dd981d", kill_on_drop: false }`
[INFO] running `Command { std: "docker" "rm" "-f" "c777187a68523ea5d8676bc3206ea59c78e577df7df105451d6a0d3679dd981d", kill_on_drop: false }`
[INFO] [stdout] c777187a68523ea5d8676bc3206ea59c78e577df7df105451d6a0d3679dd981d
[INFO] running `Command { std: "docker" "create" "-v" "/var/lib/crater-agent-workspace/builds/worker-1-tc1/target:/opt/rustwide/target:rw,Z" "-v" "/var/lib/crater-agent-workspace/builds/worker-1-tc1/source:/opt/rustwide/workdir:ro,Z" "-v" "/var/lib/crater-agent-workspace/cargo-home:/opt/rustwide/cargo-home:ro,Z" "-v" "/var/lib/crater-agent-workspace/rustup-home:/opt/rustwide/rustup-home:ro,Z" "-e" "SOURCE_DIR=/opt/rustwide/workdir" "-e" "CARGO_TARGET_DIR=/opt/rustwide/target" "-e" "CARGO_INCREMENTAL=0" "-e" "RUST_BACKTRACE=full" "-e" "RUSTFLAGS=--cap-lints=warn" "-e" "RUSTDOCFLAGS=--cap-lints=warn" "-e" "CARGO_HOME=/opt/rustwide/cargo-home" "-e" "RUSTUP_HOME=/opt/rustwide/rustup-home" "-w" "/opt/rustwide/workdir" "-m" "1610612736" "--user" "0:0" "--network" "none" "ghcr.io/rust-lang/crates-build-env/linux@sha256:2788e3201cd34a07e3172128adcd8b3090168a8e3bcc40d7c032b9dda1df7d1c" "/opt/rustwide/cargo-home/bin/cargo" "+1.75.0" "test" "--frozen", kill_on_drop: false }`
[INFO] [stdout] 5eaf58ae269bb3f920610a016b221d62fc90ec720e96297993555371822b6f7e
[INFO] running `Command { std: "docker" "start" "-a" "5eaf58ae269bb3f920610a016b221d62fc90ec720e96297993555371822b6f7e", kill_on_drop: false }`
[INFO] [stderr]     Finished test [unoptimized + debuginfo] target(s) in 0.10s
[INFO] [stderr]      Running unittests src/lib.rs (/opt/rustwide/target/debug/deps/electron_tasje-d3314c7a0c89a6d0)
[INFO] [stdout] 
[INFO] [stdout] running 13 tests
[INFO] [stdout] test config::tests::test_parse_empty ... ok
[INFO] [stdout] test config::tests::test_parse_single ... ok
[INFO] [stdout] test config::tests::test_parse_multiple ... ok
[INFO] [stdout] test icons::tests::test_build_resources ... FAILED
[INFO] [stdout] test icons::tests::test_linux ... FAILED
[INFO] [stdout] test icons::tests::test_win ... FAILED
[INFO] [stdout] test app::tests::test_patched_package ... ok
[INFO] [stdout] test icons::tests::test_mac ... FAILED
[INFO] [stdout] test utils::tests::test_filesafe_name ... ok
[INFO] [stdout] test app::tests::test_parse ... ok
[INFO] [stdout] test desktop::tests::test_gen_desktop ... ok
[INFO] [stdout] test utils::tests::test_variable_templates ... ok
[INFO] [stdout] test walker::tests::test_walking ... ok
[INFO] [stdout] 
[INFO] [stdout] failures:
[INFO] [stdout] 
[INFO] [stdout] ---- icons::tests::test_build_resources stdout ----
[INFO] [stdout] Error: Read-only file system (os error 30)
[INFO] [stdout] 
[INFO] [stdout] ---- icons::tests::test_linux stdout ----
[INFO] [stdout] Error: Read-only file system (os error 30)
[INFO] [stdout] 
[INFO] [stdout] ---- icons::tests::test_win stdout ----
[INFO] [stdout] Error: Read-only file system (os error 30)
[INFO] [stdout] 
[INFO] [stdout] ---- icons::tests::test_mac stdout ----
[INFO] [stdout] Error: Read-only file system (os error 30)
[INFO] [stdout] 
[INFO] [stdout] 
[INFO] [stdout] failures:
[INFO] [stdout]     icons::tests::test_build_resources
[INFO] [stdout]     icons::tests::test_linux
[INFO] [stdout]     icons::tests::test_mac
[INFO] [stdout]     icons::tests::test_win
[INFO] [stdout] 
[INFO] [stdout] test result: FAILED. 9 passed; 4 failed; 0 ignored; 0 measured; 0 filtered out; finished in 0.01s
[INFO] [stdout] 
[INFO] [stderr] error: test failed, to rerun pass `--lib`
[INFO] running `Command { std: "docker" "inspect" "5eaf58ae269bb3f920610a016b221d62fc90ec720e96297993555371822b6f7e", kill_on_drop: false }`
[INFO] running `Command { std: "docker" "rm" "-f" "5eaf58ae269bb3f920610a016b221d62fc90ec720e96297993555371822b6f7e", kill_on_drop: false }`
[INFO] [stdout] 5eaf58ae269bb3f920610a016b221d62fc90ec720e96297993555371822b6f7e
[INFO] testing electron_tasje-0.7.0 against beta-2023-12-22 for beta-1.76-1
[INFO] extracting crate electron_tasje 0.7.0 into /workspace/builds/worker-1-tc2/source
[INFO] validating manifest of crates.io crate electron_tasje 0.7.0 on toolchain beta-2023-12-22
[INFO] running `Command { std: CARGO_HOME="/workspace/cargo-home" RUSTUP_HOME="/workspace/rustup-home" "/workspace/cargo-home/bin/cargo" "+beta-2023-12-22" "metadata" "--manifest-path" "Cargo.toml" "--no-deps", kill_on_drop: false }`
[INFO] started tweaking crates.io crate electron_tasje 0.7.0
[INFO] finished tweaking crates.io crate electron_tasje 0.7.0
[INFO] tweaked toml for crates.io crate electron_tasje 0.7.0 written to /workspace/builds/worker-1-tc2/source/Cargo.toml
[INFO] crate crates.io crate electron_tasje 0.7.0 already has a lockfile, it will not be regenerated
[INFO] running `Command { std: CARGO_HOME="/workspace/cargo-home" RUSTUP_HOME="/workspace/rustup-home" "/workspace/cargo-home/bin/cargo" "+beta-2023-12-22" "fetch" "--manifest-path" "Cargo.toml", kill_on_drop: false }`
[INFO] running `Command { std: "docker" "create" "-v" "/var/lib/crater-agent-workspace/builds/worker-1-tc2/target:/opt/rustwide/target:rw,Z" "-v" "/var/lib/crater-agent-workspace/builds/worker-1-tc2/source:/opt/rustwide/workdir:ro,Z" "-v" "/var/lib/crater-agent-workspace/cargo-home:/opt/rustwide/cargo-home:ro,Z" "-v" "/var/lib/crater-agent-workspace/rustup-home:/opt/rustwide/rustup-home:ro,Z" "-e" "SOURCE_DIR=/opt/rustwide/workdir" "-e" "CARGO_TARGET_DIR=/opt/rustwide/target" "-e" "CARGO_HOME=/opt/rustwide/cargo-home" "-e" "RUSTUP_HOME=/opt/rustwide/rustup-home" "-w" "/opt/rustwide/workdir" "-m" "1610612736" "--user" "0:0" "--network" "none" "ghcr.io/rust-lang/crates-build-env/linux@sha256:2788e3201cd34a07e3172128adcd8b3090168a8e3bcc40d7c032b9dda1df7d1c" "/opt/rustwide/cargo-home/bin/cargo" "+beta-2023-12-22" "metadata" "--no-deps" "--format-version=1", kill_on_drop: false }`
[INFO] [stdout] 5c1ab4a9a708236e2511dfc10e479ec68a48ece4f856a9f720bb6135ecac601e
[INFO] running `Command { std: "docker" "start" "-a" "5c1ab4a9a708236e2511dfc10e479ec68a48ece4f856a9f720bb6135ecac601e", kill_on_drop: false }`
[INFO] running `Command { std: "docker" "inspect" "5c1ab4a9a708236e2511dfc10e479ec68a48ece4f856a9f720bb6135ecac601e", kill_on_drop: false }`
[INFO] running `Command { std: "docker" "rm" "-f" "5c1ab4a9a708236e2511dfc10e479ec68a48ece4f856a9f720bb6135ecac601e", kill_on_drop: false }`
[INFO] [stdout] 5c1ab4a9a708236e2511dfc10e479ec68a48ece4f856a9f720bb6135ecac601e
[INFO] running `Command { std: "docker" "create" "-v" "/var/lib/crater-agent-workspace/builds/worker-1-tc2/target:/opt/rustwide/target:rw,Z" "-v" "/var/lib/crater-agent-workspace/builds/worker-1-tc2/source:/opt/rustwide/workdir:ro,Z" "-v" "/var/lib/crater-agent-workspace/cargo-home:/opt/rustwide/cargo-home:ro,Z" "-v" "/var/lib/crater-agent-workspace/rustup-home:/opt/rustwide/rustup-home:ro,Z" "-e" "SOURCE_DIR=/opt/rustwide/workdir" "-e" "CARGO_TARGET_DIR=/opt/rustwide/target" "-e" "CARGO_INCREMENTAL=0" "-e" "RUST_BACKTRACE=full" "-e" "RUSTFLAGS=--cap-lints=warn" "-e" "RUSTDOCFLAGS=--cap-lints=warn" "-e" "CARGO_HOME=/opt/rustwide/cargo-home" "-e" "RUSTUP_HOME=/opt/rustwide/rustup-home" "-w" "/opt/rustwide/workdir" "-m" "1610612736" "--user" "0:0" "--network" "none" "ghcr.io/rust-lang/crates-build-env/linux@sha256:2788e3201cd34a07e3172128adcd8b3090168a8e3bcc40d7c032b9dda1df7d1c" "/opt/rustwide/cargo-home/bin/cargo" "+beta-2023-12-22" "build" "--frozen" "--message-format=json", kill_on_drop: false }`
[INFO] [stdout] 46b6d7992377ac20d941596456062c83ab016dae3cb113cf66010ae67df64e35
[INFO] running `Command { std: "docker" "start" "-a" "46b6d7992377ac20d941596456062c83ab016dae3cb113cf66010ae67df64e35", kill_on_drop: false }`
[INFO] [stderr]    Compiling proc-macro2 v1.0.66
[INFO] [stderr]    Compiling unicode-ident v1.0.2
[INFO] [stderr]    Compiling once_cell v1.18.0
[INFO] [stderr]    Compiling serde v1.0.188
[INFO] [stderr]    Compiling cc v1.0.73
[INFO] [stderr]    Compiling thiserror v1.0.47
[INFO] [stderr]    Compiling syn v1.0.98
[INFO] [stderr]    Compiling strsim v0.10.0
[INFO] [stderr]    Compiling typenum v1.15.0
[INFO] [stderr]    Compiling miniz_oxide v0.5.3
[INFO] [stderr]    Compiling rustix v0.38.8
[INFO] [stderr]    Compiling num-traits v0.2.15
[INFO] [stderr]    Compiling generic-array v0.14.5
[INFO] [stderr]    Compiling ident_case v1.0.1
[INFO] [stderr]    Compiling aho-corasick v1.0.4
[INFO] [stderr]    Compiling bitflags v2.4.0
[INFO] [stderr]    Compiling linux-raw-sys v0.4.5
[INFO] [stderr]    Compiling regex-syntax v0.7.5
[INFO] [stderr]    Compiling tracing-core v0.1.29
[INFO] [stderr]    Compiling thread_local v1.1.4
[INFO] [stderr]    Compiling num-integer v0.1.45
[INFO] [stderr]    Compiling sharded-slab v0.1.4
[INFO] [stderr]    Compiling utf8parse v0.2.1
[INFO] [stderr]    Compiling ucd-trie v0.1.6
[INFO] [stderr]    Compiling minimal-lexical v0.2.1
[INFO] [stderr]    Compiling libc v0.2.147
[INFO] [stderr]    Compiling flate2 v1.0.24
[INFO] [stderr]    Compiling anstyle-parse v0.2.1
[INFO] [stderr]    Compiling num-rational v0.4.1
[INFO] [stderr]    Compiling nom v7.1.1
[INFO] [stderr]    Compiling tracing v0.1.36
[INFO] [stderr]    Compiling indexmap v1.9.1
[INFO] [stderr]    Compiling colorchoice v1.0.0
[INFO] [stderr]    Compiling quote v1.0.32
[INFO] [stderr]    Compiling tracing-subscriber v0.3.15
[INFO] [stderr]    Compiling arrayvec v0.7.2
[INFO] [stderr]    Compiling unicode-xid v0.2.3
[INFO] [stderr]    Compiling crossbeam-utils v0.8.11
[INFO] [stderr]    Compiling libdeflate-sys v0.11.0
[INFO] [stderr]    Compiling backtrace v0.3.66
[INFO] [stderr]    Compiling anstyle-query v1.0.0
[INFO] [stderr]    Compiling is-terminal v0.4.9
[INFO] [stderr]    Compiling syn v2.0.28
[INFO] [stderr]    Compiling either v1.7.0
[INFO] [stderr]    Compiling radium v0.7.0
[INFO] [stderr]    Compiling anstyle v1.0.1
[INFO] [stderr]    Compiling gimli v0.26.2
[INFO] [stderr]    Compiling eyre v0.6.8
[INFO] [stderr]    Compiling itertools v0.10.3
[INFO] [stderr]    Compiling brownstone v3.0.0
[INFO] [stderr]    Compiling anstream v0.3.2
[INFO] [stderr]    Compiling const_format_proc_macros v0.2.22
[INFO] [stderr]    Compiling png v0.17.6
[INFO] [stderr]    Compiling object v0.29.0
[INFO] [stderr]    Compiling indenter v0.3.3
[INFO] [stderr]    Compiling tap v1.0.1
[INFO] [stderr]    Compiling owo-colors v3.4.0
[INFO] [stderr]    Compiling block-buffer v0.10.2
[INFO] [stderr]    Compiling regex-automata v0.3.7
[INFO] [stderr]    Compiling tracing-error v0.2.0
[INFO] [stderr]    Compiling crypto-common v0.1.6
[INFO] [stderr]    Compiling serde_json v1.0.85
[INFO] [stderr]    Compiling regex-automata v0.1.10
[INFO] [stderr]    Compiling bytemuck v1.11.0
[INFO] [stderr]    Compiling ryu v1.0.10
[INFO] [stderr]    Compiling anyhow v1.0.75
[INFO] [stderr]    Compiling rustc-demangle v0.1.21
[INFO] [stderr]    Compiling hashbrown v0.14.0
[INFO] [stderr]    Compiling heck v0.4.0
[INFO] [stderr]    Compiling joinery v2.1.0
[INFO] [stderr]    Compiling clap_lex v0.5.0
[INFO] [stderr]    Compiling itoa v1.0.2
[INFO] [stderr]    Compiling indent_write v2.2.0
[INFO] [stderr]    Compiling clap_builder v4.3.21
[INFO] [stderr]    Compiling walkdir v2.3.3
[INFO] [stderr]    Compiling nom-supreme v0.8.0
[INFO] [stderr]    Compiling color-spantrace v0.2.0
[INFO] [stderr]    Compiling const_format v0.2.26
[INFO] [stderr]    Compiling bstr v0.2.17
[INFO] [stderr]    Compiling addr2line v0.17.0
[INFO] [stderr]    Compiling indexmap v2.0.0
[INFO] [stderr]    Compiling digest v0.10.3
[INFO] [stderr]    Compiling pori v0.0.0
[INFO] [stderr]    Compiling wyz v0.5.1
[INFO] [stderr]    Compiling deflate v0.8.6
[INFO] [stderr]    Compiling bstr v1.6.0
[INFO] [stderr]    Compiling smallvec v1.9.0
[INFO] [stderr]    Compiling winnow v0.5.10
[INFO] [stderr]    Compiling cpufeatures v0.2.2
[INFO] [stderr]    Compiling funty v2.0.0
[INFO] [stderr]    Compiling hex v0.4.3
[INFO] [stderr]    Compiling image v0.24.3
[INFO] [stderr]    Compiling crossbeam-channel v0.5.6
[INFO] [stderr]    Compiling sha2 v0.10.2
[INFO] [stderr]    Compiling regex v1.9.4
[INFO] [stderr]    Compiling png v0.16.8
[INFO] [stderr]    Compiling libdeflater v0.11.0
[INFO] [stderr]    Compiling rgb v0.8.33
[INFO] [stderr]    Compiling darling_core v0.14.1
[INFO] [stderr]    Compiling globset v0.4.13
[INFO] [stderr]    Compiling bitvec v1.0.1
[INFO] [stderr]    Compiling unsafe-libyaml v0.2.2
[INFO] [stderr]    Compiling rustc-hash v1.1.0
[INFO] [stderr]    Compiling is_executable v1.0.1
[INFO] [stderr]    Compiling icns v0.3.1
[INFO] [stderr]    Compiling ico v0.3.0
[INFO] [stderr]    Compiling globreeks v0.1.1
[INFO] [stderr]    Compiling color-eyre v0.6.2
[INFO] [stderr]    Compiling serde_derive v1.0.188
[INFO] [stderr]    Compiling thiserror-impl v1.0.47
[INFO] [stderr]    Compiling clap_derive v4.3.12
[INFO] [stderr]    Compiling smart-default v0.7.1
[INFO] [stderr]    Compiling darling_macro v0.14.1
[INFO] [stderr]    Compiling pest v2.7.3
[INFO] [stderr]    Compiling wax v0.5.0
[INFO] [stderr]    Compiling oxipng v8.0.0
[INFO] [stderr]    Compiling darling v0.14.1
[INFO] [stderr]    Compiling clap v4.3.21
[INFO] [stderr]    Compiling serde_with_macros v2.0.0
[INFO] [stderr]    Compiling pest_meta v2.7.3
[INFO] [stderr]    Compiling pest_generator v2.7.3
[INFO] [stderr]    Compiling pest_derive v2.7.3
[INFO] [stderr]    Compiling toml_datetime v0.6.3
[INFO] [stderr]    Compiling serde_spanned v0.6.3
[INFO] [stderr]    Compiling serde_with v2.0.0
[INFO] [stderr]    Compiling json5 v0.4.1
[INFO] [stderr]    Compiling serde_yaml v0.9.13
[INFO] [stderr]    Compiling toml_edit v0.20.0
[INFO] [stderr]    Compiling asar v0.2.0
[INFO] [stderr]    Compiling toml v0.8.0
[INFO] [stderr]    Compiling electron_tasje v0.7.0 (/opt/rustwide/workdir)
[INFO] [stderr]     Finished dev [unoptimized + debuginfo] target(s) in 24.51s
[INFO] running `Command { std: "docker" "inspect" "46b6d7992377ac20d941596456062c83ab016dae3cb113cf66010ae67df64e35", kill_on_drop: false }`
[INFO] running `Command { std: "docker" "rm" "-f" "46b6d7992377ac20d941596456062c83ab016dae3cb113cf66010ae67df64e35", kill_on_drop: false }`
[INFO] [stdout] 46b6d7992377ac20d941596456062c83ab016dae3cb113cf66010ae67df64e35
[INFO] running `Command { std: "docker" "create" "-v" "/var/lib/crater-agent-workspace/builds/worker-1-tc2/target:/opt/rustwide/target:rw,Z" "-v" "/var/lib/crater-agent-workspace/builds/worker-1-tc2/source:/opt/rustwide/workdir:ro,Z" "-v" "/var/lib/crater-agent-workspace/cargo-home:/opt/rustwide/cargo-home:ro,Z" "-v" "/var/lib/crater-agent-workspace/rustup-home:/opt/rustwide/rustup-home:ro,Z" "-e" "SOURCE_DIR=/opt/rustwide/workdir" "-e" "CARGO_TARGET_DIR=/opt/rustwide/target" "-e" "CARGO_INCREMENTAL=0" "-e" "RUST_BACKTRACE=full" "-e" "RUSTFLAGS=--cap-lints=warn" "-e" "RUSTDOCFLAGS=--cap-lints=warn" "-e" "CARGO_HOME=/opt/rustwide/cargo-home" "-e" "RUSTUP_HOME=/opt/rustwide/rustup-home" "-w" "/opt/rustwide/workdir" "-m" "1610612736" "--user" "0:0" "--network" "none" "ghcr.io/rust-lang/crates-build-env/linux@sha256:2788e3201cd34a07e3172128adcd8b3090168a8e3bcc40d7c032b9dda1df7d1c" "/opt/rustwide/cargo-home/bin/cargo" "+beta-2023-12-22" "test" "--frozen" "--no-run" "--message-format=json", kill_on_drop: false }`
[INFO] [stdout] bb5c864b7de785f13346f1af29c02f8a54309bbb6cf05484fe9f60aeb7761337
[INFO] running `Command { std: "docker" "start" "-a" "bb5c864b7de785f13346f1af29c02f8a54309bbb6cf05484fe9f60aeb7761337", kill_on_drop: false }`
[INFO] [stderr]    Compiling electron_tasje v0.7.0 (/opt/rustwide/workdir)
[INFO] [stderr]     Finished test [unoptimized + debuginfo] target(s) in 4.06s
[INFO] running `Command { std: "docker" "inspect" "bb5c864b7de785f13346f1af29c02f8a54309bbb6cf05484fe9f60aeb7761337", kill_on_drop: false }`
[INFO] running `Command { std: "docker" "rm" "-f" "bb5c864b7de785f13346f1af29c02f8a54309bbb6cf05484fe9f60aeb7761337", kill_on_drop: false }`
[INFO] [stdout] bb5c864b7de785f13346f1af29c02f8a54309bbb6cf05484fe9f60aeb7761337
[INFO] running `Command { std: "docker" "create" "-v" "/var/lib/crater-agent-workspace/builds/worker-1-tc2/target:/opt/rustwide/target:rw,Z" "-v" "/var/lib/crater-agent-workspace/builds/worker-1-tc2/source:/opt/rustwide/workdir:ro,Z" "-v" "/var/lib/crater-agent-workspace/cargo-home:/opt/rustwide/cargo-home:ro,Z" "-v" "/var/lib/crater-agent-workspace/rustup-home:/opt/rustwide/rustup-home:ro,Z" "-e" "SOURCE_DIR=/opt/rustwide/workdir" "-e" "CARGO_TARGET_DIR=/opt/rustwide/target" "-e" "CARGO_INCREMENTAL=0" "-e" "RUST_BACKTRACE=full" "-e" "RUSTFLAGS=--cap-lints=warn" "-e" "RUSTDOCFLAGS=--cap-lints=warn" "-e" "CARGO_HOME=/opt/rustwide/cargo-home" "-e" "RUSTUP_HOME=/opt/rustwide/rustup-home" "-w" "/opt/rustwide/workdir" "-m" "1610612736" "--user" "0:0" "--network" "none" "ghcr.io/rust-lang/crates-build-env/linux@sha256:2788e3201cd34a07e3172128adcd8b3090168a8e3bcc40d7c032b9dda1df7d1c" "/opt/rustwide/cargo-home/bin/cargo" "+beta-2023-12-22" "test" "--frozen", kill_on_drop: false }`
[INFO] [stdout] 54d2818bf4664bcf5aa91199583f95e36ed74840dd3f7956adcd0de79c0335a8
[INFO] running `Command { std: "docker" "start" "-a" "54d2818bf4664bcf5aa91199583f95e36ed74840dd3f7956adcd0de79c0335a8", kill_on_drop: false }`
[INFO] [stderr]     Finished test [unoptimized + debuginfo] target(s) in 0.09s
[INFO] [stderr]      Running unittests src/lib.rs (/opt/rustwide/target/debug/deps/electron_tasje-3ea5cfacc90692d6)
[INFO] [stdout] 
[INFO] [stdout] running 13 tests
[INFO] [stdout] test config::tests::test_parse_empty ... ok
[INFO] [stdout] test config::tests::test_parse_single ... ok
[INFO] [stdout] test config::tests::test_parse_multiple ... ok
[INFO] [stdout] test icons::tests::test_build_resources ... FAILED
[INFO] [stdout] test icons::tests::test_linux ... FAILED
[INFO] [stdout] test utils::tests::test_filesafe_name ... ok
[INFO] [stdout] test icons::tests::test_mac ... FAILED
[INFO] [stdout] test desktop::tests::test_gen_desktop ... ok
[INFO] [stdout] test app::tests::test_parse ... ok
[INFO] [stdout] test icons::tests::test_win ... FAILED
[INFO] [stdout] test app::tests::test_patched_package ... ok
[INFO] [stdout] test utils::tests::test_variable_templates ... ok
[INFO] [stdout] test walker::tests::test_walking ... ok
[INFO] [stdout] 
[INFO] [stdout] failures:
[INFO] [stdout] 
[INFO] [stdout] ---- icons::tests::test_build_resources stdout ----
[INFO] [stdout] Error: Read-only file system (os error 30)
[INFO] [stdout] 
[INFO] [stdout] ---- icons::tests::test_linux stdout ----
[INFO] [stdout] Error: Read-only file system (os error 30)
[INFO] [stdout] 
[INFO] [stdout] ---- icons::tests::test_mac stdout ----
[INFO] [stdout] Error: Read-only file system (os error 30)
[INFO] [stdout] 
[INFO] [stdout] ---- icons::tests::test_win stdout ----
[INFO] [stdout] Error: Read-only file system (os error 30)
[INFO] [stdout] 
[INFO] [stdout] 
[INFO] [stdout] failures:
[INFO] [stdout]     icons::tests::test_build_resources
[INFO] [stdout]     icons::tests::test_linux
[INFO] [stdout]     icons::tests::test_mac
[INFO] [stdout]     icons::tests::test_win
[INFO] [stdout] 
[INFO] [stdout] test result: FAILED. 9 passed; 4 failed; 0 ignored; 0 measured; 0 filtered out; finished in 0.01s
[INFO] [stdout] 
[INFO] [stderr] error: test failed, to rerun pass `--lib`
[INFO] running `Command { std: "docker" "inspect" "54d2818bf4664bcf5aa91199583f95e36ed74840dd3f7956adcd0de79c0335a8", kill_on_drop: false }`
[INFO] running `Command { std: "docker" "rm" "-f" "54d2818bf4664bcf5aa91199583f95e36ed74840dd3f7956adcd0de79c0335a8", kill_on_drop: false }`
[INFO] [stdout] 54d2818bf4664bcf5aa91199583f95e36ed74840dd3f7956adcd0de79c0335a8
