[INFO] fetching crate egui_winit_ash_vk_mem 0.5.0...
[INFO] testing egui_winit_ash_vk_mem-0.5.0 against 1.75.0 for beta-1.76-1
[INFO] extracting crate egui_winit_ash_vk_mem 0.5.0 into /workspace/builds/worker-4-tc1/source
[INFO] validating manifest of crates.io crate egui_winit_ash_vk_mem 0.5.0 on toolchain 1.75.0
[INFO] running `Command { std: CARGO_HOME="/workspace/cargo-home" RUSTUP_HOME="/workspace/rustup-home" "/workspace/cargo-home/bin/cargo" "+1.75.0" "metadata" "--manifest-path" "Cargo.toml" "--no-deps", kill_on_drop: false }`
[INFO] started tweaking crates.io crate egui_winit_ash_vk_mem 0.5.0
[INFO] finished tweaking crates.io crate egui_winit_ash_vk_mem 0.5.0
[INFO] tweaked toml for crates.io crate egui_winit_ash_vk_mem 0.5.0 written to /workspace/builds/worker-4-tc1/source/Cargo.toml
[INFO] crate crates.io crate egui_winit_ash_vk_mem 0.5.0 already has a lockfile, it will not be regenerated
[INFO] running `Command { std: CARGO_HOME="/workspace/cargo-home" RUSTUP_HOME="/workspace/rustup-home" "/workspace/cargo-home/bin/cargo" "+1.75.0" "fetch" "--manifest-path" "Cargo.toml", kill_on_drop: false }`
[INFO] [stderr]     Updating crates.io index
[INFO] [stderr]  Downloading crates ...
[INFO] [stderr]   Downloaded crossbeam-queue v0.3.2
[INFO] [stderr]   Downloaded wasm-bindgen-macro v0.2.74
[INFO] [stderr]   Downloaded ordered-float v2.5.1
[INFO] [stderr]   Downloaded crossbeam v0.8.1
[INFO] [stderr]   Downloaded bytemuck v1.7.0
[INFO] [stderr]   Downloaded redox_syscall v0.2.9
[INFO] [stderr]   Downloaded ash-window v0.6.0
[INFO] [stderr]   Downloaded copypasta v0.7.1
[INFO] [stderr]   Downloaded gif v0.11.2
[INFO] [stderr]   Downloaded js-sys v0.3.51
[INFO] [stderr]   Downloaded tiff v0.6.1
[INFO] [stderr]   Downloaded web-sys v0.3.51
[INFO] [stderr]   Downloaded raw-window-metal v0.1.2
[INFO] [stderr]   Downloaded num_enum v0.5.1
[INFO] [stderr]   Downloaded mio-misc v1.2.1
[INFO] [stderr]   Downloaded mint v0.5.6
[INFO] [stderr]   Downloaded atomic_refcell v0.1.7
[INFO] [stderr]   Downloaded ash v0.32.1
[INFO] [stderr]   Downloaded crevice v0.6.0
[INFO] [stderr]   Downloaded crevice-derive v0.6.0
[INFO] [stderr]   Downloaded emath v0.13.0
[INFO] [stderr]   Downloaded ab_glyph v0.2.11
[INFO] [stderr]   Downloaded x11-clipboard v0.5.2
[INFO] [stderr]   Downloaded vk-mem v0.2.2
[INFO] [stderr]   Downloaded smithay-clipboard v0.6.3
[INFO] [stderr]   Downloaded bumpalo v3.7.0
[INFO] [stderr]   Downloaded ttf-parser v0.12.2
[INFO] [stderr]   Downloaded tobj v3.0.1
[INFO] [stderr]   Downloaded wasm-bindgen v0.2.74
[INFO] [stderr]   Downloaded weezl v0.1.5
[INFO] [stderr]   Downloaded ahash v0.7.4
[INFO] [stderr]   Downloaded wasm-bindgen-backend v0.2.74
[INFO] [stderr]   Downloaded thiserror-impl v1.0.25
[INFO] [stderr]   Downloaded thiserror v1.0.25
[INFO] [stderr]   Downloaded crossbeam-epoch v0.9.5
[INFO] [stderr]   Downloaded wasm-bindgen-macro-support v0.2.74
[INFO] [stderr]   Downloaded clipboard-win v3.1.1
[INFO] [stderr]   Downloaded num_enum_derive v0.5.1
[INFO] [stderr]   Downloaded xcb v0.9.0
[INFO] [stderr]   Downloaded lazy-bytes-cast v5.0.1
[INFO] [stderr]   Downloaded wasm-bindgen-shared v0.2.74
[INFO] [stderr]   Downloaded webbrowser v0.5.5
[INFO] [stderr]   Downloaded cgmath v0.18.0
[INFO] [stderr]   Downloaded cc v1.0.68
[INFO] [stderr]   Downloaded nom v6.2.0
[INFO] [stderr]   Downloaded egui v0.13.0
[INFO] [stderr]   Downloaded epaint v0.13.0
[INFO] running `Command { std: "docker" "create" "-v" "/var/lib/crater-agent-workspace/builds/worker-4-tc1/target:/opt/rustwide/target:rw,Z" "-v" "/var/lib/crater-agent-workspace/builds/worker-4-tc1/source:/opt/rustwide/workdir:ro,Z" "-v" "/var/lib/crater-agent-workspace/cargo-home:/opt/rustwide/cargo-home:ro,Z" "-v" "/var/lib/crater-agent-workspace/rustup-home:/opt/rustwide/rustup-home:ro,Z" "-e" "SOURCE_DIR=/opt/rustwide/workdir" "-e" "CARGO_TARGET_DIR=/opt/rustwide/target" "-e" "CARGO_HOME=/opt/rustwide/cargo-home" "-e" "RUSTUP_HOME=/opt/rustwide/rustup-home" "-w" "/opt/rustwide/workdir" "-m" "1610612736" "--user" "0:0" "--network" "none" "ghcr.io/rust-lang/crates-build-env/linux@sha256:2788e3201cd34a07e3172128adcd8b3090168a8e3bcc40d7c032b9dda1df7d1c" "/opt/rustwide/cargo-home/bin/cargo" "+1.75.0" "metadata" "--no-deps" "--format-version=1", kill_on_drop: false }`
[INFO] [stdout] c8f6796d6b19b543bf84da448e620aa00c109ab2aebe789b15819045b1f757b5
[INFO] running `Command { std: "docker" "start" "-a" "c8f6796d6b19b543bf84da448e620aa00c109ab2aebe789b15819045b1f757b5", kill_on_drop: false }`
[INFO] running `Command { std: "docker" "inspect" "c8f6796d6b19b543bf84da448e620aa00c109ab2aebe789b15819045b1f757b5", kill_on_drop: false }`
[INFO] running `Command { std: "docker" "rm" "-f" "c8f6796d6b19b543bf84da448e620aa00c109ab2aebe789b15819045b1f757b5", kill_on_drop: false }`
[INFO] [stdout] c8f6796d6b19b543bf84da448e620aa00c109ab2aebe789b15819045b1f757b5
[INFO] running `Command { std: "docker" "create" "-v" "/var/lib/crater-agent-workspace/builds/worker-4-tc1/target:/opt/rustwide/target:rw,Z" "-v" "/var/lib/crater-agent-workspace/builds/worker-4-tc1/source:/opt/rustwide/workdir:ro,Z" "-v" "/var/lib/crater-agent-workspace/cargo-home:/opt/rustwide/cargo-home:ro,Z" "-v" "/var/lib/crater-agent-workspace/rustup-home:/opt/rustwide/rustup-home:ro,Z" "-e" "SOURCE_DIR=/opt/rustwide/workdir" "-e" "CARGO_TARGET_DIR=/opt/rustwide/target" "-e" "CARGO_INCREMENTAL=0" "-e" "RUST_BACKTRACE=full" "-e" "RUSTFLAGS=--cap-lints=warn" "-e" "RUSTDOCFLAGS=--cap-lints=warn" "-e" "CARGO_HOME=/opt/rustwide/cargo-home" "-e" "RUSTUP_HOME=/opt/rustwide/rustup-home" "-w" "/opt/rustwide/workdir" "-m" "1610612736" "--user" "0:0" "--network" "none" "ghcr.io/rust-lang/crates-build-env/linux@sha256:2788e3201cd34a07e3172128adcd8b3090168a8e3bcc40d7c032b9dda1df7d1c" "/opt/rustwide/cargo-home/bin/cargo" "+1.75.0" "build" "--frozen" "--message-format=json", kill_on_drop: false }`
[INFO] [stdout] 44940ee7e54da1899e71b3e6de63effef88131265cf3f6b075c7ba83840f5163
[INFO] running `Command { std: "docker" "start" "-a" "44940ee7e54da1899e71b3e6de63effef88131265cf3f6b075c7ba83840f5163", kill_on_drop: false }`
[INFO] [stderr]    Compiling libc v0.2.97
[INFO] [stderr]    Compiling lazy_static v1.4.0
[INFO] [stderr]    Compiling proc-macro2 v1.0.27
[INFO] [stderr]    Compiling bitflags v1.2.1
[INFO] [stderr]    Compiling autocfg v1.0.1
[INFO] [stderr]    Compiling unicode-xid v0.2.2
[INFO] [stderr]    Compiling pkg-config v0.3.19
[INFO] [stderr]    Compiling version_check v0.9.3
[INFO] [stderr]    Compiling xml-rs v0.8.3
[INFO] [stderr]    Compiling libloading v0.7.0
[INFO] [stderr]    Compiling once_cell v1.8.0
[INFO] [stderr]    Compiling log v0.4.14
[INFO] [stderr]    Compiling smallvec v1.6.1
[INFO] [stderr]    Compiling ab_glyph_rasterizer v0.1.4
[INFO] [stderr]    Compiling memchr v2.3.4
[INFO] [stderr]    Compiling crossbeam-utils v0.8.5
[INFO] [stderr]    Compiling scopeguard v1.1.0
[INFO] [stderr]    Compiling ttf-parser v0.6.2
[INFO] [stderr]    Compiling downcast-rs v1.2.0
[INFO] [stderr]    Compiling dlib v0.5.0
[INFO] [stderr]    Compiling nix v0.18.0
[INFO] [stderr]    Compiling scoped-tls v1.0.0
[INFO] [stderr]    Compiling cfg-if v0.1.10
[INFO] [stderr]    Compiling crossbeam-epoch v0.9.5
[INFO] [stderr]    Compiling same-file v1.0.6
[INFO] [stderr]    Compiling libloading v0.6.7
[INFO] [stderr]    Compiling walkdir v2.3.2
[INFO] [stderr]    Compiling nom v6.2.0
[INFO] [stderr]    Compiling xdg v2.2.0
[INFO] [stderr]    Compiling memoffset v0.6.4
[INFO] [stderr]    Compiling num-traits v0.2.14
[INFO] [stderr]    Compiling crossbeam-queue v0.3.2
[INFO] [stderr]    Compiling dlib v0.4.2
[INFO] [stderr]    Compiling wayland-sys v0.28.5
[INFO] [stderr]    Compiling ahash v0.7.4
[INFO] [stderr]    Compiling ttf-parser v0.12.2
[INFO] [stderr]    Compiling x11-dl v2.18.5
[INFO] [stderr]    Compiling instant v0.1.9
[INFO] [stderr]    Compiling crossbeam-channel v0.5.1
[INFO] [stderr]    Compiling cc v1.0.68
[INFO] [stderr]    Compiling quote v1.0.9
[INFO] [stderr]    Compiling lock_api v0.4.4
[INFO] [stderr]    Compiling winit v0.25.0
[INFO] [stderr]    Compiling emath v0.13.0
[INFO] [stderr]    Compiling wayland-scanner v0.28.5
[INFO] [stderr]    Compiling owned_ttf_parser v0.6.0
[INFO] [stderr]    Compiling crossbeam-deque v0.8.0
[INFO] [stderr]    Compiling rusttype v0.9.2
[INFO] [stderr]    Compiling atomic_refcell v0.1.7
[INFO] [stderr]    Compiling ash v0.32.1
[INFO] [stderr]    Compiling percent-encoding v2.1.0
[INFO] [stderr]    Compiling bytemuck v1.7.0
[INFO] [stderr]    Compiling crossbeam v0.8.1
[INFO] [stderr]    Compiling webbrowser v0.5.5
[INFO] [stderr]    Compiling andrew v0.3.1
[INFO] [stderr]    Compiling nix v0.20.0
[INFO] [stderr]    Compiling memmap2 v0.1.0
[INFO] [stderr]    Compiling getrandom v0.2.3
[INFO] [stderr]    Compiling owned_ttf_parser v0.12.0
[INFO] [stderr]    Compiling mio v0.7.13
[INFO] [stderr]    Compiling parking_lot_core v0.8.3
[INFO] [stderr]    Compiling vk-mem v0.2.2
[INFO] [stderr]    Compiling ordered-float v2.5.1
[INFO] [stderr]    Compiling ab_glyph v0.2.11
[INFO] [stderr]    Compiling raw-window-handle v0.3.3
[INFO] [stderr]    Compiling xcb v0.9.0
[INFO] [stderr]    Compiling parking_lot v0.11.1
[INFO] [stderr]    Compiling epaint v0.13.0
[INFO] [stderr]    Compiling mio-misc v1.2.1
[INFO] [stderr]    Compiling wayland-client v0.28.5
[INFO] [stderr]    Compiling wayland-protocols v0.28.5
[INFO] [stderr]    Compiling xcursor v0.3.3
[INFO] [stderr]    Compiling egui v0.13.0
[INFO] [stderr]    Compiling calloop v0.6.5
[INFO] [stderr]    Compiling wayland-commons v0.28.5
[INFO] [stderr]    Compiling wayland-cursor v0.28.5
[INFO] [stderr]    Compiling x11-clipboard v0.5.2
[INFO] [stderr]    Compiling smithay-client-toolkit v0.12.3
[INFO] [stderr]    Compiling smithay-clipboard v0.6.3
[INFO] [stderr]    Compiling copypasta v0.7.1
[INFO] [stderr]    Compiling egui_winit_ash_vk_mem v0.5.0 (/opt/rustwide/workdir)
[INFO] [stderr]     Finished dev [unoptimized + debuginfo] target(s) in 43.53s
[INFO] [stderr] warning: the following packages contain code that will be rejected by a future version of Rust: nom v6.2.0
[INFO] [stderr] note: to see what the problems were, use the option `--future-incompat-report`, or run `cargo report future-incompatibilities --id 1`
[INFO] running `Command { std: "docker" "inspect" "44940ee7e54da1899e71b3e6de63effef88131265cf3f6b075c7ba83840f5163", kill_on_drop: false }`
[INFO] running `Command { std: "docker" "rm" "-f" "44940ee7e54da1899e71b3e6de63effef88131265cf3f6b075c7ba83840f5163", kill_on_drop: false }`
[INFO] [stdout] 44940ee7e54da1899e71b3e6de63effef88131265cf3f6b075c7ba83840f5163
[INFO] running `Command { std: "docker" "create" "-v" "/var/lib/crater-agent-workspace/builds/worker-4-tc1/target:/opt/rustwide/target:rw,Z" "-v" "/var/lib/crater-agent-workspace/builds/worker-4-tc1/source:/opt/rustwide/workdir:ro,Z" "-v" "/var/lib/crater-agent-workspace/cargo-home:/opt/rustwide/cargo-home:ro,Z" "-v" "/var/lib/crater-agent-workspace/rustup-home:/opt/rustwide/rustup-home:ro,Z" "-e" "SOURCE_DIR=/opt/rustwide/workdir" "-e" "CARGO_TARGET_DIR=/opt/rustwide/target" "-e" "CARGO_INCREMENTAL=0" "-e" "RUST_BACKTRACE=full" "-e" "RUSTFLAGS=--cap-lints=warn" "-e" "RUSTDOCFLAGS=--cap-lints=warn" "-e" "CARGO_HOME=/opt/rustwide/cargo-home" "-e" "RUSTUP_HOME=/opt/rustwide/rustup-home" "-w" "/opt/rustwide/workdir" "-m" "1610612736" "--user" "0:0" "--network" "none" "ghcr.io/rust-lang/crates-build-env/linux@sha256:2788e3201cd34a07e3172128adcd8b3090168a8e3bcc40d7c032b9dda1df7d1c" "/opt/rustwide/cargo-home/bin/cargo" "+1.75.0" "test" "--frozen" "--no-run" "--message-format=json", kill_on_drop: false }`
[INFO] [stdout] cfed0c51e6d1e682b9fcd81db31346d8a149206499570d42bd9ea7c199eca982
[INFO] running `Command { std: "docker" "start" "-a" "cfed0c51e6d1e682b9fcd81db31346d8a149206499570d42bd9ea7c199eca982", kill_on_drop: false }`
[INFO] [stderr]    Compiling rayon-core v1.9.1
[INFO] [stderr]    Compiling num_cpus v1.13.0
[INFO] [stderr]    Compiling rayon v1.5.1
[INFO] [stderr]    Compiling num-integer v0.1.44
[INFO] [stderr]    Compiling miniz_oxide v0.4.4
[INFO] [stderr]    Compiling adler32 v1.2.0
[INFO] [stderr]    Compiling crc32fast v1.2.1
[INFO] [stderr]    Compiling syn v1.0.73
[INFO] [stderr]    Compiling either v1.6.1
[INFO] [stderr]    Compiling num-rational v0.3.2
[INFO] [stderr]    Compiling num-iter v0.1.42
[INFO] [stderr]    Compiling weezl v0.1.5
[INFO] [stderr]    Compiling cgmath v0.18.0
[INFO] [stderr]    Compiling mint v0.5.6
[INFO] [stderr]    Compiling anyhow v1.0.41
[INFO] [stderr]    Compiling approx v0.4.0
[INFO] [stderr]    Compiling miniz_oxide v0.3.7
[INFO] [stderr]    Compiling deflate v0.8.6
[INFO] [stderr]    Compiling scoped_threadpool v0.1.9
[INFO] [stderr]    Compiling gif v0.11.2
[INFO] [stderr]    Compiling ash-window v0.6.0
[INFO] [stderr]    Compiling tobj v3.0.1
[INFO] [stderr]    Compiling png v0.16.8
[INFO] [stderr]    Compiling jpeg-decoder v0.1.22
[INFO] [stderr]    Compiling tiff v0.6.1
[INFO] [stderr]    Compiling image v0.23.14
[INFO] [stderr]    Compiling crevice-derive v0.6.0
[INFO] [stderr]    Compiling crevice v0.6.0
[INFO] [stderr]    Compiling egui_winit_ash_vk_mem v0.5.0 (/opt/rustwide/workdir)
[INFO] [stderr]     Finished test [unoptimized + debuginfo] target(s) in 9.23s
[INFO] [stderr] warning: the following packages contain code that will be rejected by a future version of Rust: nom v6.2.0
[INFO] [stderr] note: to see what the problems were, use the option `--future-incompat-report`, or run `cargo report future-incompatibilities --id 1`
[INFO] running `Command { std: "docker" "inspect" "cfed0c51e6d1e682b9fcd81db31346d8a149206499570d42bd9ea7c199eca982", kill_on_drop: false }`
[INFO] running `Command { std: "docker" "rm" "-f" "cfed0c51e6d1e682b9fcd81db31346d8a149206499570d42bd9ea7c199eca982", kill_on_drop: false }`
[INFO] [stdout] cfed0c51e6d1e682b9fcd81db31346d8a149206499570d42bd9ea7c199eca982
[INFO] running `Command { std: "docker" "create" "-v" "/var/lib/crater-agent-workspace/builds/worker-4-tc1/target:/opt/rustwide/target:rw,Z" "-v" "/var/lib/crater-agent-workspace/builds/worker-4-tc1/source:/opt/rustwide/workdir:ro,Z" "-v" "/var/lib/crater-agent-workspace/cargo-home:/opt/rustwide/cargo-home:ro,Z" "-v" "/var/lib/crater-agent-workspace/rustup-home:/opt/rustwide/rustup-home:ro,Z" "-e" "SOURCE_DIR=/opt/rustwide/workdir" "-e" "CARGO_TARGET_DIR=/opt/rustwide/target" "-e" "CARGO_INCREMENTAL=0" "-e" "RUST_BACKTRACE=full" "-e" "RUSTFLAGS=--cap-lints=warn" "-e" "RUSTDOCFLAGS=--cap-lints=warn" "-e" "CARGO_HOME=/opt/rustwide/cargo-home" "-e" "RUSTUP_HOME=/opt/rustwide/rustup-home" "-w" "/opt/rustwide/workdir" "-m" "1610612736" "--user" "0:0" "--network" "none" "ghcr.io/rust-lang/crates-build-env/linux@sha256:2788e3201cd34a07e3172128adcd8b3090168a8e3bcc40d7c032b9dda1df7d1c" "/opt/rustwide/cargo-home/bin/cargo" "+1.75.0" "test" "--frozen", kill_on_drop: false }`
[INFO] [stdout] 4380581b0b062cb5d951a84d4f198581aff5ce544c5334fcf0af7331e9028934
[INFO] running `Command { std: "docker" "start" "-a" "4380581b0b062cb5d951a84d4f198581aff5ce544c5334fcf0af7331e9028934", kill_on_drop: false }`
[INFO] [stderr]     Finished test [unoptimized + debuginfo] target(s) in 0.12s
[INFO] [stderr] warning: the following packages contain code that will be rejected by a future version of Rust: nom v6.2.0
[INFO] [stderr] note: to see what the problems were, use the option `--future-incompat-report`, or run `cargo report future-incompatibilities --id 1`
[INFO] [stderr]      Running unittests src/lib.rs (/opt/rustwide/target/debug/deps/egui_winit_ash_vk_mem-ae5de134ec4dd7a4)
[INFO] [stdout] 
[INFO] [stdout] running 0 tests
[INFO] [stdout] 
[INFO] [stdout] test result: ok. 0 passed; 0 failed; 0 ignored; 0 measured; 0 filtered out; finished in 0.00s
[INFO] [stdout] 
[INFO] [stderr]    Doc-tests egui_winit_ash_vk_mem
[INFO] [stdout] 
[INFO] [stdout] running 1 test
[INFO] [stdout] test src/lib.rs - (line 12) ... FAILED
[INFO] [stdout] 
[INFO] [stdout] failures:
[INFO] [stdout] 
[INFO] [stdout] ---- src/lib.rs - (line 12) stdout ----
[INFO] [stdout] error[E0433]: failed to resolve: use of undeclared type `EventLoop`
[INFO] [stdout]  --> src/lib.rs:14:22
[INFO] [stdout]   |
[INFO] [stdout] 3 |     let event_loop = EventLoop::new();
[INFO] [stdout]   |                      ^^^^^^^^^ use of undeclared type `EventLoop`
[INFO] [stdout]   |
[INFO] [stdout] help: consider importing one of these items
[INFO] [stdout]   |
[INFO] [stdout] 2 + use winit::event_loop::EventLoop;
[INFO] [stdout]   |
[INFO] [stdout] 2 + use winit::platform::unix::x11::EventLoop;
[INFO] [stdout]   |
[INFO] [stdout] 
[INFO] [stdout] error[E0433]: failed to resolve: use of undeclared type `ControlFlow`
[INFO] [stdout]  --> src/lib.rs:19:25
[INFO] [stdout]   |
[INFO] [stdout] 8 |         *control_flow = ControlFlow::Poll;
[INFO] [stdout]   |                         ^^^^^^^^^^^ use of undeclared type `ControlFlow`
[INFO] [stdout]   |
[INFO] [stdout] help: consider importing one of these items
[INFO] [stdout]   |
[INFO] [stdout] 2 + use core::ops::ControlFlow;
[INFO] [stdout]   |
[INFO] [stdout] 2 + use std::ops::ControlFlow;
[INFO] [stdout]   |
[INFO] [stdout] 2 + use winit::event_loop::ControlFlow;
[INFO] [stdout]   |
[INFO] [stdout] 
[INFO] [stdout] error[E0433]: failed to resolve: use of undeclared type `Event`
[INFO] [stdout]   --> src/lib.rs:23:13
[INFO] [stdout]    |
[INFO] [stdout] 12 |             Event::WindowEvent {
[INFO] [stdout]    |             ^^^^^ use of undeclared type `Event`
[INFO] [stdout]    |
[INFO] [stdout] help: consider importing one of these items
[INFO] [stdout]    |
[INFO] [stdout] 2  + use ash::vk::Event;
[INFO] [stdout]    |
[INFO] [stdout] 2  + use egui::Event;
[INFO] [stdout]    |
[INFO] [stdout] 2  + use winit::event::Event;
[INFO] [stdout]    |
[INFO] [stdout] 
[INFO] [stdout] error[E0433]: failed to resolve: use of undeclared type `WindowEvent`
[INFO] [stdout]   --> src/lib.rs:24:24
[INFO] [stdout]    |
[INFO] [stdout] 13 |                 event: WindowEvent::CloseRequested,
[INFO] [stdout]    |                        ^^^^^^^^^^^ use of undeclared type `WindowEvent`
[INFO] [stdout]    |
[INFO] [stdout] help: consider importing this enum
[INFO] [stdout]    |
[INFO] [stdout] 2  + use winit::event::WindowEvent;
[INFO] [stdout]    |
[INFO] [stdout] 
[INFO] [stdout] error[E0433]: failed to resolve: use of undeclared type `ControlFlow`
[INFO] [stdout]   --> src/lib.rs:26:34
[INFO] [stdout]    |
[INFO] [stdout] 15 |             } => *control_flow = ControlFlow::Exit,
[INFO] [stdout]    |                                  ^^^^^^^^^^^ use of undeclared type `ControlFlow`
[INFO] [stdout]    |
[INFO] [stdout] help: consider importing one of these items
[INFO] [stdout]    |
[INFO] [stdout] 2  + use core::ops::ControlFlow;
[INFO] [stdout]    |
[INFO] [stdout] 2  + use std::ops::ControlFlow;
[INFO] [stdout]    |
[INFO] [stdout] 2  + use winit::event_loop::ControlFlow;
[INFO] [stdout]    |
[INFO] [stdout] 
[INFO] [stdout] error[E0433]: failed to resolve: use of undeclared type `Event`
[INFO] [stdout]   --> src/lib.rs:27:13
[INFO] [stdout]    |
[INFO] [stdout] 16 |             Event::WindowEvent {
[INFO] [stdout]    |             ^^^^^ use of undeclared type `Event`
[INFO] [stdout]    |
[INFO] [stdout] help: consider importing one of these items
[INFO] [stdout]    |
[INFO] [stdout] 2  + use ash::vk::Event;
[INFO] [stdout]    |
[INFO] [stdout] 2  + use egui::Event;
[INFO] [stdout]    |
[INFO] [stdout] 2  + use winit::event::Event;
[INFO] [stdout]    |
[INFO] [stdout] 
[INFO] [stdout] error[E0433]: failed to resolve: use of undeclared type `WindowEvent`
[INFO] [stdout]   --> src/lib.rs:28:24
[INFO] [stdout]    |
[INFO] [stdout] 17 |                 event: WindowEvent::Resized(_),
[INFO] [stdout]    |                        ^^^^^^^^^^^ use of undeclared type `WindowEvent`
[INFO] [stdout]    |
[INFO] [stdout] help: consider importing this enum
[INFO] [stdout]    |
[INFO] [stdout] 2  + use winit::event::WindowEvent;
[INFO] [stdout]    |
[INFO] [stdout] 
[INFO] [stdout] error[E0433]: failed to resolve: use of undeclared type `Event`
[INFO] [stdout]   --> src/lib.rs:34:13
[INFO] [stdout]    |
[INFO] [stdout] 23 |             Event::MainEventsCleared => app.window.request_redraw(),
[INFO] [stdout]    |             ^^^^^ use of undeclared type `Event`
[INFO] [stdout]    |
[INFO] [stdout] help: consider importing one of these items
[INFO] [stdout]    |
[INFO] [stdout] 2  + use ash::vk::Event;
[INFO] [stdout]    |
[INFO] [stdout] 2  + use egui::Event;
[INFO] [stdout]    |
[INFO] [stdout] 2  + use winit::event::Event;
[INFO] [stdout]    |
[INFO] [stdout] 
[INFO] [stdout] error[E0433]: failed to resolve: use of undeclared type `Event`
[INFO] [stdout]   --> src/lib.rs:35:13
[INFO] [stdout]    |
[INFO] [stdout] 24 |             Event::RedrawRequested(_window_id) => {
[INFO] [stdout]    |             ^^^^^ use of undeclared type `Event`
[INFO] [stdout]    |
[INFO] [stdout] help: consider importing one of these items
[INFO] [stdout]    |
[INFO] [stdout] 2  + use ash::vk::Event;
[INFO] [stdout]    |
[INFO] [stdout] 2  + use egui::Event;
[INFO] [stdout]    |
[INFO] [stdout] 2  + use winit::event::Event;
[INFO] [stdout]    |
[INFO] [stdout] 
[INFO] [stdout] error[E0107]: enum takes 2 generic arguments but 1 generic argument was supplied
[INFO] [stdout]  --> src/lib.rs:13:14
[INFO] [stdout]   |
[INFO] [stdout] 2 | fn main() -> Result<()> {
[INFO] [stdout]   |              ^^^^^^ -- supplied 1 generic argument
[INFO] [stdout]   |              |
[INFO] [stdout]   |              expected 2 generic arguments
[INFO] [stdout]   |
[INFO] [stdout] help: add missing generic argument
[INFO] [stdout]   |
[INFO] [stdout] 2 | fn main() -> Result<(), E> {
[INFO] [stdout]   |                       +++
[INFO] [stdout] 
[INFO] [stdout] error[E0433]: failed to resolve: use of undeclared type `App`
[INFO] [stdout]  --> src/lib.rs:16:19
[INFO] [stdout]   |
[INFO] [stdout] 5 |     let mut app = App::new(&event_loop)?;
[INFO] [stdout]   |                   ^^^ use of undeclared type `App`
[INFO] [stdout] 
[INFO] [stdout] error: aborting due to 11 previous errors
[INFO] [stdout] 
[INFO] [stdout] Some errors have detailed explanations: E0107, E0433.
[INFO] [stdout] For more information about an error, try `rustc --explain E0107`.
[INFO] [stdout] Couldn't compile the test.
[INFO] [stdout] 
[INFO] [stdout] failures:
[INFO] [stdout]     src/lib.rs - (line 12)
[INFO] [stdout] 
[INFO] [stdout] test result: FAILED. 0 passed; 1 failed; 0 ignored; 0 measured; 0 filtered out; finished in 0.09s
[INFO] [stdout] 
[INFO] [stderr] error: doctest failed, to rerun pass `--doc`
[INFO] running `Command { std: "docker" "inspect" "4380581b0b062cb5d951a84d4f198581aff5ce544c5334fcf0af7331e9028934", kill_on_drop: false }`
[INFO] running `Command { std: "docker" "rm" "-f" "4380581b0b062cb5d951a84d4f198581aff5ce544c5334fcf0af7331e9028934", kill_on_drop: false }`
[INFO] [stdout] 4380581b0b062cb5d951a84d4f198581aff5ce544c5334fcf0af7331e9028934
