[INFO] fetching crate egui_hotkey 0.2.0...
[INFO] testing egui_hotkey-0.2.0 against 1.75.0 for beta-1.76-1
[INFO] extracting crate egui_hotkey 0.2.0 into /workspace/builds/worker-3-tc1/source
[INFO] validating manifest of crates.io crate egui_hotkey 0.2.0 on toolchain 1.75.0
[INFO] running `Command { std: CARGO_HOME="/workspace/cargo-home" RUSTUP_HOME="/workspace/rustup-home" "/workspace/cargo-home/bin/cargo" "+1.75.0" "metadata" "--manifest-path" "Cargo.toml" "--no-deps", kill_on_drop: false }`
[INFO] started tweaking crates.io crate egui_hotkey 0.2.0
[INFO] finished tweaking crates.io crate egui_hotkey 0.2.0
[INFO] tweaked toml for crates.io crate egui_hotkey 0.2.0 written to /workspace/builds/worker-3-tc1/source/Cargo.toml
[INFO] crate crates.io crate egui_hotkey 0.2.0 already has a lockfile, it will not be regenerated
[INFO] running `Command { std: CARGO_HOME="/workspace/cargo-home" RUSTUP_HOME="/workspace/rustup-home" "/workspace/cargo-home/bin/cargo" "+1.75.0" "fetch" "--manifest-path" "Cargo.toml", kill_on_drop: false }`
[INFO] [stderr]     Updating crates.io index
[INFO] [stderr]  Downloading crates ...
[INFO] [stderr]   Downloaded unicode-ident v1.0.0
[INFO] [stderr]   Downloaded emath v0.19.0
[INFO] [stderr]   Downloaded serde_derive v1.0.137
[INFO] [stderr]   Downloaded tracing-core v0.1.26
[INFO] [stderr]   Downloaded ndk-glue v0.6.2
[INFO] [stderr]   Downloaded webbrowser v0.7.1
[INFO] [stderr]   Downloaded wasm-bindgen-futures v0.4.30
[INFO] [stderr]   Downloaded png v0.17.5
[INFO] [stderr]   Downloaded egui_glow v0.19.0
[INFO] [stderr]   Downloaded mio v0.8.3
[INFO] [stderr]   Downloaded x11rb v0.9.0
[INFO] [stderr]   Downloaded web-sys v0.3.57
[INFO] [stderr]   Downloaded epaint v0.19.0
[INFO] [stderr]   Downloaded winit v0.27.2
[INFO] [stderr]   Downloaded wasm-bindgen v0.2.80
[INFO] [stderr]   Downloaded egui v0.19.0
[INFO] [stderr]   Downloaded syn v1.0.95
[INFO] [stderr]   Downloaded eframe v0.19.0
[INFO] [stderr]   Downloaded deflate v1.0.0
[INFO] [stderr]   Downloaded calloop v0.10.1
[INFO] [stderr]   Downloaded js-sys v0.3.57
[INFO] [stderr]   Downloaded wasm-bindgen-backend v0.2.80
[INFO] [stderr]   Downloaded quote v1.0.18
[INFO] [stderr]   Downloaded serde v1.0.137
[INFO] [stderr]   Downloaded getrandom v0.2.6
[INFO] [stderr]   Downloaded ab_glyph v0.2.15
[INFO] [stderr]   Downloaded tracing v0.1.34
[INFO] [stderr]   Downloaded wasm-bindgen-macro-support v0.2.80
[INFO] [stderr]   Downloaded wayland-egl v0.29.4
[INFO] [stderr]   Downloaded foreign-types-macros v0.2.2
[INFO] [stderr]   Downloaded ahash v0.8.0
[INFO] [stderr]   Downloaded sctk-adwaita v0.4.2
[INFO] [stderr]   Downloaded crossfont v0.5.0
[INFO] [stderr]   Downloaded proc-macro2 v1.0.39
[INFO] [stderr]   Downloaded clipboard-win v4.4.1
[INFO] [stderr]   Downloaded combine v4.6.4
[INFO] [stderr]   Downloaded egui-winit v0.19.0
[INFO] [stderr]   Downloaded bytemuck_derive v1.1.0
[INFO] [stderr]   Downloaded wasm-bindgen-macro v0.2.80
[INFO] [stderr]   Downloaded wasm-bindgen-shared v0.2.80
[INFO] [stderr]   Downloaded bytemuck v1.9.1
[INFO] [stderr]   Downloaded arboard v2.1.1
[INFO] running `Command { std: "docker" "create" "-v" "/var/lib/crater-agent-workspace/builds/worker-3-tc1/target:/opt/rustwide/target:rw,Z" "-v" "/var/lib/crater-agent-workspace/builds/worker-3-tc1/source:/opt/rustwide/workdir:ro,Z" "-v" "/var/lib/crater-agent-workspace/cargo-home:/opt/rustwide/cargo-home:ro,Z" "-v" "/var/lib/crater-agent-workspace/rustup-home:/opt/rustwide/rustup-home:ro,Z" "-e" "SOURCE_DIR=/opt/rustwide/workdir" "-e" "CARGO_TARGET_DIR=/opt/rustwide/target" "-e" "CARGO_HOME=/opt/rustwide/cargo-home" "-e" "RUSTUP_HOME=/opt/rustwide/rustup-home" "-w" "/opt/rustwide/workdir" "-m" "1610612736" "--user" "0:0" "--network" "none" "ghcr.io/rust-lang/crates-build-env/linux@sha256:2788e3201cd34a07e3172128adcd8b3090168a8e3bcc40d7c032b9dda1df7d1c" "/opt/rustwide/cargo-home/bin/cargo" "+1.75.0" "metadata" "--no-deps" "--format-version=1", kill_on_drop: false }`
[INFO] [stdout] 514dea86a5b03af4a28c99f2cc8faa61e8479243eeaac34da2de59b72dec9ace
[INFO] running `Command { std: "docker" "start" "-a" "514dea86a5b03af4a28c99f2cc8faa61e8479243eeaac34da2de59b72dec9ace", kill_on_drop: false }`
[INFO] running `Command { std: "docker" "inspect" "514dea86a5b03af4a28c99f2cc8faa61e8479243eeaac34da2de59b72dec9ace", kill_on_drop: false }`
[INFO] running `Command { std: "docker" "rm" "-f" "514dea86a5b03af4a28c99f2cc8faa61e8479243eeaac34da2de59b72dec9ace", kill_on_drop: false }`
[INFO] [stdout] 514dea86a5b03af4a28c99f2cc8faa61e8479243eeaac34da2de59b72dec9ace
[INFO] running `Command { std: "docker" "create" "-v" "/var/lib/crater-agent-workspace/builds/worker-3-tc1/target:/opt/rustwide/target:rw,Z" "-v" "/var/lib/crater-agent-workspace/builds/worker-3-tc1/source:/opt/rustwide/workdir:ro,Z" "-v" "/var/lib/crater-agent-workspace/cargo-home:/opt/rustwide/cargo-home:ro,Z" "-v" "/var/lib/crater-agent-workspace/rustup-home:/opt/rustwide/rustup-home:ro,Z" "-e" "SOURCE_DIR=/opt/rustwide/workdir" "-e" "CARGO_TARGET_DIR=/opt/rustwide/target" "-e" "CARGO_INCREMENTAL=0" "-e" "RUST_BACKTRACE=full" "-e" "RUSTFLAGS=--cap-lints=warn" "-e" "RUSTDOCFLAGS=--cap-lints=warn" "-e" "CARGO_HOME=/opt/rustwide/cargo-home" "-e" "RUSTUP_HOME=/opt/rustwide/rustup-home" "-w" "/opt/rustwide/workdir" "-m" "1610612736" "--user" "0:0" "--network" "none" "ghcr.io/rust-lang/crates-build-env/linux@sha256:2788e3201cd34a07e3172128adcd8b3090168a8e3bcc40d7c032b9dda1df7d1c" "/opt/rustwide/cargo-home/bin/cargo" "+1.75.0" "build" "--frozen" "--message-format=json", kill_on_drop: false }`
[INFO] [stdout] b22d767dbeec6b699712e352d13f7c8b532061fc98bb306a7441fdb9fa45059c
[INFO] running `Command { std: "docker" "start" "-a" "b22d767dbeec6b699712e352d13f7c8b532061fc98bb306a7441fdb9fa45059c", kill_on_drop: false }`
[INFO] [stderr]    Compiling libc v0.2.126
[INFO] [stderr]    Compiling parking_lot_core v0.9.3
[INFO] [stderr]    Compiling ttf-parser v0.15.0
[INFO] [stderr]    Compiling smallvec v1.8.0
[INFO] [stderr]    Compiling ab_glyph_rasterizer v0.1.5
[INFO] [stderr]    Compiling once_cell v1.13.1
[INFO] [stderr]    Compiling emath v0.19.0
[INFO] [stderr]    Compiling nohash-hasher v0.2.0
[INFO] [stderr]    Compiling lock_api v0.4.7
[INFO] [stderr]    Compiling ahash v0.8.0
[INFO] [stderr]    Compiling getrandom v0.2.6
[INFO] [stderr]    Compiling parking_lot v0.12.0
[INFO] [stderr]    Compiling owned_ttf_parser v0.15.0
[INFO] [stderr]    Compiling ab_glyph v0.2.15
[INFO] [stderr]    Compiling epaint v0.19.0
[INFO] [stderr]    Compiling egui v0.19.0
[INFO] [stderr]    Compiling egui_hotkey v0.2.0 (/opt/rustwide/workdir)
[INFO] [stderr]     Finished dev [unoptimized + debuginfo] target(s) in 5.82s
[INFO] running `Command { std: "docker" "inspect" "b22d767dbeec6b699712e352d13f7c8b532061fc98bb306a7441fdb9fa45059c", kill_on_drop: false }`
[INFO] running `Command { std: "docker" "rm" "-f" "b22d767dbeec6b699712e352d13f7c8b532061fc98bb306a7441fdb9fa45059c", kill_on_drop: false }`
[INFO] [stdout] b22d767dbeec6b699712e352d13f7c8b532061fc98bb306a7441fdb9fa45059c
[INFO] running `Command { std: "docker" "create" "-v" "/var/lib/crater-agent-workspace/builds/worker-3-tc1/target:/opt/rustwide/target:rw,Z" "-v" "/var/lib/crater-agent-workspace/builds/worker-3-tc1/source:/opt/rustwide/workdir:ro,Z" "-v" "/var/lib/crater-agent-workspace/cargo-home:/opt/rustwide/cargo-home:ro,Z" "-v" "/var/lib/crater-agent-workspace/rustup-home:/opt/rustwide/rustup-home:ro,Z" "-e" "SOURCE_DIR=/opt/rustwide/workdir" "-e" "CARGO_TARGET_DIR=/opt/rustwide/target" "-e" "CARGO_INCREMENTAL=0" "-e" "RUST_BACKTRACE=full" "-e" "RUSTFLAGS=--cap-lints=warn" "-e" "RUSTDOCFLAGS=--cap-lints=warn" "-e" "CARGO_HOME=/opt/rustwide/cargo-home" "-e" "RUSTUP_HOME=/opt/rustwide/rustup-home" "-w" "/opt/rustwide/workdir" "-m" "1610612736" "--user" "0:0" "--network" "none" "ghcr.io/rust-lang/crates-build-env/linux@sha256:2788e3201cd34a07e3172128adcd8b3090168a8e3bcc40d7c032b9dda1df7d1c" "/opt/rustwide/cargo-home/bin/cargo" "+1.75.0" "test" "--frozen" "--no-run" "--message-format=json", kill_on_drop: false }`
[INFO] [stdout] a78e1f7fd6edc688750ba640bd989a90e3885299a613aa3159aa980f2aa21f56
[INFO] running `Command { std: "docker" "start" "-a" "a78e1f7fd6edc688750ba640bd989a90e3885299a613aa3159aa980f2aa21f56", kill_on_drop: false }`
[INFO] [stderr]    Compiling libc v0.2.126
[INFO] [stderr]    Compiling proc-macro2 v1.0.39
[INFO] [stderr]    Compiling unicode-ident v1.0.0
[INFO] [stderr]    Compiling pkg-config v0.3.25
[INFO] [stderr]    Compiling syn v1.0.95
[INFO] [stderr]    Compiling xml-rs v0.8.4
[INFO] [stderr]    Compiling once_cell v1.13.1
[INFO] [stderr]    Compiling cc v1.0.73
[INFO] [stderr]    Compiling libloading v0.7.3
[INFO] [stderr]    Compiling memchr v2.5.0
[INFO] [stderr]    Compiling memoffset v0.6.5
[INFO] [stderr]    Compiling log v0.4.17
[INFO] [stderr]    Compiling downcast-rs v1.2.0
[INFO] [stderr]    Compiling khronos_api v3.1.0
[INFO] [stderr]    Compiling scoped-tls v1.0.0
[INFO] [stderr]    Compiling slotmap v1.0.6
[INFO] [stderr]    Compiling minimal-lexical v0.2.1
[INFO] [stderr]    Compiling crc32fast v1.3.2
[INFO] [stderr]    Compiling dlib v0.5.0
[INFO] [stderr]    Compiling vec_map v0.8.2
[INFO] [stderr]    Compiling adler32 v1.2.0
[INFO] [stderr]    Compiling adler v1.0.2
[INFO] [stderr]    Compiling deflate v1.0.0
[INFO] [stderr]    Compiling miniz_oxide v0.5.3
[INFO] [stderr]    Compiling foreign-types-shared v0.3.1
[INFO] [stderr]    Compiling arrayref v0.3.6
[INFO] [stderr]    Compiling percent-encoding v2.1.0
[INFO] [stderr]    Compiling cmake v0.1.48
[INFO] [stderr]    Compiling tinyvec_macros v0.1.0
[INFO] [stderr]    Compiling tracing-core v0.1.26
[INFO] [stderr]    Compiling arrayvec v0.5.2
[INFO] [stderr]    Compiling tinyvec v1.6.0
[INFO] [stderr]    Compiling wayland-sys v0.29.4
[INFO] [stderr]    Compiling servo-fontconfig-sys v5.1.0
[INFO] [stderr]    Compiling gl_generator v0.14.0
[INFO] [stderr]    Compiling smithay-client-toolkit v0.16.0
[INFO] [stderr]    Compiling crossfont v0.5.0
[INFO] [stderr]    Compiling x11-dl v2.19.1
[INFO] [stderr]    Compiling nom v7.1.1
[INFO] [stderr]    Compiling quote v1.0.18
[INFO] [stderr]    Compiling png v0.17.5
[INFO] [stderr]    Compiling matches v0.1.9
[INFO] [stderr]    Compiling cty v0.2.2
[INFO] [stderr]    Compiling tracing v0.1.34
[INFO] [stderr]    Compiling unicode-bidi v0.3.8
[INFO] [stderr]    Compiling wayland-scanner v0.29.4
[INFO] [stderr]    Compiling freetype-sys v0.13.1
[INFO] [stderr]    Compiling expat-sys v2.1.6
[INFO] [stderr]    Compiling raw-window-handle v0.5.0
[INFO] [stderr]    Compiling raw-window-handle v0.4.3
[INFO] [stderr]    Compiling form_urlencoded v1.0.1
[INFO] [stderr]    Compiling instant v0.1.12
[INFO] [stderr]    Compiling glow v0.11.2
[INFO] [stderr]    Compiling unicode-normalization v0.1.19
[INFO] [stderr]    Compiling glutin_egl_sys v0.1.6
[INFO] [stderr]    Compiling glutin_glx_sys v0.1.8
[INFO] [stderr]    Compiling nix v0.22.3
[INFO] [stderr]    Compiling parking_lot_core v0.9.3
[INFO] [stderr]    Compiling nix v0.24.2
[INFO] [stderr]    Compiling memmap2 v0.5.7
[INFO] [stderr]    Compiling getrandom v0.2.6
[INFO] [stderr]    Compiling gethostname v0.2.3
[INFO] [stderr]    Compiling parking_lot v0.12.0
[INFO] [stderr]    Compiling freetype-rs v0.26.0
[INFO] [stderr]    Compiling ahash v0.8.0
[INFO] [stderr]    Compiling mio v0.8.3
[INFO] [stderr]    Compiling servo-fontconfig v0.5.1
[INFO] [stderr]    Compiling shared_library v0.1.9
[INFO] [stderr]    Compiling osmesa-sys v0.1.2
[INFO] [stderr]    Compiling idna v0.2.3
[INFO] [stderr]    Compiling wayland-client v0.29.4
[INFO] [stderr]    Compiling wayland-protocols v0.29.4
[INFO] [stderr]    Compiling url v2.2.2
[INFO] [stderr]    Compiling xcursor v0.3.4
[INFO] [stderr]    Compiling webbrowser v0.7.1
[INFO] [stderr]    Compiling bytemuck_derive v1.1.0
[INFO] [stderr]    Compiling thiserror-impl v1.0.31
[INFO] [stderr]    Compiling foreign-types-macros v0.2.2
[INFO] [stderr]    Compiling wayland-commons v0.29.4
[INFO] [stderr]    Compiling x11rb v0.9.0
[INFO] [stderr]    Compiling bytemuck v1.9.1
[INFO] [stderr]    Compiling foreign-types v0.5.0
[INFO] [stderr]    Compiling tiny-skia-path v0.7.0
[INFO] [stderr]    Compiling safe_arch v0.5.2
[INFO] [stderr]    Compiling emath v0.19.0
[INFO] [stderr]    Compiling epaint v0.19.0
[INFO] [stderr]    Compiling thiserror v1.0.31
[INFO] [stderr]    Compiling calloop v0.10.1
[INFO] [stderr]    Compiling wayland-cursor v0.29.4
[INFO] [stderr]    Compiling wayland-egl v0.29.4
[INFO] [stderr]    Compiling tiny-skia v0.7.0
[INFO] [stderr]    Compiling egui v0.19.0
[INFO] [stderr]    Compiling egui_glow v0.19.0
[INFO] [stderr]    Compiling egui_hotkey v0.2.0 (/opt/rustwide/workdir)
[INFO] [stderr]    Compiling arboard v2.1.1
[INFO] [stderr]    Compiling sctk-adwaita v0.4.2
[INFO] [stderr]    Compiling smithay-clipboard v0.6.6
[INFO] [stderr]    Compiling winit v0.27.2
[INFO] [stderr]    Compiling glutin v0.29.1
[INFO] [stderr]    Compiling egui-winit v0.19.0
[INFO] [stderr]    Compiling eframe v0.19.0
[INFO] [stderr]     Finished test [unoptimized + debuginfo] target(s) in 1m 15s
[INFO] running `Command { std: "docker" "inspect" "a78e1f7fd6edc688750ba640bd989a90e3885299a613aa3159aa980f2aa21f56", kill_on_drop: false }`
[INFO] running `Command { std: "docker" "rm" "-f" "a78e1f7fd6edc688750ba640bd989a90e3885299a613aa3159aa980f2aa21f56", kill_on_drop: false }`
[INFO] [stdout] a78e1f7fd6edc688750ba640bd989a90e3885299a613aa3159aa980f2aa21f56
[INFO] running `Command { std: "docker" "create" "-v" "/var/lib/crater-agent-workspace/builds/worker-3-tc1/target:/opt/rustwide/target:rw,Z" "-v" "/var/lib/crater-agent-workspace/builds/worker-3-tc1/source:/opt/rustwide/workdir:ro,Z" "-v" "/var/lib/crater-agent-workspace/cargo-home:/opt/rustwide/cargo-home:ro,Z" "-v" "/var/lib/crater-agent-workspace/rustup-home:/opt/rustwide/rustup-home:ro,Z" "-e" "SOURCE_DIR=/opt/rustwide/workdir" "-e" "CARGO_TARGET_DIR=/opt/rustwide/target" "-e" "CARGO_INCREMENTAL=0" "-e" "RUST_BACKTRACE=full" "-e" "RUSTFLAGS=--cap-lints=warn" "-e" "RUSTDOCFLAGS=--cap-lints=warn" "-e" "CARGO_HOME=/opt/rustwide/cargo-home" "-e" "RUSTUP_HOME=/opt/rustwide/rustup-home" "-w" "/opt/rustwide/workdir" "-m" "1610612736" "--user" "0:0" "--network" "none" "ghcr.io/rust-lang/crates-build-env/linux@sha256:2788e3201cd34a07e3172128adcd8b3090168a8e3bcc40d7c032b9dda1df7d1c" "/opt/rustwide/cargo-home/bin/cargo" "+1.75.0" "test" "--frozen", kill_on_drop: false }`
[INFO] [stdout] d049c38a0e9ae2315ffa068fc69bdf3e9b5095c8b8de348455369db569de3257
[INFO] running `Command { std: "docker" "start" "-a" "d049c38a0e9ae2315ffa068fc69bdf3e9b5095c8b8de348455369db569de3257", kill_on_drop: false }`
[INFO] [stderr]     Finished test [unoptimized + debuginfo] target(s) in 0.21s
[INFO] [stdout] 
[INFO] [stderr]      Running unittests src/lib.rs (/opt/rustwide/target/debug/deps/egui_hotkey-ffd1beb5f3936dab)
[INFO] [stdout] running 0 tests
[INFO] [stderr]    Doc-tests egui_hotkey
[INFO] [stdout] 
[INFO] [stdout] test result: ok. 0 passed; 0 failed; 0 ignored; 0 measured; 0 filtered out; finished in 0.00s
[INFO] [stdout] 
[INFO] [stdout] 
[INFO] [stdout] running 1 test
[INFO] [stderr] error: doctest failed, to rerun pass `--doc`
[INFO] [stdout] test src/lib.rs - (line 11) ... FAILED
[INFO] [stdout] 
[INFO] [stdout] failures:
[INFO] [stdout] 
[INFO] [stdout] ---- src/lib.rs - (line 11) stdout ----
[INFO] [stdout] error[E0433]: failed to resolve: use of undeclared type `Hotkey`
[INFO] [stdout]  --> src/lib.rs:15:4
[INFO] [stdout]   |
[INFO] [stdout] 6 | if Hotkey::new(&mut key).ui(ui).changed() {
[INFO] [stdout]   |    ^^^^^^ use of undeclared type `Hotkey`
[INFO] [stdout]   |
[INFO] [stdout] help: consider importing this struct
[INFO] [stdout]   |
[INFO] [stdout] 2 + use egui_hotkey::Hotkey;
[INFO] [stdout]   |
[INFO] [stdout] 
[INFO] [stdout] error[E0425]: cannot find value `ui` in this scope
[INFO] [stdout]  --> src/lib.rs:15:29
[INFO] [stdout]   |
[INFO] [stdout] 6 | if Hotkey::new(&mut key).ui(ui).changed() {
[INFO] [stdout]   |                             ^^ not found in this scope
[INFO] [stdout] 
[INFO] [stdout] error: aborting due to 2 previous errors
[INFO] [stdout] 
[INFO] [stdout] Some errors have detailed explanations: E0425, E0433.
[INFO] [stdout] For more information about an error, try `rustc --explain E0425`.
[INFO] [stdout] Couldn't compile the test.
[INFO] [stdout] 
[INFO] [stdout] failures:
[INFO] [stdout]     src/lib.rs - (line 11)
[INFO] [stdout] 
[INFO] [stdout] test result: FAILED. 0 passed; 1 failed; 0 ignored; 0 measured; 0 filtered out; finished in 0.11s
[INFO] [stdout] 
[INFO] running `Command { std: "docker" "inspect" "d049c38a0e9ae2315ffa068fc69bdf3e9b5095c8b8de348455369db569de3257", kill_on_drop: false }`
[INFO] running `Command { std: "docker" "rm" "-f" "d049c38a0e9ae2315ffa068fc69bdf3e9b5095c8b8de348455369db569de3257", kill_on_drop: false }`
[INFO] [stdout] d049c38a0e9ae2315ffa068fc69bdf3e9b5095c8b8de348455369db569de3257
[INFO] testing egui_hotkey-0.2.0 against beta-2023-12-22 for beta-1.76-1
[INFO] extracting crate egui_hotkey 0.2.0 into /workspace/builds/worker-3-tc2/source
[INFO] validating manifest of crates.io crate egui_hotkey 0.2.0 on toolchain beta-2023-12-22
[INFO] running `Command { std: CARGO_HOME="/workspace/cargo-home" RUSTUP_HOME="/workspace/rustup-home" "/workspace/cargo-home/bin/cargo" "+beta-2023-12-22" "metadata" "--manifest-path" "Cargo.toml" "--no-deps", kill_on_drop: false }`
[INFO] started tweaking crates.io crate egui_hotkey 0.2.0
[INFO] finished tweaking crates.io crate egui_hotkey 0.2.0
[INFO] tweaked toml for crates.io crate egui_hotkey 0.2.0 written to /workspace/builds/worker-3-tc2/source/Cargo.toml
[INFO] crate crates.io crate egui_hotkey 0.2.0 already has a lockfile, it will not be regenerated
[INFO] running `Command { std: CARGO_HOME="/workspace/cargo-home" RUSTUP_HOME="/workspace/rustup-home" "/workspace/cargo-home/bin/cargo" "+beta-2023-12-22" "fetch" "--manifest-path" "Cargo.toml", kill_on_drop: false }`
[INFO] running `Command { std: "docker" "create" "-v" "/var/lib/crater-agent-workspace/builds/worker-3-tc2/target:/opt/rustwide/target:rw,Z" "-v" "/var/lib/crater-agent-workspace/builds/worker-3-tc2/source:/opt/rustwide/workdir:ro,Z" "-v" "/var/lib/crater-agent-workspace/cargo-home:/opt/rustwide/cargo-home:ro,Z" "-v" "/var/lib/crater-agent-workspace/rustup-home:/opt/rustwide/rustup-home:ro,Z" "-e" "SOURCE_DIR=/opt/rustwide/workdir" "-e" "CARGO_TARGET_DIR=/opt/rustwide/target" "-e" "CARGO_HOME=/opt/rustwide/cargo-home" "-e" "RUSTUP_HOME=/opt/rustwide/rustup-home" "-w" "/opt/rustwide/workdir" "-m" "1610612736" "--user" "0:0" "--network" "none" "ghcr.io/rust-lang/crates-build-env/linux@sha256:2788e3201cd34a07e3172128adcd8b3090168a8e3bcc40d7c032b9dda1df7d1c" "/opt/rustwide/cargo-home/bin/cargo" "+beta-2023-12-22" "metadata" "--no-deps" "--format-version=1", kill_on_drop: false }`
[INFO] [stdout] 2f0606d863246c5d3d32edacea91253670f9eaf93f247462695e8462c3a2b9e8
[INFO] running `Command { std: "docker" "start" "-a" "2f0606d863246c5d3d32edacea91253670f9eaf93f247462695e8462c3a2b9e8", kill_on_drop: false }`
[INFO] running `Command { std: "docker" "inspect" "2f0606d863246c5d3d32edacea91253670f9eaf93f247462695e8462c3a2b9e8", kill_on_drop: false }`
[INFO] running `Command { std: "docker" "rm" "-f" "2f0606d863246c5d3d32edacea91253670f9eaf93f247462695e8462c3a2b9e8", kill_on_drop: false }`
[INFO] [stdout] 2f0606d863246c5d3d32edacea91253670f9eaf93f247462695e8462c3a2b9e8
[INFO] running `Command { std: "docker" "create" "-v" "/var/lib/crater-agent-workspace/builds/worker-3-tc2/target:/opt/rustwide/target:rw,Z" "-v" "/var/lib/crater-agent-workspace/builds/worker-3-tc2/source:/opt/rustwide/workdir:ro,Z" "-v" "/var/lib/crater-agent-workspace/cargo-home:/opt/rustwide/cargo-home:ro,Z" "-v" "/var/lib/crater-agent-workspace/rustup-home:/opt/rustwide/rustup-home:ro,Z" "-e" "SOURCE_DIR=/opt/rustwide/workdir" "-e" "CARGO_TARGET_DIR=/opt/rustwide/target" "-e" "CARGO_INCREMENTAL=0" "-e" "RUST_BACKTRACE=full" "-e" "RUSTFLAGS=--cap-lints=warn" "-e" "RUSTDOCFLAGS=--cap-lints=warn" "-e" "CARGO_HOME=/opt/rustwide/cargo-home" "-e" "RUSTUP_HOME=/opt/rustwide/rustup-home" "-w" "/opt/rustwide/workdir" "-m" "1610612736" "--user" "0:0" "--network" "none" "ghcr.io/rust-lang/crates-build-env/linux@sha256:2788e3201cd34a07e3172128adcd8b3090168a8e3bcc40d7c032b9dda1df7d1c" "/opt/rustwide/cargo-home/bin/cargo" "+beta-2023-12-22" "build" "--frozen" "--message-format=json", kill_on_drop: false }`
[INFO] [stdout] 82861d959f269ab644fdd35941ab00c68b00c79c40084c5e03fc3c07da26f6d7
[INFO] running `Command { std: "docker" "start" "-a" "82861d959f269ab644fdd35941ab00c68b00c79c40084c5e03fc3c07da26f6d7", kill_on_drop: false }`
[INFO] [stderr]    Compiling libc v0.2.126
[INFO] [stderr]    Compiling lock_api v0.4.7
[INFO] [stderr]    Compiling parking_lot_core v0.9.3
[INFO] [stderr]    Compiling smallvec v1.8.0
[INFO] [stderr]    Compiling ttf-parser v0.15.0
[INFO] [stderr]    Compiling once_cell v1.13.1
[INFO] [stderr]    Compiling ab_glyph_rasterizer v0.1.5
[INFO] [stderr]    Compiling nohash-hasher v0.2.0
[INFO] [stderr]    Compiling emath v0.19.0
[INFO] [stderr]    Compiling ahash v0.8.0
[INFO] [stderr]    Compiling getrandom v0.2.6
[INFO] [stderr]    Compiling parking_lot v0.12.0
[INFO] [stderr]    Compiling owned_ttf_parser v0.15.0
[INFO] [stderr]    Compiling ab_glyph v0.2.15
[INFO] [stderr]    Compiling epaint v0.19.0
[INFO] [stderr]    Compiling egui v0.19.0
[INFO] [stderr]    Compiling egui_hotkey v0.2.0 (/opt/rustwide/workdir)
[INFO] [stderr]     Finished dev [unoptimized + debuginfo] target(s) in 10.03s
[INFO] running `Command { std: "docker" "inspect" "82861d959f269ab644fdd35941ab00c68b00c79c40084c5e03fc3c07da26f6d7", kill_on_drop: false }`
[INFO] running `Command { std: "docker" "rm" "-f" "82861d959f269ab644fdd35941ab00c68b00c79c40084c5e03fc3c07da26f6d7", kill_on_drop: false }`
[INFO] [stdout] 82861d959f269ab644fdd35941ab00c68b00c79c40084c5e03fc3c07da26f6d7
[INFO] running `Command { std: "docker" "create" "-v" "/var/lib/crater-agent-workspace/builds/worker-3-tc2/target:/opt/rustwide/target:rw,Z" "-v" "/var/lib/crater-agent-workspace/builds/worker-3-tc2/source:/opt/rustwide/workdir:ro,Z" "-v" "/var/lib/crater-agent-workspace/cargo-home:/opt/rustwide/cargo-home:ro,Z" "-v" "/var/lib/crater-agent-workspace/rustup-home:/opt/rustwide/rustup-home:ro,Z" "-e" "SOURCE_DIR=/opt/rustwide/workdir" "-e" "CARGO_TARGET_DIR=/opt/rustwide/target" "-e" "CARGO_INCREMENTAL=0" "-e" "RUST_BACKTRACE=full" "-e" "RUSTFLAGS=--cap-lints=warn" "-e" "RUSTDOCFLAGS=--cap-lints=warn" "-e" "CARGO_HOME=/opt/rustwide/cargo-home" "-e" "RUSTUP_HOME=/opt/rustwide/rustup-home" "-w" "/opt/rustwide/workdir" "-m" "1610612736" "--user" "0:0" "--network" "none" "ghcr.io/rust-lang/crates-build-env/linux@sha256:2788e3201cd34a07e3172128adcd8b3090168a8e3bcc40d7c032b9dda1df7d1c" "/opt/rustwide/cargo-home/bin/cargo" "+beta-2023-12-22" "test" "--frozen" "--no-run" "--message-format=json", kill_on_drop: false }`
[INFO] [stdout] 0fd9e90334dfdd367d6eabf7444947548d90997f5232c92b61d276399c0546a9
[INFO] running `Command { std: "docker" "start" "-a" "0fd9e90334dfdd367d6eabf7444947548d90997f5232c92b61d276399c0546a9", kill_on_drop: false }`
[INFO] [stderr]    Compiling libc v0.2.126
[INFO] [stderr]    Compiling proc-macro2 v1.0.39
[INFO] [stderr]    Compiling unicode-ident v1.0.0
[INFO] [stderr]    Compiling pkg-config v0.3.25
[INFO] [stderr]    Compiling syn v1.0.95
[INFO] [stderr]    Compiling xml-rs v0.8.4
[INFO] [stderr]    Compiling cc v1.0.73
[INFO] [stderr]    Compiling once_cell v1.13.1
[INFO] [stderr]    Compiling libloading v0.7.3
[INFO] [stderr]    Compiling memchr v2.5.0
[INFO] [stderr]    Compiling memoffset v0.6.5
[INFO] [stderr]    Compiling log v0.4.17
[INFO] [stderr]    Compiling downcast-rs v1.2.0
[INFO] [stderr]    Compiling khronos_api v3.1.0
[INFO] [stderr]    Compiling scoped-tls v1.0.0
[INFO] [stderr]    Compiling slotmap v1.0.6
[INFO] [stderr]    Compiling minimal-lexical v0.2.1
[INFO] [stderr]    Compiling crc32fast v1.3.2
[INFO] [stderr]    Compiling adler32 v1.2.0
[INFO] [stderr]    Compiling vec_map v0.8.2
[INFO] [stderr]    Compiling dlib v0.5.0
[INFO] [stderr]    Compiling deflate v1.0.0
[INFO] [stderr]    Compiling miniz_oxide v0.5.3
[INFO] [stderr]    Compiling tinyvec_macros v0.1.0
[INFO] [stderr]    Compiling foreign-types-shared v0.3.1
[INFO] [stderr]    Compiling arrayref v0.3.6
[INFO] [stderr]    Compiling percent-encoding v2.1.0
[INFO] [stderr]    Compiling tinyvec v1.6.0
[INFO] [stderr]    Compiling tracing-core v0.1.26
[INFO] [stderr]    Compiling cmake v0.1.48
[INFO] [stderr]    Compiling arrayvec v0.5.2
[INFO] [stderr]    Compiling cty v0.2.2
[INFO] [stderr]    Compiling quote v1.0.18
[INFO] [stderr]    Compiling gl_generator v0.14.0
[INFO] [stderr]    Compiling matches v0.1.9
[INFO] [stderr]    Compiling tracing v0.1.34
[INFO] [stderr]    Compiling wayland-scanner v0.29.4
[INFO] [stderr]    Compiling wayland-sys v0.29.4
[INFO] [stderr]    Compiling nom v7.1.1
[INFO] [stderr]    Compiling servo-fontconfig-sys v5.1.0
[INFO] [stderr]    Compiling smithay-client-toolkit v0.16.0
[INFO] [stderr]    Compiling crossfont v0.5.0
[INFO] [stderr]    Compiling freetype-sys v0.13.1
[INFO] [stderr]    Compiling expat-sys v2.1.6
[INFO] [stderr]    Compiling x11-dl v2.19.1
[INFO] [stderr]    Compiling png v0.17.5
[INFO] [stderr]    Compiling unicode-normalization v0.1.19
[INFO] [stderr]    Compiling unicode-bidi v0.3.8
[INFO] [stderr]    Compiling form_urlencoded v1.0.1
[INFO] [stderr]    Compiling raw-window-handle v0.4.3
[INFO] [stderr]    Compiling raw-window-handle v0.5.0
[INFO] [stderr]    Compiling instant v0.1.12
[INFO] [stderr]    Compiling glow v0.11.2
[INFO] [stderr]    Compiling glutin_glx_sys v0.1.8
[INFO] [stderr]    Compiling glutin_egl_sys v0.1.6
[INFO] [stderr]    Compiling nix v0.22.3
[INFO] [stderr]    Compiling parking_lot_core v0.9.3
[INFO] [stderr]    Compiling nix v0.24.2
[INFO] [stderr]    Compiling getrandom v0.2.6
[INFO] [stderr]    Compiling memmap2 v0.5.7
[INFO] [stderr]    Compiling idna v0.2.3
[INFO] [stderr]    Compiling parking_lot v0.12.0
[INFO] [stderr]    Compiling freetype-rs v0.26.0
[INFO] [stderr]    Compiling ahash v0.8.0
[INFO] [stderr]    Compiling gethostname v0.2.3
[INFO] [stderr]    Compiling servo-fontconfig v0.5.1
[INFO] [stderr]    Compiling mio v0.8.3
[INFO] [stderr]    Compiling shared_library v0.1.9
[INFO] [stderr]    Compiling url v2.2.2
[INFO] [stderr]    Compiling osmesa-sys v0.1.2
[INFO] [stderr]    Compiling wayland-client v0.29.4
[INFO] [stderr]    Compiling wayland-protocols v0.29.4
[INFO] [stderr]    Compiling xcursor v0.3.4
[INFO] [stderr]    Compiling webbrowser v0.7.1
[INFO] [stderr]    Compiling bytemuck_derive v1.1.0
[INFO] [stderr]    Compiling thiserror-impl v1.0.31
[INFO] [stderr]    Compiling foreign-types-macros v0.2.2
[INFO] [stderr]    Compiling wayland-commons v0.29.4
[INFO] [stderr]    Compiling x11rb v0.9.0
[INFO] [stderr]    Compiling foreign-types v0.5.0
[INFO] [stderr]    Compiling thiserror v1.0.31
[INFO] [stderr]    Compiling calloop v0.10.1
[INFO] [stderr]    Compiling bytemuck v1.9.1
[INFO] [stderr]    Compiling safe_arch v0.5.2
[INFO] [stderr]    Compiling tiny-skia-path v0.7.0
[INFO] [stderr]    Compiling emath v0.19.0
[INFO] [stderr]    Compiling epaint v0.19.0
[INFO] [stderr]    Compiling tiny-skia v0.7.0
[INFO] [stderr]    Compiling wayland-cursor v0.29.4
[INFO] [stderr]    Compiling wayland-egl v0.29.4
[INFO] [stderr]    Compiling egui v0.19.0
[INFO] [stderr]    Compiling egui_glow v0.19.0
[INFO] [stderr]    Compiling egui_hotkey v0.2.0 (/opt/rustwide/workdir)
[INFO] [stderr]    Compiling arboard v2.1.1
[INFO] [stderr]    Compiling sctk-adwaita v0.4.2
[INFO] [stderr]    Compiling smithay-clipboard v0.6.6
[INFO] [stderr]    Compiling winit v0.27.2
[INFO] [stderr]    Compiling glutin v0.29.1
[INFO] [stderr]    Compiling egui-winit v0.19.0
[INFO] [stderr]    Compiling eframe v0.19.0
[INFO] [stderr]     Finished test [unoptimized + debuginfo] target(s) in 1m 06s
[INFO] running `Command { std: "docker" "inspect" "0fd9e90334dfdd367d6eabf7444947548d90997f5232c92b61d276399c0546a9", kill_on_drop: false }`
[INFO] running `Command { std: "docker" "rm" "-f" "0fd9e90334dfdd367d6eabf7444947548d90997f5232c92b61d276399c0546a9", kill_on_drop: false }`
[INFO] [stdout] 0fd9e90334dfdd367d6eabf7444947548d90997f5232c92b61d276399c0546a9
[INFO] running `Command { std: "docker" "create" "-v" "/var/lib/crater-agent-workspace/builds/worker-3-tc2/target:/opt/rustwide/target:rw,Z" "-v" "/var/lib/crater-agent-workspace/builds/worker-3-tc2/source:/opt/rustwide/workdir:ro,Z" "-v" "/var/lib/crater-agent-workspace/cargo-home:/opt/rustwide/cargo-home:ro,Z" "-v" "/var/lib/crater-agent-workspace/rustup-home:/opt/rustwide/rustup-home:ro,Z" "-e" "SOURCE_DIR=/opt/rustwide/workdir" "-e" "CARGO_TARGET_DIR=/opt/rustwide/target" "-e" "CARGO_INCREMENTAL=0" "-e" "RUST_BACKTRACE=full" "-e" "RUSTFLAGS=--cap-lints=warn" "-e" "RUSTDOCFLAGS=--cap-lints=warn" "-e" "CARGO_HOME=/opt/rustwide/cargo-home" "-e" "RUSTUP_HOME=/opt/rustwide/rustup-home" "-w" "/opt/rustwide/workdir" "-m" "1610612736" "--user" "0:0" "--network" "none" "ghcr.io/rust-lang/crates-build-env/linux@sha256:2788e3201cd34a07e3172128adcd8b3090168a8e3bcc40d7c032b9dda1df7d1c" "/opt/rustwide/cargo-home/bin/cargo" "+beta-2023-12-22" "test" "--frozen", kill_on_drop: false }`
[INFO] [stdout] dd8c94858db582ece1af129110414c7cb52ae09d782a3589bebc555abde97a8c
[INFO] running `Command { std: "docker" "start" "-a" "dd8c94858db582ece1af129110414c7cb52ae09d782a3589bebc555abde97a8c", kill_on_drop: false }`
[INFO] [stderr]     Finished test [unoptimized + debuginfo] target(s) in 0.15s
[INFO] [stderr]      Running unittests src/lib.rs (/opt/rustwide/target/debug/deps/egui_hotkey-8d1d3ff914a06807)
[INFO] [stdout] 
[INFO] [stdout] running 0 tests
[INFO] [stdout] 
[INFO] [stdout] test result: ok. 0 passed; 0 failed; 0 ignored; 0 measured; 0 filtered out; finished in 0.00s
[INFO] [stdout] 
[INFO] [stderr]    Doc-tests egui_hotkey
[INFO] [stdout] 
[INFO] [stdout] running 1 test
[INFO] [stdout] test src/lib.rs - (line 11) ... FAILED
[INFO] [stdout] 
[INFO] [stdout] failures:
[INFO] [stdout] 
[INFO] [stdout] ---- src/lib.rs - (line 11) stdout ----
[INFO] [stdout] error[E0433]: failed to resolve: use of undeclared type `Hotkey`
[INFO] [stdout]  --> src/lib.rs:15:4
[INFO] [stdout]   |
[INFO] [stdout] 6 | if Hotkey::new(&mut key).ui(ui).changed() {
[INFO] [stdout]   |    ^^^^^^ use of undeclared type `Hotkey`
[INFO] [stdout]   |
[INFO] [stdout] help: consider importing this struct
[INFO] [stdout]   |
[INFO] [stdout] 2 + use egui_hotkey::Hotkey;
[INFO] [stdout]   |
[INFO] [stdout] 
[INFO] [stdout] error[E0425]: cannot find value `ui` in this scope
[INFO] [stdout]  --> src/lib.rs:15:29
[INFO] [stdout]   |
[INFO] [stdout] 6 | if Hotkey::new(&mut key).ui(ui).changed() {
[INFO] [stdout]   |                             ^^ not found in this scope
[INFO] [stdout] 
[INFO] [stdout] error: aborting due to 2 previous errors
[INFO] [stdout] 
[INFO] [stdout] Some errors have detailed explanations: E0425, E0433.
[INFO] [stdout] For more information about an error, try `rustc --explain E0425`.
[INFO] [stdout] Couldn't compile the test.
[INFO] [stdout] 
[INFO] [stdout] failures:
[INFO] [stdout]     src/lib.rs - (line 11)
[INFO] [stdout] 
[INFO] [stdout] test result: FAILED. 0 passed; 1 failed; 0 ignored; 0 measured; 0 filtered out; finished in 0.08s
[INFO] [stdout] 
[INFO] [stderr] error: doctest failed, to rerun pass `--doc`
[INFO] running `Command { std: "docker" "inspect" "dd8c94858db582ece1af129110414c7cb52ae09d782a3589bebc555abde97a8c", kill_on_drop: false }`
[INFO] running `Command { std: "docker" "rm" "-f" "dd8c94858db582ece1af129110414c7cb52ae09d782a3589bebc555abde97a8c", kill_on_drop: false }`
[INFO] [stdout] dd8c94858db582ece1af129110414c7cb52ae09d782a3589bebc555abde97a8c
