[INFO] fetching crate egui_grid 0.3.0...
[INFO] testing egui_grid-0.3.0 against 1.75.0 for beta-1.76-1
[INFO] extracting crate egui_grid 0.3.0 into /workspace/builds/worker-5-tc1/source
[INFO] validating manifest of crates.io crate egui_grid 0.3.0 on toolchain 1.75.0
[INFO] running `Command { std: CARGO_HOME="/workspace/cargo-home" RUSTUP_HOME="/workspace/rustup-home" "/workspace/cargo-home/bin/cargo" "+1.75.0" "metadata" "--manifest-path" "Cargo.toml" "--no-deps", kill_on_drop: false }`
[INFO] started tweaking crates.io crate egui_grid 0.3.0
[INFO] finished tweaking crates.io crate egui_grid 0.3.0
[INFO] tweaked toml for crates.io crate egui_grid 0.3.0 written to /workspace/builds/worker-5-tc1/source/Cargo.toml
[INFO] running `Command { std: CARGO_HOME="/workspace/cargo-home" RUSTUP_HOME="/workspace/rustup-home" "/workspace/cargo-home/bin/cargo" "+1.75.0" "generate-lockfile" "--manifest-path" "Cargo.toml", kill_on_drop: false }`
[INFO] [stderr]     Updating crates.io index
[INFO] running `Command { std: CARGO_HOME="/workspace/cargo-home" RUSTUP_HOME="/workspace/rustup-home" "/workspace/cargo-home/bin/cargo" "+1.75.0" "fetch" "--manifest-path" "Cargo.toml", kill_on_drop: false }`
[INFO] [stderr]  Downloading crates ...
[INFO] [stderr]   Downloaded ecolor v0.23.0
[INFO] [stderr]   Downloaded enumn v0.1.13
[INFO] [stderr]   Downloaded emath v0.23.0
[INFO] [stderr]   Downloaded egui_extras v0.23.0
[INFO] [stderr]   Downloaded egui v0.23.0
[INFO] [stderr]   Downloaded epaint v0.23.0
[INFO] running `Command { std: "docker" "create" "-v" "/var/lib/crater-agent-workspace/builds/worker-5-tc1/target:/opt/rustwide/target:rw,Z" "-v" "/var/lib/crater-agent-workspace/builds/worker-5-tc1/source:/opt/rustwide/workdir:ro,Z" "-v" "/var/lib/crater-agent-workspace/cargo-home:/opt/rustwide/cargo-home:ro,Z" "-v" "/var/lib/crater-agent-workspace/rustup-home:/opt/rustwide/rustup-home:ro,Z" "-e" "SOURCE_DIR=/opt/rustwide/workdir" "-e" "CARGO_TARGET_DIR=/opt/rustwide/target" "-e" "CARGO_HOME=/opt/rustwide/cargo-home" "-e" "RUSTUP_HOME=/opt/rustwide/rustup-home" "-w" "/opt/rustwide/workdir" "-m" "1610612736" "--user" "0:0" "--network" "none" "ghcr.io/rust-lang/crates-build-env/linux@sha256:2788e3201cd34a07e3172128adcd8b3090168a8e3bcc40d7c032b9dda1df7d1c" "/opt/rustwide/cargo-home/bin/cargo" "+1.75.0" "metadata" "--no-deps" "--format-version=1", kill_on_drop: false }`
[INFO] [stdout] 8f9615dbda9fae3631d21bc72516968c7e5ec9742b489d1f9f823709ea8a902f
[INFO] running `Command { std: "docker" "start" "-a" "8f9615dbda9fae3631d21bc72516968c7e5ec9742b489d1f9f823709ea8a902f", kill_on_drop: false }`
[INFO] running `Command { std: "docker" "inspect" "8f9615dbda9fae3631d21bc72516968c7e5ec9742b489d1f9f823709ea8a902f", kill_on_drop: false }`
[INFO] running `Command { std: "docker" "rm" "-f" "8f9615dbda9fae3631d21bc72516968c7e5ec9742b489d1f9f823709ea8a902f", kill_on_drop: false }`
[INFO] [stdout] 8f9615dbda9fae3631d21bc72516968c7e5ec9742b489d1f9f823709ea8a902f
[INFO] running `Command { std: "docker" "create" "-v" "/var/lib/crater-agent-workspace/builds/worker-5-tc1/target:/opt/rustwide/target:rw,Z" "-v" "/var/lib/crater-agent-workspace/builds/worker-5-tc1/source:/opt/rustwide/workdir:ro,Z" "-v" "/var/lib/crater-agent-workspace/cargo-home:/opt/rustwide/cargo-home:ro,Z" "-v" "/var/lib/crater-agent-workspace/rustup-home:/opt/rustwide/rustup-home:ro,Z" "-e" "SOURCE_DIR=/opt/rustwide/workdir" "-e" "CARGO_TARGET_DIR=/opt/rustwide/target" "-e" "CARGO_INCREMENTAL=0" "-e" "RUST_BACKTRACE=full" "-e" "RUSTFLAGS=--cap-lints=warn" "-e" "RUSTDOCFLAGS=--cap-lints=warn" "-e" "CARGO_HOME=/opt/rustwide/cargo-home" "-e" "RUSTUP_HOME=/opt/rustwide/rustup-home" "-w" "/opt/rustwide/workdir" "-m" "1610612736" "--user" "0:0" "--network" "none" "ghcr.io/rust-lang/crates-build-env/linux@sha256:2788e3201cd34a07e3172128adcd8b3090168a8e3bcc40d7c032b9dda1df7d1c" "/opt/rustwide/cargo-home/bin/cargo" "+1.75.0" "build" "--frozen" "--message-format=json", kill_on_drop: false }`
[INFO] [stdout] 2c47ad50ed0252f4ea83b839c50f6aaef9631a3426377a38d6e10d65ffe9a1b9
[INFO] running `Command { std: "docker" "start" "-a" "2c47ad50ed0252f4ea83b839c50f6aaef9631a3426377a38d6e10d65ffe9a1b9", kill_on_drop: false }`
[INFO] [stderr]    Compiling serde v1.0.194
[INFO] [stderr]    Compiling unicase v2.7.0
[INFO] [stderr]    Compiling ahash v0.8.7
[INFO] [stderr]    Compiling ttf-parser v0.20.0
[INFO] [stderr]    Compiling syn v2.0.48
[INFO] [stderr]    Compiling parking_lot_core v0.9.9
[INFO] [stderr]    Compiling zerocopy v0.7.32
[INFO] [stderr]    Compiling once_cell v1.19.0
[INFO] [stderr]    Compiling ab_glyph_rasterizer v0.1.8
[INFO] [stderr]    Compiling parking_lot v0.12.1
[INFO] [stderr]    Compiling nohash-hasher v0.2.0
[INFO] [stderr]    Compiling log v0.4.20
[INFO] [stderr]    Compiling mime_guess v2.0.4
[INFO] [stderr]    Compiling serde_derive v1.0.194
[INFO] [stderr]    Compiling enum-map-derive v0.17.0
[INFO] [stderr]    Compiling owned_ttf_parser v0.20.0
[INFO] [stderr]    Compiling ab_glyph v0.2.23
[INFO] [stderr]    Compiling emath v0.23.0
[INFO] [stderr]    Compiling ecolor v0.23.0
[INFO] [stderr]    Compiling enum-map v2.7.3
[INFO] [stderr]    Compiling epaint v0.23.0
[INFO] [stderr]    Compiling egui v0.23.0
[INFO] [stderr]    Compiling egui_extras v0.23.0
[INFO] [stderr]    Compiling egui_grid v0.3.0 (/opt/rustwide/workdir)
[INFO] [stdout] warning: method `add` is never used
[INFO] [stdout]   --> src/sizing.rs:12:12
[INFO] [stdout]    |
[INFO] [stdout] 11 | impl Sizing {
[INFO] [stdout]    | ----------- method in this implementation
[INFO] [stdout] 12 |     pub fn add(&mut self, size: Size) {
[INFO] [stdout]    |            ^^^
[INFO] [stdout]    |
[INFO] [stdout]    = note: `#[warn(dead_code)]` on by default
[INFO] [stdout] 
[INFO] [stdout] 
[INFO] [stdout] warning: 1 warning emitted
[INFO] [stdout] 
[INFO] [stdout] 
[INFO] [stderr]     Finished dev [unoptimized + debuginfo] target(s) in 12.66s
[INFO] running `Command { std: "docker" "inspect" "2c47ad50ed0252f4ea83b839c50f6aaef9631a3426377a38d6e10d65ffe9a1b9", kill_on_drop: false }`
[INFO] running `Command { std: "docker" "rm" "-f" "2c47ad50ed0252f4ea83b839c50f6aaef9631a3426377a38d6e10d65ffe9a1b9", kill_on_drop: false }`
[INFO] [stdout] 2c47ad50ed0252f4ea83b839c50f6aaef9631a3426377a38d6e10d65ffe9a1b9
[INFO] running `Command { std: "docker" "create" "-v" "/var/lib/crater-agent-workspace/builds/worker-5-tc1/target:/opt/rustwide/target:rw,Z" "-v" "/var/lib/crater-agent-workspace/builds/worker-5-tc1/source:/opt/rustwide/workdir:ro,Z" "-v" "/var/lib/crater-agent-workspace/cargo-home:/opt/rustwide/cargo-home:ro,Z" "-v" "/var/lib/crater-agent-workspace/rustup-home:/opt/rustwide/rustup-home:ro,Z" "-e" "SOURCE_DIR=/opt/rustwide/workdir" "-e" "CARGO_TARGET_DIR=/opt/rustwide/target" "-e" "CARGO_INCREMENTAL=0" "-e" "RUST_BACKTRACE=full" "-e" "RUSTFLAGS=--cap-lints=warn" "-e" "RUSTDOCFLAGS=--cap-lints=warn" "-e" "CARGO_HOME=/opt/rustwide/cargo-home" "-e" "RUSTUP_HOME=/opt/rustwide/rustup-home" "-w" "/opt/rustwide/workdir" "-m" "1610612736" "--user" "0:0" "--network" "none" "ghcr.io/rust-lang/crates-build-env/linux@sha256:2788e3201cd34a07e3172128adcd8b3090168a8e3bcc40d7c032b9dda1df7d1c" "/opt/rustwide/cargo-home/bin/cargo" "+1.75.0" "test" "--frozen" "--no-run" "--message-format=json", kill_on_drop: false }`
[INFO] [stdout] b3859a976811045d4dcb8af989158341228f302b76ad7554dc7ea88d51e8fadb
[INFO] running `Command { std: "docker" "start" "-a" "b3859a976811045d4dcb8af989158341228f302b76ad7554dc7ea88d51e8fadb", kill_on_drop: false }`
[INFO] [stderr]    Compiling egui_grid v0.3.0 (/opt/rustwide/workdir)
[INFO] [stdout] warning: method `add` is never used
[INFO] [stdout]   --> src/sizing.rs:12:12
[INFO] [stdout]    |
[INFO] [stdout] 11 | impl Sizing {
[INFO] [stdout]    | ----------- method in this implementation
[INFO] [stdout] 12 |     pub fn add(&mut self, size: Size) {
[INFO] [stdout]    |            ^^^
[INFO] [stdout]    |
[INFO] [stdout]    = note: `#[warn(dead_code)]` on by default
[INFO] [stdout] 
[INFO] [stdout] 
[INFO] [stdout] warning: 1 warning emitted
[INFO] [stdout] 
[INFO] [stdout] 
[INFO] [stdout] warning: method `add` is never used
[INFO] [stdout]   --> src/sizing.rs:12:12
[INFO] [stdout]    |
[INFO] [stdout] 11 | impl Sizing {
[INFO] [stdout]    | ----------- method in this implementation
[INFO] [stdout] 12 |     pub fn add(&mut self, size: Size) {
[INFO] [stdout]    |            ^^^
[INFO] [stdout]    |
[INFO] [stdout]    = note: `#[warn(dead_code)]` on by default
[INFO] [stdout] 
[INFO] [stdout] 
[INFO] [stderr]     Finished test [unoptimized + debuginfo] target(s) in 0.43s
[INFO] [stdout] warning: 1 warning emitted
[INFO] [stdout] 
[INFO] [stdout] 
[INFO] running `Command { std: "docker" "inspect" "b3859a976811045d4dcb8af989158341228f302b76ad7554dc7ea88d51e8fadb", kill_on_drop: false }`
[INFO] running `Command { std: "docker" "rm" "-f" "b3859a976811045d4dcb8af989158341228f302b76ad7554dc7ea88d51e8fadb", kill_on_drop: false }`
[INFO] [stdout] b3859a976811045d4dcb8af989158341228f302b76ad7554dc7ea88d51e8fadb
[INFO] running `Command { std: "docker" "create" "-v" "/var/lib/crater-agent-workspace/builds/worker-5-tc1/target:/opt/rustwide/target:rw,Z" "-v" "/var/lib/crater-agent-workspace/builds/worker-5-tc1/source:/opt/rustwide/workdir:ro,Z" "-v" "/var/lib/crater-agent-workspace/cargo-home:/opt/rustwide/cargo-home:ro,Z" "-v" "/var/lib/crater-agent-workspace/rustup-home:/opt/rustwide/rustup-home:ro,Z" "-e" "SOURCE_DIR=/opt/rustwide/workdir" "-e" "CARGO_TARGET_DIR=/opt/rustwide/target" "-e" "CARGO_INCREMENTAL=0" "-e" "RUST_BACKTRACE=full" "-e" "RUSTFLAGS=--cap-lints=warn" "-e" "RUSTDOCFLAGS=--cap-lints=warn" "-e" "CARGO_HOME=/opt/rustwide/cargo-home" "-e" "RUSTUP_HOME=/opt/rustwide/rustup-home" "-w" "/opt/rustwide/workdir" "-m" "1610612736" "--user" "0:0" "--network" "none" "ghcr.io/rust-lang/crates-build-env/linux@sha256:2788e3201cd34a07e3172128adcd8b3090168a8e3bcc40d7c032b9dda1df7d1c" "/opt/rustwide/cargo-home/bin/cargo" "+1.75.0" "test" "--frozen", kill_on_drop: false }`
[INFO] [stdout] 2cf449df0f96430f248ce7c8140c05739b86b0f906163a10d8eb7352744d71bc
[INFO] running `Command { std: "docker" "start" "-a" "2cf449df0f96430f248ce7c8140c05739b86b0f906163a10d8eb7352744d71bc", kill_on_drop: false }`
[INFO] [stderr] warning: method `add` is never used
[INFO] [stderr]   --> src/sizing.rs:12:12
[INFO] [stderr]    |
[INFO] [stderr] 11 | impl Sizing {
[INFO] [stderr]    | ----------- method in this implementation
[INFO] [stderr] 12 |     pub fn add(&mut self, size: Size) {
[INFO] [stderr]    |            ^^^
[INFO] [stderr]    |
[INFO] [stderr]    = note: `#[warn(dead_code)]` on by default
[INFO] [stderr] 
[INFO] [stderr] warning: `egui_grid` (lib) generated 1 warning
[INFO] [stderr] warning: `egui_grid` (lib test) generated 1 warning (1 duplicate)
[INFO] [stderr]     Finished test [unoptimized + debuginfo] target(s) in 0.04s
[INFO] [stderr]      Running unittests src/lib.rs (/opt/rustwide/target/debug/deps/egui_grid-7a77843b91cb8527)
[INFO] [stderr]    Doc-tests egui_grid
[INFO] [stdout] 
[INFO] [stdout] running 0 tests
[INFO] [stdout] 
[INFO] [stdout] test result: ok. 0 passed; 0 failed; 0 ignored; 0 measured; 0 filtered out; finished in 0.00s
[INFO] [stdout] 
[INFO] [stdout] 
[INFO] [stdout] running 3 tests
[INFO] [stdout] test src/builder.rs - builder::GridBuilder::nest (line 197) ... FAILED
[INFO] [stdout] test src/builder.rs - builder::GridBuilder::with_margin (line 152) ... FAILED
[INFO] [stdout] test src/builder.rs - builder::GridBuilder (line 24) ... FAILED
[INFO] [stdout] 
[INFO] [stdout] failures:
[INFO] [stdout] 
[INFO] [stdout] ---- src/builder.rs - builder::GridBuilder::nest (line 197) stdout ----
[INFO] [stdout] error[E0433]: failed to resolve: use of undeclared type `GridBuilder`
[INFO] [stdout]  --> src/builder.rs:199:19
[INFO] [stdout]   |
[INFO] [stdout] 4 | let nested_grid = GridBuilder::new()
[INFO] [stdout]   |                   ^^^^^^^^^^^ use of undeclared type `GridBuilder`
[INFO] [stdout]   |
[INFO] [stdout] help: consider importing this struct
[INFO] [stdout]   |
[INFO] [stdout] 3 + use egui_grid::GridBuilder;
[INFO] [stdout]   |
[INFO] [stdout] 
[INFO] [stdout] error[E0433]: failed to resolve: use of undeclared type `Size`
[INFO] [stdout]  --> src/builder.rs:200:14
[INFO] [stdout]   |
[INFO] [stdout] 5 |     .new_row(Size::remainder()).cells(Size::remainder(), 2)
[INFO] [stdout]   |              ^^^^ use of undeclared type `Size`
[INFO] [stdout]   |
[INFO] [stdout] help: a trait with a similar name exists
[INFO] [stdout]   |
[INFO] [stdout] 5 |     .new_row(Sized::remainder()).cells(Size::remainder(), 2)
[INFO] [stdout]   |              ~~~~~
[INFO] [stdout] help: consider importing this enum
[INFO] [stdout]   |
[INFO] [stdout] 3 + use egui_extras::Size;
[INFO] [stdout]   |
[INFO] [stdout] 
[INFO] [stdout] error[E0433]: failed to resolve: use of undeclared type `Size`
[INFO] [stdout]  --> src/builder.rs:200:39
[INFO] [stdout]   |
[INFO] [stdout] 5 |     .new_row(Size::remainder()).cells(Size::remainder(), 2)
[INFO] [stdout]   |                                       ^^^^ use of undeclared type `Size`
[INFO] [stdout]   |
[INFO] [stdout] help: a trait with a similar name exists
[INFO] [stdout]   |
[INFO] [stdout] 5 |     .new_row(Size::remainder()).cells(Sized::remainder(), 2)
[INFO] [stdout]   |                                       ~~~~~
[INFO] [stdout] help: consider importing this enum
[INFO] [stdout]   |
[INFO] [stdout] 3 + use egui_extras::Size;
[INFO] [stdout]   |
[INFO] [stdout] 
[INFO] [stdout] error[E0433]: failed to resolve: use of undeclared type `Size`
[INFO] [stdout]  --> src/builder.rs:201:14
[INFO] [stdout]   |
[INFO] [stdout] 6 |     .new_row(Size::remainder()).cells(Size::remainder(), 2);
[INFO] [stdout]   |              ^^^^ use of undeclared type `Size`
[INFO] [stdout]   |
[INFO] [stdout] help: a trait with a similar name exists
[INFO] [stdout]   |
[INFO] [stdout] 6 |     .new_row(Sized::remainder()).cells(Size::remainder(), 2);
[INFO] [stdout]   |              ~~~~~
[INFO] [stdout] help: consider importing this enum
[INFO] [stdout]   |
[INFO] [stdout] 3 + use egui_extras::Size;
[INFO] [stdout]   |
[INFO] [stdout] 
[INFO] [stdout] error[E0433]: failed to resolve: use of undeclared type `Size`
[INFO] [stdout]  --> src/builder.rs:201:39
[INFO] [stdout]   |
[INFO] [stdout] 6 |     .new_row(Size::remainder()).cells(Size::remainder(), 2);
[INFO] [stdout]   |                                       ^^^^ use of undeclared type `Size`
[INFO] [stdout]   |
[INFO] [stdout] help: a trait with a similar name exists
[INFO] [stdout]   |
[INFO] [stdout] 6 |     .new_row(Size::remainder()).cells(Sized::remainder(), 2);
[INFO] [stdout]   |                                       ~~~~~
[INFO] [stdout] help: consider importing this enum
[INFO] [stdout]   |
[INFO] [stdout] 3 + use egui_extras::Size;
[INFO] [stdout]   |
[INFO] [stdout] 
[INFO] [stdout] error[E0433]: failed to resolve: use of undeclared type `GridBuilder`
[INFO] [stdout]  --> src/builder.rs:203:19
[INFO] [stdout]   |
[INFO] [stdout] 8 | let parent_grid = GridBuilder::new()
[INFO] [stdout]   |                   ^^^^^^^^^^^ use of undeclared type `GridBuilder`
[INFO] [stdout]   |
[INFO] [stdout] help: consider importing this struct
[INFO] [stdout]   |
[INFO] [stdout] 3 + use egui_grid::GridBuilder;
[INFO] [stdout]   |
[INFO] [stdout] 
[INFO] [stdout] error[E0433]: failed to resolve: use of undeclared type `Size`
[INFO] [stdout]  --> src/builder.rs:204:14
[INFO] [stdout]   |
[INFO] [stdout] 9 |     .new_row(Size::remainder())
[INFO] [stdout]   |              ^^^^ use of undeclared type `Size`
[INFO] [stdout]   |
[INFO] [stdout] help: a trait with a similar name exists
[INFO] [stdout]   |
[INFO] [stdout] 9 |     .new_row(Sized::remainder())
[INFO] [stdout]   |              ~~~~~
[INFO] [stdout] help: consider importing this enum
[INFO] [stdout]   |
[INFO] [stdout] 3 + use egui_extras::Size;
[INFO] [stdout]   |
[INFO] [stdout] 
[INFO] [stdout] error[E0433]: failed to resolve: use of undeclared type `Size`
[INFO] [stdout]   --> src/builder.rs:205:12
[INFO] [stdout]    |
[INFO] [stdout] 10 |     .cells(Size::remainder(), 2)
[INFO] [stdout]    |            ^^^^ use of undeclared type `Size`
[INFO] [stdout]    |
[INFO] [stdout] help: a trait with a similar name exists
[INFO] [stdout]    |
[INFO] [stdout] 10 |     .cells(Sized::remainder(), 2)
[INFO] [stdout]    |            ~~~~~
[INFO] [stdout] help: consider importing this enum
[INFO] [stdout]    |
[INFO] [stdout] 3  + use egui_extras::Size;
[INFO] [stdout]    |
[INFO] [stdout] 
[INFO] [stdout] error[E0425]: cannot find value `ui` in this scope
[INFO] [stdout]   --> src/builder.rs:209:11
[INFO] [stdout]    |
[INFO] [stdout] 14 |     .show(ui, |mut grid| {
[INFO] [stdout]    |           ^^ not found in this scope
[INFO] [stdout] 
[INFO] [stdout] error: aborting due to 9 previous errors
[INFO] [stdout] 
[INFO] [stdout] Some errors have detailed explanations: E0425, E0433.
[INFO] [stdout] For more information about an error, try `rustc --explain E0425`.
[INFO] [stdout] Couldn't compile the test.
[INFO] [stdout] ---- src/builder.rs - builder::GridBuilder::with_margin (line 152) stdout ----
[INFO] [stdout] error[E0433]: failed to resolve: use of undeclared type `GridBuilder`
[INFO] [stdout]  --> src/builder.rs:153:12
[INFO] [stdout]   |
[INFO] [stdout] 3 | let grid = GridBuilder::new()
[INFO] [stdout]   |            ^^^^^^^^^^^ use of undeclared type `GridBuilder`
[INFO] [stdout]   |
[INFO] [stdout] help: consider importing this struct
[INFO] [stdout]   |
[INFO] [stdout] 2 + use egui_grid::GridBuilder;
[INFO] [stdout]   |
[INFO] [stdout] 
[INFO] [stdout] error[E0433]: failed to resolve: use of undeclared type `Size`
[INFO] [stdout]  --> src/builder.rs:154:14
[INFO] [stdout]   |
[INFO] [stdout] 4 |     .new_row(Size::remainder())
[INFO] [stdout]   |              ^^^^ use of undeclared type `Size`
[INFO] [stdout]   |
[INFO] [stdout] help: a trait with a similar name exists
[INFO] [stdout]   |
[INFO] [stdout] 4 |     .new_row(Sized::remainder())
[INFO] [stdout]   |              ~~~~~
[INFO] [stdout] help: consider importing this enum
[INFO] [stdout]   |
[INFO] [stdout] 2 + use egui_extras::Size;
[INFO] [stdout]   |
[INFO] [stdout] 
[INFO] [stdout] error[E0433]: failed to resolve: use of undeclared type `Size`
[INFO] [stdout]  --> src/builder.rs:156:11
[INFO] [stdout]   |
[INFO] [stdout] 6 |     .cell(Size::exact(100.0)) .with_margin(Margin::same(10.0))
[INFO] [stdout]   |           ^^^^ use of undeclared type `Size`
[INFO] [stdout]   |
[INFO] [stdout] help: a trait with a similar name exists
[INFO] [stdout]   |
[INFO] [stdout] 6 |     .cell(Sized::exact(100.0)) .with_margin(Margin::same(10.0))
[INFO] [stdout]   |           ~~~~~
[INFO] [stdout] help: consider importing this enum
[INFO] [stdout]   |
[INFO] [stdout] 2 + use egui_extras::Size;
[INFO] [stdout]   |
[INFO] [stdout] 
[INFO] [stdout] error[E0433]: failed to resolve: use of undeclared type `Margin`
[INFO] [stdout]  --> src/builder.rs:156:44
[INFO] [stdout]   |
[INFO] [stdout] 6 |     .cell(Size::exact(100.0)) .with_margin(Margin::same(10.0))
[INFO] [stdout]   |                                            ^^^^^^ use of undeclared type `Margin`
[INFO] [stdout]   |
[INFO] [stdout] help: consider importing this struct
[INFO] [stdout]   |
[INFO] [stdout] 2 + use egui::Margin;
[INFO] [stdout]   |
[INFO] [stdout] 
[INFO] [stdout] error[E0433]: failed to resolve: use of undeclared type `Size`
[INFO] [stdout]  --> src/builder.rs:158:12
[INFO] [stdout]   |
[INFO] [stdout] 8 |     .cells(Size::exact(50.0), 4) .with_margin(Margin::same(6.0))
[INFO] [stdout]   |            ^^^^ use of undeclared type `Size`
[INFO] [stdout]   |
[INFO] [stdout] help: a trait with a similar name exists
[INFO] [stdout]   |
[INFO] [stdout] 8 |     .cells(Sized::exact(50.0), 4) .with_margin(Margin::same(6.0))
[INFO] [stdout]   |            ~~~~~
[INFO] [stdout] help: consider importing this enum
[INFO] [stdout]   |
[INFO] [stdout] 2 + use egui_extras::Size;
[INFO] [stdout]   |
[INFO] [stdout] 
[INFO] [stdout] error[E0433]: failed to resolve: use of undeclared type `Margin`
[INFO] [stdout]  --> src/builder.rs:158:47
[INFO] [stdout]   |
[INFO] [stdout] 8 |     .cells(Size::exact(50.0), 4) .with_margin(Margin::same(6.0))
[INFO] [stdout]   |                                               ^^^^^^ use of undeclared type `Margin`
[INFO] [stdout]   |
[INFO] [stdout] help: consider importing this struct
[INFO] [stdout]   |
[INFO] [stdout] 2 + use egui::Margin;
[INFO] [stdout]   |
[INFO] [stdout] 
[INFO] [stdout] error[E0433]: failed to resolve: use of undeclared type `Margin`
[INFO] [stdout]   --> src/builder.rs:160:18
[INFO] [stdout]    |
[INFO] [stdout] 10 |     .with_margin(Margin::symmetric(6.0, 4.0));
[INFO] [stdout]    |                  ^^^^^^ use of undeclared type `Margin`
[INFO] [stdout]    |
[INFO] [stdout] help: consider importing this struct
[INFO] [stdout]    |
[INFO] [stdout] 2  + use egui::Margin;
[INFO] [stdout]    |
[INFO] [stdout] 
[INFO] [stdout] error: aborting due to 7 previous errors
[INFO] [stdout] 
[INFO] [stdout] For more information about this error, try `rustc --explain E0433`.
[INFO] [stdout] Couldn't compile the test.
[INFO] [stdout] ---- src/builder.rs - builder::GridBuilder (line 24) stdout ----
[INFO] [stdout] error[E0425]: cannot find value `ui` in this scope
[INFO] [stdout]   --> src/builder.rs:39:11
[INFO] [stdout]    |
[INFO] [stdout] 18 |     .show(ui, |mut grid| {
[INFO] [stdout]    |           ^^ not found in this scope
[INFO] [stdout] 
[INFO] [stdout] error: aborting due to previous error
[INFO] [stdout] 
[INFO] [stdout] For more information about this error, try `rustc --explain E0425`.
[INFO] [stdout] Couldn't compile the test.
[INFO] [stdout] 
[INFO] [stdout] failures:
[INFO] [stdout]     src/builder.rs - builder::GridBuilder (line 24)
[INFO] [stdout]     src/builder.rs - builder::GridBuilder::nest (line 197)
[INFO] [stdout]     src/builder.rs - builder::GridBuilder::with_margin (line 152)
[INFO] [stdout] 
[INFO] [stdout] test result: FAILED. 0 passed; 3 failed; 0 ignored; 0 measured; 0 filtered out; finished in 0.13s
[INFO] [stdout] 
[INFO] [stderr] error: doctest failed, to rerun pass `--doc`
[INFO] running `Command { std: "docker" "inspect" "2cf449df0f96430f248ce7c8140c05739b86b0f906163a10d8eb7352744d71bc", kill_on_drop: false }`
[INFO] running `Command { std: "docker" "rm" "-f" "2cf449df0f96430f248ce7c8140c05739b86b0f906163a10d8eb7352744d71bc", kill_on_drop: false }`
[INFO] [stdout] 2cf449df0f96430f248ce7c8140c05739b86b0f906163a10d8eb7352744d71bc
