[INFO] fetching crate egui_dock 0.9.0...
[INFO] testing egui_dock-0.9.0 against 1.75.0 for beta-1.76-1
[INFO] extracting crate egui_dock 0.9.0 into /workspace/builds/worker-2-tc1/source
[INFO] validating manifest of crates.io crate egui_dock 0.9.0 on toolchain 1.75.0
[INFO] running `Command { std: CARGO_HOME="/workspace/cargo-home" RUSTUP_HOME="/workspace/rustup-home" "/workspace/cargo-home/bin/cargo" "+1.75.0" "metadata" "--manifest-path" "Cargo.toml" "--no-deps", kill_on_drop: false }`
[INFO] started tweaking crates.io crate egui_dock 0.9.0
[INFO] finished tweaking crates.io crate egui_dock 0.9.0
[INFO] tweaked toml for crates.io crate egui_dock 0.9.0 written to /workspace/builds/worker-2-tc1/source/Cargo.toml
[INFO] crate crates.io crate egui_dock 0.9.0 already has a lockfile, it will not be regenerated
[INFO] running `Command { std: CARGO_HOME="/workspace/cargo-home" RUSTUP_HOME="/workspace/rustup-home" "/workspace/cargo-home/bin/cargo" "+1.75.0" "fetch" "--manifest-path" "Cargo.toml", kill_on_drop: false }`
[INFO] [stderr]     Updating crates.io index
[INFO] [stderr]  Downloading crates ...
[INFO] [stderr]   Downloaded serde v1.0.180
[INFO] [stderr]   Downloaded glutin_egl_sys v0.5.0
[INFO] [stderr]   Downloaded arboard v3.2.0
[INFO] [stderr]   Downloaded web-time v0.2.0
[INFO] [stderr]   Downloaded cocoa-foundation v0.1.1
[INFO] [stderr]   Downloaded winnow v0.5.3
[INFO] [stderr]   Downloaded xml-rs v0.8.16
[INFO] [stderr]   Downloaded ttf-parser v0.19.1
[INFO] [stderr]   Downloaded enumn v0.1.11
[INFO] [stderr]   Downloaded emath v0.24.0
[INFO] [stderr]   Downloaded egui v0.24.0
[INFO] [stderr]   Downloaded winit v0.28.6
[INFO] [stderr]   Downloaded eframe v0.24.0
[INFO] [stderr]   Downloaded epaint v0.24.0
[INFO] [stderr]   Downloaded serde_derive v1.0.180
[INFO] [stderr]   Downloaded egui-winit v0.24.0
[INFO] [stderr]   Downloaded cc v1.0.81
[INFO] [stderr]   Downloaded ab_glyph v0.2.21
[INFO] [stderr]   Downloaded ecolor v0.24.0
[INFO] [stderr]   Downloaded syn v2.0.32
[INFO] [stderr]   Downloaded egui_glow v0.24.0
[INFO] [stderr]   Downloaded glutin v0.30.9
[INFO] running `Command { std: "docker" "create" "-v" "/var/lib/crater-agent-workspace/builds/worker-2-tc1/target:/opt/rustwide/target:rw,Z" "-v" "/var/lib/crater-agent-workspace/builds/worker-2-tc1/source:/opt/rustwide/workdir:ro,Z" "-v" "/var/lib/crater-agent-workspace/cargo-home:/opt/rustwide/cargo-home:ro,Z" "-v" "/var/lib/crater-agent-workspace/rustup-home:/opt/rustwide/rustup-home:ro,Z" "-e" "SOURCE_DIR=/opt/rustwide/workdir" "-e" "CARGO_TARGET_DIR=/opt/rustwide/target" "-e" "CARGO_HOME=/opt/rustwide/cargo-home" "-e" "RUSTUP_HOME=/opt/rustwide/rustup-home" "-w" "/opt/rustwide/workdir" "-m" "1610612736" "--user" "0:0" "--network" "none" "ghcr.io/rust-lang/crates-build-env/linux@sha256:2788e3201cd34a07e3172128adcd8b3090168a8e3bcc40d7c032b9dda1df7d1c" "/opt/rustwide/cargo-home/bin/cargo" "+1.75.0" "metadata" "--no-deps" "--format-version=1", kill_on_drop: false }`
[INFO] [stdout] df98da2e6575f44ccb336c652b6fd568d6ec44bdebf0b9285b11d8c312d566b9
[INFO] running `Command { std: "docker" "start" "-a" "df98da2e6575f44ccb336c652b6fd568d6ec44bdebf0b9285b11d8c312d566b9", kill_on_drop: false }`
[INFO] running `Command { std: "docker" "inspect" "df98da2e6575f44ccb336c652b6fd568d6ec44bdebf0b9285b11d8c312d566b9", kill_on_drop: false }`
[INFO] running `Command { std: "docker" "rm" "-f" "df98da2e6575f44ccb336c652b6fd568d6ec44bdebf0b9285b11d8c312d566b9", kill_on_drop: false }`
[INFO] [stdout] df98da2e6575f44ccb336c652b6fd568d6ec44bdebf0b9285b11d8c312d566b9
[INFO] running `Command { std: "docker" "create" "-v" "/var/lib/crater-agent-workspace/builds/worker-2-tc1/target:/opt/rustwide/target:rw,Z" "-v" "/var/lib/crater-agent-workspace/builds/worker-2-tc1/source:/opt/rustwide/workdir:ro,Z" "-v" "/var/lib/crater-agent-workspace/cargo-home:/opt/rustwide/cargo-home:ro,Z" "-v" "/var/lib/crater-agent-workspace/rustup-home:/opt/rustwide/rustup-home:ro,Z" "-e" "SOURCE_DIR=/opt/rustwide/workdir" "-e" "CARGO_TARGET_DIR=/opt/rustwide/target" "-e" "CARGO_INCREMENTAL=0" "-e" "RUST_BACKTRACE=full" "-e" "RUSTFLAGS=--cap-lints=warn" "-e" "RUSTDOCFLAGS=--cap-lints=warn" "-e" "CARGO_HOME=/opt/rustwide/cargo-home" "-e" "RUSTUP_HOME=/opt/rustwide/rustup-home" "-w" "/opt/rustwide/workdir" "-m" "1610612736" "--user" "0:0" "--network" "none" "ghcr.io/rust-lang/crates-build-env/linux@sha256:2788e3201cd34a07e3172128adcd8b3090168a8e3bcc40d7c032b9dda1df7d1c" "/opt/rustwide/cargo-home/bin/cargo" "+1.75.0" "build" "--frozen" "--message-format=json", kill_on_drop: false }`
[INFO] [stdout] a587aadf3b2036fd82ef2f0759266498679063d4c5aac7838fdd8c4aea42572b
[INFO] running `Command { std: "docker" "start" "-a" "a587aadf3b2036fd82ef2f0759266498679063d4c5aac7838fdd8c4aea42572b", kill_on_drop: false }`
[INFO] [stderr]    Compiling parking_lot_core v0.9.8
[INFO] [stderr]    Compiling ahash v0.8.6
[INFO] [stderr]    Compiling smallvec v1.11.0
[INFO] [stderr]    Compiling syn v1.0.109
[INFO] [stderr]    Compiling ttf-parser v0.19.1
[INFO] [stderr]    Compiling once_cell v1.18.0
[INFO] [stderr]    Compiling zerocopy v0.7.26
[INFO] [stderr]    Compiling lock_api v0.4.10
[INFO] [stderr]    Compiling nohash-hasher v0.2.0
[INFO] [stderr]    Compiling emath v0.24.0
[INFO] [stderr]    Compiling ecolor v0.24.0
[INFO] [stderr]    Compiling paste v1.0.14
[INFO] [stderr]    Compiling heck v0.4.1
[INFO] [stderr]    Compiling proc-macro-error-attr v1.0.4
[INFO] [stderr]    Compiling parking_lot v0.12.1
[INFO] [stderr]    Compiling proc-macro-error v1.0.4
[INFO] [stderr]    Compiling duplicate v1.0.0
[INFO] [stderr]    Compiling owned_ttf_parser v0.19.0
[INFO] [stderr]    Compiling ab_glyph v0.2.21
[INFO] [stderr]    Compiling epaint v0.24.0
[INFO] [stderr]    Compiling egui v0.24.0
[INFO] [stderr]    Compiling egui_dock v0.9.0 (/opt/rustwide/workdir)
[INFO] [stderr]     Finished dev [unoptimized + debuginfo] target(s) in 5.73s
[INFO] running `Command { std: "docker" "inspect" "a587aadf3b2036fd82ef2f0759266498679063d4c5aac7838fdd8c4aea42572b", kill_on_drop: false }`
[INFO] running `Command { std: "docker" "rm" "-f" "a587aadf3b2036fd82ef2f0759266498679063d4c5aac7838fdd8c4aea42572b", kill_on_drop: false }`
[INFO] [stdout] a587aadf3b2036fd82ef2f0759266498679063d4c5aac7838fdd8c4aea42572b
[INFO] running `Command { std: "docker" "create" "-v" "/var/lib/crater-agent-workspace/builds/worker-2-tc1/target:/opt/rustwide/target:rw,Z" "-v" "/var/lib/crater-agent-workspace/builds/worker-2-tc1/source:/opt/rustwide/workdir:ro,Z" "-v" "/var/lib/crater-agent-workspace/cargo-home:/opt/rustwide/cargo-home:ro,Z" "-v" "/var/lib/crater-agent-workspace/rustup-home:/opt/rustwide/rustup-home:ro,Z" "-e" "SOURCE_DIR=/opt/rustwide/workdir" "-e" "CARGO_TARGET_DIR=/opt/rustwide/target" "-e" "CARGO_INCREMENTAL=0" "-e" "RUST_BACKTRACE=full" "-e" "RUSTFLAGS=--cap-lints=warn" "-e" "RUSTDOCFLAGS=--cap-lints=warn" "-e" "CARGO_HOME=/opt/rustwide/cargo-home" "-e" "RUSTUP_HOME=/opt/rustwide/rustup-home" "-w" "/opt/rustwide/workdir" "-m" "1610612736" "--user" "0:0" "--network" "none" "ghcr.io/rust-lang/crates-build-env/linux@sha256:2788e3201cd34a07e3172128adcd8b3090168a8e3bcc40d7c032b9dda1df7d1c" "/opt/rustwide/cargo-home/bin/cargo" "+1.75.0" "test" "--frozen" "--no-run" "--message-format=json", kill_on_drop: false }`
[INFO] [stdout] 384588265fe947339ff012ddaf1ab85d1b67c4facadbd30275c33cd02e757fb7
[INFO] running `Command { std: "docker" "start" "-a" "384588265fe947339ff012ddaf1ab85d1b67c4facadbd30275c33cd02e757fb7", kill_on_drop: false }`
[INFO] [stderr]    Compiling libc v0.2.147
[INFO] [stderr]    Compiling xml-rs v0.8.16
[INFO] [stderr]    Compiling pkg-config v0.3.27
[INFO] [stderr]    Compiling once_cell v1.18.0
[INFO] [stderr]    Compiling log v0.4.19
[INFO] [stderr]    Compiling khronos_api v3.1.0
[INFO] [stderr]    Compiling memchr v2.5.0
[INFO] [stderr]    Compiling libloading v0.8.0
[INFO] [stderr]    Compiling slotmap v1.0.6
[INFO] [stderr]    Compiling scoped-tls v1.0.1
[INFO] [stderr]    Compiling minimal-lexical v0.2.1
[INFO] [stderr]    Compiling syn v2.0.32
[INFO] [stderr]    Compiling num-traits v0.2.16
[INFO] [stderr]    Compiling raw-window-handle v0.5.2
[INFO] [stderr]    Compiling glutin v0.30.9
[INFO] [stderr]    Compiling memoffset v0.7.1
[INFO] [stderr]    Compiling ahash v0.8.6
[INFO] [stderr]    Compiling dlib v0.5.2
[INFO] [stderr]    Compiling url v2.4.0
[INFO] [stderr]    Compiling flate2 v1.0.26
[INFO] [stderr]    Compiling fdeflate v0.3.0
[INFO] [stderr]    Compiling glutin-winit v0.3.0
[INFO] [stderr]    Compiling home v0.5.5
[INFO] [stderr]    Compiling web-time v0.2.0
[INFO] [stderr]    Compiling glow v0.12.3
[INFO] [stderr]    Compiling byteorder v1.4.3
[INFO] [stderr]    Compiling wayland-scanner v0.29.5
[INFO] [stderr]    Compiling wayland-sys v0.29.5
[INFO] [stderr]    Compiling x11-dl v2.21.0
[INFO] [stderr]    Compiling smithay-client-toolkit v0.16.0
[INFO] [stderr]    Compiling wayland-sys v0.30.1
[INFO] [stderr]    Compiling webbrowser v0.8.10
[INFO] [stderr]    Compiling nom v7.1.3
[INFO] [stderr]    Compiling png v0.17.9
[INFO] [stderr]    Compiling gl_generator v0.14.0
[INFO] [stderr]    Compiling wayland-client v0.29.5
[INFO] [stderr]    Compiling wayland-protocols v0.29.5
[INFO] [stderr]    Compiling winit v0.28.6
[INFO] [stderr]    Compiling nix v0.24.3
[INFO] [stderr]    Compiling parking_lot_core v0.9.8
[INFO] [stderr]    Compiling nix v0.25.1
[INFO] [stderr]    Compiling memmap2 v0.5.10
[INFO] [stderr]    Compiling parking_lot v0.12.1
[INFO] [stderr]    Compiling glutin_egl_sys v0.5.0
[INFO] [stderr]    Compiling glutin_glx_sys v0.4.0
[INFO] [stderr]    Compiling gethostname v0.2.3
[INFO] [stderr]    Compiling mio v0.8.8
[INFO] [stderr]    Compiling num-integer v0.1.45
[INFO] [stderr]    Compiling bytemuck_derive v1.4.1
[INFO] [stderr]    Compiling thiserror-impl v1.0.44
[INFO] [stderr]    Compiling num-rational v0.4.1
[INFO] [stderr]    Compiling xcursor v0.3.4
[INFO] [stderr]    Compiling bytemuck v1.13.1
[INFO] [stderr]    Compiling ecolor v0.24.0
[INFO] [stderr]    Compiling emath v0.24.0
[INFO] [stderr]    Compiling image v0.24.6
[INFO] [stderr]    Compiling epaint v0.24.0
[INFO] [stderr]    Compiling thiserror v1.0.44
[INFO] [stderr]    Compiling calloop v0.10.6
[INFO] [stderr]    Compiling egui v0.24.0
[INFO] [stderr]    Compiling wayland-commons v0.29.5
[INFO] [stderr]    Compiling x11rb-protocol v0.10.0
[INFO] [stderr]    Compiling wayland-cursor v0.29.5
[INFO] [stderr]    Compiling egui_glow v0.24.0
[INFO] [stderr]    Compiling egui_dock v0.9.0 (/opt/rustwide/workdir)
[INFO] [stderr]    Compiling x11rb v0.10.1
[INFO] [stderr]    Compiling arboard v3.2.0
[INFO] [stderr]    Compiling smithay-clipboard v0.6.6
[INFO] [stderr]    Compiling egui-winit v0.24.0
[INFO] [stderr]    Compiling eframe v0.24.0
[INFO] [stderr]     Finished test [unoptimized + debuginfo] target(s) in 50.09s
[INFO] running `Command { std: "docker" "inspect" "384588265fe947339ff012ddaf1ab85d1b67c4facadbd30275c33cd02e757fb7", kill_on_drop: false }`
[INFO] running `Command { std: "docker" "rm" "-f" "384588265fe947339ff012ddaf1ab85d1b67c4facadbd30275c33cd02e757fb7", kill_on_drop: false }`
[INFO] [stdout] 384588265fe947339ff012ddaf1ab85d1b67c4facadbd30275c33cd02e757fb7
[INFO] running `Command { std: "docker" "create" "-v" "/var/lib/crater-agent-workspace/builds/worker-2-tc1/target:/opt/rustwide/target:rw,Z" "-v" "/var/lib/crater-agent-workspace/builds/worker-2-tc1/source:/opt/rustwide/workdir:ro,Z" "-v" "/var/lib/crater-agent-workspace/cargo-home:/opt/rustwide/cargo-home:ro,Z" "-v" "/var/lib/crater-agent-workspace/rustup-home:/opt/rustwide/rustup-home:ro,Z" "-e" "SOURCE_DIR=/opt/rustwide/workdir" "-e" "CARGO_TARGET_DIR=/opt/rustwide/target" "-e" "CARGO_INCREMENTAL=0" "-e" "RUST_BACKTRACE=full" "-e" "RUSTFLAGS=--cap-lints=warn" "-e" "RUSTDOCFLAGS=--cap-lints=warn" "-e" "CARGO_HOME=/opt/rustwide/cargo-home" "-e" "RUSTUP_HOME=/opt/rustwide/rustup-home" "-w" "/opt/rustwide/workdir" "-m" "1610612736" "--user" "0:0" "--network" "none" "ghcr.io/rust-lang/crates-build-env/linux@sha256:2788e3201cd34a07e3172128adcd8b3090168a8e3bcc40d7c032b9dda1df7d1c" "/opt/rustwide/cargo-home/bin/cargo" "+1.75.0" "test" "--frozen", kill_on_drop: false }`
[INFO] [stdout] 1cbdb9a5f62736ba0673dd315d91813dfb8609c6dbbe292d5cf5525a883646c9
[INFO] running `Command { std: "docker" "start" "-a" "1cbdb9a5f62736ba0673dd315d91813dfb8609c6dbbe292d5cf5525a883646c9", kill_on_drop: false }`
[INFO] [stderr]     Finished test [unoptimized + debuginfo] target(s) in 0.15s
[INFO] [stderr]      Running unittests src/lib.rs (/opt/rustwide/target/debug/deps/egui_dock-998c51431d4c266a)
[INFO] [stdout] 
[INFO] [stdout] running 1 test
[INFO] [stdout] test dock_state::tree::tab_iter::test_tabs_iter ... ok
[INFO] [stdout] 
[INFO] [stdout] test result: ok. 1 passed; 0 failed; 0 ignored; 0 measured; 0 filtered out; finished in 0.00s
[INFO] [stdout] 
[INFO] [stderr]    Doc-tests egui_dock
[INFO] [stdout] 
[INFO] [stdout] running 17 tests
[INFO] [stdout] test src/style.rs - style::Style (line 21) ... FAILED
[INFO] [stdout] test src/lib.rs - (line 16) ... FAILED
[INFO] [stdout] test src/lib.rs - (line 86) ... FAILED
[INFO] [stdout] test src/dock_state/tree/mod.rs - dock_state::tree::Tree<Tab>::num_tabs (line 232) ... FAILED
[INFO] [stdout] test src/widgets/dock_area/show/mod.rs - widgets::dock_area::show::DockArea<'tree,Tab>::show (line 26) ... FAILED
[INFO] [stdout] test src/lib.rs - (line 156) ... FAILED
[INFO] [stdout] test src/lib.rs - (line 194) ... ok
[INFO] [stdout] test src/dock_state/tree/mod.rs - dock_state::tree::Tree<Tab>::root_node_mut (line 275) ... ok
[INFO] [stdout] test src/dock_state/tree/node.rs - dock_state::tree::node::Node<Tab>::tabs_mut (line 171) ... ok
[INFO] [stdout] test src/dock_state/tree/node.rs - dock_state::tree::node::Node<Tab>::tabs (line 151) ... ok
[INFO] [stdout] test src/dock_state/tree/node_index.rs - dock_state::tree::node_index::NodeIndex::root (line 23) ... ok
[INFO] [stdout] test src/dock_state/tree/mod.rs - dock_state::tree::Tree<Tab>::split (line 452) ... ok
[INFO] [stdout] test src/dock_state/tree/mod.rs - dock_state::tree::Tree<Tab>::root_node (line 259) ... ok
[INFO] [stdout] test src/dock_state/tree/node.rs - dock_state::tree::node::Node<Tab>::append_tab (line 226) ... ok
[INFO] [stdout] test src/lib.rs - (line 132) ... ok
[INFO] [stdout] test src/dock_state/mod.rs - dock_state::DockState<Tab>::get_window_state_mut (line 98) ... ok
[INFO] [stdout] test src/dock_state/tree/mod.rs - dock_state::tree::Tree<Tab>::split_tabs (line 304) ... ok
[INFO] [stdout] 
[INFO] [stdout] failures:
[INFO] [stdout] 
[INFO] [stdout] ---- src/style.rs - style::Style (line 21) stdout ----
[INFO] [stdout] Couldn't compile the test.
[INFO] [stdout] ---- src/lib.rs - (line 16) stdout ----
[INFO] [stdout] Couldn't compile the test.
[INFO] [stdout] ---- src/lib.rs - (line 86) stdout ----
[INFO] [stdout] Couldn't compile the test.
[INFO] [stdout] ---- src/dock_state/tree/mod.rs - dock_state::tree::Tree<Tab>::num_tabs (line 232) stdout ----
[INFO] [stdout] error: linking with `cc` failed: exit status: 1
[INFO] [stdout]   |
[INFO] [stdout]   = note: LC_ALL="C" PATH="/opt/rustwide/rustup-home/toolchains/1.75.0-x86_64-unknown-linux-gnu/lib/rustlib/x86_64-unknown-linux-gnu/bin:/opt/rustwide/cargo-home/bin:/usr/local/sbin:/usr/local/bin:/usr/sbin:/usr/bin:/sbin:/bin" VSLANG="1033" "cc" "-m64" "/tmp/rustcbcq1Yr/symbols.o" "/tmp/rustdoctestpmZyQT/rust_out.rust_out.263fb70ac1c95110-cgu.0.rcgu.o" "/tmp/rustdoctestpmZyQT/rust_out.2uel00cfmdh5ufit.rcgu.o" "-Wl,--as-needed" "-L" "/opt/rustwide/target/debug/deps" "-L" "/opt/rustwide/target/debug/deps" "-L" "/opt/rustwide/rustup-home/toolchains/1.75.0-x86_64-unknown-linux-gnu/lib/rustlib/x86_64-unknown-linux-gnu/lib" "-Wl,-Bstatic" "/opt/rustwide/target/debug/deps/libegui_dock-1f8f99dad9b2d889.rlib" "/opt/rustwide/target/debug/deps/libegui-24eb865cc8e4fa87.rlib" "/opt/rustwide/target/debug/deps/libepaint-144ee66fbc01a829.rlib" "/opt/rustwide/target/debug/deps/libnohash_hasher-0b40e567e2e42bd3.rlib" "/opt/rustwide/target/debug/deps/liblog-66f39b7c9d94a93f.rlib" "/opt/rustwide/target/debug/deps/libecolor-d7fcac0b0df3c7c3.rlib" "/opt/rustwide/target/debug/deps/libahash-5a2f51ebd5ad5ae8.rlib" "/opt/rustwide/target/debug/deps/libonce_cell-a342312cc2ec3f6b.rlib" "/opt/rustwide/target/debug/deps/libzerocopy-7ce495777806c442.rlib" "/opt/rustwide/target/debug/deps/libab_glyph-422e13a3912b8285.rlib" "/opt/rustwide/target/debug/deps/libowned_ttf_parser-2f40425cc99729f0.rlib" "/opt/rustwide/target/debug/deps/libttf_parser-2dd8484fbde7c105.rlib" "/opt/rustwide/target/debug/deps/libab_glyph_rasterizer-085a93a36ad7f9e0.rlib" "/opt/rustwide/target/debug/deps/libparking_lot-74f7b81d562399e8.rlib" "/opt/rustwide/target/debug/deps/libparking_lot_core-24da644042b44a8b.rlib" "/opt/rustwide/target/debug/deps/liblibc-eb440e55dfb137ff.rlib" "/opt/rustwide/target/debug/deps/libcfg_if-61dc7a6799e72b18.rlib" "/opt/rustwide/target/debug/deps/libsmallvec-33da69ee6a49df81.rlib" "/opt/rustwide/target/debug/deps/liblock_api-6d695fe916f3ef34.rlib" "/opt/rustwide/target/debug/deps/libscopeguard-012e5ed929fc2fe6.rlib" "/opt/rustwide/target/debug/deps/libemath-95f5abd4c7f31143.rlib" "/opt/rustwide/target/debug/deps/libbytemuck-5afb42680ec04076.rlib" "/opt/rustwide/rustup-home/toolchains/1.75.0-x86_64-unknown-linux-gnu/lib/rustlib/x86_64-unknown-linux-gnu/lib/libstd-90f6ddbf82de36ec.rlib" "/opt/rustwide/rustup-home/toolchains/1.75.0-x86_64-unknown-linux-gnu/lib/rustlib/x86_64-unknown-linux-gnu/lib/libpanic_unwind-480c41e9d4e1f677.rlib" "/opt/rustwide/rustup-home/toolchains/1.75.0-x86_64-unknown-linux-gnu/lib/rustlib/x86_64-unknown-linux-gnu/lib/libobject-db744c0ca03eed1d.rlib" "/opt/rustwide/rustup-home/toolchains/1.75.0-x86_64-unknown-linux-gnu/lib/rustlib/x86_64-unknown-linux-gnu/lib/libmemchr-8ba652dc7d4b285a.rlib" "/opt/rustwide/rustup-home/toolchains/1.75.0-x86_64-unknown-linux-gnu/lib/rustlib/x86_64-unknown-linux-gnu/lib/libaddr2line-d5f4520a9ebc0d58.rlib" "/opt/rustwide/rustup-home/toolchains/1.75.0-x86_64-unknown-linux-gnu/lib/rustlib/x86_64-unknown-linux-gnu/lib/libgimli-4ad84de58f0cb463.rlib" "/opt/rustwide/rustup-home/toolchains/1.75.0-x86_64-unknown-linux-gnu/lib/rustlib/x86_64-unknown-linux-gnu/lib/librustc_demangle-0d10aae2e0f38735.rlib" "/opt/rustwide/rustup-home/toolchains/1.75.0-x86_64-unknown-linux-gnu/lib/rustlib/x86_64-unknown-linux-gnu/lib/libstd_detect-0c17cff739e6745b.rlib" "/opt/rustwide/rustup-home/toolchains/1.75.0-x86_64-unknown-linux-gnu/lib/rustlib/x86_64-unknown-linux-gnu/lib/libhashbrown-b29e17139dde1aa8.rlib" "/opt/rustwide/rustup-home/toolchains/1.75.0-x86_64-unknown-linux-gnu/lib/rustlib/x86_64-unknown-linux-gnu/lib/librustc_std_workspace_alloc-1f975299829cc7bd.rlib" "/opt/rustwide/rustup-home/toolchains/1.75.0-x86_64-unknown-linux-gnu/lib/rustlib/x86_64-unknown-linux-gnu/lib/libminiz_oxide-86bae3bc3079f89b.rlib" "/opt/rustwide/rustup-home/toolchains/1.75.0-x86_64-unknown-linux-gnu/lib/rustlib/x86_64-unknown-linux-gnu/lib/libadler-321b82c30dffdf5f.rlib" "/opt/rustwide/rustup-home/toolchains/1.75.0-x86_64-unknown-linux-gnu/lib/rustlib/x86_64-unknown-linux-gnu/lib/libunwind-3dd8a6810a0bdfef.rlib" "/opt/rustwide/rustup-home/toolchains/1.75.0-x86_64-unknown-linux-gnu/lib/rustlib/x86_64-unknown-linux-gnu/lib/libcfg_if-eb39a61c0c879984.rlib" "/opt/rustwide/rustup-home/toolchains/1.75.0-x86_64-unknown-linux-gnu/lib/rustlib/x86_64-unknown-linux-gnu/lib/liblibc-aa769569f91c3548.rlib" "/opt/rustwide/rustup-home/toolchains/1.75.0-x86_64-unknown-linux-gnu/lib/rustlib/x86_64-unknown-linux-gnu/lib/liballoc-510a192a50a983ed.rlib" "/opt/rustwide/rustup-home/toolchains/1.75.0-x86_64-unknown-linux-gnu/lib/rustlib/x86_64-unknown-linux-gnu/lib/librustc_std_workspace_core-0577018320f99037.rlib" "/opt/rustwide/rustup-home/toolchains/1.75.0-x86_64-unknown-linux-gnu/lib/rustlib/x86_64-unknown-linux-gnu/lib/libcore-193cf992125ccd4c.rlib" "/opt/rustwide/rustup-home/toolchains/1.75.0-x86_64-unknown-linux-gnu/lib/rustlib/x86_64-unknown-linux-gnu/lib/libcompiler_builtins-8e138eaf26ebb4a8.rlib" "-Wl,-Bdynamic" "-lgcc_s" "-lutil" "-lrt" "-lpthread" "-lm" "-ldl" "-lc" "-Wl,--eh-frame-hdr" "-Wl,-z,noexecstack" "-L" "/opt/rustwide/rustup-home/toolchains/1.75.0-x86_64-unknown-linux-gnu/lib/rustlib/x86_64-unknown-linux-gnu/lib" "-o" "/tmp/rustdoctestpmZyQT/rust_out" "-Wl,--gc-sections" "-pie" "-Wl,-z,relro,-z,now" "-nodefaultlibs"
[INFO] [stdout]   = note: collect2: fatal error: ld terminated with signal 9 [Killed]
[INFO] [stdout]           compilation terminated.
[INFO] [stdout]           
[INFO] [stdout] 
[INFO] [stdout] error: aborting due to previous error
[INFO] [stdout] 
[INFO] [stdout] Couldn't compile the test.
[INFO] [stdout] ---- src/widgets/dock_area/show/mod.rs - widgets::dock_area::show::DockArea<'tree,Tab>::show (line 26) stdout ----
[INFO] [stdout] Couldn't compile the test.
[INFO] [stdout] ---- src/lib.rs - (line 156) stdout ----
[INFO] [stdout] error: linking with `cc` failed: exit status: 1
[INFO] [stdout]   |
[INFO] [stdout]   = note: LC_ALL="C" PATH="/opt/rustwide/rustup-home/toolchains/1.75.0-x86_64-unknown-linux-gnu/lib/rustlib/x86_64-unknown-linux-gnu/bin:/opt/rustwide/cargo-home/bin:/usr/local/sbin:/usr/local/bin:/usr/sbin:/usr/bin:/sbin:/bin" VSLANG="1033" "cc" "-m64" "/tmp/rustc1C4gpW/symbols.o" "/tmp/rustdoctestd9DQfL/rust_out.rust_out.263fb70ac1c95110-cgu.0.rcgu.o" "/tmp/rustdoctestd9DQfL/rust_out.2uel00cfmdh5ufit.rcgu.o" "-Wl,--as-needed" "-L" "/opt/rustwide/target/debug/deps" "-L" "/opt/rustwide/target/debug/deps" "-L" "/opt/rustwide/rustup-home/toolchains/1.75.0-x86_64-unknown-linux-gnu/lib/rustlib/x86_64-unknown-linux-gnu/lib" "-Wl,-Bstatic" "/opt/rustwide/target/debug/deps/libegui_dock-1f8f99dad9b2d889.rlib" "/opt/rustwide/target/debug/deps/libegui-24eb865cc8e4fa87.rlib" "/opt/rustwide/target/debug/deps/libepaint-144ee66fbc01a829.rlib" "/opt/rustwide/target/debug/deps/libnohash_hasher-0b40e567e2e42bd3.rlib" "/opt/rustwide/target/debug/deps/liblog-66f39b7c9d94a93f.rlib" "/opt/rustwide/target/debug/deps/libecolor-d7fcac0b0df3c7c3.rlib" "/opt/rustwide/target/debug/deps/libahash-5a2f51ebd5ad5ae8.rlib" "/opt/rustwide/target/debug/deps/libonce_cell-a342312cc2ec3f6b.rlib" "/opt/rustwide/target/debug/deps/libzerocopy-7ce495777806c442.rlib" "/opt/rustwide/target/debug/deps/libab_glyph-422e13a3912b8285.rlib" "/opt/rustwide/target/debug/deps/libowned_ttf_parser-2f40425cc99729f0.rlib" "/opt/rustwide/target/debug/deps/libttf_parser-2dd8484fbde7c105.rlib" "/opt/rustwide/target/debug/deps/libab_glyph_rasterizer-085a93a36ad7f9e0.rlib" "/opt/rustwide/target/debug/deps/libparking_lot-74f7b81d562399e8.rlib" "/opt/rustwide/target/debug/deps/libparking_lot_core-24da644042b44a8b.rlib" "/opt/rustwide/target/debug/deps/liblibc-eb440e55dfb137ff.rlib" "/opt/rustwide/target/debug/deps/libcfg_if-61dc7a6799e72b18.rlib" "/opt/rustwide/target/debug/deps/libsmallvec-33da69ee6a49df81.rlib" "/opt/rustwide/target/debug/deps/liblock_api-6d695fe916f3ef34.rlib" "/opt/rustwide/target/debug/deps/libscopeguard-012e5ed929fc2fe6.rlib" "/opt/rustwide/target/debug/deps/libemath-95f5abd4c7f31143.rlib" "/opt/rustwide/target/debug/deps/libbytemuck-5afb42680ec04076.rlib" "/opt/rustwide/rustup-home/toolchains/1.75.0-x86_64-unknown-linux-gnu/lib/rustlib/x86_64-unknown-linux-gnu/lib/libstd-90f6ddbf82de36ec.rlib" "/opt/rustwide/rustup-home/toolchains/1.75.0-x86_64-unknown-linux-gnu/lib/rustlib/x86_64-unknown-linux-gnu/lib/libpanic_unwind-480c41e9d4e1f677.rlib" "/opt/rustwide/rustup-home/toolchains/1.75.0-x86_64-unknown-linux-gnu/lib/rustlib/x86_64-unknown-linux-gnu/lib/libobject-db744c0ca03eed1d.rlib" "/opt/rustwide/rustup-home/toolchains/1.75.0-x86_64-unknown-linux-gnu/lib/rustlib/x86_64-unknown-linux-gnu/lib/libmemchr-8ba652dc7d4b285a.rlib" "/opt/rustwide/rustup-home/toolchains/1.75.0-x86_64-unknown-linux-gnu/lib/rustlib/x86_64-unknown-linux-gnu/lib/libaddr2line-d5f4520a9ebc0d58.rlib" "/opt/rustwide/rustup-home/toolchains/1.75.0-x86_64-unknown-linux-gnu/lib/rustlib/x86_64-unknown-linux-gnu/lib/libgimli-4ad84de58f0cb463.rlib" "/opt/rustwide/rustup-home/toolchains/1.75.0-x86_64-unknown-linux-gnu/lib/rustlib/x86_64-unknown-linux-gnu/lib/librustc_demangle-0d10aae2e0f38735.rlib" "/opt/rustwide/rustup-home/toolchains/1.75.0-x86_64-unknown-linux-gnu/lib/rustlib/x86_64-unknown-linux-gnu/lib/libstd_detect-0c17cff739e6745b.rlib" "/opt/rustwide/rustup-home/toolchains/1.75.0-x86_64-unknown-linux-gnu/lib/rustlib/x86_64-unknown-linux-gnu/lib/libhashbrown-b29e17139dde1aa8.rlib" "/opt/rustwide/rustup-home/toolchains/1.75.0-x86_64-unknown-linux-gnu/lib/rustlib/x86_64-unknown-linux-gnu/lib/librustc_std_workspace_alloc-1f975299829cc7bd.rlib" "/opt/rustwide/rustup-home/toolchains/1.75.0-x86_64-unknown-linux-gnu/lib/rustlib/x86_64-unknown-linux-gnu/lib/libminiz_oxide-86bae3bc3079f89b.rlib" "/opt/rustwide/rustup-home/toolchains/1.75.0-x86_64-unknown-linux-gnu/lib/rustlib/x86_64-unknown-linux-gnu/lib/libadler-321b82c30dffdf5f.rlib" "/opt/rustwide/rustup-home/toolchains/1.75.0-x86_64-unknown-linux-gnu/lib/rustlib/x86_64-unknown-linux-gnu/lib/libunwind-3dd8a6810a0bdfef.rlib" "/opt/rustwide/rustup-home/toolchains/1.75.0-x86_64-unknown-linux-gnu/lib/rustlib/x86_64-unknown-linux-gnu/lib/libcfg_if-eb39a61c0c879984.rlib" "/opt/rustwide/rustup-home/toolchains/1.75.0-x86_64-unknown-linux-gnu/lib/rustlib/x86_64-unknown-linux-gnu/lib/liblibc-aa769569f91c3548.rlib" "/opt/rustwide/rustup-home/toolchains/1.75.0-x86_64-unknown-linux-gnu/lib/rustlib/x86_64-unknown-linux-gnu/lib/liballoc-510a192a50a983ed.rlib" "/opt/rustwide/rustup-home/toolchains/1.75.0-x86_64-unknown-linux-gnu/lib/rustlib/x86_64-unknown-linux-gnu/lib/librustc_std_workspace_core-0577018320f99037.rlib" "/opt/rustwide/rustup-home/toolchains/1.75.0-x86_64-unknown-linux-gnu/lib/rustlib/x86_64-unknown-linux-gnu/lib/libcore-193cf992125ccd4c.rlib" "/opt/rustwide/rustup-home/toolchains/1.75.0-x86_64-unknown-linux-gnu/lib/rustlib/x86_64-unknown-linux-gnu/lib/libcompiler_builtins-8e138eaf26ebb4a8.rlib" "-Wl,-Bdynamic" "-lgcc_s" "-lutil" "-lrt" "-lpthread" "-lm" "-ldl" "-lc" "-Wl,--eh-frame-hdr" "-Wl,-z,noexecstack" "-L" "/opt/rustwide/rustup-home/toolchains/1.75.0-x86_64-unknown-linux-gnu/lib/rustlib/x86_64-unknown-linux-gnu/lib" "-o" "/tmp/rustdoctestd9DQfL/rust_out" "-Wl,--gc-sections" "-pie" "-Wl,-z,relro,-z,now" "-nodefaultlibs"
[INFO] [stdout]   = note: collect2: fatal error: ld terminated with signal 9 [Killed]
[INFO] [stdout]           compilation terminated.
[INFO] [stdout]           
[INFO] [stdout] 
[INFO] [stdout] error: aborting due to previous error
[INFO] [stdout] 
[INFO] [stdout] Couldn't compile the test.
[INFO] [stdout] 
[INFO] [stdout] failures:
[INFO] [stdout]     src/dock_state/tree/mod.rs - dock_state::tree::Tree<Tab>::num_tabs (line 232)
[INFO] [stdout]     src/lib.rs - (line 156)
[INFO] [stdout]     src/lib.rs - (line 16)
[INFO] [stdout]     src/lib.rs - (line 86)
[INFO] [stdout]     src/style.rs - style::Style (line 21)
[INFO] [stdout]     src/widgets/dock_area/show/mod.rs - widgets::dock_area::show::DockArea<'tree,Tab>::show (line 26)
[INFO] [stdout] 
[INFO] [stdout] test result: FAILED. 11 passed; 6 failed; 0 ignored; 0 measured; 0 filtered out; finished in 3.42s
[INFO] [stdout] 
[INFO] [stderr] error: doctest failed, to rerun pass `--doc`
[INFO] running `Command { std: "docker" "inspect" "1cbdb9a5f62736ba0673dd315d91813dfb8609c6dbbe292d5cf5525a883646c9", kill_on_drop: false }`
[INFO] running `Command { std: "docker" "rm" "-f" "1cbdb9a5f62736ba0673dd315d91813dfb8609c6dbbe292d5cf5525a883646c9", kill_on_drop: false }`
[INFO] [stdout] 1cbdb9a5f62736ba0673dd315d91813dfb8609c6dbbe292d5cf5525a883646c9
