[INFO] fetching crate egui-modal 0.3.1...
[INFO] testing egui-modal-0.3.1 against 1.75.0 for beta-1.76-1
[INFO] extracting crate egui-modal 0.3.1 into /workspace/builds/worker-7-tc1/source
[INFO] validating manifest of crates.io crate egui-modal 0.3.1 on toolchain 1.75.0
[INFO] running `Command { std: CARGO_HOME="/workspace/cargo-home" RUSTUP_HOME="/workspace/rustup-home" "/workspace/cargo-home/bin/cargo" "+1.75.0" "metadata" "--manifest-path" "Cargo.toml" "--no-deps", kill_on_drop: false }`
[INFO] started tweaking crates.io crate egui-modal 0.3.1
[INFO] finished tweaking crates.io crate egui-modal 0.3.1
[INFO] tweaked toml for crates.io crate egui-modal 0.3.1 written to /workspace/builds/worker-7-tc1/source/Cargo.toml
[INFO] crate crates.io crate egui-modal 0.3.1 already has a lockfile, it will not be regenerated
[INFO] running `Command { std: CARGO_HOME="/workspace/cargo-home" RUSTUP_HOME="/workspace/rustup-home" "/workspace/cargo-home/bin/cargo" "+1.75.0" "fetch" "--manifest-path" "Cargo.toml", kill_on_drop: false }`
[INFO] [stderr]     Updating crates.io index
[INFO] [stderr]  Downloading crates ...
[INFO] [stderr]   Downloaded futures-lite v2.0.1
[INFO] [stderr]   Downloaded web-time v0.2.0
[INFO] [stderr]   Downloaded async-recursion v1.0.2
[INFO] [stderr]   Downloaded atspi-common v0.3.0
[INFO] [stderr]   Downloaded glutin-winit v0.3.0
[INFO] [stderr]   Downloaded strict-num v0.1.0
[INFO] [stderr]   Downloaded dlib v0.5.0
[INFO] [stderr]   Downloaded ab_glyph v0.2.18
[INFO] [stderr]   Downloaded glutin_wgl_sys v0.3.0
[INFO] [stderr]   Downloaded glutin_egl_sys v0.3.1
[INFO] [stderr]   Downloaded webbrowser v0.8.7
[INFO] [stderr]   Downloaded async-once-cell v0.5.3
[INFO] [stderr]   Downloaded serde v1.0.149
[INFO] [stderr]   Downloaded syn v1.0.105
[INFO] [stderr]   Downloaded zerocopy-derive v0.7.28
[INFO] [stderr]   Downloaded epaint v0.24.1
[INFO] [stderr]   Downloaded tiny-skia v0.8.3
[INFO] [stderr]   Downloaded android-activity v0.4.0
[INFO] [stderr]   Downloaded glow v0.12.0
[INFO] [stderr]   Downloaded smithay-client-toolkit v0.16.0
[INFO] [stderr]   Downloaded x11rb-protocol v0.10.0
[INFO] [stderr]   Downloaded x11rb v0.10.1
[INFO] [stderr]   Downloaded ttf-parser v0.17.1
[INFO] [stderr]   Downloaded owned_ttf_parser v0.17.1
[INFO] [stderr]   Downloaded winit v0.28.1
[INFO] [stderr]   Downloaded rustix v0.38.26
[INFO] [stderr]   Downloaded egui v0.24.1
[INFO] [stderr]   Downloaded glutin v0.30.3
[INFO] [stderr]   Downloaded calloop v0.10.4
[INFO] [stderr]   Downloaded tiny-skia-path v0.8.3
[INFO] [stderr]   Downloaded atspi-proxies v0.3.0
[INFO] [stderr]   Downloaded uds_windows v1.0.2
[INFO] [stderr]   Downloaded event-listener v4.0.0
[INFO] [stderr]   Downloaded async-io v2.2.1
[INFO] [stderr]   Downloaded clipboard-win v4.4.2
[INFO] [stderr]   Downloaded ab_glyph_rasterizer v0.1.7
[INFO] [stderr]   Downloaded eframe v0.24.1
[INFO] [stderr]   Downloaded sctk-adwaita v0.5.3
[INFO] [stderr]   Downloaded smithay-clipboard v0.6.6
[INFO] [stderr]   Downloaded arboard v3.2.0
[INFO] [stderr]   Downloaded serde_derive v1.0.149
[INFO] [stderr]   Downloaded egui-winit v0.24.1
[INFO] [stderr]   Downloaded ecolor v0.24.1
[INFO] [stderr]   Downloaded async-lock v3.1.2
[INFO] [stderr]   Downloaded atspi v0.19.0
[INFO] [stderr]   Downloaded wayland-sys v0.30.1
[INFO] [stderr]   Downloaded atspi-connection v0.3.0
[INFO] [stderr]   Downloaded serde_repr v0.1.10
[INFO] [stderr]   Downloaded egui_glow v0.24.1
[INFO] [stderr]   Downloaded zerocopy v0.7.28
[INFO] [stderr]   Downloaded accesskit_unix v0.6.1
[INFO] [stderr]   Downloaded glutin_glx_sys v0.3.0
[INFO] [stderr]   Downloaded emath v0.24.1
[INFO] running `Command { std: "docker" "create" "-v" "/var/lib/crater-agent-workspace/builds/worker-7-tc1/target:/opt/rustwide/target:rw,Z" "-v" "/var/lib/crater-agent-workspace/builds/worker-7-tc1/source:/opt/rustwide/workdir:ro,Z" "-v" "/var/lib/crater-agent-workspace/cargo-home:/opt/rustwide/cargo-home:ro,Z" "-v" "/var/lib/crater-agent-workspace/rustup-home:/opt/rustwide/rustup-home:ro,Z" "-e" "SOURCE_DIR=/opt/rustwide/workdir" "-e" "CARGO_TARGET_DIR=/opt/rustwide/target" "-e" "CARGO_HOME=/opt/rustwide/cargo-home" "-e" "RUSTUP_HOME=/opt/rustwide/rustup-home" "-w" "/opt/rustwide/workdir" "-m" "1610612736" "--user" "0:0" "--network" "none" "ghcr.io/rust-lang/crates-build-env/linux@sha256:2788e3201cd34a07e3172128adcd8b3090168a8e3bcc40d7c032b9dda1df7d1c" "/opt/rustwide/cargo-home/bin/cargo" "+1.75.0" "metadata" "--no-deps" "--format-version=1", kill_on_drop: false }`
[INFO] [stdout] 408657510d3ef40389f9a678c0105d2fb770f006510135e83d6b2fa97ba2165b
[INFO] running `Command { std: "docker" "start" "-a" "408657510d3ef40389f9a678c0105d2fb770f006510135e83d6b2fa97ba2165b", kill_on_drop: false }`
[INFO] running `Command { std: "docker" "inspect" "408657510d3ef40389f9a678c0105d2fb770f006510135e83d6b2fa97ba2165b", kill_on_drop: false }`
[INFO] running `Command { std: "docker" "rm" "-f" "408657510d3ef40389f9a678c0105d2fb770f006510135e83d6b2fa97ba2165b", kill_on_drop: false }`
[INFO] [stdout] 408657510d3ef40389f9a678c0105d2fb770f006510135e83d6b2fa97ba2165b
[INFO] running `Command { std: "docker" "create" "-v" "/var/lib/crater-agent-workspace/builds/worker-7-tc1/target:/opt/rustwide/target:rw,Z" "-v" "/var/lib/crater-agent-workspace/builds/worker-7-tc1/source:/opt/rustwide/workdir:ro,Z" "-v" "/var/lib/crater-agent-workspace/cargo-home:/opt/rustwide/cargo-home:ro,Z" "-v" "/var/lib/crater-agent-workspace/rustup-home:/opt/rustwide/rustup-home:ro,Z" "-e" "SOURCE_DIR=/opt/rustwide/workdir" "-e" "CARGO_TARGET_DIR=/opt/rustwide/target" "-e" "CARGO_INCREMENTAL=0" "-e" "RUST_BACKTRACE=full" "-e" "RUSTFLAGS=--cap-lints=warn" "-e" "RUSTDOCFLAGS=--cap-lints=warn" "-e" "CARGO_HOME=/opt/rustwide/cargo-home" "-e" "RUSTUP_HOME=/opt/rustwide/rustup-home" "-w" "/opt/rustwide/workdir" "-m" "1610612736" "--user" "0:0" "--network" "none" "ghcr.io/rust-lang/crates-build-env/linux@sha256:2788e3201cd34a07e3172128adcd8b3090168a8e3bcc40d7c032b9dda1df7d1c" "/opt/rustwide/cargo-home/bin/cargo" "+1.75.0" "build" "--frozen" "--message-format=json", kill_on_drop: false }`
[INFO] [stdout] 38273555be09d5a101306dbb2f590bb7c37d3014eb0b3479a244fa9c695b93eb
[INFO] running `Command { std: "docker" "start" "-a" "38273555be09d5a101306dbb2f590bb7c37d3014eb0b3479a244fa9c695b93eb", kill_on_drop: false }`
[INFO] [stderr]    Compiling libc v0.2.150
[INFO] [stderr]    Compiling lock_api v0.4.9
[INFO] [stderr]    Compiling parking_lot_core v0.9.5
[INFO] [stderr]    Compiling ttf-parser v0.17.1
[INFO] [stderr]    Compiling scopeguard v1.1.0
[INFO] [stderr]    Compiling smallvec v1.10.0
[INFO] [stderr]    Compiling ahash v0.8.6
[INFO] [stderr]    Compiling once_cell v1.18.0
[INFO] [stderr]    Compiling ab_glyph_rasterizer v0.1.7
[INFO] [stderr]    Compiling zerocopy v0.7.28
[INFO] [stderr]    Compiling emath v0.24.1
[INFO] [stderr]    Compiling ecolor v0.24.1
[INFO] [stderr]    Compiling nohash-hasher v0.2.0
[INFO] [stderr]    Compiling parking_lot v0.12.1
[INFO] [stderr]    Compiling owned_ttf_parser v0.17.1
[INFO] [stderr]    Compiling ab_glyph v0.2.18
[INFO] [stderr]    Compiling epaint v0.24.1
[INFO] [stderr]    Compiling egui v0.24.1
[INFO] [stderr]    Compiling egui-modal v0.3.1 (/opt/rustwide/workdir)
[INFO] [stderr]     Finished dev [unoptimized + debuginfo] target(s) in 5.43s
[INFO] running `Command { std: "docker" "inspect" "38273555be09d5a101306dbb2f590bb7c37d3014eb0b3479a244fa9c695b93eb", kill_on_drop: false }`
[INFO] running `Command { std: "docker" "rm" "-f" "38273555be09d5a101306dbb2f590bb7c37d3014eb0b3479a244fa9c695b93eb", kill_on_drop: false }`
[INFO] [stdout] 38273555be09d5a101306dbb2f590bb7c37d3014eb0b3479a244fa9c695b93eb
[INFO] running `Command { std: "docker" "create" "-v" "/var/lib/crater-agent-workspace/builds/worker-7-tc1/target:/opt/rustwide/target:rw,Z" "-v" "/var/lib/crater-agent-workspace/builds/worker-7-tc1/source:/opt/rustwide/workdir:ro,Z" "-v" "/var/lib/crater-agent-workspace/cargo-home:/opt/rustwide/cargo-home:ro,Z" "-v" "/var/lib/crater-agent-workspace/rustup-home:/opt/rustwide/rustup-home:ro,Z" "-e" "SOURCE_DIR=/opt/rustwide/workdir" "-e" "CARGO_TARGET_DIR=/opt/rustwide/target" "-e" "CARGO_INCREMENTAL=0" "-e" "RUST_BACKTRACE=full" "-e" "RUSTFLAGS=--cap-lints=warn" "-e" "RUSTDOCFLAGS=--cap-lints=warn" "-e" "CARGO_HOME=/opt/rustwide/cargo-home" "-e" "RUSTUP_HOME=/opt/rustwide/rustup-home" "-w" "/opt/rustwide/workdir" "-m" "1610612736" "--user" "0:0" "--network" "none" "ghcr.io/rust-lang/crates-build-env/linux@sha256:2788e3201cd34a07e3172128adcd8b3090168a8e3bcc40d7c032b9dda1df7d1c" "/opt/rustwide/cargo-home/bin/cargo" "+1.75.0" "test" "--frozen" "--no-run" "--message-format=json", kill_on_drop: false }`
[INFO] [stdout] 8f49b84fea27775213d162d3f74b1708b5dc8037ebc42437fc2ee4edde57b2b0
[INFO] running `Command { std: "docker" "start" "-a" "8f49b84fea27775213d162d3f74b1708b5dc8037ebc42437fc2ee4edde57b2b0", kill_on_drop: false }`
[INFO] [stderr]    Compiling proc-macro2 v1.0.70
[INFO] [stderr]    Compiling quote v1.0.28
[INFO] [stderr]    Compiling unicode-ident v1.0.5
[INFO] [stderr]    Compiling libc v0.2.150
[INFO] [stderr]    Compiling syn v1.0.105
[INFO] [stderr]    Compiling once_cell v1.18.0
[INFO] [stderr]    Compiling log v0.4.17
[INFO] [stderr]    Compiling memchr v2.5.0
[INFO] [stderr]    Compiling xml-rs v0.8.4
[INFO] [stderr]    Compiling pkg-config v0.3.26
[INFO] [stderr]    Compiling thiserror v1.0.37
[INFO] [stderr]    Compiling futures-core v0.3.26
[INFO] [stderr]    Compiling crossbeam-utils v0.8.14
[INFO] [stderr]    Compiling parking v2.0.0
[INFO] [stderr]    Compiling serde v1.0.149
[INFO] [stderr]    Compiling concurrent-queue v2.3.0
[INFO] [stderr]    Compiling wayland-scanner v0.29.5
[INFO] [stderr]    Compiling lazy_static v1.4.0
[INFO] [stderr]    Compiling libloading v0.7.4
[INFO] [stderr]    Compiling futures-io v0.3.29
[INFO] [stderr]    Compiling typenum v1.16.0
[INFO] [stderr]    Compiling generic-array v0.14.6
[INFO] [stderr]    Compiling dlib v0.5.0
[INFO] [stderr]    Compiling serde_derive v1.0.149
[INFO] [stderr]    Compiling event-listener v4.0.0
[INFO] [stderr]    Compiling wayland-sys v0.29.5
[INFO] [stderr]    Compiling parking_lot_core v0.9.5
[INFO] [stderr]    Compiling nix v0.24.3
[INFO] [stderr]    Compiling memoffset v0.7.1
[INFO] [stderr]    Compiling parking_lot v0.12.1
[INFO] [stderr]    Compiling event-listener-strategy v0.4.0
[INFO] [stderr]    Compiling syn v2.0.39
[INFO] [stderr]    Compiling waker-fn v1.1.0
[INFO] [stderr]    Compiling fastrand v1.8.0
[INFO] [stderr]    Compiling wayland-client v0.29.5
[INFO] [stderr]    Compiling futures-lite v1.13.0
[INFO] [stderr]    Compiling getrandom v0.2.8
[INFO] [stderr]    Compiling tracing-core v0.1.30
[INFO] [stderr]    Compiling polling v2.5.2
[INFO] [stderr]    Compiling byteorder v1.4.3
[INFO] [stderr]    Compiling async-task v4.3.0
[INFO] [stderr]    Compiling cfg_aliases v0.1.1
[INFO] [stderr]    Compiling futures-task v0.3.26
[INFO] [stderr]    Compiling khronos_api v3.1.0
[INFO] [stderr]    Compiling piper v0.2.1
[INFO] [stderr]    Compiling rand_core v0.6.4
[INFO] [stderr]    Compiling toml v0.5.9
[INFO] [stderr]    Compiling block-buffer v0.10.3
[INFO] [stderr]    Compiling crypto-common v0.1.6
[INFO] [stderr]    Compiling async-channel v2.1.1
[INFO] [stderr]    Compiling async-lock v3.1.2
[INFO] [stderr]    Compiling futures-lite v2.0.1
[INFO] [stderr]    Compiling aho-corasick v0.7.20
[INFO] [stderr]    Compiling async-fs v1.6.0
[INFO] [stderr]    Compiling zvariant_utils v1.0.1
[INFO] [stderr]    Compiling slotmap v1.0.6
[INFO] [stderr]    Compiling async-io v1.12.0
[INFO] [stderr]    Compiling wayland-commons v0.29.5
[INFO] [stderr]    Compiling scoped-tls v1.0.1
[INFO] [stderr]    Compiling downcast-rs v1.2.0
[INFO] [stderr]    Compiling futures-util v0.3.26
[INFO] [stderr]    Compiling regex-syntax v0.6.28
[INFO] [stderr]    Compiling async-trait v0.1.64
[INFO] [stderr]    Compiling minimal-lexical v0.2.1
[INFO] [stderr]    Compiling miniz_oxide v0.6.2
[INFO] [stderr]    Compiling nom v7.1.1
[INFO] [stderr]    Compiling rand_chacha v0.3.1
[INFO] [stderr]    Compiling digest v0.10.6
[INFO] [stderr]    Compiling nix v0.26.4
[INFO] [stderr]    Compiling wayland-protocols v0.29.5
[INFO] [stderr]    Compiling enumflags2_derive v0.7.8
[INFO] [stderr]    Compiling socket2 v0.4.7
[INFO] [stderr]    Compiling regex v1.7.1
[INFO] [stderr]    Compiling cpufeatures v0.2.5
[INFO] [stderr]    Compiling thiserror-impl v1.0.37
[INFO] [stderr]    Compiling bytemuck_derive v1.3.0
[INFO] [stderr]    Compiling tracing-attributes v0.1.23
[INFO] [stderr]    Compiling futures-sink v0.3.26
[INFO] [stderr]    Compiling xdg-home v1.0.0
[INFO] [stderr]    Compiling sha1 v0.10.5
[INFO] [stderr]    Compiling serde_repr v0.1.10
[INFO] [stderr]    Compiling bytemuck v1.12.3
[INFO] [stderr]    Compiling async-recursion v1.0.2
[INFO] [stderr]    Compiling derivative v2.2.0
[INFO] [stderr]    Compiling proc-macro-crate v1.2.1
[INFO] [stderr]    Compiling tracing v0.1.37
[INFO] [stderr]    Compiling blocking v1.5.1
[INFO] [stderr]    Compiling zvariant_derive v3.15.0
[INFO] [stderr]    Compiling zbus_macros v3.14.1
[INFO] [stderr]    Compiling xcursor v0.3.4
[INFO] [stderr]    Compiling gl_generator v0.14.0
[INFO] [stderr]    Compiling flate2 v1.0.25
[INFO] [stderr]    Compiling rand v0.8.5
[INFO] [stderr]    Compiling async-executor v1.5.0
[INFO] [stderr]    Compiling async-broadcast v0.5.0
[INFO] [stderr]    Compiling nix v0.25.1
[INFO] [stderr]    Compiling x11-dl v2.20.1
[INFO] [stderr]    Compiling smithay-client-toolkit v0.16.0
[INFO] [stderr]    Compiling ordered-stream v0.2.0
[INFO] [stderr]    Compiling png v0.17.7
[INFO] [stderr]    Compiling wayland-cursor v0.29.5
[INFO] [stderr]    Compiling memmap2 v0.5.8
[INFO] [stderr]    Compiling arrayref v0.3.6
[INFO] [stderr]    Compiling percent-encoding v2.2.0
[INFO] [stderr]    Compiling strict-num v0.1.0
[INFO] [stderr]    Compiling accesskit v0.12.1
[INFO] [stderr]    Compiling tiny-skia-path v0.8.3
[INFO] [stderr]    Compiling calloop v0.10.4
[INFO] [stderr]    Compiling cty v0.2.2
[INFO] [stderr]    Compiling arrayvec v0.7.2
[INFO] [stderr]    Compiling tinyvec_macros v0.1.0
[INFO] [stderr]    Compiling ahash v0.8.6
[INFO] [stderr]    Compiling tinyvec v1.6.0
[INFO] [stderr]    Compiling tiny-skia v0.8.3
[INFO] [stderr]    Compiling raw-window-handle v0.5.0
[INFO] [stderr]    Compiling ecolor v0.24.1
[INFO] [stderr]    Compiling emath v0.24.1
[INFO] [stderr]    Compiling winit v0.28.1
[INFO] [stderr]    Compiling num-traits v0.2.15
[INFO] [stderr]    Compiling epaint v0.24.1
[INFO] [stderr]    Compiling enumflags2 v0.7.8
[INFO] [stderr]    Compiling unicode-normalization v0.1.22
[INFO] [stderr]    Compiling zvariant v3.15.0
[INFO] [stderr]    Compiling glutin_glx_sys v0.3.0
[INFO] [stderr]    Compiling glutin_egl_sys v0.3.1
[INFO] [stderr]    Compiling mio v0.8.5
[INFO] [stderr]    Compiling wayland-sys v0.30.1
[INFO] [stderr]    Compiling num-integer v0.1.45
[INFO] [stderr]    Compiling instant v0.1.12
[INFO] [stderr]    Compiling unicode-bidi v0.3.8
[INFO] [stderr]    Compiling egui v0.24.1
[INFO] [stderr]    Compiling idna v0.3.0
[INFO] [stderr]    Compiling accesskit_consumer v0.16.1
[INFO] [stderr]    Compiling form_urlencoded v1.1.0
[INFO] [stderr]    Compiling zbus_names v2.6.0
[INFO] [stderr]    Compiling x11rb-protocol v0.10.0
[INFO] [stderr]    Compiling glutin v0.30.3
[INFO] [stderr]    Compiling zbus v3.14.1
[INFO] [stderr]    Compiling gethostname v0.2.3
[INFO] [stderr]    Compiling dirs-sys v0.3.7
[INFO] [stderr]    Compiling async-channel v1.9.0
[INFO] [stderr]    Compiling num-rational v0.4.1
[INFO] [stderr]    Compiling async-once-cell v0.5.3
[INFO] [stderr]    Compiling dirs v4.0.0
[INFO] [stderr]    Compiling url v2.3.1
[INFO] [stderr]    Compiling glutin-winit v0.3.0
[INFO] [stderr]    Compiling webbrowser v0.8.7
[INFO] [stderr]    Compiling web-time v0.2.0
[INFO] [stderr]    Compiling color_quant v1.1.0
[INFO] [stderr]    Compiling glow v0.12.0
[INFO] [stderr]    Compiling image v0.24.6
[INFO] [stderr]    Compiling egui-modal v0.3.1 (/opt/rustwide/workdir)
[INFO] [stderr]    Compiling egui_glow v0.24.1
[INFO] [stderr]    Compiling x11rb v0.10.1
[INFO] [stderr]    Compiling atspi-common v0.3.0
[INFO] [stderr]    Compiling arboard v3.2.0
[INFO] [stderr]    Compiling atspi-proxies v0.3.0
[INFO] [stderr]    Compiling atspi-connection v0.3.0
[INFO] [stderr]    Compiling atspi v0.19.0
[INFO] [stderr]    Compiling accesskit_unix v0.6.1
[INFO] [stderr]    Compiling sctk-adwaita v0.5.3
[INFO] [stderr]    Compiling smithay-clipboard v0.6.6
[INFO] [stderr]    Compiling accesskit_winit v0.15.0
[INFO] [stderr]    Compiling egui-winit v0.24.1
[INFO] [stderr]    Compiling eframe v0.24.1
[INFO] [stderr]     Finished test [unoptimized + debuginfo] target(s) in 1m 50s
[INFO] running `Command { std: "docker" "inspect" "8f49b84fea27775213d162d3f74b1708b5dc8037ebc42437fc2ee4edde57b2b0", kill_on_drop: false }`
[INFO] running `Command { std: "docker" "rm" "-f" "8f49b84fea27775213d162d3f74b1708b5dc8037ebc42437fc2ee4edde57b2b0", kill_on_drop: false }`
[INFO] [stdout] 8f49b84fea27775213d162d3f74b1708b5dc8037ebc42437fc2ee4edde57b2b0
[INFO] running `Command { std: "docker" "create" "-v" "/var/lib/crater-agent-workspace/builds/worker-7-tc1/target:/opt/rustwide/target:rw,Z" "-v" "/var/lib/crater-agent-workspace/builds/worker-7-tc1/source:/opt/rustwide/workdir:ro,Z" "-v" "/var/lib/crater-agent-workspace/cargo-home:/opt/rustwide/cargo-home:ro,Z" "-v" "/var/lib/crater-agent-workspace/rustup-home:/opt/rustwide/rustup-home:ro,Z" "-e" "SOURCE_DIR=/opt/rustwide/workdir" "-e" "CARGO_TARGET_DIR=/opt/rustwide/target" "-e" "CARGO_INCREMENTAL=0" "-e" "RUST_BACKTRACE=full" "-e" "RUSTFLAGS=--cap-lints=warn" "-e" "RUSTDOCFLAGS=--cap-lints=warn" "-e" "CARGO_HOME=/opt/rustwide/cargo-home" "-e" "RUSTUP_HOME=/opt/rustwide/rustup-home" "-w" "/opt/rustwide/workdir" "-m" "1610612736" "--user" "0:0" "--network" "none" "ghcr.io/rust-lang/crates-build-env/linux@sha256:2788e3201cd34a07e3172128adcd8b3090168a8e3bcc40d7c032b9dda1df7d1c" "/opt/rustwide/cargo-home/bin/cargo" "+1.75.0" "test" "--frozen", kill_on_drop: false }`
[INFO] [stdout] 2563660e84634ef21cd2324bca911d49038b6714bdcc9b898a08cd5bef136391
[INFO] running `Command { std: "docker" "start" "-a" "2563660e84634ef21cd2324bca911d49038b6714bdcc9b898a08cd5bef136391", kill_on_drop: false }`
[INFO] [stderr]     Finished test [unoptimized + debuginfo] target(s) in 0.34s
[INFO] [stderr]      Running unittests src/lib.rs (/opt/rustwide/target/debug/deps/egui_modal-55682990f2e79388)
[INFO] [stdout] 
[INFO] [stdout] running 0 tests
[INFO] [stdout] 
[INFO] [stdout] test result: ok. 0 passed; 0 failed; 0 ignored; 0 measured; 0 filtered out; finished in 0.00s
[INFO] [stdout] 
[INFO] [stderr]    Doc-tests egui-modal
[INFO] [stdout] 
[INFO] [stdout] running 8 tests
[INFO] [stdout] test src/modal.rs - modal::Modal::title (line 297) ... FAILED
[INFO] [stdout] test src/modal.rs - modal::Modal (line 205) ... FAILED
[INFO] [stdout] test src/modal.rs - modal::Modal::body (line 388) ... FAILED
[INFO] [stdout] test src/modal.rs - modal::Modal (line 194) ... FAILED
[INFO] [stdout] test src/modal.rs - modal::Modal::buttons (line 406) ... FAILED
[INFO] [stdout] test src/modal.rs - modal::Modal::body_and_icon (line 372) ... FAILED
[INFO] [stdout] test src/modal.rs - modal::Modal::frame (line 337) ... FAILED
[INFO] [stdout] test src/modal.rs - modal::Modal::icon (line 312) ... FAILED
[INFO] [stdout] 
[INFO] [stdout] failures:
[INFO] [stdout] 
[INFO] [stdout] ---- src/modal.rs - modal::Modal::title (line 297) stdout ----
[INFO] [stdout] error[E0433]: failed to resolve: use of undeclared type `Modal`
[INFO] [stdout]  --> src/modal.rs:298:13
[INFO] [stdout]   |
[INFO] [stdout] 3 | let modal = Modal::new(ctx, "modal");
[INFO] [stdout]   |             ^^^^^ use of undeclared type `Modal`
[INFO] [stdout]   |
[INFO] [stdout] help: consider importing this struct
[INFO] [stdout]   |
[INFO] [stdout] 2 + use egui_modal::Modal;
[INFO] [stdout]   |
[INFO] [stdout] 
[INFO] [stdout] error[E0425]: cannot find value `ctx` in this scope
[INFO] [stdout]  --> src/modal.rs:298:24
[INFO] [stdout]   |
[INFO] [stdout] 3 | let modal = Modal::new(ctx, "modal");
[INFO] [stdout]   |                        ^^^ not found in this scope
[INFO] [stdout] 
[INFO] [stdout] error: aborting due to 2 previous errors
[INFO] [stdout] 
[INFO] [stdout] Some errors have detailed explanations: E0425, E0433.
[INFO] [stdout] For more information about an error, try `rustc --explain E0425`.
[INFO] [stdout] Couldn't compile the test.
[INFO] [stdout] ---- src/modal.rs - modal::Modal (line 205) stdout ----
[INFO] [stdout] error[E0433]: failed to resolve: use of undeclared type `Modal`
[INFO] [stdout]  --> src/modal.rs:206:19
[INFO] [stdout]   |
[INFO] [stdout] 3 | let other_modal = Modal::new(ctx, "another_modal");
[INFO] [stdout]   |                   ^^^^^ use of undeclared type `Modal`
[INFO] [stdout]   |
[INFO] [stdout] help: consider importing this struct
[INFO] [stdout]   |
[INFO] [stdout] 2 + use egui_modal::Modal;
[INFO] [stdout]   |
[INFO] [stdout] 
[INFO] [stdout] error[E0425]: cannot find value `ctx` in this scope
[INFO] [stdout]  --> src/modal.rs:206:30
[INFO] [stdout]   |
[INFO] [stdout] 3 | let other_modal = Modal::new(ctx, "another_modal");
[INFO] [stdout]   |                              ^^^ not found in this scope
[INFO] [stdout] 
[INFO] [stdout] error[E0425]: cannot find value `ui` in this scope
[INFO] [stdout]   --> src/modal.rs:215:4
[INFO] [stdout]    |
[INFO] [stdout] 12 | if ui.button("open the other modal").clicked() {
[INFO] [stdout]    |    ^^ not found in this scope
[INFO] [stdout] 
[INFO] [stdout] error: aborting due to 3 previous errors
[INFO] [stdout] 
[INFO] [stdout] Some errors have detailed explanations: E0425, E0433.
[INFO] [stdout] For more information about an error, try `rustc --explain E0425`.
[INFO] [stdout] Couldn't compile the test.
[INFO] [stdout] ---- src/modal.rs - modal::Modal::body (line 388) stdout ----
[INFO] [stdout] error[E0433]: failed to resolve: use of undeclared type `Modal`
[INFO] [stdout]  --> src/modal.rs:389:13
[INFO] [stdout]   |
[INFO] [stdout] 3 | let modal = Modal::new(ctx, "modal");
[INFO] [stdout]   |             ^^^^^ use of undeclared type `Modal`
[INFO] [stdout]   |
[INFO] [stdout] help: consider importing this struct
[INFO] [stdout]   |
[INFO] [stdout] 2 + use egui_modal::Modal;
[INFO] [stdout]   |
[INFO] [stdout] 
[INFO] [stdout] error[E0425]: cannot find value `ctx` in this scope
[INFO] [stdout]  --> src/modal.rs:389:24
[INFO] [stdout]   |
[INFO] [stdout] 3 | let modal = Modal::new(ctx, "modal");
[INFO] [stdout]   |                        ^^^ not found in this scope
[INFO] [stdout] 
[INFO] [stdout] error: aborting due to 2 previous errors
[INFO] [stdout] 
[INFO] [stdout] Some errors have detailed explanations: E0425, E0433.
[INFO] [stdout] For more information about an error, try `rustc --explain E0425`.
[INFO] [stdout] Couldn't compile the test.
[INFO] [stdout] ---- src/modal.rs - modal::Modal (line 194) stdout ----
[INFO] [stdout] error[E0433]: failed to resolve: use of undeclared type `Modal`
[INFO] [stdout]  --> src/modal.rs:195:13
[INFO] [stdout]   |
[INFO] [stdout] 3 | let modal = Modal::new(ctx, "my_modal");
[INFO] [stdout]   |             ^^^^^ use of undeclared type `Modal`
[INFO] [stdout]   |
[INFO] [stdout] help: consider importing this struct
[INFO] [stdout]   |
[INFO] [stdout] 2 + use egui_modal::Modal;
[INFO] [stdout]   |
[INFO] [stdout] 
[INFO] [stdout] error[E0425]: cannot find value `ctx` in this scope
[INFO] [stdout]  --> src/modal.rs:195:24
[INFO] [stdout]   |
[INFO] [stdout] 3 | let modal = Modal::new(ctx, "my_modal");
[INFO] [stdout]   |                        ^^^ not found in this scope
[INFO] [stdout] 
[INFO] [stdout] error[E0425]: cannot find value `ui` in this scope
[INFO] [stdout]  --> src/modal.rs:199:4
[INFO] [stdout]   |
[INFO] [stdout] 7 | if ui.button("modal").clicked() {
[INFO] [stdout]   |    ^^ not found in this scope
[INFO] [stdout] 
[INFO] [stdout] error: aborting due to 3 previous errors
[INFO] [stdout] 
[INFO] [stdout] Some errors have detailed explanations: E0425, E0433.
[INFO] [stdout] For more information about an error, try `rustc --explain E0425`.
[INFO] [stdout] Couldn't compile the test.
[INFO] [stdout] ---- src/modal.rs - modal::Modal::buttons (line 406) stdout ----
[INFO] [stdout] error[E0433]: failed to resolve: use of undeclared type `Modal`
[INFO] [stdout]  --> src/modal.rs:407:13
[INFO] [stdout]   |
[INFO] [stdout] 3 | let modal = Modal::new(ctx, "modal");
[INFO] [stdout]   |             ^^^^^ use of undeclared type `Modal`
[INFO] [stdout]   |
[INFO] [stdout] help: consider importing this struct
[INFO] [stdout]   |
[INFO] [stdout] 2 + use egui_modal::Modal;
[INFO] [stdout]   |
[INFO] [stdout] 
[INFO] [stdout] error[E0425]: cannot find value `ctx` in this scope
[INFO] [stdout]  --> src/modal.rs:407:24
[INFO] [stdout]   |
[INFO] [stdout] 3 | let modal = Modal::new(ctx, "modal");
[INFO] [stdout]   |                        ^^^ not found in this scope
[INFO] [stdout] 
[INFO] [stdout] error: aborting due to 2 previous errors
[INFO] [stdout] 
[INFO] [stdout] Some errors have detailed explanations: E0425, E0433.
[INFO] [stdout] For more information about an error, try `rustc --explain E0425`.
[INFO] [stdout] Couldn't compile the test.
[INFO] [stdout] ---- src/modal.rs - modal::Modal::body_and_icon (line 372) stdout ----
[INFO] [stdout] error[E0433]: failed to resolve: use of undeclared type `Modal`
[INFO] [stdout]  --> src/modal.rs:373:13
[INFO] [stdout]   |
[INFO] [stdout] 3 | let modal = Modal::new(ctx, "modal");
[INFO] [stdout]   |             ^^^^^ use of undeclared type `Modal`
[INFO] [stdout]   |
[INFO] [stdout] help: consider importing this struct
[INFO] [stdout]   |
[INFO] [stdout] 2 + use egui_modal::Modal;
[INFO] [stdout]   |
[INFO] [stdout] 
[INFO] [stdout] error[E0425]: cannot find value `ctx` in this scope
[INFO] [stdout]  --> src/modal.rs:373:24
[INFO] [stdout]   |
[INFO] [stdout] 3 | let modal = Modal::new(ctx, "modal");
[INFO] [stdout]   |                        ^^^ not found in this scope
[INFO] [stdout] 
[INFO] [stdout] error[E0433]: failed to resolve: use of undeclared type `Icon`
[INFO] [stdout]  --> src/modal.rs:376:50
[INFO] [stdout]   |
[INFO] [stdout] 6 |         modal.body_and_icon(ui, "my modal body", Icon::Warning);
[INFO] [stdout]   |                                                  ^^^^ use of undeclared type `Icon`
[INFO] [stdout]   |
[INFO] [stdout] help: consider importing this enum
[INFO] [stdout]   |
[INFO] [stdout] 2 + use egui_modal::Icon;
[INFO] [stdout]   |
[INFO] [stdout] 
[INFO] [stdout] error: aborting due to 3 previous errors
[INFO] [stdout] 
[INFO] [stdout] Some errors have detailed explanations: E0425, E0433.
[INFO] [stdout] For more information about an error, try `rustc --explain E0425`.
[INFO] [stdout] Couldn't compile the test.
[INFO] [stdout] ---- src/modal.rs - modal::Modal::frame (line 337) stdout ----
[INFO] [stdout] error[E0433]: failed to resolve: use of undeclared type `Modal`
[INFO] [stdout]  --> src/modal.rs:338:13
[INFO] [stdout]   |
[INFO] [stdout] 3 | let modal = Modal::new(ctx, "modal");
[INFO] [stdout]   |             ^^^^^ use of undeclared type `Modal`
[INFO] [stdout]   |
[INFO] [stdout] help: consider importing this struct
[INFO] [stdout]   |
[INFO] [stdout] 2 + use egui_modal::Modal;
[INFO] [stdout]   |
[INFO] [stdout] 
[INFO] [stdout] error[E0425]: cannot find value `ctx` in this scope
[INFO] [stdout]  --> src/modal.rs:338:24
[INFO] [stdout]   |
[INFO] [stdout] 3 | let modal = Modal::new(ctx, "modal");
[INFO] [stdout]   |                        ^^^ not found in this scope
[INFO] [stdout] 
[INFO] [stdout] error: aborting due to 2 previous errors
[INFO] [stdout] 
[INFO] [stdout] Some errors have detailed explanations: E0425, E0433.
[INFO] [stdout] For more information about an error, try `rustc --explain E0425`.
[INFO] [stdout] Couldn't compile the test.
[INFO] [stdout] ---- src/modal.rs - modal::Modal::icon (line 312) stdout ----
[INFO] [stdout] error[E0433]: failed to resolve: use of undeclared type `Modal`
[INFO] [stdout]  --> src/modal.rs:313:13
[INFO] [stdout]   |
[INFO] [stdout] 3 | let modal = Modal::new(ctx, "modal");
[INFO] [stdout]   |             ^^^^^ use of undeclared type `Modal`
[INFO] [stdout]   |
[INFO] [stdout] help: consider importing this struct
[INFO] [stdout]   |
[INFO] [stdout] 2 + use egui_modal::Modal;
[INFO] [stdout]   |
[INFO] [stdout] 
[INFO] [stdout] error[E0425]: cannot find value `ctx` in this scope
[INFO] [stdout]  --> src/modal.rs:313:24
[INFO] [stdout]   |
[INFO] [stdout] 3 | let modal = Modal::new(ctx, "modal");
[INFO] [stdout]   |                        ^^^ not found in this scope
[INFO] [stdout] 
[INFO] [stdout] error[E0433]: failed to resolve: use of undeclared type `Icon`
[INFO] [stdout]  --> src/modal.rs:316:24
[INFO] [stdout]   |
[INFO] [stdout] 6 |         modal.icon(ui, Icon::Info);
[INFO] [stdout]   |                        ^^^^ use of undeclared type `Icon`
[INFO] [stdout]   |
[INFO] [stdout] help: consider importing this enum
[INFO] [stdout]   |
[INFO] [stdout] 2 + use egui_modal::Icon;
[INFO] [stdout]   |
[INFO] [stdout] 
[INFO] [stdout] error: aborting due to 3 previous errors
[INFO] [stdout] 
[INFO] [stdout] Some errors have detailed explanations: E0425, E0433.
[INFO] [stdout] For more information about an error, try `rustc --explain E0425`.
[INFO] [stdout] Couldn't compile the test.
[INFO] [stdout] 
[INFO] [stdout] failures:
[INFO] [stdout]     src/modal.rs - modal::Modal (line 194)
[INFO] [stdout]     src/modal.rs - modal::Modal (line 205)
[INFO] [stdout]     src/modal.rs - modal::Modal::body (line 388)
[INFO] [stdout]     src/modal.rs - modal::Modal::body_and_icon (line 372)
[INFO] [stdout]     src/modal.rs - modal::Modal::buttons (line 406)
[INFO] [stdout]     src/modal.rs - modal::Modal::frame (line 337)
[INFO] [stdout]     src/modal.rs - modal::Modal::icon (line 312)
[INFO] [stdout]     src/modal.rs - modal::Modal::title (line 297)
[INFO] [stdout] 
[INFO] [stdout] test result: FAILED. 0 passed; 8 failed; 0 ignored; 0 measured; 0 filtered out; finished in 0.22s
[INFO] [stdout] 
[INFO] [stderr] error: doctest failed, to rerun pass `--doc`
[INFO] running `Command { std: "docker" "inspect" "2563660e84634ef21cd2324bca911d49038b6714bdcc9b898a08cd5bef136391", kill_on_drop: false }`
[INFO] running `Command { std: "docker" "rm" "-f" "2563660e84634ef21cd2324bca911d49038b6714bdcc9b898a08cd5bef136391", kill_on_drop: false }`
[INFO] [stdout] 2563660e84634ef21cd2324bca911d49038b6714bdcc9b898a08cd5bef136391
[INFO] testing egui-modal-0.3.1 against beta-2023-12-22 for beta-1.76-1
[INFO] extracting crate egui-modal 0.3.1 into /workspace/builds/worker-7-tc2/source
[INFO] validating manifest of crates.io crate egui-modal 0.3.1 on toolchain beta-2023-12-22
[INFO] running `Command { std: CARGO_HOME="/workspace/cargo-home" RUSTUP_HOME="/workspace/rustup-home" "/workspace/cargo-home/bin/cargo" "+beta-2023-12-22" "metadata" "--manifest-path" "Cargo.toml" "--no-deps", kill_on_drop: false }`
[INFO] started tweaking crates.io crate egui-modal 0.3.1
[INFO] finished tweaking crates.io crate egui-modal 0.3.1
[INFO] tweaked toml for crates.io crate egui-modal 0.3.1 written to /workspace/builds/worker-7-tc2/source/Cargo.toml
[INFO] crate crates.io crate egui-modal 0.3.1 already has a lockfile, it will not be regenerated
[INFO] running `Command { std: CARGO_HOME="/workspace/cargo-home" RUSTUP_HOME="/workspace/rustup-home" "/workspace/cargo-home/bin/cargo" "+beta-2023-12-22" "fetch" "--manifest-path" "Cargo.toml", kill_on_drop: false }`
[INFO] running `Command { std: "docker" "create" "-v" "/var/lib/crater-agent-workspace/builds/worker-7-tc2/target:/opt/rustwide/target:rw,Z" "-v" "/var/lib/crater-agent-workspace/builds/worker-7-tc2/source:/opt/rustwide/workdir:ro,Z" "-v" "/var/lib/crater-agent-workspace/cargo-home:/opt/rustwide/cargo-home:ro,Z" "-v" "/var/lib/crater-agent-workspace/rustup-home:/opt/rustwide/rustup-home:ro,Z" "-e" "SOURCE_DIR=/opt/rustwide/workdir" "-e" "CARGO_TARGET_DIR=/opt/rustwide/target" "-e" "CARGO_HOME=/opt/rustwide/cargo-home" "-e" "RUSTUP_HOME=/opt/rustwide/rustup-home" "-w" "/opt/rustwide/workdir" "-m" "1610612736" "--user" "0:0" "--network" "none" "ghcr.io/rust-lang/crates-build-env/linux@sha256:2788e3201cd34a07e3172128adcd8b3090168a8e3bcc40d7c032b9dda1df7d1c" "/opt/rustwide/cargo-home/bin/cargo" "+beta-2023-12-22" "metadata" "--no-deps" "--format-version=1", kill_on_drop: false }`
[INFO] [stdout] 673369f0adfd23079709afe6baccef496da1017e19f070ed8a945d57360021b0
[INFO] running `Command { std: "docker" "start" "-a" "673369f0adfd23079709afe6baccef496da1017e19f070ed8a945d57360021b0", kill_on_drop: false }`
[INFO] running `Command { std: "docker" "inspect" "673369f0adfd23079709afe6baccef496da1017e19f070ed8a945d57360021b0", kill_on_drop: false }`
[INFO] running `Command { std: "docker" "rm" "-f" "673369f0adfd23079709afe6baccef496da1017e19f070ed8a945d57360021b0", kill_on_drop: false }`
[INFO] [stdout] 673369f0adfd23079709afe6baccef496da1017e19f070ed8a945d57360021b0
[INFO] running `Command { std: "docker" "create" "-v" "/var/lib/crater-agent-workspace/builds/worker-7-tc2/target:/opt/rustwide/target:rw,Z" "-v" "/var/lib/crater-agent-workspace/builds/worker-7-tc2/source:/opt/rustwide/workdir:ro,Z" "-v" "/var/lib/crater-agent-workspace/cargo-home:/opt/rustwide/cargo-home:ro,Z" "-v" "/var/lib/crater-agent-workspace/rustup-home:/opt/rustwide/rustup-home:ro,Z" "-e" "SOURCE_DIR=/opt/rustwide/workdir" "-e" "CARGO_TARGET_DIR=/opt/rustwide/target" "-e" "CARGO_INCREMENTAL=0" "-e" "RUST_BACKTRACE=full" "-e" "RUSTFLAGS=--cap-lints=warn" "-e" "RUSTDOCFLAGS=--cap-lints=warn" "-e" "CARGO_HOME=/opt/rustwide/cargo-home" "-e" "RUSTUP_HOME=/opt/rustwide/rustup-home" "-w" "/opt/rustwide/workdir" "-m" "1610612736" "--user" "0:0" "--network" "none" "ghcr.io/rust-lang/crates-build-env/linux@sha256:2788e3201cd34a07e3172128adcd8b3090168a8e3bcc40d7c032b9dda1df7d1c" "/opt/rustwide/cargo-home/bin/cargo" "+beta-2023-12-22" "build" "--frozen" "--message-format=json", kill_on_drop: false }`
[INFO] [stdout] ffdfe57de7a181b65e866e8b25f95b1172352b41c7513a70701ad7e3cc871b1e
[INFO] running `Command { std: "docker" "start" "-a" "ffdfe57de7a181b65e866e8b25f95b1172352b41c7513a70701ad7e3cc871b1e", kill_on_drop: false }`
[INFO] [stderr]    Compiling libc v0.2.150
[INFO] [stderr]    Compiling parking_lot_core v0.9.5
[INFO] [stderr]    Compiling ttf-parser v0.17.1
[INFO] [stderr]    Compiling scopeguard v1.1.0
[INFO] [stderr]    Compiling smallvec v1.10.0
[INFO] [stderr]    Compiling lock_api v0.4.9
[INFO] [stderr]    Compiling ahash v0.8.6
[INFO] [stderr]    Compiling zerocopy v0.7.28
[INFO] [stderr]    Compiling once_cell v1.18.0
[INFO] [stderr]    Compiling ab_glyph_rasterizer v0.1.7
[INFO] [stderr]    Compiling nohash-hasher v0.2.0
[INFO] [stderr]    Compiling ecolor v0.24.1
[INFO] [stderr]    Compiling emath v0.24.1
[INFO] [stderr]    Compiling parking_lot v0.12.1
[INFO] [stderr]    Compiling owned_ttf_parser v0.17.1
[INFO] [stderr]    Compiling ab_glyph v0.2.18
[INFO] [stderr]    Compiling epaint v0.24.1
[INFO] [stderr]    Compiling egui v0.24.1
[INFO] [stderr]    Compiling egui-modal v0.3.1 (/opt/rustwide/workdir)
[INFO] [stderr]     Finished dev [unoptimized + debuginfo] target(s) in 10.11s
[INFO] running `Command { std: "docker" "inspect" "ffdfe57de7a181b65e866e8b25f95b1172352b41c7513a70701ad7e3cc871b1e", kill_on_drop: false }`
[INFO] running `Command { std: "docker" "rm" "-f" "ffdfe57de7a181b65e866e8b25f95b1172352b41c7513a70701ad7e3cc871b1e", kill_on_drop: false }`
[INFO] [stdout] ffdfe57de7a181b65e866e8b25f95b1172352b41c7513a70701ad7e3cc871b1e
[INFO] running `Command { std: "docker" "create" "-v" "/var/lib/crater-agent-workspace/builds/worker-7-tc2/target:/opt/rustwide/target:rw,Z" "-v" "/var/lib/crater-agent-workspace/builds/worker-7-tc2/source:/opt/rustwide/workdir:ro,Z" "-v" "/var/lib/crater-agent-workspace/cargo-home:/opt/rustwide/cargo-home:ro,Z" "-v" "/var/lib/crater-agent-workspace/rustup-home:/opt/rustwide/rustup-home:ro,Z" "-e" "SOURCE_DIR=/opt/rustwide/workdir" "-e" "CARGO_TARGET_DIR=/opt/rustwide/target" "-e" "CARGO_INCREMENTAL=0" "-e" "RUST_BACKTRACE=full" "-e" "RUSTFLAGS=--cap-lints=warn" "-e" "RUSTDOCFLAGS=--cap-lints=warn" "-e" "CARGO_HOME=/opt/rustwide/cargo-home" "-e" "RUSTUP_HOME=/opt/rustwide/rustup-home" "-w" "/opt/rustwide/workdir" "-m" "1610612736" "--user" "0:0" "--network" "none" "ghcr.io/rust-lang/crates-build-env/linux@sha256:2788e3201cd34a07e3172128adcd8b3090168a8e3bcc40d7c032b9dda1df7d1c" "/opt/rustwide/cargo-home/bin/cargo" "+beta-2023-12-22" "test" "--frozen" "--no-run" "--message-format=json", kill_on_drop: false }`
[INFO] [stdout] f2722187541a8a6aa6323c6fc260372437a36c976c4efd65dfb6b93b41cf9612
[INFO] running `Command { std: "docker" "start" "-a" "f2722187541a8a6aa6323c6fc260372437a36c976c4efd65dfb6b93b41cf9612", kill_on_drop: false }`
[INFO] [stderr]    Compiling proc-macro2 v1.0.70
[INFO] [stderr]    Compiling unicode-ident v1.0.5
[INFO] [stderr]    Compiling quote v1.0.28
[INFO] [stderr]    Compiling libc v0.2.150
[INFO] [stderr]    Compiling syn v1.0.105
[INFO] [stderr]    Compiling log v0.4.17
[INFO] [stderr]    Compiling once_cell v1.18.0
[INFO] [stderr]    Compiling memchr v2.5.0
[INFO] [stderr]    Compiling xml-rs v0.8.4
[INFO] [stderr]    Compiling pkg-config v0.3.26
[INFO] [stderr]    Compiling thiserror v1.0.37
[INFO] [stderr]    Compiling futures-core v0.3.26
[INFO] [stderr]    Compiling crossbeam-utils v0.8.14
[INFO] [stderr]    Compiling parking v2.0.0
[INFO] [stderr]    Compiling wayland-scanner v0.29.5
[INFO] [stderr]    Compiling serde v1.0.149
[INFO] [stderr]    Compiling concurrent-queue v2.3.0
[INFO] [stderr]    Compiling lazy_static v1.4.0
[INFO] [stderr]    Compiling libloading v0.7.4
[INFO] [stderr]    Compiling futures-io v0.3.29
[INFO] [stderr]    Compiling typenum v1.16.0
[INFO] [stderr]    Compiling generic-array v0.14.6
[INFO] [stderr]    Compiling dlib v0.5.0
[INFO] [stderr]    Compiling serde_derive v1.0.149
[INFO] [stderr]    Compiling event-listener v4.0.0
[INFO] [stderr]    Compiling wayland-sys v0.29.5
[INFO] [stderr]    Compiling memoffset v0.7.1
[INFO] [stderr]    Compiling parking_lot_core v0.9.5
[INFO] [stderr]    Compiling nix v0.24.3
[INFO] [stderr]    Compiling parking_lot v0.12.1
[INFO] [stderr]    Compiling event-listener-strategy v0.4.0
[INFO] [stderr]    Compiling syn v2.0.39
[INFO] [stderr]    Compiling fastrand v1.8.0
[INFO] [stderr]    Compiling waker-fn v1.1.0
[INFO] [stderr]    Compiling futures-lite v1.13.0
[INFO] [stderr]    Compiling wayland-client v0.29.5
[INFO] [stderr]    Compiling getrandom v0.2.8
[INFO] [stderr]    Compiling tracing-core v0.1.30
[INFO] [stderr]    Compiling polling v2.5.2
[INFO] [stderr]    Compiling khronos_api v3.1.0
[INFO] [stderr]    Compiling cfg_aliases v0.1.1
[INFO] [stderr]    Compiling byteorder v1.4.3
[INFO] [stderr]    Compiling async-task v4.3.0
[INFO] [stderr]    Compiling futures-task v0.3.26
[INFO] [stderr]    Compiling piper v0.2.1
[INFO] [stderr]    Compiling crypto-common v0.1.6
[INFO] [stderr]    Compiling block-buffer v0.10.3
[INFO] [stderr]    Compiling rand_core v0.6.4
[INFO] [stderr]    Compiling async-lock v3.1.2
[INFO] [stderr]    Compiling async-channel v2.1.1
[INFO] [stderr]    Compiling futures-lite v2.0.1
[INFO] [stderr]    Compiling aho-corasick v0.7.20
[INFO] [stderr]    Compiling async-io v1.12.0
[INFO] [stderr]    Compiling async-fs v1.6.0
[INFO] [stderr]    Compiling toml v0.5.9
[INFO] [stderr]    Compiling slotmap v1.0.6
[INFO] [stderr]    Compiling regex-syntax v0.6.28
[INFO] [stderr]    Compiling zvariant_utils v1.0.1
[INFO] [stderr]    Compiling async-trait v0.1.64
[INFO] [stderr]    Compiling scoped-tls v1.0.1
[INFO] [stderr]    Compiling futures-util v0.3.26
[INFO] [stderr]    Compiling wayland-commons v0.29.5
[INFO] [stderr]    Compiling minimal-lexical v0.2.1
[INFO] [stderr]    Compiling downcast-rs v1.2.0
[INFO] [stderr]    Compiling nom v7.1.1
[INFO] [stderr]    Compiling rand_chacha v0.3.1
[INFO] [stderr]    Compiling miniz_oxide v0.6.2
[INFO] [stderr]    Compiling regex v1.7.1
[INFO] [stderr]    Compiling digest v0.10.6
[INFO] [stderr]    Compiling enumflags2_derive v0.7.8
[INFO] [stderr]    Compiling nix v0.26.4
[INFO] [stderr]    Compiling wayland-protocols v0.29.5
[INFO] [stderr]    Compiling socket2 v0.4.7
[INFO] [stderr]    Compiling futures-sink v0.3.26
[INFO] [stderr]    Compiling cpufeatures v0.2.5
[INFO] [stderr]    Compiling sha1 v0.10.5
[INFO] [stderr]    Compiling thiserror-impl v1.0.37
[INFO] [stderr]    Compiling bytemuck_derive v1.3.0
[INFO] [stderr]    Compiling tracing-attributes v0.1.23
[INFO] [stderr]    Compiling xdg-home v1.0.0
[INFO] [stderr]    Compiling async-recursion v1.0.2
[INFO] [stderr]    Compiling bytemuck v1.12.3
[INFO] [stderr]    Compiling serde_repr v0.1.10
[INFO] [stderr]    Compiling derivative v2.2.0
[INFO] [stderr]    Compiling proc-macro-crate v1.2.1
[INFO] [stderr]    Compiling tracing v0.1.37
[INFO] [stderr]    Compiling blocking v1.5.1
[INFO] [stderr]    Compiling xcursor v0.3.4
[INFO] [stderr]    Compiling zvariant_derive v3.15.0
[INFO] [stderr]    Compiling zbus_macros v3.14.1
[INFO] [stderr]    Compiling gl_generator v0.14.0
[INFO] [stderr]    Compiling flate2 v1.0.25
[INFO] [stderr]    Compiling rand v0.8.5
[INFO] [stderr]    Compiling async-executor v1.5.0
[INFO] [stderr]    Compiling async-broadcast v0.5.0
[INFO] [stderr]    Compiling nix v0.25.1
[INFO] [stderr]    Compiling x11-dl v2.20.1
[INFO] [stderr]    Compiling smithay-client-toolkit v0.16.0
[INFO] [stderr]    Compiling ordered-stream v0.2.0
[INFO] [stderr]    Compiling png v0.17.7
[INFO] [stderr]    Compiling wayland-cursor v0.29.5
[INFO] [stderr]    Compiling memmap2 v0.5.8
[INFO] [stderr]    Compiling accesskit v0.12.1
[INFO] [stderr]    Compiling arrayref v0.3.6
[INFO] [stderr]    Compiling percent-encoding v2.2.0
[INFO] [stderr]    Compiling strict-num v0.1.0
[INFO] [stderr]    Compiling tiny-skia-path v0.8.3
[INFO] [stderr]    Compiling calloop v0.10.4
[INFO] [stderr]    Compiling arrayvec v0.7.2
[INFO] [stderr]    Compiling cty v0.2.2
[INFO] [stderr]    Compiling tinyvec_macros v0.1.0
[INFO] [stderr]    Compiling raw-window-handle v0.5.0
[INFO] [stderr]    Compiling tinyvec v1.6.0
[INFO] [stderr]    Compiling tiny-skia v0.8.3
[INFO] [stderr]    Compiling ahash v0.8.6
[INFO] [stderr]    Compiling emath v0.24.1
[INFO] [stderr]    Compiling ecolor v0.24.1
[INFO] [stderr]    Compiling winit v0.28.1
[INFO] [stderr]    Compiling num-traits v0.2.15
[INFO] [stderr]    Compiling epaint v0.24.1
[INFO] [stderr]    Compiling unicode-normalization v0.1.22
[INFO] [stderr]    Compiling glutin_egl_sys v0.3.1
[INFO] [stderr]    Compiling glutin_glx_sys v0.3.0
[INFO] [stderr]    Compiling mio v0.8.5
[INFO] [stderr]    Compiling wayland-sys v0.30.1
[INFO] [stderr]    Compiling enumflags2 v0.7.8
[INFO] [stderr]    Compiling num-integer v0.1.45
[INFO] [stderr]    Compiling instant v0.1.12
[INFO] [stderr]    Compiling unicode-bidi v0.3.8
[INFO] [stderr]    Compiling zvariant v3.15.0
[INFO] [stderr]    Compiling egui v0.24.1
[INFO] [stderr]    Compiling idna v0.3.0
[INFO] [stderr]    Compiling accesskit_consumer v0.16.1
[INFO] [stderr]    Compiling form_urlencoded v1.1.0
[INFO] [stderr]    Compiling x11rb-protocol v0.10.0
[INFO] [stderr]    Compiling glutin v0.30.3
[INFO] [stderr]    Compiling dirs-sys v0.3.7
[INFO] [stderr]    Compiling zbus_names v2.6.0
[INFO] [stderr]    Compiling gethostname v0.2.3
[INFO] [stderr]    Compiling async-channel v1.9.0
[INFO] [stderr]    Compiling num-rational v0.4.1
[INFO] [stderr]    Compiling async-once-cell v0.5.3
[INFO] [stderr]    Compiling dirs v4.0.0
[INFO] [stderr]    Compiling zbus v3.14.1
[INFO] [stderr]    Compiling url v2.3.1
[INFO] [stderr]    Compiling glutin-winit v0.3.0
[INFO] [stderr]    Compiling webbrowser v0.8.7
[INFO] [stderr]    Compiling glow v0.12.0
[INFO] [stderr]    Compiling web-time v0.2.0
[INFO] [stderr]    Compiling color_quant v1.1.0
[INFO] [stderr]    Compiling image v0.24.6
[INFO] [stderr]    Compiling egui-modal v0.3.1 (/opt/rustwide/workdir)
[INFO] [stderr]    Compiling egui_glow v0.24.1
[INFO] [stderr]    Compiling x11rb v0.10.1
[INFO] [stderr]    Compiling arboard v3.2.0
[INFO] [stderr]    Compiling atspi-common v0.3.0
[INFO] [stderr]    Compiling atspi-proxies v0.3.0
[INFO] [stderr]    Compiling atspi-connection v0.3.0
[INFO] [stderr]    Compiling atspi v0.19.0
[INFO] [stderr]    Compiling accesskit_unix v0.6.1
[INFO] [stderr]    Compiling sctk-adwaita v0.5.3
[INFO] [stderr]    Compiling smithay-clipboard v0.6.6
[INFO] [stderr]    Compiling accesskit_winit v0.15.0
[INFO] [stderr]    Compiling egui-winit v0.24.1
[INFO] [stderr]    Compiling eframe v0.24.1
[INFO] [stderr]     Finished test [unoptimized + debuginfo] target(s) in 1m 47s
[INFO] running `Command { std: "docker" "inspect" "f2722187541a8a6aa6323c6fc260372437a36c976c4efd65dfb6b93b41cf9612", kill_on_drop: false }`
[INFO] running `Command { std: "docker" "rm" "-f" "f2722187541a8a6aa6323c6fc260372437a36c976c4efd65dfb6b93b41cf9612", kill_on_drop: false }`
[INFO] [stdout] f2722187541a8a6aa6323c6fc260372437a36c976c4efd65dfb6b93b41cf9612
[INFO] running `Command { std: "docker" "create" "-v" "/var/lib/crater-agent-workspace/builds/worker-7-tc2/target:/opt/rustwide/target:rw,Z" "-v" "/var/lib/crater-agent-workspace/builds/worker-7-tc2/source:/opt/rustwide/workdir:ro,Z" "-v" "/var/lib/crater-agent-workspace/cargo-home:/opt/rustwide/cargo-home:ro,Z" "-v" "/var/lib/crater-agent-workspace/rustup-home:/opt/rustwide/rustup-home:ro,Z" "-e" "SOURCE_DIR=/opt/rustwide/workdir" "-e" "CARGO_TARGET_DIR=/opt/rustwide/target" "-e" "CARGO_INCREMENTAL=0" "-e" "RUST_BACKTRACE=full" "-e" "RUSTFLAGS=--cap-lints=warn" "-e" "RUSTDOCFLAGS=--cap-lints=warn" "-e" "CARGO_HOME=/opt/rustwide/cargo-home" "-e" "RUSTUP_HOME=/opt/rustwide/rustup-home" "-w" "/opt/rustwide/workdir" "-m" "1610612736" "--user" "0:0" "--network" "none" "ghcr.io/rust-lang/crates-build-env/linux@sha256:2788e3201cd34a07e3172128adcd8b3090168a8e3bcc40d7c032b9dda1df7d1c" "/opt/rustwide/cargo-home/bin/cargo" "+beta-2023-12-22" "test" "--frozen", kill_on_drop: false }`
[INFO] [stdout] 237f02712286e912fc98e5cfbd0e6124ff6c2334605097c493bd5423dd1d6e6f
[INFO] running `Command { std: "docker" "start" "-a" "237f02712286e912fc98e5cfbd0e6124ff6c2334605097c493bd5423dd1d6e6f", kill_on_drop: false }`
[INFO] [stderr]     Finished test [unoptimized + debuginfo] target(s) in 0.43s
[INFO] [stderr]      Running unittests src/lib.rs (/opt/rustwide/target/debug/deps/egui_modal-85b6a95fc0471d60)
[INFO] [stdout] 
[INFO] [stdout] running 0 tests
[INFO] [stdout] 
[INFO] [stdout] test result: ok. 0 passed; 0 failed; 0 ignored; 0 measured; 0 filtered out; finished in 0.00s
[INFO] [stdout] 
[INFO] [stderr]    Doc-tests egui-modal
[INFO] [stdout] 
[INFO] [stdout] running 8 tests
[INFO] [stdout] test src/modal.rs - modal::Modal::title (line 297) ... FAILED
[INFO] [stdout] test src/modal.rs - modal::Modal::body_and_icon (line 372) ... FAILED
[INFO] [stdout] test src/modal.rs - modal::Modal (line 194) ... FAILED
[INFO] [stdout] test src/modal.rs - modal::Modal::icon (line 312) ... FAILED
[INFO] [stdout] test src/modal.rs - modal::Modal::frame (line 337) ... FAILED
[INFO] [stdout] test src/modal.rs - modal::Modal (line 205) ... FAILED
[INFO] [stdout] test src/modal.rs - modal::Modal::buttons (line 406) ... FAILED
[INFO] [stdout] test src/modal.rs - modal::Modal::body (line 388) ... FAILED
[INFO] [stdout] 
[INFO] [stdout] failures:
[INFO] [stdout] 
[INFO] [stdout] ---- src/modal.rs - modal::Modal::title (line 297) stdout ----
[INFO] [stdout] error[E0433]: failed to resolve: use of undeclared type `Modal`
[INFO] [stdout]  --> src/modal.rs:298:13
[INFO] [stdout]   |
[INFO] [stdout] 3 | let modal = Modal::new(ctx, "modal");
[INFO] [stdout]   |             ^^^^^ use of undeclared type `Modal`
[INFO] [stdout]   |
[INFO] [stdout] help: consider importing this struct
[INFO] [stdout]   |
[INFO] [stdout] 2 + use egui_modal::Modal;
[INFO] [stdout]   |
[INFO] [stdout] 
[INFO] [stdout] error[E0425]: cannot find value `ctx` in this scope
[INFO] [stdout]  --> src/modal.rs:298:24
[INFO] [stdout]   |
[INFO] [stdout] 3 | let modal = Modal::new(ctx, "modal");
[INFO] [stdout]   |                        ^^^ not found in this scope
[INFO] [stdout] 
[INFO] [stdout] error: aborting due to 2 previous errors
[INFO] [stdout] 
[INFO] [stdout] Some errors have detailed explanations: E0425, E0433.
[INFO] [stdout] For more information about an error, try `rustc --explain E0425`.
[INFO] [stdout] Couldn't compile the test.
[INFO] [stdout] ---- src/modal.rs - modal::Modal::body_and_icon (line 372) stdout ----
[INFO] [stdout] error[E0433]: failed to resolve: use of undeclared type `Modal`
[INFO] [stdout]  --> src/modal.rs:373:13
[INFO] [stdout]   |
[INFO] [stdout] 3 | let modal = Modal::new(ctx, "modal");
[INFO] [stdout]   |             ^^^^^ use of undeclared type `Modal`
[INFO] [stdout]   |
[INFO] [stdout] help: consider importing this struct
[INFO] [stdout]   |
[INFO] [stdout] 2 + use egui_modal::Modal;
[INFO] [stdout]   |
[INFO] [stdout] 
[INFO] [stdout] error[E0425]: cannot find value `ctx` in this scope
[INFO] [stdout]  --> src/modal.rs:373:24
[INFO] [stdout]   |
[INFO] [stdout] 3 | let modal = Modal::new(ctx, "modal");
[INFO] [stdout]   |                        ^^^ not found in this scope
[INFO] [stdout] 
[INFO] [stdout] error[E0433]: failed to resolve: use of undeclared type `Icon`
[INFO] [stdout]  --> src/modal.rs:376:50
[INFO] [stdout]   |
[INFO] [stdout] 6 |         modal.body_and_icon(ui, "my modal body", Icon::Warning);
[INFO] [stdout]   |                                                  ^^^^ use of undeclared type `Icon`
[INFO] [stdout]   |
[INFO] [stdout] help: consider importing this enum
[INFO] [stdout]   |
[INFO] [stdout] 2 + use egui_modal::Icon;
[INFO] [stdout]   |
[INFO] [stdout] 
[INFO] [stdout] error: aborting due to 3 previous errors
[INFO] [stdout] 
[INFO] [stdout] Some errors have detailed explanations: E0425, E0433.
[INFO] [stdout] For more information about an error, try `rustc --explain E0425`.
[INFO] [stdout] Couldn't compile the test.
[INFO] [stdout] ---- src/modal.rs - modal::Modal (line 194) stdout ----
[INFO] [stdout] error[E0433]: failed to resolve: use of undeclared type `Modal`
[INFO] [stdout]  --> src/modal.rs:195:13
[INFO] [stdout]   |
[INFO] [stdout] 3 | let modal = Modal::new(ctx, "my_modal");
[INFO] [stdout]   |             ^^^^^ use of undeclared type `Modal`
[INFO] [stdout]   |
[INFO] [stdout] help: consider importing this struct
[INFO] [stdout]   |
[INFO] [stdout] 2 + use egui_modal::Modal;
[INFO] [stdout]   |
[INFO] [stdout] 
[INFO] [stdout] error[E0425]: cannot find value `ctx` in this scope
[INFO] [stdout]  --> src/modal.rs:195:24
[INFO] [stdout]   |
[INFO] [stdout] 3 | let modal = Modal::new(ctx, "my_modal");
[INFO] [stdout]   |                        ^^^ not found in this scope
[INFO] [stdout] 
[INFO] [stdout] error[E0425]: cannot find value `ui` in this scope
[INFO] [stdout]  --> src/modal.rs:199:4
[INFO] [stdout]   |
[INFO] [stdout] 7 | if ui.button("modal").clicked() {
[INFO] [stdout]   |    ^^ not found in this scope
[INFO] [stdout] 
[INFO] [stdout] error: aborting due to 3 previous errors
[INFO] [stdout] 
[INFO] [stdout] Some errors have detailed explanations: E0425, E0433.
[INFO] [stdout] For more information about an error, try `rustc --explain E0425`.
[INFO] [stdout] Couldn't compile the test.
[INFO] [stdout] ---- src/modal.rs - modal::Modal::icon (line 312) stdout ----
[INFO] [stdout] error[E0433]: failed to resolve: use of undeclared type `Modal`
[INFO] [stdout]  --> src/modal.rs:313:13
[INFO] [stdout]   |
[INFO] [stdout] 3 | let modal = Modal::new(ctx, "modal");
[INFO] [stdout]   |             ^^^^^ use of undeclared type `Modal`
[INFO] [stdout]   |
[INFO] [stdout] help: consider importing this struct
[INFO] [stdout]   |
[INFO] [stdout] 2 + use egui_modal::Modal;
[INFO] [stdout]   |
[INFO] [stdout] 
[INFO] [stdout] error[E0425]: cannot find value `ctx` in this scope
[INFO] [stdout]  --> src/modal.rs:313:24
[INFO] [stdout]   |
[INFO] [stdout] 3 | let modal = Modal::new(ctx, "modal");
[INFO] [stdout]   |                        ^^^ not found in this scope
[INFO] [stdout] 
[INFO] [stdout] error[E0433]: failed to resolve: use of undeclared type `Icon`
[INFO] [stdout]  --> src/modal.rs:316:24
[INFO] [stdout]   |
[INFO] [stdout] 6 |         modal.icon(ui, Icon::Info);
[INFO] [stdout]   |                        ^^^^ use of undeclared type `Icon`
[INFO] [stdout]   |
[INFO] [stdout] help: consider importing this enum
[INFO] [stdout]   |
[INFO] [stdout] 2 + use egui_modal::Icon;
[INFO] [stdout]   |
[INFO] [stdout] 
[INFO] [stdout] error: aborting due to 3 previous errors
[INFO] [stdout] 
[INFO] [stdout] Some errors have detailed explanations: E0425, E0433.
[INFO] [stdout] For more information about an error, try `rustc --explain E0425`.
[INFO] [stdout] Couldn't compile the test.
[INFO] [stdout] ---- src/modal.rs - modal::Modal::frame (line 337) stdout ----
[INFO] [stdout] error[E0433]: failed to resolve: use of undeclared type `Modal`
[INFO] [stdout]  --> src/modal.rs:338:13
[INFO] [stdout]   |
[INFO] [stdout] 3 | let modal = Modal::new(ctx, "modal");
[INFO] [stdout]   |             ^^^^^ use of undeclared type `Modal`
[INFO] [stdout]   |
[INFO] [stdout] help: consider importing this struct
[INFO] [stdout]   |
[INFO] [stdout] 2 + use egui_modal::Modal;
[INFO] [stdout]   |
[INFO] [stdout] 
[INFO] [stdout] error[E0425]: cannot find value `ctx` in this scope
[INFO] [stdout]  --> src/modal.rs:338:24
[INFO] [stdout]   |
[INFO] [stdout] 3 | let modal = Modal::new(ctx, "modal");
[INFO] [stdout]   |                        ^^^ not found in this scope
[INFO] [stdout] 
[INFO] [stdout] error: aborting due to 2 previous errors
[INFO] [stdout] 
[INFO] [stdout] Some errors have detailed explanations: E0425, E0433.
[INFO] [stdout] For more information about an error, try `rustc --explain E0425`.
[INFO] [stdout] Couldn't compile the test.
[INFO] [stdout] ---- src/modal.rs - modal::Modal (line 205) stdout ----
[INFO] [stdout] error[E0433]: failed to resolve: use of undeclared type `Modal`
[INFO] [stdout]  --> src/modal.rs:206:19
[INFO] [stdout]   |
[INFO] [stdout] 3 | let other_modal = Modal::new(ctx, "another_modal");
[INFO] [stdout]   |                   ^^^^^ use of undeclared type `Modal`
[INFO] [stdout]   |
[INFO] [stdout] help: consider importing this struct
[INFO] [stdout]   |
[INFO] [stdout] 2 + use egui_modal::Modal;
[INFO] [stdout]   |
[INFO] [stdout] 
[INFO] [stdout] error[E0425]: cannot find value `ctx` in this scope
[INFO] [stdout]  --> src/modal.rs:206:30
[INFO] [stdout]   |
[INFO] [stdout] 3 | let other_modal = Modal::new(ctx, "another_modal");
[INFO] [stdout]   |                              ^^^ not found in this scope
[INFO] [stdout] 
[INFO] [stdout] error[E0425]: cannot find value `ui` in this scope
[INFO] [stdout]   --> src/modal.rs:215:4
[INFO] [stdout]    |
[INFO] [stdout] 12 | if ui.button("open the other modal").clicked() {
[INFO] [stdout]    |    ^^ not found in this scope
[INFO] [stdout] 
[INFO] [stdout] error: aborting due to 3 previous errors
[INFO] [stdout] 
[INFO] [stdout] Some errors have detailed explanations: E0425, E0433.
[INFO] [stdout] For more information about an error, try `rustc --explain E0425`.
[INFO] [stdout] Couldn't compile the test.
[INFO] [stdout] ---- src/modal.rs - modal::Modal::buttons (line 406) stdout ----
[INFO] [stdout] error[E0433]: failed to resolve: use of undeclared type `Modal`
[INFO] [stdout]  --> src/modal.rs:407:13
[INFO] [stdout]   |
[INFO] [stdout] 3 | let modal = Modal::new(ctx, "modal");
[INFO] [stdout]   |             ^^^^^ use of undeclared type `Modal`
[INFO] [stdout]   |
[INFO] [stdout] help: consider importing this struct
[INFO] [stdout]   |
[INFO] [stdout] 2 + use egui_modal::Modal;
[INFO] [stdout]   |
[INFO] [stdout] 
[INFO] [stdout] error[E0425]: cannot find value `ctx` in this scope
[INFO] [stdout]  --> src/modal.rs:407:24
[INFO] [stdout]   |
[INFO] [stdout] 3 | let modal = Modal::new(ctx, "modal");
[INFO] [stdout]   |                        ^^^ not found in this scope
[INFO] [stdout] 
[INFO] [stdout] error: aborting due to 2 previous errors
[INFO] [stdout] 
[INFO] [stdout] Some errors have detailed explanations: E0425, E0433.
[INFO] [stdout] For more information about an error, try `rustc --explain E0425`.
[INFO] [stdout] Couldn't compile the test.
[INFO] [stdout] ---- src/modal.rs - modal::Modal::body (line 388) stdout ----
[INFO] [stdout] error[E0433]: failed to resolve: use of undeclared type `Modal`
[INFO] [stdout]  --> src/modal.rs:389:13
[INFO] [stdout]   |
[INFO] [stdout] 3 | let modal = Modal::new(ctx, "modal");
[INFO] [stdout]   |             ^^^^^ use of undeclared type `Modal`
[INFO] [stdout]   |
[INFO] [stdout] help: consider importing this struct
[INFO] [stdout]   |
[INFO] [stdout] 2 + use egui_modal::Modal;
[INFO] [stdout]   |
[INFO] [stdout] 
[INFO] [stdout] error[E0425]: cannot find value `ctx` in this scope
[INFO] [stdout]  --> src/modal.rs:389:24
[INFO] [stdout]   |
[INFO] [stdout] 3 | let modal = Modal::new(ctx, "modal");
[INFO] [stdout]   |                        ^^^ not found in this scope
[INFO] [stdout] 
[INFO] [stdout] error: aborting due to 2 previous errors
[INFO] [stdout] 
[INFO] [stdout] Some errors have detailed explanations: E0425, E0433.
[INFO] [stdout] For more information about an error, try `rustc --explain E0425`.
[INFO] [stdout] Couldn't compile the test.
[INFO] [stdout] 
[INFO] [stdout] failures:
[INFO] [stdout]     src/modal.rs - modal::Modal (line 194)
[INFO] [stdout]     src/modal.rs - modal::Modal (line 205)
[INFO] [stdout]     src/modal.rs - modal::Modal::body (line 388)
[INFO] [stdout]     src/modal.rs - modal::Modal::body_and_icon (line 372)
[INFO] [stdout]     src/modal.rs - modal::Modal::buttons (line 406)
[INFO] [stdout]     src/modal.rs - modal::Modal::frame (line 337)
[INFO] [stdout]     src/modal.rs - modal::Modal::icon (line 312)
[INFO] [stdout]     src/modal.rs - modal::Modal::title (line 297)
[INFO] [stdout] 
[INFO] [stdout] test result: FAILED. 0 passed; 8 failed; 0 ignored; 0 measured; 0 filtered out; finished in 0.51s
[INFO] [stdout] 
[INFO] [stderr] error: doctest failed, to rerun pass `--doc`
[INFO] running `Command { std: "docker" "inspect" "237f02712286e912fc98e5cfbd0e6124ff6c2334605097c493bd5423dd1d6e6f", kill_on_drop: false }`
[INFO] running `Command { std: "docker" "rm" "-f" "237f02712286e912fc98e5cfbd0e6124ff6c2334605097c493bd5423dd1d6e6f", kill_on_drop: false }`
[INFO] [stdout] 237f02712286e912fc98e5cfbd0e6124ff6c2334605097c493bd5423dd1d6e6f
