[INFO] fetching crate egaku2d 0.5.4...
[INFO] testing egaku2d-0.5.4 against 1.75.0 for beta-1.76-1
[INFO] extracting crate egaku2d 0.5.4 into /workspace/builds/worker-7-tc1/source
[INFO] validating manifest of crates.io crate egaku2d 0.5.4 on toolchain 1.75.0
[INFO] running `Command { std: CARGO_HOME="/workspace/cargo-home" RUSTUP_HOME="/workspace/rustup-home" "/workspace/cargo-home/bin/cargo" "+1.75.0" "metadata" "--manifest-path" "Cargo.toml" "--no-deps", kill_on_drop: false }`
[INFO] started tweaking crates.io crate egaku2d 0.5.4
[INFO] finished tweaking crates.io crate egaku2d 0.5.4
[INFO] tweaked toml for crates.io crate egaku2d 0.5.4 written to /workspace/builds/worker-7-tc1/source/Cargo.toml
[INFO] crate crates.io crate egaku2d 0.5.4 already has a lockfile, it will not be regenerated
[INFO] running `Command { std: CARGO_HOME="/workspace/cargo-home" RUSTUP_HOME="/workspace/rustup-home" "/workspace/cargo-home/bin/cargo" "+1.75.0" "fetch" "--manifest-path" "Cargo.toml", kill_on_drop: false }`
[INFO] [stderr]     Updating crates.io index
[INFO] [stderr]  Downloading crates ...
[INFO] [stderr]   Downloaded png v0.15.3
[INFO] [stderr]   Downloaded memmap2 v0.1.0
[INFO] [stderr]   Downloaded cc v1.0.66
[INFO] [stderr]   Downloaded jpeg-decoder v0.1.20
[INFO] [stderr]   Downloaded const_fn v0.4.4
[INFO] [stderr]   Downloaded tiff v0.3.1
[INFO] [stderr]   Downloaded andrew v0.3.1
[INFO] [stderr]   Downloaded ndk-glue v0.2.1
[INFO] [stderr]   Downloaded calloop v0.6.5
[INFO] [stderr]   Downloaded owned_ttf_parser v0.6.0
[INFO] [stderr]   Downloaded winit v0.23.0
[INFO] [stderr]   Downloaded toml v0.5.7
[INFO] [stderr]   Downloaded libc v0.2.81
[INFO] [stderr]   Downloaded core-graphics v0.22.2
[INFO] [stderr]   Downloaded glutin v0.25.1
[INFO] [stderr]   Downloaded serde v1.0.118
[INFO] [stderr]   Downloaded glutin_glx_sys v0.1.7
[INFO] [stderr]   Downloaded thiserror-impl v1.0.22
[INFO] [stderr]   Downloaded serde_derive v1.0.118
[INFO] [stderr]   Downloaded roots v0.0.6
[INFO] [stderr]   Downloaded ab_glyph_rasterizer v0.1.4
[INFO] [stderr]   Downloaded lock_api v0.4.2
[INFO] [stderr]   Downloaded ttf-parser v0.6.2
[INFO] [stderr]   Downloaded net2 v0.2.37
[INFO] [stderr]   Downloaded rusttype v0.9.2
[INFO] [stderr]   Downloaded ndk-sys v0.2.1
[INFO] [stderr]   Downloaded xcursor v0.3.3
[INFO] [stderr]   Downloaded glutin_emscripten_sys v0.1.1
[INFO] [stderr]   Downloaded once_cell v1.5.2
[INFO] [stderr]   Downloaded gl_generator v0.13.1
[INFO] [stderr]   Downloaded partial-min-max v0.4.0
[INFO] [stderr]   Downloaded ndk v0.2.1
[INFO] [stderr]   Downloaded glutin_egl_sys v0.1.5
[INFO] [stderr]   Downloaded cocoa v0.23.0
[INFO] [stderr]   Downloaded nom v6.0.1
[INFO] [stderr]   Downloaded thiserror v1.0.22
[INFO] [stderr]   Downloaded android_glue v0.2.3
[INFO] [stderr]   Downloaded num-derive v0.2.5
[INFO] [stderr]   Downloaded nix v0.18.0
[INFO] [stderr]   Downloaded image v0.22.5
[INFO] [stderr]   Downloaded wayland-sys v0.28.2
[INFO] [stderr]   Downloaded inflate v0.4.5
[INFO] [stderr]   Downloaded wayland-cursor v0.28.2
[INFO] [stderr]   Downloaded wayland-egl v0.28.2
[INFO] [stderr]   Downloaded axgeom v1.9.0
[INFO] [stderr]   Downloaded wayland-scanner v0.28.2
[INFO] [stderr]   Downloaded egaku2d_core v0.6.0
[INFO] [stderr]   Downloaded libloading v0.6.6
[INFO] [stderr]   Downloaded smallvec v1.5.1
[INFO] [stderr]   Downloaded wayland-commons v0.28.2
[INFO] [stderr]   Downloaded parking_lot_core v0.8.1
[INFO] [stderr]   Downloaded wayland-client v0.28.2
[INFO] [stderr]   Downloaded wayland-protocols v0.28.2
[INFO] [stderr]   Downloaded smithay-client-toolkit v0.12.1
[INFO] running `Command { std: "docker" "create" "-v" "/var/lib/crater-agent-workspace/builds/worker-7-tc1/target:/opt/rustwide/target:rw,Z" "-v" "/var/lib/crater-agent-workspace/builds/worker-7-tc1/source:/opt/rustwide/workdir:ro,Z" "-v" "/var/lib/crater-agent-workspace/cargo-home:/opt/rustwide/cargo-home:ro,Z" "-v" "/var/lib/crater-agent-workspace/rustup-home:/opt/rustwide/rustup-home:ro,Z" "-e" "SOURCE_DIR=/opt/rustwide/workdir" "-e" "CARGO_TARGET_DIR=/opt/rustwide/target" "-e" "CARGO_HOME=/opt/rustwide/cargo-home" "-e" "RUSTUP_HOME=/opt/rustwide/rustup-home" "-w" "/opt/rustwide/workdir" "-m" "1610612736" "--user" "0:0" "--network" "none" "ghcr.io/rust-lang/crates-build-env/linux@sha256:2788e3201cd34a07e3172128adcd8b3090168a8e3bcc40d7c032b9dda1df7d1c" "/opt/rustwide/cargo-home/bin/cargo" "+1.75.0" "metadata" "--no-deps" "--format-version=1", kill_on_drop: false }`
[INFO] [stdout] 965633fbe3395affbac7e5960b7dc668614cdef5a8bed1bbab696a7b8dbdab18
[INFO] running `Command { std: "docker" "start" "-a" "965633fbe3395affbac7e5960b7dc668614cdef5a8bed1bbab696a7b8dbdab18", kill_on_drop: false }`
[INFO] running `Command { std: "docker" "inspect" "965633fbe3395affbac7e5960b7dc668614cdef5a8bed1bbab696a7b8dbdab18", kill_on_drop: false }`
[INFO] running `Command { std: "docker" "rm" "-f" "965633fbe3395affbac7e5960b7dc668614cdef5a8bed1bbab696a7b8dbdab18", kill_on_drop: false }`
[INFO] [stdout] 965633fbe3395affbac7e5960b7dc668614cdef5a8bed1bbab696a7b8dbdab18
[INFO] running `Command { std: "docker" "create" "-v" "/var/lib/crater-agent-workspace/builds/worker-7-tc1/target:/opt/rustwide/target:rw,Z" "-v" "/var/lib/crater-agent-workspace/builds/worker-7-tc1/source:/opt/rustwide/workdir:ro,Z" "-v" "/var/lib/crater-agent-workspace/cargo-home:/opt/rustwide/cargo-home:ro,Z" "-v" "/var/lib/crater-agent-workspace/rustup-home:/opt/rustwide/rustup-home:ro,Z" "-e" "SOURCE_DIR=/opt/rustwide/workdir" "-e" "CARGO_TARGET_DIR=/opt/rustwide/target" "-e" "CARGO_INCREMENTAL=0" "-e" "RUST_BACKTRACE=full" "-e" "RUSTFLAGS=--cap-lints=warn" "-e" "RUSTDOCFLAGS=--cap-lints=warn" "-e" "CARGO_HOME=/opt/rustwide/cargo-home" "-e" "RUSTUP_HOME=/opt/rustwide/rustup-home" "-w" "/opt/rustwide/workdir" "-m" "1610612736" "--user" "0:0" "--network" "none" "ghcr.io/rust-lang/crates-build-env/linux@sha256:2788e3201cd34a07e3172128adcd8b3090168a8e3bcc40d7c032b9dda1df7d1c" "/opt/rustwide/cargo-home/bin/cargo" "+1.75.0" "build" "--frozen" "--message-format=json", kill_on_drop: false }`
[INFO] [stdout] 43067e6cfedecbbd232ad3e9016c6fa753a14b259c5d09d3e1037f1cb3316100
[INFO] running `Command { std: "docker" "start" "-a" "43067e6cfedecbbd232ad3e9016c6fa753a14b259c5d09d3e1037f1cb3316100", kill_on_drop: false }`
[INFO] [stderr]    Compiling autocfg v1.0.1
[INFO] [stderr]    Compiling libc v0.2.81
[INFO] [stderr]    Compiling xml-rs v0.8.3
[INFO] [stderr]    Compiling proc-macro2 v1.0.24
[INFO] [stderr]    Compiling unicode-xid v0.2.1
[INFO] [stderr]    Compiling log v0.4.11
[INFO] [stderr]    Compiling pkg-config v0.3.19
[INFO] [stderr]    Compiling khronos_api v3.1.0
[INFO] [stderr]    Compiling nix v0.18.0
[INFO] [stderr]    Compiling byteorder v1.3.4
[INFO] [stderr]    Compiling smallvec v1.5.1
[INFO] [stderr]    Compiling libloading v0.6.6
[INFO] [stderr]    Compiling version_check v0.9.2
[INFO] [stderr]    Compiling memchr v2.3.4
[INFO] [stderr]    Compiling const_fn v0.4.4
[INFO] [stderr]    Compiling once_cell v1.5.2
[INFO] [stderr]    Compiling downcast-rs v1.2.0
[INFO] [stderr]    Compiling scoped-tls v1.0.0
[INFO] [stderr]    Compiling dlib v0.4.2
[INFO] [stderr]    Compiling proc-macro2 v0.4.30
[INFO] [stderr]    Compiling unicode-xid v0.1.0
[INFO] [stderr]    Compiling ttf-parser v0.6.2
[INFO] [stderr]    Compiling syn v1.0.54
[INFO] [stderr]    Compiling rayon-core v1.9.0
[INFO] [stderr]    Compiling syn v0.15.44
[INFO] [stderr]    Compiling nom v6.0.1
[INFO] [stderr]    Compiling num-traits v0.2.14
[INFO] [stderr]    Compiling crossbeam-utils v0.8.1
[INFO] [stderr]    Compiling memoffset v0.6.1
[INFO] [stderr]    Compiling wayland-sys v0.28.2
[INFO] [stderr]    Compiling x11-dl v2.18.5
[INFO] [stderr]    Compiling gl_generator v0.14.0
[INFO] [stderr]    Compiling num-integer v0.1.44
[INFO] [stderr]    Compiling serde_derive v1.0.118
[INFO] [stderr]    Compiling ab_glyph_rasterizer v0.1.4
[INFO] [stderr]    Compiling rayon v1.5.0
[INFO] [stderr]    Compiling quote v1.0.7
[INFO] [stderr]    Compiling instant v0.1.9
[INFO] [stderr]    Compiling slab v0.4.2
[INFO] [stderr]    Compiling xdg v2.2.0
[INFO] [stderr]    Compiling quote v0.6.13
[INFO] [stderr]    Compiling wayland-scanner v0.28.2
[INFO] [stderr]    Compiling adler32 v1.2.0
[INFO] [stderr]    Compiling crc32fast v1.2.1
[INFO] [stderr]    Compiling crossbeam-epoch v0.9.1
[INFO] [stderr]    Compiling crossbeam-channel v0.5.0
[INFO] [stderr]    Compiling serde v1.0.118
[INFO] [stderr]    Compiling num-derive v0.2.5
[INFO] [stderr]    Compiling owned_ttf_parser v0.6.0
[INFO] [stderr]    Compiling crossbeam-deque v0.8.0
[INFO] [stderr]    Compiling rusttype v0.9.2
[INFO] [stderr]    Compiling iovec v0.1.4
[INFO] [stderr]    Compiling net2 v0.2.37
[INFO] [stderr]    Compiling num_cpus v1.13.0
[INFO] [stderr]    Compiling glutin_glx_sys v0.1.7
[INFO] [stderr]    Compiling glutin_egl_sys v0.1.5
[INFO] [stderr]    Compiling memmap2 v0.1.0
[INFO] [stderr]    Compiling parking_lot_core v0.8.1
[INFO] [stderr]    Compiling mio v0.6.23
[INFO] [stderr]    Compiling andrew v0.3.1
[INFO] [stderr]    Compiling gl_generator v0.13.1
[INFO] [stderr]    Compiling num-iter v0.1.42
[INFO] [stderr]    Compiling num-rational v0.2.4
[INFO] [stderr]    Compiling lock_api v0.4.2
[INFO] [stderr]    Compiling xcursor v0.3.3
[INFO] [stderr]    Compiling lzw v0.10.0
[INFO] [stderr]    Compiling either v1.6.1
[INFO] [stderr]    Compiling winit v0.23.0
[INFO] [stderr]    Compiling lazycell v1.3.0
[INFO] [stderr]    Compiling wayland-client v0.28.2
[INFO] [stderr]    Compiling wayland-protocols v0.28.2
[INFO] [stderr]    Compiling mio-extras v2.0.6
[INFO] [stderr]    Compiling egaku2d_core v0.6.0
[INFO] [stderr]    Compiling parking_lot v0.11.1
[INFO] [stderr]    Compiling raw-window-handle v0.3.3
[INFO] [stderr]    Compiling shared_library v0.1.9
[INFO] [stderr]    Compiling deflate v0.7.20
[INFO] [stderr]    Compiling inflate v0.4.5
[INFO] [stderr]    Compiling color_quant v1.1.0
[INFO] [stderr]    Compiling percent-encoding v2.1.0
[INFO] [stderr]    Compiling partial-min-max v0.4.0
[INFO] [stderr]    Compiling roots v0.0.6
[INFO] [stderr]    Compiling gif v0.10.3
[INFO] [stderr]    Compiling osmesa-sys v0.1.2
[INFO] [stderr]    Compiling scoped_threadpool v0.1.9
[INFO] [stderr]    Compiling png v0.15.3
[INFO] [stderr]    Compiling jpeg-decoder v0.1.20
[INFO] [stderr]    Compiling wayland-commons v0.28.2
[INFO] [stderr]    Compiling calloop v0.6.5
[INFO] [stderr]    Compiling tiff v0.3.1
[INFO] [stderr]    Compiling image v0.22.5
[INFO] [stderr]    Compiling wayland-cursor v0.28.2
[INFO] [stderr]    Compiling wayland-egl v0.28.2
[INFO] [stderr]    Compiling axgeom v1.9.0
[INFO] [stderr]    Compiling smithay-client-toolkit v0.12.1
[INFO] [stderr]    Compiling glutin v0.25.1
[INFO] [stderr]    Compiling egaku2d v0.5.4 (/opt/rustwide/workdir)
[INFO] [stderr]     Finished dev [unoptimized + debuginfo] target(s) in 43.56s
[INFO] [stderr] warning: the following packages contain code that will be rejected by a future version of Rust: egaku2d_core v0.6.0, nom v6.0.1
[INFO] [stderr] note: to see what the problems were, use the option `--future-incompat-report`, or run `cargo report future-incompatibilities --id 3`
[INFO] running `Command { std: "docker" "inspect" "43067e6cfedecbbd232ad3e9016c6fa753a14b259c5d09d3e1037f1cb3316100", kill_on_drop: false }`
[INFO] running `Command { std: "docker" "rm" "-f" "43067e6cfedecbbd232ad3e9016c6fa753a14b259c5d09d3e1037f1cb3316100", kill_on_drop: false }`
[INFO] [stdout] 43067e6cfedecbbd232ad3e9016c6fa753a14b259c5d09d3e1037f1cb3316100
[INFO] running `Command { std: "docker" "create" "-v" "/var/lib/crater-agent-workspace/builds/worker-7-tc1/target:/opt/rustwide/target:rw,Z" "-v" "/var/lib/crater-agent-workspace/builds/worker-7-tc1/source:/opt/rustwide/workdir:ro,Z" "-v" "/var/lib/crater-agent-workspace/cargo-home:/opt/rustwide/cargo-home:ro,Z" "-v" "/var/lib/crater-agent-workspace/rustup-home:/opt/rustwide/rustup-home:ro,Z" "-e" "SOURCE_DIR=/opt/rustwide/workdir" "-e" "CARGO_TARGET_DIR=/opt/rustwide/target" "-e" "CARGO_INCREMENTAL=0" "-e" "RUST_BACKTRACE=full" "-e" "RUSTFLAGS=--cap-lints=warn" "-e" "RUSTDOCFLAGS=--cap-lints=warn" "-e" "CARGO_HOME=/opt/rustwide/cargo-home" "-e" "RUSTUP_HOME=/opt/rustwide/rustup-home" "-w" "/opt/rustwide/workdir" "-m" "1610612736" "--user" "0:0" "--network" "none" "ghcr.io/rust-lang/crates-build-env/linux@sha256:2788e3201cd34a07e3172128adcd8b3090168a8e3bcc40d7c032b9dda1df7d1c" "/opt/rustwide/cargo-home/bin/cargo" "+1.75.0" "test" "--frozen" "--no-run" "--message-format=json", kill_on_drop: false }`
[INFO] [stdout] a1ae8ef6d04ed4580087a6d91d89ebbdf9c1d28e69cb9d4c45bf90b1d28f7410
[INFO] running `Command { std: "docker" "start" "-a" "a1ae8ef6d04ed4580087a6d91d89ebbdf9c1d28e69cb9d4c45bf90b1d28f7410", kill_on_drop: false }`
[INFO] [stderr]    Compiling egaku2d v0.5.4 (/opt/rustwide/workdir)
[INFO] [stderr]     Finished test [unoptimized + debuginfo] target(s) in 3.37s
[INFO] [stderr] warning: the following packages contain code that will be rejected by a future version of Rust: egaku2d_core v0.6.0, nom v6.0.1
[INFO] [stderr] note: to see what the problems were, use the option `--future-incompat-report`, or run `cargo report future-incompatibilities --id 3`
[INFO] running `Command { std: "docker" "inspect" "a1ae8ef6d04ed4580087a6d91d89ebbdf9c1d28e69cb9d4c45bf90b1d28f7410", kill_on_drop: false }`
[INFO] running `Command { std: "docker" "rm" "-f" "a1ae8ef6d04ed4580087a6d91d89ebbdf9c1d28e69cb9d4c45bf90b1d28f7410", kill_on_drop: false }`
[INFO] [stdout] a1ae8ef6d04ed4580087a6d91d89ebbdf9c1d28e69cb9d4c45bf90b1d28f7410
[INFO] running `Command { std: "docker" "create" "-v" "/var/lib/crater-agent-workspace/builds/worker-7-tc1/target:/opt/rustwide/target:rw,Z" "-v" "/var/lib/crater-agent-workspace/builds/worker-7-tc1/source:/opt/rustwide/workdir:ro,Z" "-v" "/var/lib/crater-agent-workspace/cargo-home:/opt/rustwide/cargo-home:ro,Z" "-v" "/var/lib/crater-agent-workspace/rustup-home:/opt/rustwide/rustup-home:ro,Z" "-e" "SOURCE_DIR=/opt/rustwide/workdir" "-e" "CARGO_TARGET_DIR=/opt/rustwide/target" "-e" "CARGO_INCREMENTAL=0" "-e" "RUST_BACKTRACE=full" "-e" "RUSTFLAGS=--cap-lints=warn" "-e" "RUSTDOCFLAGS=--cap-lints=warn" "-e" "CARGO_HOME=/opt/rustwide/cargo-home" "-e" "RUSTUP_HOME=/opt/rustwide/rustup-home" "-w" "/opt/rustwide/workdir" "-m" "1610612736" "--user" "0:0" "--network" "none" "ghcr.io/rust-lang/crates-build-env/linux@sha256:2788e3201cd34a07e3172128adcd8b3090168a8e3bcc40d7c032b9dda1df7d1c" "/opt/rustwide/cargo-home/bin/cargo" "+1.75.0" "test" "--frozen", kill_on_drop: false }`
[INFO] [stdout] 4986ea6d29718d752fc2d9bfe66ba106241aa55b9a4cb4fb340ce294261f9d4e
[INFO] running `Command { std: "docker" "start" "-a" "4986ea6d29718d752fc2d9bfe66ba106241aa55b9a4cb4fb340ce294261f9d4e", kill_on_drop: false }`
[INFO] [stderr]     Finished test [unoptimized + debuginfo] target(s) in 0.09s
[INFO] [stderr] warning: the following packages contain code that will be rejected by a future version of Rust: egaku2d_core v0.6.0, nom v6.0.1
[INFO] [stderr] note: to see what the problems were, use the option `--future-incompat-report`, or run `cargo report future-incompatibilities --id 3`
[INFO] [stderr]      Running unittests src/lib.rs (/opt/rustwide/target/debug/deps/egaku2d-3546a53ed38b54fd)
[INFO] [stdout] 
[INFO] [stdout] running 0 tests
[INFO] [stdout] 
[INFO] [stdout] test result: ok. 0 passed; 0 failed; 0 ignored; 0 measured; 0 filtered out; finished in 0.00s
[INFO] [stdout] 
[INFO] [stderr]    Doc-tests egaku2d
[INFO] [stdout] 
[INFO] [stdout] running 1 test
[INFO] [stdout] test src/lib.rs - (line 127) - compile ... FAILED
[INFO] [stdout] 
[INFO] [stdout] failures:
[INFO] [stdout] 
[INFO] [stdout] ---- src/lib.rs - (line 127) stdout ----
[INFO] [stdout] error[E0432]: unresolved import `axgeom`
[INFO] [stdout]  --> src/lib.rs:129:5
[INFO] [stdout]   |
[INFO] [stdout] 5 | use axgeom::*;
[INFO] [stdout]   |     ^^^^^^ help: a similar path exists: `egaku2d_core::axgeom`
[INFO] [stdout] 
[INFO] [stdout] error: aborting due to previous error
[INFO] [stdout] 
[INFO] [stdout] For more information about this error, try `rustc --explain E0432`.
[INFO] [stdout] Couldn't compile the test.
[INFO] [stdout] 
[INFO] [stdout] failures:
[INFO] [stdout]     src/lib.rs - (line 127)
[INFO] [stdout] 
[INFO] [stdout] test result: FAILED. 0 passed; 1 failed; 0 ignored; 0 measured; 0 filtered out; finished in 0.05s
[INFO] [stdout] 
[INFO] [stderr] error: doctest failed, to rerun pass `--doc`
[INFO] running `Command { std: "docker" "inspect" "4986ea6d29718d752fc2d9bfe66ba106241aa55b9a4cb4fb340ce294261f9d4e", kill_on_drop: false }`
[INFO] running `Command { std: "docker" "rm" "-f" "4986ea6d29718d752fc2d9bfe66ba106241aa55b9a4cb4fb340ce294261f9d4e", kill_on_drop: false }`
[INFO] [stdout] 4986ea6d29718d752fc2d9bfe66ba106241aa55b9a4cb4fb340ce294261f9d4e
