[INFO] fetching crate edgedb-errors 0.4.1...
[INFO] testing edgedb-errors-0.4.1 against 1.75.0 for beta-1.76-1
[INFO] extracting crate edgedb-errors 0.4.1 into /workspace/builds/worker-0-tc1/source
[INFO] validating manifest of crates.io crate edgedb-errors 0.4.1 on toolchain 1.75.0
[INFO] running `Command { std: CARGO_HOME="/workspace/cargo-home" RUSTUP_HOME="/workspace/rustup-home" "/workspace/cargo-home/bin/cargo" "+1.75.0" "metadata" "--manifest-path" "Cargo.toml" "--no-deps", kill_on_drop: false }`
[INFO] started tweaking crates.io crate edgedb-errors 0.4.1
[INFO] finished tweaking crates.io crate edgedb-errors 0.4.1
[INFO] tweaked toml for crates.io crate edgedb-errors 0.4.1 written to /workspace/builds/worker-0-tc1/source/Cargo.toml
[INFO] crate crates.io crate edgedb-errors 0.4.1 already has a lockfile, it will not be regenerated
[INFO] running `Command { std: CARGO_HOME="/workspace/cargo-home" RUSTUP_HOME="/workspace/rustup-home" "/workspace/cargo-home/bin/cargo" "+1.75.0" "fetch" "--manifest-path" "Cargo.toml", kill_on_drop: false }`
[INFO] [stderr]  Downloading crates ...
[INFO] [stderr]   Downloaded miette-derive v5.9.0
[INFO] [stderr]   Downloaded miette v5.9.0
[INFO] running `Command { std: "docker" "create" "-v" "/var/lib/crater-agent-workspace/builds/worker-0-tc1/target:/opt/rustwide/target:rw,Z" "-v" "/var/lib/crater-agent-workspace/builds/worker-0-tc1/source:/opt/rustwide/workdir:ro,Z" "-v" "/var/lib/crater-agent-workspace/cargo-home:/opt/rustwide/cargo-home:ro,Z" "-v" "/var/lib/crater-agent-workspace/rustup-home:/opt/rustwide/rustup-home:ro,Z" "-e" "SOURCE_DIR=/opt/rustwide/workdir" "-e" "CARGO_TARGET_DIR=/opt/rustwide/target" "-e" "CARGO_HOME=/opt/rustwide/cargo-home" "-e" "RUSTUP_HOME=/opt/rustwide/rustup-home" "-w" "/opt/rustwide/workdir" "-m" "1610612736" "--user" "0:0" "--network" "none" "ghcr.io/rust-lang/crates-build-env/linux@sha256:2788e3201cd34a07e3172128adcd8b3090168a8e3bcc40d7c032b9dda1df7d1c" "/opt/rustwide/cargo-home/bin/cargo" "+1.75.0" "metadata" "--no-deps" "--format-version=1", kill_on_drop: false }`
[INFO] [stdout] 69da50d62219cf5cb9ecbf4b669207bb8baf793cc27a11e6f636fb2898b5046b
[INFO] running `Command { std: "docker" "start" "-a" "69da50d62219cf5cb9ecbf4b669207bb8baf793cc27a11e6f636fb2898b5046b", kill_on_drop: false }`
[INFO] running `Command { std: "docker" "inspect" "69da50d62219cf5cb9ecbf4b669207bb8baf793cc27a11e6f636fb2898b5046b", kill_on_drop: false }`
[INFO] running `Command { std: "docker" "rm" "-f" "69da50d62219cf5cb9ecbf4b669207bb8baf793cc27a11e6f636fb2898b5046b", kill_on_drop: false }`
[INFO] [stdout] 69da50d62219cf5cb9ecbf4b669207bb8baf793cc27a11e6f636fb2898b5046b
[INFO] running `Command { std: "docker" "create" "-v" "/var/lib/crater-agent-workspace/builds/worker-0-tc1/target:/opt/rustwide/target:rw,Z" "-v" "/var/lib/crater-agent-workspace/builds/worker-0-tc1/source:/opt/rustwide/workdir:ro,Z" "-v" "/var/lib/crater-agent-workspace/cargo-home:/opt/rustwide/cargo-home:ro,Z" "-v" "/var/lib/crater-agent-workspace/rustup-home:/opt/rustwide/rustup-home:ro,Z" "-e" "SOURCE_DIR=/opt/rustwide/workdir" "-e" "CARGO_TARGET_DIR=/opt/rustwide/target" "-e" "CARGO_INCREMENTAL=0" "-e" "RUST_BACKTRACE=full" "-e" "RUSTFLAGS=--cap-lints=warn" "-e" "RUSTDOCFLAGS=--cap-lints=warn" "-e" "CARGO_HOME=/opt/rustwide/cargo-home" "-e" "RUSTUP_HOME=/opt/rustwide/rustup-home" "-w" "/opt/rustwide/workdir" "-m" "1610612736" "--user" "0:0" "--network" "none" "ghcr.io/rust-lang/crates-build-env/linux@sha256:2788e3201cd34a07e3172128adcd8b3090168a8e3bcc40d7c032b9dda1df7d1c" "/opt/rustwide/cargo-home/bin/cargo" "+1.75.0" "build" "--frozen" "--message-format=json", kill_on_drop: false }`
[INFO] [stdout] c80d6c06711326e1d96bb677e88400cc597a1d67798b93334a5ffc5b6b908fdf
[INFO] running `Command { std: "docker" "start" "-a" "c80d6c06711326e1d96bb677e88400cc597a1d67798b93334a5ffc5b6b908fdf", kill_on_drop: false }`
[INFO] [stderr]    Compiling edgedb-errors v0.4.1 (/opt/rustwide/workdir)
[INFO] [stderr]     Finished dev [unoptimized + debuginfo] target(s) in 0.64s
[INFO] running `Command { std: "docker" "inspect" "c80d6c06711326e1d96bb677e88400cc597a1d67798b93334a5ffc5b6b908fdf", kill_on_drop: false }`
[INFO] running `Command { std: "docker" "rm" "-f" "c80d6c06711326e1d96bb677e88400cc597a1d67798b93334a5ffc5b6b908fdf", kill_on_drop: false }`
[INFO] [stdout] c80d6c06711326e1d96bb677e88400cc597a1d67798b93334a5ffc5b6b908fdf
[INFO] running `Command { std: "docker" "create" "-v" "/var/lib/crater-agent-workspace/builds/worker-0-tc1/target:/opt/rustwide/target:rw,Z" "-v" "/var/lib/crater-agent-workspace/builds/worker-0-tc1/source:/opt/rustwide/workdir:ro,Z" "-v" "/var/lib/crater-agent-workspace/cargo-home:/opt/rustwide/cargo-home:ro,Z" "-v" "/var/lib/crater-agent-workspace/rustup-home:/opt/rustwide/rustup-home:ro,Z" "-e" "SOURCE_DIR=/opt/rustwide/workdir" "-e" "CARGO_TARGET_DIR=/opt/rustwide/target" "-e" "CARGO_INCREMENTAL=0" "-e" "RUST_BACKTRACE=full" "-e" "RUSTFLAGS=--cap-lints=warn" "-e" "RUSTDOCFLAGS=--cap-lints=warn" "-e" "CARGO_HOME=/opt/rustwide/cargo-home" "-e" "RUSTUP_HOME=/opt/rustwide/rustup-home" "-w" "/opt/rustwide/workdir" "-m" "1610612736" "--user" "0:0" "--network" "none" "ghcr.io/rust-lang/crates-build-env/linux@sha256:2788e3201cd34a07e3172128adcd8b3090168a8e3bcc40d7c032b9dda1df7d1c" "/opt/rustwide/cargo-home/bin/cargo" "+1.75.0" "test" "--frozen" "--no-run" "--message-format=json", kill_on_drop: false }`
[INFO] [stdout] 0d109f0578bc582b93b65c3b1dc0dcbda12867f6fbae414be2aae3532d0b4a6e
[INFO] running `Command { std: "docker" "start" "-a" "0d109f0578bc582b93b65c3b1dc0dcbda12867f6fbae414be2aae3532d0b4a6e", kill_on_drop: false }`
[INFO] [stderr]    Compiling tokio v1.28.2
[INFO] [stderr]    Compiling anyhow v1.0.71
[INFO] [stderr]    Compiling edgedb-errors v0.4.1 (/opt/rustwide/workdir)
[INFO] [stderr]     Finished test [unoptimized + debuginfo] target(s) in 0.71s
[INFO] running `Command { std: "docker" "inspect" "0d109f0578bc582b93b65c3b1dc0dcbda12867f6fbae414be2aae3532d0b4a6e", kill_on_drop: false }`
[INFO] running `Command { std: "docker" "rm" "-f" "0d109f0578bc582b93b65c3b1dc0dcbda12867f6fbae414be2aae3532d0b4a6e", kill_on_drop: false }`
[INFO] [stdout] 0d109f0578bc582b93b65c3b1dc0dcbda12867f6fbae414be2aae3532d0b4a6e
[INFO] running `Command { std: "docker" "create" "-v" "/var/lib/crater-agent-workspace/builds/worker-0-tc1/target:/opt/rustwide/target:rw,Z" "-v" "/var/lib/crater-agent-workspace/builds/worker-0-tc1/source:/opt/rustwide/workdir:ro,Z" "-v" "/var/lib/crater-agent-workspace/cargo-home:/opt/rustwide/cargo-home:ro,Z" "-v" "/var/lib/crater-agent-workspace/rustup-home:/opt/rustwide/rustup-home:ro,Z" "-e" "SOURCE_DIR=/opt/rustwide/workdir" "-e" "CARGO_TARGET_DIR=/opt/rustwide/target" "-e" "CARGO_INCREMENTAL=0" "-e" "RUST_BACKTRACE=full" "-e" "RUSTFLAGS=--cap-lints=warn" "-e" "RUSTDOCFLAGS=--cap-lints=warn" "-e" "CARGO_HOME=/opt/rustwide/cargo-home" "-e" "RUSTUP_HOME=/opt/rustwide/rustup-home" "-w" "/opt/rustwide/workdir" "-m" "1610612736" "--user" "0:0" "--network" "none" "ghcr.io/rust-lang/crates-build-env/linux@sha256:2788e3201cd34a07e3172128adcd8b3090168a8e3bcc40d7c032b9dda1df7d1c" "/opt/rustwide/cargo-home/bin/cargo" "+1.75.0" "test" "--frozen", kill_on_drop: false }`
[INFO] [stdout] b7b6ce425e1939de868ac3a6eb2a2b173fc466f3880cc548b7258b46c503f170
[INFO] running `Command { std: "docker" "start" "-a" "b7b6ce425e1939de868ac3a6eb2a2b173fc466f3880cc548b7258b46c503f170", kill_on_drop: false }`
[INFO] [stderr]     Finished test [unoptimized + debuginfo] target(s) in 0.01s
[INFO] [stderr]      Running unittests src/lib.rs (/opt/rustwide/target/debug/deps/edgedb_errors-c5b1212807752edd)
[INFO] [stdout] 
[INFO] [stdout] running 0 tests
[INFO] [stdout] 
[INFO] [stdout] test result: ok. 0 passed; 0 failed; 0 ignored; 0 measured; 0 filtered out; finished in 0.00s
[INFO] [stdout] 
[INFO] [stderr]      Running unittests src/bin/edgedb_gen_errors.rs (/opt/rustwide/target/debug/deps/edgedb_gen_errors-e8817ab837fc69fe)
[INFO] [stdout] 
[INFO] [stdout] running 0 tests
[INFO] [stdout] 
[INFO] [stdout] test result: ok. 0 passed; 0 failed; 0 ignored; 0 measured; 0 filtered out; finished in 0.00s
[INFO] [stdout] 
[INFO] [stderr]    Doc-tests edgedb-errors
[INFO] [stdout] 
[INFO] [stdout] running 6 tests
[INFO] [stdout] test src/lib.rs - (line 121) - compile ... FAILED
[INFO] [stdout] test src/lib.rs - (line 96) - compile ... FAILED
[INFO] [stdout] test src/lib.rs - (line 85) - compile ... FAILED
[INFO] [stdout] test src/lib.rs - (line 14) ... ok
[INFO] [stdout] test src/lib.rs - (line 23) ... ok
[INFO] [stdout] test src/lib.rs - (line 35) ... ok
[INFO] [stdout] 
[INFO] [stdout] failures:
[INFO] [stdout] 
[INFO] [stdout] ---- src/lib.rs - (line 121) stdout ----
[INFO] [stdout] error[E0433]: failed to resolve: could not find `main` in `tokio`
[INFO] [stdout]  --> src/lib.rs:123:10
[INFO] [stdout]   |
[INFO] [stdout] 3 | #[tokio::main]
[INFO] [stdout]   |          ^^^^ could not find `main` in `tokio`
[INFO] [stdout] 
[INFO] [stdout] error[E0433]: failed to resolve: use of undeclared crate or module `miette`
[INFO] [stdout]  --> src/lib.rs:129:44
[INFO] [stdout]   |
[INFO] [stdout] 9 |                 .map(|e| eprintln!("{:?}", miette::Report::new(e)))
[INFO] [stdout]   |                                            ^^^^^^ use of undeclared crate or module `miette`
[INFO] [stdout]   |
[INFO] [stdout] help: consider importing this struct
[INFO] [stdout]   |
[INFO] [stdout] 2 + use std::error::Report;
[INFO] [stdout]   |
[INFO] [stdout] help: if you import `Report`, refer to it directly
[INFO] [stdout]   |
[INFO] [stdout] 9 -                 .map(|e| eprintln!("{:?}", miette::Report::new(e)))
[INFO] [stdout] 9 +                 .map(|e| eprintln!("{:?}", Report::new(e)))
[INFO] [stdout]   |
[INFO] [stdout] 
[INFO] [stdout] error[E0752]: `main` function is not allowed to be `async`
[INFO] [stdout]  --> src/lib.rs:124:1
[INFO] [stdout]   |
[INFO] [stdout] 4 | async fn main() {
[INFO] [stdout]   | ^^^^^^^^^^^^^^^ `main` function is not allowed to be `async`
[INFO] [stdout] 
[INFO] [stdout] error[E0433]: failed to resolve: use of undeclared crate or module `edgedb_tokio`
[INFO] [stdout]  --> src/lib.rs:128:26
[INFO] [stdout]   |
[INFO] [stdout] 8 |             e.downcast::<edgedb_tokio::Error>()
[INFO] [stdout]   |                          ^^^^^^^^^^^^ use of undeclared crate or module `edgedb_tokio`
[INFO] [stdout] 
[INFO] [stdout] error[E0433]: failed to resolve: use of undeclared crate or module `miette`
[INFO] [stdout]   --> src/lib.rs:130:43
[INFO] [stdout]    |
[INFO] [stdout] 10 |                 .or_else(|e| e.downcast::<miette::Report>()
[INFO] [stdout]    |                                           ^^^^^^ use of undeclared crate or module `miette`
[INFO] [stdout] 
[INFO] [stdout] error: aborting due to 5 previous errors
[INFO] [stdout] 
[INFO] [stdout] Some errors have detailed explanations: E0433, E0752.
[INFO] [stdout] For more information about an error, try `rustc --explain E0433`.
[INFO] [stdout] Couldn't compile the test.
[INFO] [stdout] ---- src/lib.rs - (line 96) stdout ----
[INFO] [stdout] error[E0433]: failed to resolve: could not find `main` in `tokio`
[INFO] [stdout]  --> src/lib.rs:103:10
[INFO] [stdout]   |
[INFO] [stdout] 8 | #[tokio::main]
[INFO] [stdout]   |          ^^^^ could not find `main` in `tokio`
[INFO] [stdout] 
[INFO] [stdout] error[E0433]: failed to resolve: use of undeclared crate or module `miette`
[INFO] [stdout]   --> src/lib.rs:109:44
[INFO] [stdout]    |
[INFO] [stdout] 14 |                 .map(|e| eprintln!("{:?}", miette::Report::new(e)))
[INFO] [stdout]    |                                            ^^^^^^ use of undeclared crate or module `miette`
[INFO] [stdout]    |
[INFO] [stdout] help: consider importing this struct
[INFO] [stdout]    |
[INFO] [stdout] 2  + use std::error::Report;
[INFO] [stdout]    |
[INFO] [stdout] help: if you import `Report`, refer to it directly
[INFO] [stdout]    |
[INFO] [stdout] 14 -                 .map(|e| eprintln!("{:?}", miette::Report::new(e)))
[INFO] [stdout] 14 +                 .map(|e| eprintln!("{:?}", Report::new(e)))
[INFO] [stdout]    |
[INFO] [stdout] 
[INFO] [stdout] error[E0433]: failed to resolve: use of undeclared crate or module `edgedb_tokio`
[INFO] [stdout]  --> src/lib.rs:98:16
[INFO] [stdout]   |
[INFO] [stdout] 3 |     let conn = edgedb_tokio::create_client().await?;
[INFO] [stdout]   |                ^^^^^^^^^^^^ use of undeclared crate or module `edgedb_tokio`
[INFO] [stdout] 
[INFO] [stdout] error[E0752]: `main` function is not allowed to be `async`
[INFO] [stdout]  --> src/lib.rs:104:1
[INFO] [stdout]   |
[INFO] [stdout] 9 | async fn main() {
[INFO] [stdout]   | ^^^^^^^^^^^^^^^ `main` function is not allowed to be `async`
[INFO] [stdout] 
[INFO] [stdout] error[E0433]: failed to resolve: use of undeclared crate or module `edgedb_tokio`
[INFO] [stdout]   --> src/lib.rs:108:26
[INFO] [stdout]    |
[INFO] [stdout] 13 |             e.downcast::<edgedb_tokio::Error>()
[INFO] [stdout]    |                          ^^^^^^^^^^^^ use of undeclared crate or module `edgedb_tokio`
[INFO] [stdout] 
[INFO] [stdout] error: aborting due to 5 previous errors
[INFO] [stdout] 
[INFO] [stdout] Some errors have detailed explanations: E0433, E0752.
[INFO] [stdout] For more information about an error, try `rustc --explain E0433`.
[INFO] [stdout] Couldn't compile the test.
[INFO] [stdout] ---- src/lib.rs - (line 85) stdout ----
[INFO] [stdout] error[E0433]: failed to resolve: could not find `main` in `tokio`
[INFO] [stdout]  --> src/lib.rs:86:10
[INFO] [stdout]   |
[INFO] [stdout] 2 | #[tokio::main]
[INFO] [stdout]   |          ^^^^ could not find `main` in `tokio`
[INFO] [stdout] 
[INFO] [stdout] error[E0433]: failed to resolve: use of undeclared crate or module `edgedb_tokio`
[INFO] [stdout]  --> src/lib.rs:88:16
[INFO] [stdout]   |
[INFO] [stdout] 4 |     let conn = edgedb_tokio::create_client().await?;
[INFO] [stdout]   |                ^^^^^^^^^^^^ use of undeclared crate or module `edgedb_tokio`
[INFO] [stdout] 
[INFO] [stdout] error[E0752]: `main` function is not allowed to be `async`
[INFO] [stdout]  --> src/lib.rs:87:1
[INFO] [stdout]   |
[INFO] [stdout] 3 | async fn main() -> miette::Result<()> {
[INFO] [stdout]   | ^^^^^^^^^^^^^^^^^^^^^^^^^^^^^^^^^^^^^ `main` function is not allowed to be `async`
[INFO] [stdout] 
[INFO] [stdout] error[E0433]: failed to resolve: use of undeclared crate or module `miette`
[INFO] [stdout]  --> src/lib.rs:87:20
[INFO] [stdout]   |
[INFO] [stdout] 3 | async fn main() -> miette::Result<()> {
[INFO] [stdout]   |                    ^^^^^^ use of undeclared crate or module `miette`
[INFO] [stdout] 
[INFO] [stdout] error: aborting due to 4 previous errors
[INFO] [stdout] 
[INFO] [stdout] Some errors have detailed explanations: E0433, E0752.
[INFO] [stdout] For more information about an error, try `rustc --explain E0433`.
[INFO] [stdout] Couldn't compile the test.
[INFO] [stdout] 
[INFO] [stdout] failures:
[INFO] [stdout]     src/lib.rs - (line 121)
[INFO] [stdout]     src/lib.rs - (line 85)
[INFO] [stdout]     src/lib.rs - (line 96)
[INFO] [stdout] 
[INFO] [stdout] test result: FAILED. 3 passed; 3 failed; 0 ignored; 0 measured; 0 filtered out; finished in 0.18s
[INFO] [stdout] 
[INFO] [stderr] error: doctest failed, to rerun pass `--doc`
[INFO] running `Command { std: "docker" "inspect" "b7b6ce425e1939de868ac3a6eb2a2b173fc466f3880cc548b7258b46c503f170", kill_on_drop: false }`
[INFO] running `Command { std: "docker" "rm" "-f" "b7b6ce425e1939de868ac3a6eb2a2b173fc466f3880cc548b7258b46c503f170", kill_on_drop: false }`
[INFO] [stdout] b7b6ce425e1939de868ac3a6eb2a2b173fc466f3880cc548b7258b46c503f170
