[INFO] fetching crate ebiotic 0.0.1...
[INFO] testing ebiotic-0.0.1 against 1.75.0 for beta-1.76-1
[INFO] extracting crate ebiotic 0.0.1 into /workspace/builds/worker-7-tc1/source
[INFO] validating manifest of crates.io crate ebiotic 0.0.1 on toolchain 1.75.0
[INFO] running `Command { std: CARGO_HOME="/workspace/cargo-home" RUSTUP_HOME="/workspace/rustup-home" "/workspace/cargo-home/bin/cargo" "+1.75.0" "metadata" "--manifest-path" "Cargo.toml" "--no-deps", kill_on_drop: false }`
[INFO] started tweaking crates.io crate ebiotic 0.0.1
[INFO] finished tweaking crates.io crate ebiotic 0.0.1
[INFO] tweaked toml for crates.io crate ebiotic 0.0.1 written to /workspace/builds/worker-7-tc1/source/Cargo.toml
[INFO] running `Command { std: CARGO_HOME="/workspace/cargo-home" RUSTUP_HOME="/workspace/rustup-home" "/workspace/cargo-home/bin/cargo" "+1.75.0" "generate-lockfile" "--manifest-path" "Cargo.toml", kill_on_drop: false }`
[INFO] [stderr]     Updating crates.io index
[INFO] running `Command { std: CARGO_HOME="/workspace/cargo-home" RUSTUP_HOME="/workspace/rustup-home" "/workspace/cargo-home/bin/cargo" "+1.75.0" "fetch" "--manifest-path" "Cargo.toml", kill_on_drop: false }`
[INFO] running `Command { std: "docker" "create" "-v" "/var/lib/crater-agent-workspace/builds/worker-7-tc1/target:/opt/rustwide/target:rw,Z" "-v" "/var/lib/crater-agent-workspace/builds/worker-7-tc1/source:/opt/rustwide/workdir:ro,Z" "-v" "/var/lib/crater-agent-workspace/cargo-home:/opt/rustwide/cargo-home:ro,Z" "-v" "/var/lib/crater-agent-workspace/rustup-home:/opt/rustwide/rustup-home:ro,Z" "-e" "SOURCE_DIR=/opt/rustwide/workdir" "-e" "CARGO_TARGET_DIR=/opt/rustwide/target" "-e" "CARGO_HOME=/opt/rustwide/cargo-home" "-e" "RUSTUP_HOME=/opt/rustwide/rustup-home" "-w" "/opt/rustwide/workdir" "-m" "1610612736" "--user" "0:0" "--network" "none" "ghcr.io/rust-lang/crates-build-env/linux@sha256:2788e3201cd34a07e3172128adcd8b3090168a8e3bcc40d7c032b9dda1df7d1c" "/opt/rustwide/cargo-home/bin/cargo" "+1.75.0" "metadata" "--no-deps" "--format-version=1", kill_on_drop: false }`
[INFO] [stdout] b3361e2209e0ffee5c8beaf391f8be88ba5082508942f36ed9d7d3e871936469
[INFO] running `Command { std: "docker" "start" "-a" "b3361e2209e0ffee5c8beaf391f8be88ba5082508942f36ed9d7d3e871936469", kill_on_drop: false }`
[INFO] running `Command { std: "docker" "inspect" "b3361e2209e0ffee5c8beaf391f8be88ba5082508942f36ed9d7d3e871936469", kill_on_drop: false }`
[INFO] running `Command { std: "docker" "rm" "-f" "b3361e2209e0ffee5c8beaf391f8be88ba5082508942f36ed9d7d3e871936469", kill_on_drop: false }`
[INFO] [stdout] b3361e2209e0ffee5c8beaf391f8be88ba5082508942f36ed9d7d3e871936469
[INFO] running `Command { std: "docker" "create" "-v" "/var/lib/crater-agent-workspace/builds/worker-7-tc1/target:/opt/rustwide/target:rw,Z" "-v" "/var/lib/crater-agent-workspace/builds/worker-7-tc1/source:/opt/rustwide/workdir:ro,Z" "-v" "/var/lib/crater-agent-workspace/cargo-home:/opt/rustwide/cargo-home:ro,Z" "-v" "/var/lib/crater-agent-workspace/rustup-home:/opt/rustwide/rustup-home:ro,Z" "-e" "SOURCE_DIR=/opt/rustwide/workdir" "-e" "CARGO_TARGET_DIR=/opt/rustwide/target" "-e" "CARGO_INCREMENTAL=0" "-e" "RUST_BACKTRACE=full" "-e" "RUSTFLAGS=--cap-lints=warn" "-e" "RUSTDOCFLAGS=--cap-lints=warn" "-e" "CARGO_HOME=/opt/rustwide/cargo-home" "-e" "RUSTUP_HOME=/opt/rustwide/rustup-home" "-w" "/opt/rustwide/workdir" "-m" "1610612736" "--user" "0:0" "--network" "none" "ghcr.io/rust-lang/crates-build-env/linux@sha256:2788e3201cd34a07e3172128adcd8b3090168a8e3bcc40d7c032b9dda1df7d1c" "/opt/rustwide/cargo-home/bin/cargo" "+1.75.0" "build" "--frozen" "--message-format=json", kill_on_drop: false }`
[INFO] [stdout] a13f5302c05e4844a06e556f4da60cd0f2be9d93a53877a379eeac188c0aa05a
[INFO] running `Command { std: "docker" "start" "-a" "a13f5302c05e4844a06e556f4da60cd0f2be9d93a53877a379eeac188c0aa05a", kill_on_drop: false }`
[INFO] [stderr]    Compiling parking_lot_core v0.9.9
[INFO] [stderr]    Compiling scopeguard v1.2.0
[INFO] [stderr]    Compiling smallvec v1.11.2
[INFO] [stderr]    Compiling lock_api v0.4.11
[INFO] [stderr]    Compiling openssl v0.10.62
[INFO] [stderr]    Compiling tinyvec_macros v0.1.1
[INFO] [stderr]    Compiling native-tls v0.2.11
[INFO] [stderr]    Compiling futures-task v0.3.30
[INFO] [stderr]    Compiling signal-hook-registry v1.4.1
[INFO] [stderr]    Compiling num_cpus v1.16.0
[INFO] [stderr]    Compiling openssl-sys v0.9.98
[INFO] [stderr]    Compiling tokio-macros v2.2.0
[INFO] [stderr]    Compiling openssl-macros v0.1.1
[INFO] [stderr]    Compiling form_urlencoded v1.2.1
[INFO] [stderr]    Compiling serde v1.0.194
[INFO] [stderr]    Compiling tinyvec v1.6.0
[INFO] [stderr]    Compiling unicode-bidi v0.3.14
[INFO] [stderr]    Compiling encoding_rs v0.8.33
[INFO] [stderr]    Compiling futures-util v0.3.30
[INFO] [stderr]    Compiling base64 v0.21.5
[INFO] [stderr]    Compiling ipnet v2.9.0
[INFO] [stderr]    Compiling parking_lot v0.12.1
[INFO] [stderr]    Compiling unicode-normalization v0.1.22
[INFO] [stderr]    Compiling tokio v1.35.1
[INFO] [stderr]    Compiling idna v0.5.0
[INFO] [stderr]    Compiling url v2.5.0
[INFO] [stderr]    Compiling serde_json v1.0.111
[INFO] [stderr]    Compiling serde_urlencoded v0.7.1
[INFO] [stderr]    Compiling tokio-util v0.7.10
[INFO] [stderr]    Compiling tokio-native-tls v0.3.1
[INFO] [stderr]    Compiling h2 v0.3.22
[INFO] [stderr]    Compiling hyper v0.14.28
[INFO] [stderr]    Compiling hyper-tls v0.5.0
[INFO] [stderr]    Compiling reqwest v0.11.23
[INFO] [stderr]    Compiling ebiotic v0.0.1 (/opt/rustwide/workdir)
[INFO] [stdout] warning: fields `id`, `accession`, `title`, `taxid`, and `sciname` are never read
[INFO] [stdout]   --> src/tools/blast.rs:11:5
[INFO] [stdout]    |
[INFO] [stdout] 10 | struct Description {
[INFO] [stdout]    |        ----------- fields in this struct
[INFO] [stdout] 11 |     id: String,
[INFO] [stdout]    |     ^^
[INFO] [stdout] 12 |     accession: String,
[INFO] [stdout]    |     ^^^^^^^^^
[INFO] [stdout] 13 |     title: String,
[INFO] [stdout]    |     ^^^^^
[INFO] [stdout] 14 |     taxid: u32,
[INFO] [stdout]    |     ^^^^^
[INFO] [stdout] 15 |     sciname: String,
[INFO] [stdout]    |     ^^^^^^^
[INFO] [stdout]    |
[INFO] [stdout]    = note: `Description` has a derived impl for the trait `Debug`, but this is intentionally ignored during dead code analysis
[INFO] [stdout]    = note: `#[warn(dead_code)]` on by default
[INFO] [stdout] 
[INFO] [stdout] 
[INFO] [stdout] warning: fields `bit_score`, `score`, `evalue`, `identity`, and `hseq` are never read
[INFO] [stdout]   --> src/tools/blast.rs:20:5
[INFO] [stdout]    |
[INFO] [stdout] 19 | struct Hsp {
[INFO] [stdout]    |        --- fields in this struct
[INFO] [stdout] 20 |     bit_score: f64,
[INFO] [stdout]    |     ^^^^^^^^^
[INFO] [stdout] 21 |     score: u32,
[INFO] [stdout]    |     ^^^^^
[INFO] [stdout] 22 |     evalue: f64,
[INFO] [stdout]    |     ^^^^^^
[INFO] [stdout] 23 |     identity: u32,
[INFO] [stdout]    |     ^^^^^^^^
[INFO] [stdout] 24 |     hseq: String,
[INFO] [stdout]    |     ^^^^
[INFO] [stdout]    |
[INFO] [stdout]    = note: `Hsp` has a derived impl for the trait `Debug`, but this is intentionally ignored during dead code analysis
[INFO] [stdout] 
[INFO] [stdout] 
[INFO] [stdout] warning: fields `num`, `description`, `len`, and `hsps` are never read
[INFO] [stdout]   --> src/tools/blast.rs:29:5
[INFO] [stdout]    |
[INFO] [stdout] 28 | struct Hit {
[INFO] [stdout]    |        --- fields in this struct
[INFO] [stdout] 29 |     num: u32,
[INFO] [stdout]    |     ^^^
[INFO] [stdout] 30 |     description: Vec<Description>,
[INFO] [stdout]    |     ^^^^^^^^^^^
[INFO] [stdout] 31 |     len: u32,
[INFO] [stdout]    |     ^^^
[INFO] [stdout] 32 |     hsps: Vec<Hsp>,
[INFO] [stdout]    |     ^^^^
[INFO] [stdout]    |
[INFO] [stdout]    = note: `Hit` has a derived impl for the trait `Debug`, but this is intentionally ignored during dead code analysis
[INFO] [stdout] 
[INFO] [stdout] 
[INFO] [stdout] warning: fields `query_id`, `query_title`, `query_len`, and `hits` are never read
[INFO] [stdout]   --> src/tools/blast.rs:37:5
[INFO] [stdout]    |
[INFO] [stdout] 36 | pub struct Search {
[INFO] [stdout]    |            ------ fields in this struct
[INFO] [stdout] 37 |     query_id: String,
[INFO] [stdout]    |     ^^^^^^^^
[INFO] [stdout] 38 |     query_title: String,
[INFO] [stdout]    |     ^^^^^^^^^^^
[INFO] [stdout] 39 |     query_len: u32,
[INFO] [stdout]    |     ^^^^^^^^^
[INFO] [stdout] 40 |     hits: Vec<Hit>,
[INFO] [stdout]    |     ^^^^
[INFO] [stdout]    |
[INFO] [stdout]    = note: `Search` has a derived impl for the trait `Debug`, but this is intentionally ignored during dead code analysis
[INFO] [stdout] 
[INFO] [stdout] 
[INFO] [stdout] warning: 4 warnings emitted
[INFO] [stdout] 
[INFO] [stdout] 
[INFO] [stderr]     Finished dev [unoptimized + debuginfo] target(s) in 9.73s
[INFO] running `Command { std: "docker" "inspect" "a13f5302c05e4844a06e556f4da60cd0f2be9d93a53877a379eeac188c0aa05a", kill_on_drop: false }`
[INFO] running `Command { std: "docker" "rm" "-f" "a13f5302c05e4844a06e556f4da60cd0f2be9d93a53877a379eeac188c0aa05a", kill_on_drop: false }`
[INFO] [stdout] a13f5302c05e4844a06e556f4da60cd0f2be9d93a53877a379eeac188c0aa05a
[INFO] running `Command { std: "docker" "create" "-v" "/var/lib/crater-agent-workspace/builds/worker-7-tc1/target:/opt/rustwide/target:rw,Z" "-v" "/var/lib/crater-agent-workspace/builds/worker-7-tc1/source:/opt/rustwide/workdir:ro,Z" "-v" "/var/lib/crater-agent-workspace/cargo-home:/opt/rustwide/cargo-home:ro,Z" "-v" "/var/lib/crater-agent-workspace/rustup-home:/opt/rustwide/rustup-home:ro,Z" "-e" "SOURCE_DIR=/opt/rustwide/workdir" "-e" "CARGO_TARGET_DIR=/opt/rustwide/target" "-e" "CARGO_INCREMENTAL=0" "-e" "RUST_BACKTRACE=full" "-e" "RUSTFLAGS=--cap-lints=warn" "-e" "RUSTDOCFLAGS=--cap-lints=warn" "-e" "CARGO_HOME=/opt/rustwide/cargo-home" "-e" "RUSTUP_HOME=/opt/rustwide/rustup-home" "-w" "/opt/rustwide/workdir" "-m" "1610612736" "--user" "0:0" "--network" "none" "ghcr.io/rust-lang/crates-build-env/linux@sha256:2788e3201cd34a07e3172128adcd8b3090168a8e3bcc40d7c032b9dda1df7d1c" "/opt/rustwide/cargo-home/bin/cargo" "+1.75.0" "test" "--frozen" "--no-run" "--message-format=json", kill_on_drop: false }`
[INFO] [stdout] d5da718473474dafe295252fbe6ec321e7d84caf841573b32c73bb08d7012954
[INFO] running `Command { std: "docker" "start" "-a" "d5da718473474dafe295252fbe6ec321e7d84caf841573b32c73bb08d7012954", kill_on_drop: false }`
[INFO] [stdout] warning: fields `id`, `accession`, `title`, `taxid`, and `sciname` are never read
[INFO] [stdout]   --> src/tools/blast.rs:11:5
[INFO] [stdout]    |
[INFO] [stdout] 10 | struct Description {
[INFO] [stdout]    |        ----------- fields in this struct
[INFO] [stdout] 11 |     id: String,
[INFO] [stdout]    |     ^^
[INFO] [stdout] 12 |     accession: String,
[INFO] [stdout]    |     ^^^^^^^^^
[INFO] [stdout] 13 |     title: String,
[INFO] [stdout]    |     ^^^^^
[INFO] [stdout] 14 |     taxid: u32,
[INFO] [stdout]    |     ^^^^^
[INFO] [stdout] 15 |     sciname: String,
[INFO] [stdout]    |     ^^^^^^^
[INFO] [stdout]    |
[INFO] [stdout]    = note: `Description` has a derived impl for the trait `Debug`, but this is intentionally ignored during dead code analysis
[INFO] [stdout]    = note: `#[warn(dead_code)]` on by default
[INFO] [stdout] 
[INFO] [stdout] 
[INFO] [stdout] warning: fields `bit_score`, `score`, `evalue`, `identity`, and `hseq` are never read
[INFO] [stdout]   --> src/tools/blast.rs:20:5
[INFO] [stdout]    |
[INFO] [stdout] 19 | struct Hsp {
[INFO] [stdout]    |        --- fields in this struct
[INFO] [stdout] 20 |     bit_score: f64,
[INFO] [stdout]    |     ^^^^^^^^^
[INFO] [stdout] 21 |     score: u32,
[INFO] [stdout]    |     ^^^^^
[INFO] [stdout] 22 |     evalue: f64,
[INFO] [stdout]    |     ^^^^^^
[INFO] [stdout] 23 |     identity: u32,
[INFO] [stdout]    |     ^^^^^^^^
[INFO] [stdout] 24 |     hseq: String,
[INFO] [stdout]    |     ^^^^
[INFO] [stdout]    |
[INFO] [stdout]    = note: `Hsp` has a derived impl for the trait `Debug`, but this is intentionally ignored during dead code analysis
[INFO] [stdout] 
[INFO] [stdout] 
[INFO] [stdout] warning: fields `num`, `description`, `len`, and `hsps` are never read
[INFO] [stdout]   --> src/tools/blast.rs:29:5
[INFO] [stdout]    |
[INFO] [stdout] 28 | struct Hit {
[INFO] [stdout]    |        --- fields in this struct
[INFO] [stdout] 29 |     num: u32,
[INFO] [stdout]    |     ^^^
[INFO] [stdout] 30 |     description: Vec<Description>,
[INFO] [stdout]    |     ^^^^^^^^^^^
[INFO] [stdout] 31 |     len: u32,
[INFO] [stdout]    |     ^^^
[INFO] [stdout] 32 |     hsps: Vec<Hsp>,
[INFO] [stdout]    |     ^^^^
[INFO] [stdout]    |
[INFO] [stdout]    = note: `Hit` has a derived impl for the trait `Debug`, but this is intentionally ignored during dead code analysis
[INFO] [stdout] 
[INFO] [stdout] 
[INFO] [stderr]    Compiling ebiotic v0.0.1 (/opt/rustwide/workdir)
[INFO] [stdout] warning: fields `query_id`, `query_title`, `query_len`, and `hits` are never read
[INFO] [stdout]   --> src/tools/blast.rs:37:5
[INFO] [stdout]    |
[INFO] [stdout] 36 | pub struct Search {
[INFO] [stdout]    |            ------ fields in this struct
[INFO] [stdout] 37 |     query_id: String,
[INFO] [stdout]    |     ^^^^^^^^
[INFO] [stdout] 38 |     query_title: String,
[INFO] [stdout]    |     ^^^^^^^^^^^
[INFO] [stdout] 39 |     query_len: u32,
[INFO] [stdout]    |     ^^^^^^^^^
[INFO] [stdout] 40 |     hits: Vec<Hit>,
[INFO] [stdout]    |     ^^^^
[INFO] [stdout]    |
[INFO] [stdout]    = note: `Search` has a derived impl for the trait `Debug`, but this is intentionally ignored during dead code analysis
[INFO] [stdout] 
[INFO] [stdout] 
[INFO] [stdout] warning: 4 warnings emitted
[INFO] [stdout] 
[INFO] [stdout] 
[INFO] [stdout] warning: fields `id`, `accession`, `title`, `taxid`, and `sciname` are never read
[INFO] [stdout]   --> src/tools/blast.rs:11:5
[INFO] [stdout]    |
[INFO] [stdout] 10 | struct Description {
[INFO] [stdout]    |        ----------- fields in this struct
[INFO] [stdout] 11 |     id: String,
[INFO] [stdout]    |     ^^
[INFO] [stdout] 12 |     accession: String,
[INFO] [stdout]    |     ^^^^^^^^^
[INFO] [stdout] 13 |     title: String,
[INFO] [stdout]    |     ^^^^^
[INFO] [stdout] 14 |     taxid: u32,
[INFO] [stdout]    |     ^^^^^
[INFO] [stdout] 15 |     sciname: String,
[INFO] [stdout]    |     ^^^^^^^
[INFO] [stdout]    |
[INFO] [stdout]    = note: `Description` has a derived impl for the trait `Debug`, but this is intentionally ignored during dead code analysis
[INFO] [stdout]    = note: `#[warn(dead_code)]` on by default
[INFO] [stdout] 
[INFO] [stdout] 
[INFO] [stdout] warning: fields `bit_score`, `score`, `evalue`, `identity`, and `hseq` are never read
[INFO] [stdout]   --> src/tools/blast.rs:20:5
[INFO] [stdout]    |
[INFO] [stdout] 19 | struct Hsp {
[INFO] [stdout]    |        --- fields in this struct
[INFO] [stdout] 20 |     bit_score: f64,
[INFO] [stdout]    |     ^^^^^^^^^
[INFO] [stdout] 21 |     score: u32,
[INFO] [stdout]    |     ^^^^^
[INFO] [stdout] 22 |     evalue: f64,
[INFO] [stdout]    |     ^^^^^^
[INFO] [stdout] 23 |     identity: u32,
[INFO] [stdout]    |     ^^^^^^^^
[INFO] [stdout] 24 |     hseq: String,
[INFO] [stdout]    |     ^^^^
[INFO] [stdout]    |
[INFO] [stdout]    = note: `Hsp` has a derived impl for the trait `Debug`, but this is intentionally ignored during dead code analysis
[INFO] [stdout] 
[INFO] [stdout] 
[INFO] [stdout] warning: fields `num`, `description`, `len`, and `hsps` are never read
[INFO] [stdout]   --> src/tools/blast.rs:29:5
[INFO] [stdout]    |
[INFO] [stdout] 28 | struct Hit {
[INFO] [stdout]    |        --- fields in this struct
[INFO] [stdout] 29 |     num: u32,
[INFO] [stdout]    |     ^^^
[INFO] [stdout] 30 |     description: Vec<Description>,
[INFO] [stdout]    |     ^^^^^^^^^^^
[INFO] [stdout] 31 |     len: u32,
[INFO] [stdout]    |     ^^^
[INFO] [stdout] 32 |     hsps: Vec<Hsp>,
[INFO] [stdout]    |     ^^^^
[INFO] [stdout]    |
[INFO] [stdout]    = note: `Hit` has a derived impl for the trait `Debug`, but this is intentionally ignored during dead code analysis
[INFO] [stdout] 
[INFO] [stdout] 
[INFO] [stdout] warning: fields `query_id`, `query_title`, `query_len`, and `hits` are never read
[INFO] [stdout]   --> src/tools/blast.rs:37:5
[INFO] [stdout]    |
[INFO] [stdout] 36 | pub struct Search {
[INFO] [stdout]    |            ------ fields in this struct
[INFO] [stdout] 37 |     query_id: String,
[INFO] [stdout]    |     ^^^^^^^^
[INFO] [stdout] 38 |     query_title: String,
[INFO] [stdout]    |     ^^^^^^^^^^^
[INFO] [stdout] 39 |     query_len: u32,
[INFO] [stdout]    |     ^^^^^^^^^
[INFO] [stdout] 40 |     hits: Vec<Hit>,
[INFO] [stdout]    |     ^^^^
[INFO] [stdout]    |
[INFO] [stdout]    = note: `Search` has a derived impl for the trait `Debug`, but this is intentionally ignored during dead code analysis
[INFO] [stdout] 
[INFO] [stdout] 
[INFO] [stdout] warning: unused `Result` that must be used
[INFO] [stdout]    --> src/tools/blast.rs:191:9
[INFO] [stdout]     |
[INFO] [stdout] 191 |         Blast::parse_raw_results(&blast, test_json);
[INFO] [stdout]     |         ^^^^^^^^^^^^^^^^^^^^^^^^^^^^^^^^^^^^^^^^^^^
[INFO] [stdout]     |
[INFO] [stdout]     = note: this `Result` may be an `Err` variant, which should be handled
[INFO] [stdout]     = note: `#[warn(unused_must_use)]` on by default
[INFO] [stdout] help: use `let _ = ...` to ignore the resulting value
[INFO] [stdout]     |
[INFO] [stdout] 191 |         let _ = Blast::parse_raw_results(&blast, test_json);
[INFO] [stdout]     |         +++++++
[INFO] [stdout] 
[INFO] [stdout] 
[INFO] [stdout] warning: 5 warnings emitted
[INFO] [stdout] 
[INFO] [stdout] 
[INFO] [stderr]     Finished test [unoptimized + debuginfo] target(s) in 3.06s
[INFO] running `Command { std: "docker" "inspect" "d5da718473474dafe295252fbe6ec321e7d84caf841573b32c73bb08d7012954", kill_on_drop: false }`
[INFO] running `Command { std: "docker" "rm" "-f" "d5da718473474dafe295252fbe6ec321e7d84caf841573b32c73bb08d7012954", kill_on_drop: false }`
[INFO] [stdout] d5da718473474dafe295252fbe6ec321e7d84caf841573b32c73bb08d7012954
[INFO] running `Command { std: "docker" "create" "-v" "/var/lib/crater-agent-workspace/builds/worker-7-tc1/target:/opt/rustwide/target:rw,Z" "-v" "/var/lib/crater-agent-workspace/builds/worker-7-tc1/source:/opt/rustwide/workdir:ro,Z" "-v" "/var/lib/crater-agent-workspace/cargo-home:/opt/rustwide/cargo-home:ro,Z" "-v" "/var/lib/crater-agent-workspace/rustup-home:/opt/rustwide/rustup-home:ro,Z" "-e" "SOURCE_DIR=/opt/rustwide/workdir" "-e" "CARGO_TARGET_DIR=/opt/rustwide/target" "-e" "CARGO_INCREMENTAL=0" "-e" "RUST_BACKTRACE=full" "-e" "RUSTFLAGS=--cap-lints=warn" "-e" "RUSTDOCFLAGS=--cap-lints=warn" "-e" "CARGO_HOME=/opt/rustwide/cargo-home" "-e" "RUSTUP_HOME=/opt/rustwide/rustup-home" "-w" "/opt/rustwide/workdir" "-m" "1610612736" "--user" "0:0" "--network" "none" "ghcr.io/rust-lang/crates-build-env/linux@sha256:2788e3201cd34a07e3172128adcd8b3090168a8e3bcc40d7c032b9dda1df7d1c" "/opt/rustwide/cargo-home/bin/cargo" "+1.75.0" "test" "--frozen", kill_on_drop: false }`
[INFO] [stdout] e43db914d4d73ea029dfd4f07df17b3d3e534e3571581dfdc8ada00d75a021eb
[INFO] running `Command { std: "docker" "start" "-a" "e43db914d4d73ea029dfd4f07df17b3d3e534e3571581dfdc8ada00d75a021eb", kill_on_drop: false }`
[INFO] [stderr] warning: fields `id`, `accession`, `title`, `taxid`, and `sciname` are never read
[INFO] [stderr]   --> src/tools/blast.rs:11:5
[INFO] [stderr]    |
[INFO] [stderr] 10 | struct Description {
[INFO] [stderr]    |        ----------- fields in this struct
[INFO] [stderr] 11 |     id: String,
[INFO] [stderr]    |     ^^
[INFO] [stderr] 12 |     accession: String,
[INFO] [stderr]    |     ^^^^^^^^^
[INFO] [stderr] 13 |     title: String,
[INFO] [stderr]    |     ^^^^^
[INFO] [stderr] 14 |     taxid: u32,
[INFO] [stderr]    |     ^^^^^
[INFO] [stderr] 15 |     sciname: String,
[INFO] [stderr]    |     ^^^^^^^
[INFO] [stderr]    |
[INFO] [stderr]    = note: `Description` has a derived impl for the trait `Debug`, but this is intentionally ignored during dead code analysis
[INFO] [stderr]    = note: `#[warn(dead_code)]` on by default
[INFO] [stderr] 
[INFO] [stderr] warning: fields `bit_score`, `score`, `evalue`, `identity`, and `hseq` are never read
[INFO] [stderr]   --> src/tools/blast.rs:20:5
[INFO] [stderr]    |
[INFO] [stderr] 19 | struct Hsp {
[INFO] [stderr]    |        --- fields in this struct
[INFO] [stderr] 20 |     bit_score: f64,
[INFO] [stderr]    |     ^^^^^^^^^
[INFO] [stderr] 21 |     score: u32,
[INFO] [stderr]    |     ^^^^^
[INFO] [stderr] 22 |     evalue: f64,
[INFO] [stderr]    |     ^^^^^^
[INFO] [stderr] 23 |     identity: u32,
[INFO] [stderr]    |     ^^^^^^^^
[INFO] [stderr] 24 |     hseq: String,
[INFO] [stderr]    |     ^^^^
[INFO] [stderr]    |
[INFO] [stderr]    = note: `Hsp` has a derived impl for the trait `Debug`, but this is intentionally ignored during dead code analysis
[INFO] [stderr] 
[INFO] [stderr] warning: fields `num`, `description`, `len`, and `hsps` are never read
[INFO] [stderr]   --> src/tools/blast.rs:29:5
[INFO] [stderr]    |
[INFO] [stderr] 28 | struct Hit {
[INFO] [stderr]    |        --- fields in this struct
[INFO] [stderr] 29 |     num: u32,
[INFO] [stderr]    |     ^^^
[INFO] [stderr] 30 |     description: Vec<Description>,
[INFO] [stderr]    |     ^^^^^^^^^^^
[INFO] [stderr] 31 |     len: u32,
[INFO] [stderr]    |     ^^^
[INFO] [stderr] 32 |     hsps: Vec<Hsp>,
[INFO] [stderr]    |     ^^^^
[INFO] [stderr]    |
[INFO] [stderr]    = note: `Hit` has a derived impl for the trait `Debug`, but this is intentionally ignored during dead code analysis
[INFO] [stderr] 
[INFO] [stderr] warning: fields `query_id`, `query_title`, `query_len`, and `hits` are never read
[INFO] [stderr]   --> src/tools/blast.rs:37:5
[INFO] [stderr]    |
[INFO] [stderr] 36 | pub struct Search {
[INFO] [stderr]    |            ------ fields in this struct
[INFO] [stderr] 37 |     query_id: String,
[INFO] [stderr]    |     ^^^^^^^^
[INFO] [stderr] 38 |     query_title: String,
[INFO] [stderr]    |     ^^^^^^^^^^^
[INFO] [stderr] 39 |     query_len: u32,
[INFO] [stderr]    |     ^^^^^^^^^
[INFO] [stderr] 40 |     hits: Vec<Hit>,
[INFO] [stderr]    |     ^^^^
[INFO] [stderr]    |
[INFO] [stderr]    = note: `Search` has a derived impl for the trait `Debug`, but this is intentionally ignored during dead code analysis
[INFO] [stderr] 
[INFO] [stderr] warning: unused `Result` that must be used
[INFO] [stderr]    --> src/tools/blast.rs:191:9
[INFO] [stderr]     |
[INFO] [stderr] 191 |         Blast::parse_raw_results(&blast, test_json);
[INFO] [stderr]     |         ^^^^^^^^^^^^^^^^^^^^^^^^^^^^^^^^^^^^^^^^^^^
[INFO] [stderr]     |
[INFO] [stderr]     = note: this `Result` may be an `Err` variant, which should be handled
[INFO] [stderr]     = note: `#[warn(unused_must_use)]` on by default
[INFO] [stderr] help: use `let _ = ...` to ignore the resulting value
[INFO] [stderr]     |
[INFO] [stderr] 191 |         let _ = Blast::parse_raw_results(&blast, test_json);
[INFO] [stderr]     |         +++++++
[INFO] [stderr] 
[INFO] [stderr] warning: `ebiotic` (lib) generated 4 warnings
[INFO] [stderr] warning: `ebiotic` (lib test) generated 5 warnings (4 duplicates)
[INFO] [stderr]     Finished test [unoptimized + debuginfo] target(s) in 0.07s
[INFO] [stderr]      Running unittests src/lib.rs (/opt/rustwide/target/debug/deps/ebiotic-2cc4447bb5e72947)
[INFO] [stdout] 
[INFO] [stdout] running 1 test
[INFO] [stdout] test tools::blast::tests::test_parse_raw_results ... ok
[INFO] [stdout] 
[INFO] [stdout] test result: ok. 1 passed; 0 failed; 0 ignored; 0 measured; 0 filtered out; finished in 0.01s
[INFO] [stdout] 
[INFO] [stderr]      Running tests/lib_test.rs (/opt/rustwide/target/debug/deps/lib_test-ccc6d47e57eba850)
[INFO] [stdout] 
[INFO] [stdout] running 1 test
[INFO] [stdout] test test_ncbi_blast_full ... FAILED
[INFO] [stdout] 
[INFO] [stdout] failures:
[INFO] [stdout] 
[INFO] [stdout] ---- test_ncbi_blast_full stdout ----
[INFO] [stdout] thread 'test_ncbi_blast_full' panicked at /opt/rustwide/workdir/src/tools/blast.rs:105:10:
[INFO] [stdout] called `Result::unwrap()` on an `Err` value: reqwest::Error { kind: Request, url: Url { scheme: "https", cannot_be_a_base: false, username: "", password: None, host: Some(Domain("blast.ncbi.nlm.nih.gov")), port: None, path: "/Blast.cgi", query: None, fragment: None }, source: hyper::Error(Connect, ConnectError("dns error", Custom { kind: Uncategorized, error: "failed to lookup address information: Temporary failure in name resolution" })) }
[INFO] [stdout] stack backtrace:
[INFO] [stdout]    0:     0x56384907f7ac - std::backtrace_rs::backtrace::libunwind::trace::ha637c64ce894333a
[INFO] [stdout]                                at /rustc/82e1608dfa6e0b5569232559e3d385fea5a93112/library/std/src/../../backtrace/src/backtrace/libunwind.rs:104:5
[INFO] [stdout]    1:     0x56384907f7ac - std::backtrace_rs::backtrace::trace_unsynchronized::h47f62dea28e0c88d
[INFO] [stdout]                                at /rustc/82e1608dfa6e0b5569232559e3d385fea5a93112/library/std/src/../../backtrace/src/backtrace/mod.rs:66:5
[INFO] [stdout]    2:     0x56384907f7ac - std::sys_common::backtrace::_print_fmt::h9eef0abe20ede486
[INFO] [stdout]                                at /rustc/82e1608dfa6e0b5569232559e3d385fea5a93112/library/std/src/sys_common/backtrace.rs:67:5
[INFO] [stdout]    3:     0x56384907f7ac - <std::sys_common::backtrace::_print::DisplayBacktrace as core::fmt::Display>::fmt::hed7f999df88cc644
[INFO] [stdout]                                at /rustc/82e1608dfa6e0b5569232559e3d385fea5a93112/library/std/src/sys_common/backtrace.rs:44:22
[INFO] [stdout]    4:     0x5638490ac780 - core::fmt::rt::Argument::fmt::h1539a9308b8d058d
[INFO] [stdout]                                at /rustc/82e1608dfa6e0b5569232559e3d385fea5a93112/library/core/src/fmt/rt.rs:142:9
[INFO] [stdout]    5:     0x5638490ac780 - core::fmt::write::h3a39390d8560d9c9
[INFO] [stdout]                                at /rustc/82e1608dfa6e0b5569232559e3d385fea5a93112/library/core/src/fmt/mod.rs:1120:17
[INFO] [stdout]    6:     0x56384907c69f - std::io::Write::write_fmt::h040b369f3a0f9cbc
[INFO] [stdout]                                at /rustc/82e1608dfa6e0b5569232559e3d385fea5a93112/library/std/src/io/mod.rs:1762:15
[INFO] [stdout]    7:     0x56384907f594 - std::sys_common::backtrace::_print::h894006fb5c6f3d45
[INFO] [stdout]                                at /rustc/82e1608dfa6e0b5569232559e3d385fea5a93112/library/std/src/sys_common/backtrace.rs:47:5
[INFO] [stdout]    8:     0x56384907f594 - std::sys_common::backtrace::print::h23a2d212c6fff936
[INFO] [stdout]                                at /rustc/82e1608dfa6e0b5569232559e3d385fea5a93112/library/std/src/sys_common/backtrace.rs:34:9
[INFO] [stdout]    9:     0x563849081257 - std::panicking::default_hook::{{closure}}::h8a1d2ee00185001a
[INFO] [stdout]   10:     0x563849080f43 - std::panicking::default_hook::h6038f2eba384e475
[INFO] [stdout]                                at /rustc/82e1608dfa6e0b5569232559e3d385fea5a93112/library/std/src/panicking.rs:289:9
[INFO] [stdout]   11:     0x563848f79967 - <alloc::boxed::Box<F,A> as core::ops::function::Fn<Args>>::call::h0ad024c9bdc6d768
[INFO] [stdout]                                at /rustc/82e1608dfa6e0b5569232559e3d385fea5a93112/library/alloc/src/boxed.rs:2021:9
[INFO] [stdout]   12:     0x563848f79967 - test::test_main::{{closure}}::h7500b54257359db6
[INFO] [stdout]                                at /rustc/82e1608dfa6e0b5569232559e3d385fea5a93112/library/test/src/lib.rs:138:21
[INFO] [stdout]   13:     0x563849081868 - <alloc::boxed::Box<F,A> as core::ops::function::Fn<Args>>::call::h1f8f335eaa9cfaee
[INFO] [stdout]                                at /rustc/82e1608dfa6e0b5569232559e3d385fea5a93112/library/alloc/src/boxed.rs:2021:9
[INFO] [stdout]   14:     0x563849081868 - std::panicking::rust_panic_with_hook::h2b5517d590cab22e
[INFO] [stdout]                                at /rustc/82e1608dfa6e0b5569232559e3d385fea5a93112/library/std/src/panicking.rs:783:13
[INFO] [stdout]   15:     0x5638490815be - std::panicking::begin_panic_handler::{{closure}}::h233112c06e0ef43e
[INFO] [stdout]                                at /rustc/82e1608dfa6e0b5569232559e3d385fea5a93112/library/std/src/panicking.rs:657:13
[INFO] [stdout]   16:     0x56384907fc76 - std::sys_common::backtrace::__rust_end_short_backtrace::h6e893f24d7ebbff8
[INFO] [stdout]                                at /rustc/82e1608dfa6e0b5569232559e3d385fea5a93112/library/std/src/sys_common/backtrace.rs:170:18
[INFO] [stdout]   17:     0x563849081322 - rust_begin_unwind
[INFO] [stdout]                                at /rustc/82e1608dfa6e0b5569232559e3d385fea5a93112/library/std/src/panicking.rs:645:5
[INFO] [stdout]   18:     0x563848b86605 - core::panicking::panic_fmt::hbf0e066aabfa482c
[INFO] [stdout]                                at /rustc/82e1608dfa6e0b5569232559e3d385fea5a93112/library/core/src/panicking.rs:72:14
[INFO] [stdout]   19:     0x563848b86c33 - core::result::unwrap_failed::hddb4fea594200c52
[INFO] [stdout]                                at /rustc/82e1608dfa6e0b5569232559e3d385fea5a93112/library/core/src/result.rs:1653:5
[INFO] [stdout]   20:     0x563848b919fc - core::result::Result<T,E>::unwrap::h3d0db83210eed508
[INFO] [stdout]                                at /rustc/82e1608dfa6e0b5569232559e3d385fea5a93112/library/core/src/result.rs:1077:23
[INFO] [stdout]   21:     0x563848b8e00d - ebiotic::tools::blast::Blast::run::{{closure}}::h735d53fa20ef34ff
[INFO] [stdout]                                at /opt/rustwide/workdir/src/tools/blast.rs:90:24
[INFO] [stdout]   22:     0x563848b8f463 - lib_test::test_ncbi_blast_full::{{closure}}::h067e20adb9687559
[INFO] [stdout]                                at /opt/rustwide/workdir/tests/lib_test.rs:7:33
[INFO] [stdout]   23:     0x563848b94fd8 - <core::pin::Pin<P> as core::future::future::Future>::poll::h094a7dbe9c0e5e72
[INFO] [stdout]                                at /rustc/82e1608dfa6e0b5569232559e3d385fea5a93112/library/core/src/future/future.rs:125:9
[INFO] [stdout]   24:     0x563848b9502b - <core::pin::Pin<P> as core::future::future::Future>::poll::ha8da34d6b0ad1490
[INFO] [stdout]                                at /rustc/82e1608dfa6e0b5569232559e3d385fea5a93112/library/core/src/future/future.rs:125:9
[INFO] [stdout]   25:     0x563848b8ce54 - tokio::runtime::scheduler::current_thread::CoreGuard::block_on::{{closure}}::{{closure}}::{{closure}}::h7cfc23506ad6c96f
[INFO] [stdout]                                at /opt/rustwide/cargo-home/registry/src/index.crates.io-6f17d22bba15001f/tokio-1.35.1/src/runtime/scheduler/current_thread/mod.rs:665:57
[INFO] [stdout]   26:     0x563848b8cd7a - tokio::runtime::coop::with_budget::h40a9f06cf2f9fffe
[INFO] [stdout]                                at /opt/rustwide/cargo-home/registry/src/index.crates.io-6f17d22bba15001f/tokio-1.35.1/src/runtime/coop.rs:107:5
[INFO] [stdout]   27:     0x563848b8cd7a - tokio::runtime::coop::budget::ha249fe508c567ae9
[INFO] [stdout]                                at /opt/rustwide/cargo-home/registry/src/index.crates.io-6f17d22bba15001f/tokio-1.35.1/src/runtime/coop.rs:73:5
[INFO] [stdout]   28:     0x563848b8cd7a - tokio::runtime::scheduler::current_thread::CoreGuard::block_on::{{closure}}::{{closure}}::h2241f0e417bcaa91
[INFO] [stdout]                                at /opt/rustwide/cargo-home/registry/src/index.crates.io-6f17d22bba15001f/tokio-1.35.1/src/runtime/scheduler/current_thread/mod.rs:665:25
[INFO] [stdout]   29:     0x563848b8ba0c - tokio::runtime::scheduler::current_thread::Context::enter::hf54ed7f5e66070cc
[INFO] [stdout]                                at /opt/rustwide/cargo-home/registry/src/index.crates.io-6f17d22bba15001f/tokio-1.35.1/src/runtime/scheduler/current_thread/mod.rs:410:19
[INFO] [stdout]   30:     0x563848b8c57e - tokio::runtime::scheduler::current_thread::CoreGuard::block_on::{{closure}}::h17d64c70f5ca7159
[INFO] [stdout]                                at /opt/rustwide/cargo-home/registry/src/index.crates.io-6f17d22bba15001f/tokio-1.35.1/src/runtime/scheduler/current_thread/mod.rs:664:36
[INFO] [stdout]   31:     0x563848b8c28b - tokio::runtime::scheduler::current_thread::CoreGuard::enter::{{closure}}::hf290a997c19cc6f8
[INFO] [stdout]                                at /opt/rustwide/cargo-home/registry/src/index.crates.io-6f17d22bba15001f/tokio-1.35.1/src/runtime/scheduler/current_thread/mod.rs:743:68
[INFO] [stdout]   32:     0x563848b9477b - tokio::runtime::context::scoped::Scoped<T>::set::h74bc92e765a130f2
[INFO] [stdout]                                at /opt/rustwide/cargo-home/registry/src/index.crates.io-6f17d22bba15001f/tokio-1.35.1/src/runtime/context/scoped.rs:40:9
[INFO] [stdout]   33:     0x563848b94529 - tokio::runtime::context::set_scheduler::{{closure}}::hf3573ce086141eb7
[INFO] [stdout]                                at /opt/rustwide/cargo-home/registry/src/index.crates.io-6f17d22bba15001f/tokio-1.35.1/src/runtime/context.rs:176:26
[INFO] [stdout]   34:     0x563848b87d66 - std::thread::local::LocalKey<T>::try_with::hb48d061877f078e8
[INFO] [stdout]                                at /rustc/82e1608dfa6e0b5569232559e3d385fea5a93112/library/std/src/thread/local.rs:270:16
[INFO] [stdout]   35:     0x563848b874da - std::thread::local::LocalKey<T>::with::h7537f57b171ea6df
[INFO] [stdout]                                at /rustc/82e1608dfa6e0b5569232559e3d385fea5a93112/library/std/src/thread/local.rs:246:9
[INFO] [stdout]   36:     0x563848b944dd - tokio::runtime::context::set_scheduler::h8ccfec0f2570bcef
[INFO] [stdout]                                at /opt/rustwide/cargo-home/registry/src/index.crates.io-6f17d22bba15001f/tokio-1.35.1/src/runtime/context.rs:176:9
[INFO] [stdout]   37:     0x563848b8c020 - tokio::runtime::scheduler::current_thread::CoreGuard::enter::ha089c5155980971a
[INFO] [stdout]                                at /opt/rustwide/cargo-home/registry/src/index.crates.io-6f17d22bba15001f/tokio-1.35.1/src/runtime/scheduler/current_thread/mod.rs:743:27
[INFO] [stdout]   38:     0x563848b8c2bd - tokio::runtime::scheduler::current_thread::CoreGuard::block_on::ha456e33d80a2caca
[INFO] [stdout]                                at /opt/rustwide/cargo-home/registry/src/index.crates.io-6f17d22bba15001f/tokio-1.35.1/src/runtime/scheduler/current_thread/mod.rs:652:19
[INFO] [stdout]   39:     0x563848b8b1ed - tokio::runtime::scheduler::current_thread::CurrentThread::block_on::{{closure}}::h96407e9c5f5321f8
[INFO] [stdout]                                at /opt/rustwide/cargo-home/registry/src/index.crates.io-6f17d22bba15001f/tokio-1.35.1/src/runtime/scheduler/current_thread/mod.rs:175:28
[INFO] [stdout]   40:     0x563848b8aa9a - tokio::runtime::context::runtime::enter_runtime::hba812c2dd23a0f1e
[INFO] [stdout]                                at /opt/rustwide/cargo-home/registry/src/index.crates.io-6f17d22bba15001f/tokio-1.35.1/src/runtime/context/runtime.rs:65:16
[INFO] [stdout]   41:     0x563848b8b100 - tokio::runtime::scheduler::current_thread::CurrentThread::block_on::h2d2ecf7ef214581a
[INFO] [stdout]                                at /opt/rustwide/cargo-home/registry/src/index.crates.io-6f17d22bba15001f/tokio-1.35.1/src/runtime/scheduler/current_thread/mod.rs:167:9
[INFO] [stdout]   42:     0x563848b9499d - tokio::runtime::runtime::Runtime::block_on::hfef0b60d67d880a3
[INFO] [stdout]                                at /opt/rustwide/cargo-home/registry/src/index.crates.io-6f17d22bba15001f/tokio-1.35.1/src/runtime/runtime.rs:348:47
[INFO] [stdout]   43:     0x563848b8f1e4 - lib_test::test_ncbi_blast_full::h72dfc377fa814e5a
[INFO] [stdout]                                at /opt/rustwide/workdir/tests/lib_test.rs:8:5
[INFO] [stdout]   44:     0x563848b8f067 - lib_test::test_ncbi_blast_full::{{closure}}::hd5bc5a7fcc9d89fe
[INFO] [stdout]                                at /opt/rustwide/workdir/tests/lib_test.rs:4:32
[INFO] [stdout]   45:     0x563848b884b6 - core::ops::function::FnOnce::call_once::h8a589631ee580c89
[INFO] [stdout]                                at /rustc/82e1608dfa6e0b5569232559e3d385fea5a93112/library/core/src/ops/function.rs:250:5
[INFO] [stdout]   46:     0x563848f7efbf - core::ops::function::FnOnce::call_once::h2b5d431d5046312d
[INFO] [stdout]                                at /rustc/82e1608dfa6e0b5569232559e3d385fea5a93112/library/core/src/ops/function.rs:250:5
[INFO] [stdout]   47:     0x563848f7efbf - test::__rust_begin_short_backtrace::h7714669af176e207
[INFO] [stdout]                                at /rustc/82e1608dfa6e0b5569232559e3d385fea5a93112/library/test/src/lib.rs:628:18
[INFO] [stdout]   48:     0x563848f7dfd5 - test::run_test_in_process::{{closure}}::h85218797dcbcec12
[INFO] [stdout]                                at /rustc/82e1608dfa6e0b5569232559e3d385fea5a93112/library/test/src/lib.rs:651:60
[INFO] [stdout]   49:     0x563848f7dfd5 - <core::panic::unwind_safe::AssertUnwindSafe<F> as core::ops::function::FnOnce<()>>::call_once::h76c106ea31c14d7b
[INFO] [stdout]                                at /rustc/82e1608dfa6e0b5569232559e3d385fea5a93112/library/core/src/panic/unwind_safe.rs:272:9
[INFO] [stdout]   50:     0x563848f7dfd5 - std::panicking::try::do_call::h3bd5d0f6620ee946
[INFO] [stdout]                                at /rustc/82e1608dfa6e0b5569232559e3d385fea5a93112/library/std/src/panicking.rs:552:40
[INFO] [stdout]   51:     0x563848f7dfd5 - std::panicking::try::h232e535e4744fe31
[INFO] [stdout]                                at /rustc/82e1608dfa6e0b5569232559e3d385fea5a93112/library/std/src/panicking.rs:516:19
[INFO] [stdout]   52:     0x563848f7dfd5 - std::panic::catch_unwind::h3ce3bd6ca8dbac68
[INFO] [stdout]                                at /rustc/82e1608dfa6e0b5569232559e3d385fea5a93112/library/std/src/panic.rs:142:14
[INFO] [stdout]   53:     0x563848f7dfd5 - test::run_test_in_process::hc97b257c9621286a
[INFO] [stdout]                                at /rustc/82e1608dfa6e0b5569232559e3d385fea5a93112/library/test/src/lib.rs:651:27
[INFO] [stdout]   54:     0x563848f7dfd5 - test::run_test::{{closure}}::h2aa798823a438d38
[INFO] [stdout]                                at /rustc/82e1608dfa6e0b5569232559e3d385fea5a93112/library/test/src/lib.rs:574:43
[INFO] [stdout]   55:     0x563848f46296 - test::run_test::{{closure}}::h87d231c78fb59832
[INFO] [stdout]                                at /rustc/82e1608dfa6e0b5569232559e3d385fea5a93112/library/test/src/lib.rs:602:41
[INFO] [stdout]   56:     0x563848f46296 - std::sys_common::backtrace::__rust_begin_short_backtrace::he6df152596625789
[INFO] [stdout]                                at /rustc/82e1608dfa6e0b5569232559e3d385fea5a93112/library/std/src/sys_common/backtrace.rs:154:18
[INFO] [stdout]   57:     0x563848f4b347 - std::thread::Builder::spawn_unchecked_::{{closure}}::{{closure}}::ha94be15d1e0acf36
[INFO] [stdout]                                at /rustc/82e1608dfa6e0b5569232559e3d385fea5a93112/library/std/src/thread/mod.rs:529:17
[INFO] [stdout]   58:     0x563848f4b347 - <core::panic::unwind_safe::AssertUnwindSafe<F> as core::ops::function::FnOnce<()>>::call_once::h9dc6bd6372f16606
[INFO] [stdout]                                at /rustc/82e1608dfa6e0b5569232559e3d385fea5a93112/library/core/src/panic/unwind_safe.rs:272:9
[INFO] [stdout]   59:     0x563848f4b347 - std::panicking::try::do_call::h9057517f80303cd4
[INFO] [stdout]                                at /rustc/82e1608dfa6e0b5569232559e3d385fea5a93112/library/std/src/panicking.rs:552:40
[INFO] [stdout]   60:     0x563848f4b347 - std::panicking::try::he3a30b11ee45340c
[INFO] [stdout]                                at /rustc/82e1608dfa6e0b5569232559e3d385fea5a93112/library/std/src/panicking.rs:516:19
[INFO] [stdout]   61:     0x563848f4b347 - std::panic::catch_unwind::h410458cfd3528b8b
[INFO] [stdout]                                at /rustc/82e1608dfa6e0b5569232559e3d385fea5a93112/library/std/src/panic.rs:142:14
[INFO] [stdout]   62:     0x563848f4b347 - std::thread::Builder::spawn_unchecked_::{{closure}}::h72ac3bdb567b737b
[INFO] [stdout]                                at /rustc/82e1608dfa6e0b5569232559e3d385fea5a93112/library/std/src/thread/mod.rs:528:30
[INFO] [stdout]   63:     0x563848f4b347 - core::ops::function::FnOnce::call_once{{vtable.shim}}::h38f34da3654a8344
[INFO] [stdout]                                at /rustc/82e1608dfa6e0b5569232559e3d385fea5a93112/library/core/src/ops/function.rs:250:5
[INFO] [stdout]   64:     0x563849086585 - <alloc::boxed::Box<F,A> as core::ops::function::FnOnce<Args>>::call_once::hc7eafaff61e32df9
[INFO] [stdout]                                at /rustc/82e1608dfa6e0b5569232559e3d385fea5a93112/library/alloc/src/boxed.rs:2007:9
[INFO] [stdout]   65:     0x563849086585 - <alloc::boxed::Box<F,A> as core::ops::function::FnOnce<Args>>::call_once::h6ba4a5de48dd2304
[INFO] [stdout]                                at /rustc/82e1608dfa6e0b5569232559e3d385fea5a93112/library/alloc/src/boxed.rs:2007:9
[INFO] [stdout]   66:     0x563849086585 - std::sys::unix::thread::Thread::new::thread_start::he469335aef763e45
[INFO] [stdout]                                at /rustc/82e1608dfa6e0b5569232559e3d385fea5a93112/library/std/src/sys/unix/thread.rs:108:17
[INFO] [stdout]   67:     0x7fdc12ca8ac3 - <unknown>
[INFO] [stdout]   68:     0x7fdc12d39bf4 - __clone
[INFO] [stdout]   69:                0x0 - <unknown>
[INFO] [stdout] 
[INFO] [stdout] 
[INFO] [stdout] failures:
[INFO] [stdout]     test_ncbi_blast_full
[INFO] [stdout] 
[INFO] [stdout] test result: FAILED. 0 passed; 1 failed; 0 ignored; 0 measured; 0 filtered out; finished in 0.08s
[INFO] [stdout] 
[INFO] [stderr] error: test failed, to rerun pass `--test lib_test`
[INFO] running `Command { std: "docker" "inspect" "e43db914d4d73ea029dfd4f07df17b3d3e534e3571581dfdc8ada00d75a021eb", kill_on_drop: false }`
[INFO] running `Command { std: "docker" "rm" "-f" "e43db914d4d73ea029dfd4f07df17b3d3e534e3571581dfdc8ada00d75a021eb", kill_on_drop: false }`
[INFO] [stdout] e43db914d4d73ea029dfd4f07df17b3d3e534e3571581dfdc8ada00d75a021eb
