[INFO] fetching crate easy_proc_derive 0.3.0...
[INFO] testing easy_proc_derive-0.3.0 against 1.75.0 for beta-1.76-1
[INFO] extracting crate easy_proc_derive 0.3.0 into /workspace/builds/worker-2-tc1/source
[INFO] validating manifest of crates.io crate easy_proc_derive 0.3.0 on toolchain 1.75.0
[INFO] running `Command { std: CARGO_HOME="/workspace/cargo-home" RUSTUP_HOME="/workspace/rustup-home" "/workspace/cargo-home/bin/cargo" "+1.75.0" "metadata" "--manifest-path" "Cargo.toml" "--no-deps", kill_on_drop: false }`
[INFO] started tweaking crates.io crate easy_proc_derive 0.3.0
[INFO] finished tweaking crates.io crate easy_proc_derive 0.3.0
[INFO] tweaked toml for crates.io crate easy_proc_derive 0.3.0 written to /workspace/builds/worker-2-tc1/source/Cargo.toml
[INFO] running `Command { std: CARGO_HOME="/workspace/cargo-home" RUSTUP_HOME="/workspace/rustup-home" "/workspace/cargo-home/bin/cargo" "+1.75.0" "generate-lockfile" "--manifest-path" "Cargo.toml", kill_on_drop: false }`
[INFO] [stderr]     Updating crates.io index
[INFO] running `Command { std: CARGO_HOME="/workspace/cargo-home" RUSTUP_HOME="/workspace/rustup-home" "/workspace/cargo-home/bin/cargo" "+1.75.0" "fetch" "--manifest-path" "Cargo.toml", kill_on_drop: false }`
[INFO] [stderr]  Downloading crates ...
[INFO] [stderr]   Downloaded easy_proc_common v0.3.0
[INFO] running `Command { std: "docker" "create" "-v" "/var/lib/crater-agent-workspace/builds/worker-2-tc1/target:/opt/rustwide/target:rw,Z" "-v" "/var/lib/crater-agent-workspace/builds/worker-2-tc1/source:/opt/rustwide/workdir:ro,Z" "-v" "/var/lib/crater-agent-workspace/cargo-home:/opt/rustwide/cargo-home:ro,Z" "-v" "/var/lib/crater-agent-workspace/rustup-home:/opt/rustwide/rustup-home:ro,Z" "-e" "SOURCE_DIR=/opt/rustwide/workdir" "-e" "CARGO_TARGET_DIR=/opt/rustwide/target" "-e" "CARGO_HOME=/opt/rustwide/cargo-home" "-e" "RUSTUP_HOME=/opt/rustwide/rustup-home" "-w" "/opt/rustwide/workdir" "-m" "1610612736" "--user" "0:0" "--network" "none" "ghcr.io/rust-lang/crates-build-env/linux@sha256:2788e3201cd34a07e3172128adcd8b3090168a8e3bcc40d7c032b9dda1df7d1c" "/opt/rustwide/cargo-home/bin/cargo" "+1.75.0" "metadata" "--no-deps" "--format-version=1", kill_on_drop: false }`
[INFO] [stdout] 3945254e1909814e102b6e61fb92f0e8fecdbe00a5393d2bc7397dd69af0beef
[INFO] running `Command { std: "docker" "start" "-a" "3945254e1909814e102b6e61fb92f0e8fecdbe00a5393d2bc7397dd69af0beef", kill_on_drop: false }`
[INFO] running `Command { std: "docker" "inspect" "3945254e1909814e102b6e61fb92f0e8fecdbe00a5393d2bc7397dd69af0beef", kill_on_drop: false }`
[INFO] running `Command { std: "docker" "rm" "-f" "3945254e1909814e102b6e61fb92f0e8fecdbe00a5393d2bc7397dd69af0beef", kill_on_drop: false }`
[INFO] [stdout] 3945254e1909814e102b6e61fb92f0e8fecdbe00a5393d2bc7397dd69af0beef
[INFO] running `Command { std: "docker" "create" "-v" "/var/lib/crater-agent-workspace/builds/worker-2-tc1/target:/opt/rustwide/target:rw,Z" "-v" "/var/lib/crater-agent-workspace/builds/worker-2-tc1/source:/opt/rustwide/workdir:ro,Z" "-v" "/var/lib/crater-agent-workspace/cargo-home:/opt/rustwide/cargo-home:ro,Z" "-v" "/var/lib/crater-agent-workspace/rustup-home:/opt/rustwide/rustup-home:ro,Z" "-e" "SOURCE_DIR=/opt/rustwide/workdir" "-e" "CARGO_TARGET_DIR=/opt/rustwide/target" "-e" "CARGO_INCREMENTAL=0" "-e" "RUST_BACKTRACE=full" "-e" "RUSTFLAGS=--cap-lints=warn" "-e" "RUSTDOCFLAGS=--cap-lints=warn" "-e" "CARGO_HOME=/opt/rustwide/cargo-home" "-e" "RUSTUP_HOME=/opt/rustwide/rustup-home" "-w" "/opt/rustwide/workdir" "-m" "1610612736" "--user" "0:0" "--network" "none" "ghcr.io/rust-lang/crates-build-env/linux@sha256:2788e3201cd34a07e3172128adcd8b3090168a8e3bcc40d7c032b9dda1df7d1c" "/opt/rustwide/cargo-home/bin/cargo" "+1.75.0" "build" "--frozen" "--message-format=json", kill_on_drop: false }`
[INFO] [stdout] 77f6c41de998dc0212cf5bff191a1026eca6b19b78d801704d045bdd7e62148a
[INFO] running `Command { std: "docker" "start" "-a" "77f6c41de998dc0212cf5bff191a1026eca6b19b78d801704d045bdd7e62148a", kill_on_drop: false }`
[INFO] [stderr]    Compiling syn v1.0.109
[INFO] [stderr]    Compiling cpufeatures v0.2.12
[INFO] [stderr]    Compiling typenum v1.17.0
[INFO] [stderr]    Compiling generic-array v0.14.7
[INFO] [stderr]    Compiling proc-macro-error-attr v1.0.4
[INFO] [stderr]    Compiling syn v2.0.48
[INFO] [stderr]    Compiling proc-macro-error v1.0.4
[INFO] [stderr]    Compiling crypto-common v0.1.6
[INFO] [stderr]    Compiling block-buffer v0.10.4
[INFO] [stderr]    Compiling digest v0.10.7
[INFO] [stderr]    Compiling sha2 v0.10.8
[INFO] [stderr]    Compiling easy_proc_common v0.3.0
[INFO] [stderr]    Compiling easy_proc_derive v0.3.0 (/opt/rustwide/workdir)
[INFO] [stderr]     Finished dev [unoptimized + debuginfo] target(s) in 3.28s
[INFO] running `Command { std: "docker" "inspect" "77f6c41de998dc0212cf5bff191a1026eca6b19b78d801704d045bdd7e62148a", kill_on_drop: false }`
[INFO] running `Command { std: "docker" "rm" "-f" "77f6c41de998dc0212cf5bff191a1026eca6b19b78d801704d045bdd7e62148a", kill_on_drop: false }`
[INFO] [stdout] 77f6c41de998dc0212cf5bff191a1026eca6b19b78d801704d045bdd7e62148a
[INFO] running `Command { std: "docker" "create" "-v" "/var/lib/crater-agent-workspace/builds/worker-2-tc1/target:/opt/rustwide/target:rw,Z" "-v" "/var/lib/crater-agent-workspace/builds/worker-2-tc1/source:/opt/rustwide/workdir:ro,Z" "-v" "/var/lib/crater-agent-workspace/cargo-home:/opt/rustwide/cargo-home:ro,Z" "-v" "/var/lib/crater-agent-workspace/rustup-home:/opt/rustwide/rustup-home:ro,Z" "-e" "SOURCE_DIR=/opt/rustwide/workdir" "-e" "CARGO_TARGET_DIR=/opt/rustwide/target" "-e" "CARGO_INCREMENTAL=0" "-e" "RUST_BACKTRACE=full" "-e" "RUSTFLAGS=--cap-lints=warn" "-e" "RUSTDOCFLAGS=--cap-lints=warn" "-e" "CARGO_HOME=/opt/rustwide/cargo-home" "-e" "RUSTUP_HOME=/opt/rustwide/rustup-home" "-w" "/opt/rustwide/workdir" "-m" "1610612736" "--user" "0:0" "--network" "none" "ghcr.io/rust-lang/crates-build-env/linux@sha256:2788e3201cd34a07e3172128adcd8b3090168a8e3bcc40d7c032b9dda1df7d1c" "/opt/rustwide/cargo-home/bin/cargo" "+1.75.0" "test" "--frozen" "--no-run" "--message-format=json", kill_on_drop: false }`
[INFO] [stdout] a984d696454b68643239344691720753564b1c4bf68cdbad7aea9abc133767aa
[INFO] running `Command { std: "docker" "start" "-a" "a984d696454b68643239344691720753564b1c4bf68cdbad7aea9abc133767aa", kill_on_drop: false }`
[INFO] [stderr]    Compiling easy_proc_derive v0.3.0 (/opt/rustwide/workdir)
[INFO] [stderr]     Finished test [unoptimized + debuginfo] target(s) in 0.68s
[INFO] running `Command { std: "docker" "inspect" "a984d696454b68643239344691720753564b1c4bf68cdbad7aea9abc133767aa", kill_on_drop: false }`
[INFO] running `Command { std: "docker" "rm" "-f" "a984d696454b68643239344691720753564b1c4bf68cdbad7aea9abc133767aa", kill_on_drop: false }`
[INFO] [stdout] a984d696454b68643239344691720753564b1c4bf68cdbad7aea9abc133767aa
[INFO] running `Command { std: "docker" "create" "-v" "/var/lib/crater-agent-workspace/builds/worker-2-tc1/target:/opt/rustwide/target:rw,Z" "-v" "/var/lib/crater-agent-workspace/builds/worker-2-tc1/source:/opt/rustwide/workdir:ro,Z" "-v" "/var/lib/crater-agent-workspace/cargo-home:/opt/rustwide/cargo-home:ro,Z" "-v" "/var/lib/crater-agent-workspace/rustup-home:/opt/rustwide/rustup-home:ro,Z" "-e" "SOURCE_DIR=/opt/rustwide/workdir" "-e" "CARGO_TARGET_DIR=/opt/rustwide/target" "-e" "CARGO_INCREMENTAL=0" "-e" "RUST_BACKTRACE=full" "-e" "RUSTFLAGS=--cap-lints=warn" "-e" "RUSTDOCFLAGS=--cap-lints=warn" "-e" "CARGO_HOME=/opt/rustwide/cargo-home" "-e" "RUSTUP_HOME=/opt/rustwide/rustup-home" "-w" "/opt/rustwide/workdir" "-m" "1610612736" "--user" "0:0" "--network" "none" "ghcr.io/rust-lang/crates-build-env/linux@sha256:2788e3201cd34a07e3172128adcd8b3090168a8e3bcc40d7c032b9dda1df7d1c" "/opt/rustwide/cargo-home/bin/cargo" "+1.75.0" "test" "--frozen", kill_on_drop: false }`
[INFO] [stdout] 2e8b6ff043510094fc5c2bf3f472e65146a12e6ee0aeb47fa22c3ac416375d3d
[INFO] running `Command { std: "docker" "start" "-a" "2e8b6ff043510094fc5c2bf3f472e65146a12e6ee0aeb47fa22c3ac416375d3d", kill_on_drop: false }`
[INFO] [stderr]     Finished test [unoptimized + debuginfo] target(s) in 0.02s
[INFO] [stderr]      Running unittests src/lib.rs (/opt/rustwide/target/debug/deps/easy_proc_derive-9a7660a18d74b9de)
[INFO] [stdout] 
[INFO] [stdout] running 0 tests
[INFO] [stdout] 
[INFO] [stdout] test result: ok. 0 passed; 0 failed; 0 ignored; 0 measured; 0 filtered out; finished in 0.00s
[INFO] [stdout] 
[INFO] [stderr]    Doc-tests easy_proc_derive
[INFO] [stdout] 
[INFO] [stdout] running 1 test
[INFO] [stdout] test src/lib.rs - argument_list_derive (line 28) ... FAILED
[INFO] [stdout] 
[INFO] [stdout] failures:
[INFO] [stdout] 
[INFO] [stdout] ---- src/lib.rs - argument_list_derive (line 28) stdout ----
[INFO] [stdout] error[E0432]: unresolved import `easy_proc`
[INFO] [stdout]  --> src/lib.rs:31:5
[INFO] [stdout]   |
[INFO] [stdout] 5 | use easy_proc::ArgumentList;
[INFO] [stdout]   |     ^^^^^^^^^ use of undeclared crate or module `easy_proc`
[INFO] [stdout] 
[INFO] [stdout] error: cannot determine resolution for the derive macro `ArgumentList`
[INFO] [stdout]  --> src/lib.rs:33:10
[INFO] [stdout]   |
[INFO] [stdout] 7 | #[derive(ArgumentList)]
[INFO] [stdout]   |          ^^^^^^^^^^^^
[INFO] [stdout]   |
[INFO] [stdout]   = note: import resolution is stuck, try simplifying macro imports
[INFO] [stdout] 
[INFO] [stdout] error: cannot find attribute `argument` in this scope
[INFO] [stdout]   --> src/lib.rs:36:7
[INFO] [stdout]    |
[INFO] [stdout] 10 |     #[argument(attr_ident)]
[INFO] [stdout]    |       ^^^^^^^^
[INFO] [stdout] 
[INFO] [stdout] error: cannot find attribute `argument` in this scope
[INFO] [stdout]   --> src/lib.rs:39:7
[INFO] [stdout]    |
[INFO] [stdout] 13 |     #[argument(presence)]
[INFO] [stdout]    |       ^^^^^^^^
[INFO] [stdout] 
[INFO] [stdout] error: cannot find attribute `argument` in this scope
[INFO] [stdout]   --> src/lib.rs:47:7
[INFO] [stdout]    |
[INFO] [stdout] 21 |     #[argument(custom)]
[INFO] [stdout]    |       ^^^^^^^^
[INFO] [stdout] 
[INFO] [stdout] error: cannot find attribute `argument` in this scope
[INFO] [stdout]   --> src/lib.rs:50:7
[INFO] [stdout]    |
[INFO] [stdout] 24 |     #[argument(default = Ident::new("default", Span::call_site()))]
[INFO] [stdout]    |       ^^^^^^^^
[INFO] [stdout] 
[INFO] [stdout] error: cannot find attribute `argument` in this scope
[INFO] [stdout]   --> src/lib.rs:55:7
[INFO] [stdout]    |
[INFO] [stdout] 29 |     #[argument(default)]
[INFO] [stdout]    |       ^^^^^^^^
[INFO] [stdout] 
[INFO] [stdout] error: aborting due to 7 previous errors
[INFO] [stdout] 
[INFO] [stdout] For more information about this error, try `rustc --explain E0432`.
[INFO] [stdout] Couldn't compile the test.
[INFO] [stdout] 
[INFO] [stdout] failures:
[INFO] [stdout]     src/lib.rs - argument_list_derive (line 28)
[INFO] [stdout] 
[INFO] [stdout] test result: FAILED. 0 passed; 1 failed; 0 ignored; 0 measured; 0 filtered out; finished in 0.06s
[INFO] [stdout] 
[INFO] [stderr] error: doctest failed, to rerun pass `--doc`
[INFO] running `Command { std: "docker" "inspect" "2e8b6ff043510094fc5c2bf3f472e65146a12e6ee0aeb47fa22c3ac416375d3d", kill_on_drop: false }`
[INFO] running `Command { std: "docker" "rm" "-f" "2e8b6ff043510094fc5c2bf3f472e65146a12e6ee0aeb47fa22c3ac416375d3d", kill_on_drop: false }`
[INFO] [stdout] 2e8b6ff043510094fc5c2bf3f472e65146a12e6ee0aeb47fa22c3ac416375d3d
