[INFO] fetching crate easy_arg 0.2.6...
[INFO] testing easy_arg-0.2.6 against 1.75.0 for beta-1.76-1
[INFO] extracting crate easy_arg 0.2.6 into /workspace/builds/worker-6-tc1/source
[INFO] validating manifest of crates.io crate easy_arg 0.2.6 on toolchain 1.75.0
[INFO] running `Command { std: CARGO_HOME="/workspace/cargo-home" RUSTUP_HOME="/workspace/rustup-home" "/workspace/cargo-home/bin/cargo" "+1.75.0" "metadata" "--manifest-path" "Cargo.toml" "--no-deps", kill_on_drop: false }`
[INFO] started tweaking crates.io crate easy_arg 0.2.6
[INFO] finished tweaking crates.io crate easy_arg 0.2.6
[INFO] tweaked toml for crates.io crate easy_arg 0.2.6 written to /workspace/builds/worker-6-tc1/source/Cargo.toml
[INFO] crate crates.io crate easy_arg 0.2.6 already has a lockfile, it will not be regenerated
[INFO] running `Command { std: CARGO_HOME="/workspace/cargo-home" RUSTUP_HOME="/workspace/rustup-home" "/workspace/cargo-home/bin/cargo" "+1.75.0" "fetch" "--manifest-path" "Cargo.toml", kill_on_drop: false }`
[INFO] running `Command { std: "docker" "create" "-v" "/var/lib/crater-agent-workspace/builds/worker-6-tc1/target:/opt/rustwide/target:rw,Z" "-v" "/var/lib/crater-agent-workspace/builds/worker-6-tc1/source:/opt/rustwide/workdir:ro,Z" "-v" "/var/lib/crater-agent-workspace/cargo-home:/opt/rustwide/cargo-home:ro,Z" "-v" "/var/lib/crater-agent-workspace/rustup-home:/opt/rustwide/rustup-home:ro,Z" "-e" "SOURCE_DIR=/opt/rustwide/workdir" "-e" "CARGO_TARGET_DIR=/opt/rustwide/target" "-e" "CARGO_HOME=/opt/rustwide/cargo-home" "-e" "RUSTUP_HOME=/opt/rustwide/rustup-home" "-w" "/opt/rustwide/workdir" "-m" "1610612736" "--user" "0:0" "--network" "none" "ghcr.io/rust-lang/crates-build-env/linux@sha256:2788e3201cd34a07e3172128adcd8b3090168a8e3bcc40d7c032b9dda1df7d1c" "/opt/rustwide/cargo-home/bin/cargo" "+1.75.0" "metadata" "--no-deps" "--format-version=1", kill_on_drop: false }`
[INFO] [stdout] 8cbda03a5fcaa1aa465bc379b85634c2a278ce698de1fe653ed3a7a9699fb112
[INFO] running `Command { std: "docker" "start" "-a" "8cbda03a5fcaa1aa465bc379b85634c2a278ce698de1fe653ed3a7a9699fb112", kill_on_drop: false }`
[INFO] running `Command { std: "docker" "inspect" "8cbda03a5fcaa1aa465bc379b85634c2a278ce698de1fe653ed3a7a9699fb112", kill_on_drop: false }`
[INFO] running `Command { std: "docker" "rm" "-f" "8cbda03a5fcaa1aa465bc379b85634c2a278ce698de1fe653ed3a7a9699fb112", kill_on_drop: false }`
[INFO] [stdout] 8cbda03a5fcaa1aa465bc379b85634c2a278ce698de1fe653ed3a7a9699fb112
[INFO] running `Command { std: "docker" "create" "-v" "/var/lib/crater-agent-workspace/builds/worker-6-tc1/target:/opt/rustwide/target:rw,Z" "-v" "/var/lib/crater-agent-workspace/builds/worker-6-tc1/source:/opt/rustwide/workdir:ro,Z" "-v" "/var/lib/crater-agent-workspace/cargo-home:/opt/rustwide/cargo-home:ro,Z" "-v" "/var/lib/crater-agent-workspace/rustup-home:/opt/rustwide/rustup-home:ro,Z" "-e" "SOURCE_DIR=/opt/rustwide/workdir" "-e" "CARGO_TARGET_DIR=/opt/rustwide/target" "-e" "CARGO_INCREMENTAL=0" "-e" "RUST_BACKTRACE=full" "-e" "RUSTFLAGS=--cap-lints=warn" "-e" "RUSTDOCFLAGS=--cap-lints=warn" "-e" "CARGO_HOME=/opt/rustwide/cargo-home" "-e" "RUSTUP_HOME=/opt/rustwide/rustup-home" "-w" "/opt/rustwide/workdir" "-m" "1610612736" "--user" "0:0" "--network" "none" "ghcr.io/rust-lang/crates-build-env/linux@sha256:2788e3201cd34a07e3172128adcd8b3090168a8e3bcc40d7c032b9dda1df7d1c" "/opt/rustwide/cargo-home/bin/cargo" "+1.75.0" "build" "--frozen" "--message-format=json", kill_on_drop: false }`
[INFO] [stdout] 2a1149e919f9c8660e7901e49f7fa838baf426a3b76f2483fb6577c1ea6f3b16
[INFO] running `Command { std: "docker" "start" "-a" "2a1149e919f9c8660e7901e49f7fa838baf426a3b76f2483fb6577c1ea6f3b16", kill_on_drop: false }`
[INFO] [stderr]    Compiling memchr v2.5.0
[INFO] [stderr]    Compiling regex-syntax v0.7.2
[INFO] [stderr]    Compiling aho-corasick v1.0.1
[INFO] [stderr]    Compiling regex v1.8.2
[INFO] [stderr]    Compiling easy_arg v0.2.6 (/opt/rustwide/workdir)
[INFO] [stderr]     Finished dev [unoptimized + debuginfo] target(s) in 3.16s
[INFO] running `Command { std: "docker" "inspect" "2a1149e919f9c8660e7901e49f7fa838baf426a3b76f2483fb6577c1ea6f3b16", kill_on_drop: false }`
[INFO] running `Command { std: "docker" "rm" "-f" "2a1149e919f9c8660e7901e49f7fa838baf426a3b76f2483fb6577c1ea6f3b16", kill_on_drop: false }`
[INFO] [stdout] 2a1149e919f9c8660e7901e49f7fa838baf426a3b76f2483fb6577c1ea6f3b16
[INFO] running `Command { std: "docker" "create" "-v" "/var/lib/crater-agent-workspace/builds/worker-6-tc1/target:/opt/rustwide/target:rw,Z" "-v" "/var/lib/crater-agent-workspace/builds/worker-6-tc1/source:/opt/rustwide/workdir:ro,Z" "-v" "/var/lib/crater-agent-workspace/cargo-home:/opt/rustwide/cargo-home:ro,Z" "-v" "/var/lib/crater-agent-workspace/rustup-home:/opt/rustwide/rustup-home:ro,Z" "-e" "SOURCE_DIR=/opt/rustwide/workdir" "-e" "CARGO_TARGET_DIR=/opt/rustwide/target" "-e" "CARGO_INCREMENTAL=0" "-e" "RUST_BACKTRACE=full" "-e" "RUSTFLAGS=--cap-lints=warn" "-e" "RUSTDOCFLAGS=--cap-lints=warn" "-e" "CARGO_HOME=/opt/rustwide/cargo-home" "-e" "RUSTUP_HOME=/opt/rustwide/rustup-home" "-w" "/opt/rustwide/workdir" "-m" "1610612736" "--user" "0:0" "--network" "none" "ghcr.io/rust-lang/crates-build-env/linux@sha256:2788e3201cd34a07e3172128adcd8b3090168a8e3bcc40d7c032b9dda1df7d1c" "/opt/rustwide/cargo-home/bin/cargo" "+1.75.0" "test" "--frozen" "--no-run" "--message-format=json", kill_on_drop: false }`
[INFO] [stdout] 8808cdfd8618ad0b283dbacecef39ebac6b87940f88c13e56f53ed77fac4bb61
[INFO] running `Command { std: "docker" "start" "-a" "8808cdfd8618ad0b283dbacecef39ebac6b87940f88c13e56f53ed77fac4bb61", kill_on_drop: false }`
[INFO] [stderr]    Compiling easy_arg v0.2.6 (/opt/rustwide/workdir)
[INFO] [stderr]     Finished test [unoptimized + debuginfo] target(s) in 0.72s
[INFO] running `Command { std: "docker" "inspect" "8808cdfd8618ad0b283dbacecef39ebac6b87940f88c13e56f53ed77fac4bb61", kill_on_drop: false }`
[INFO] running `Command { std: "docker" "rm" "-f" "8808cdfd8618ad0b283dbacecef39ebac6b87940f88c13e56f53ed77fac4bb61", kill_on_drop: false }`
[INFO] [stdout] 8808cdfd8618ad0b283dbacecef39ebac6b87940f88c13e56f53ed77fac4bb61
[INFO] running `Command { std: "docker" "create" "-v" "/var/lib/crater-agent-workspace/builds/worker-6-tc1/target:/opt/rustwide/target:rw,Z" "-v" "/var/lib/crater-agent-workspace/builds/worker-6-tc1/source:/opt/rustwide/workdir:ro,Z" "-v" "/var/lib/crater-agent-workspace/cargo-home:/opt/rustwide/cargo-home:ro,Z" "-v" "/var/lib/crater-agent-workspace/rustup-home:/opt/rustwide/rustup-home:ro,Z" "-e" "SOURCE_DIR=/opt/rustwide/workdir" "-e" "CARGO_TARGET_DIR=/opt/rustwide/target" "-e" "CARGO_INCREMENTAL=0" "-e" "RUST_BACKTRACE=full" "-e" "RUSTFLAGS=--cap-lints=warn" "-e" "RUSTDOCFLAGS=--cap-lints=warn" "-e" "CARGO_HOME=/opt/rustwide/cargo-home" "-e" "RUSTUP_HOME=/opt/rustwide/rustup-home" "-w" "/opt/rustwide/workdir" "-m" "1610612736" "--user" "0:0" "--network" "none" "ghcr.io/rust-lang/crates-build-env/linux@sha256:2788e3201cd34a07e3172128adcd8b3090168a8e3bcc40d7c032b9dda1df7d1c" "/opt/rustwide/cargo-home/bin/cargo" "+1.75.0" "test" "--frozen", kill_on_drop: false }`
[INFO] [stdout] c9e756023956d78808e430f2361b3ced5b2484c2963b5f893654af997d124913
[INFO] running `Command { std: "docker" "start" "-a" "c9e756023956d78808e430f2361b3ced5b2484c2963b5f893654af997d124913", kill_on_drop: false }`
[INFO] [stderr]     Finished test [unoptimized + debuginfo] target(s) in 0.00s
[INFO] [stderr]      Running unittests src/lib.rs (/opt/rustwide/target/debug/deps/easy_arg-7ff0b380cc5ab9cf)
[INFO] [stdout] 
[INFO] [stdout] running 4 tests
[INFO] [stdout] test envfile::tests::test_load_env ... ok
[INFO] [stdout] test write_test ... ok
[INFO] [stdout] test envfile::tests::test_captures ... ok
[INFO] [stdout] test envfile::tests::test_title ... ok
[INFO] [stdout] 
[INFO] [stdout] test result: ok. 4 passed; 0 failed; 0 ignored; 0 measured; 0 filtered out; finished in 0.02s
[INFO] [stdout] 
[INFO] [stderr]    Doc-tests easy_arg
[INFO] [stdout] 
[INFO] [stdout] running 15 tests
[INFO] [stdout] test src/lib.rs - (line 28) ... FAILED
[INFO] [stdout] test src/lib.rs - (line 149) ... FAILED
[INFO] [stdout] test src/lib.rs - (line 76) ... FAILED
[INFO] [stdout] test src/lib.rs - (line 106) ... FAILED
[INFO] [stdout] test src/lib.rs - (line 111) ... FAILED
[INFO] [stdout] test src/lib.rs - (line 101) ... FAILED
[INFO] [stdout] test src/lib.rs - (line 123) ... FAILED
[INFO] [stdout] test src/lib.rs - (line 129) ... FAILED
[INFO] [stdout] test src/lib.rs - (line 83) ... FAILED
[INFO] [stdout] test src/lib.rs - (line 46) ... FAILED
[INFO] [stdout] test src/lib.rs - (line 134) ... FAILED
[INFO] [stdout] test src/lib.rs - (line 64) ... FAILED
[INFO] [stdout] test src/lib.rs - (line 19) ... FAILED
[INFO] [stdout] test src/lib.rs - (line 118) ... FAILED
[INFO] [stdout] test src/lib.rs - (line 143) ... FAILED
[INFO] [stdout] 
[INFO] [stdout] failures:
[INFO] [stdout] 
[INFO] [stdout] ---- src/lib.rs - (line 28) stdout ----
[INFO] [stdout] error: expected one of `.`, `;`, `?`, `else`, `}`, or an operator, found `✔`
[INFO] [stdout]  --> src/lib.rs:29:13
[INFO] [stdout]   |
[INFO] [stdout] 3 | --p = "abc" ✔
[INFO] [stdout]   |             ^ expected one of `.`, `;`, `?`, `else`, `}`, or an operator
[INFO] [stdout] 
[INFO] [stdout] error: identifiers cannot contain emoji: `✔`
[INFO] [stdout]  --> src/lib.rs:29:13
[INFO] [stdout]   |
[INFO] [stdout] 3 | --p = "abc" ✔
[INFO] [stdout]   |             ^
[INFO] [stdout] 4 | --p=abc     ✔
[INFO] [stdout]   |             ^
[INFO] [stdout] 5 | --p abc     ✔
[INFO] [stdout]   |             ^
[INFO] [stdout] 6 | --p -- abc  ✔ // p = "abc",-- will be ignored
[INFO] [stdout]   |             ^
[INFO] [stdout] 7 | -p          ✔ // p = "true"
[INFO] [stdout]   |             ^
[INFO] [stdout] 8 | -p=abc      ✔
[INFO] [stdout]   |             ^
[INFO] [stdout] 
[INFO] [stdout] error: identifiers cannot contain emoji: `❌`
[INFO] [stdout]  --> src/lib.rs:35:13
[INFO] [stdout]   |
[INFO] [stdout] 9 | --p         ❌
[INFO] [stdout]   |             ^^
[INFO] [stdout] 
[INFO] [stdout] error: aborting due to 3 previous errors
[INFO] [stdout] 
[INFO] [stdout] Couldn't compile the test.
[INFO] [stdout] ---- src/lib.rs - (line 149) stdout ----
[INFO] [stdout] error: expected identifier, found `:`
[INFO] [stdout]  --> src/lib.rs:150:11
[INFO] [stdout]   |
[INFO] [stdout] 3 | Executable: target/debug/xxx
[INFO] [stdout]   |           ^ expected identifier
[INFO] [stdout] 
[INFO] [stdout] error: aborting due to previous error
[INFO] [stdout] 
[INFO] [stdout] Couldn't compile the test.
[INFO] [stdout] ---- src/lib.rs - (line 76) stdout ----
[INFO] [stdout] error: expected `;`, found `DIR2`
[INFO] [stdout]  --> src/lib.rs:77:10
[INFO] [stdout]   |
[INFO] [stdout] 3 | DIR = abc
[INFO] [stdout]   |          ^ help: add `;` here
[INFO] [stdout] 4 | DIR2="dfdadfasfasf" # this is a comment
[INFO] [stdout]   | ---- unexpected token
[INFO] [stdout] 
[INFO] [stdout] error: expected one of `.`, `;`, `?`, `}`, or an operator, found `#`
[INFO] [stdout]  --> src/lib.rs:78:21
[INFO] [stdout]   |
[INFO] [stdout] 4 | DIR2="dfdadfasfasf" # this is a comment
[INFO] [stdout]   |                     ^ expected one of `.`, `;`, `?`, `}`, or an operator
[INFO] [stdout] 
[INFO] [stdout] error: aborting due to 2 previous errors
[INFO] [stdout] 
[INFO] [stdout] Couldn't compile the test.
[INFO] [stdout] ---- src/lib.rs - (line 106) stdout ----
[INFO] [stdout] error[E0425]: cannot find value `easy` in this scope
[INFO] [stdout]  --> src/lib.rs:107:1
[INFO] [stdout]   |
[INFO] [stdout] 3 | easy.get_string("KEY");
[INFO] [stdout]   | ^^^^ not found in this scope
[INFO] [stdout] 
[INFO] [stdout] error: aborting due to previous error
[INFO] [stdout] 
[INFO] [stdout] For more information about this error, try `rustc --explain E0425`.
[INFO] [stdout] Couldn't compile the test.
[INFO] [stdout] ---- src/lib.rs - (line 111) stdout ----
[INFO] [stdout] error[E0425]: cannot find value `easy` in this scope
[INFO] [stdout]  --> src/lib.rs:112:1
[INFO] [stdout]   |
[INFO] [stdout] 3 | easy.must_get_string("IMPORTANT_KEY");
[INFO] [stdout]   | ^^^^ not found in this scope
[INFO] [stdout] 
[INFO] [stdout] error: aborting due to previous error
[INFO] [stdout] 
[INFO] [stdout] For more information about this error, try `rustc --explain E0425`.
[INFO] [stdout] Couldn't compile the test.
[INFO] [stdout] ---- src/lib.rs - (line 101) stdout ----
[INFO] [stdout] error[E0425]: cannot find value `easy` in this scope
[INFO] [stdout]  --> src/lib.rs:102:1
[INFO] [stdout]   |
[INFO] [stdout] 3 | easy.raw_value("KEY");
[INFO] [stdout]   | ^^^^ not found in this scope
[INFO] [stdout] 
[INFO] [stdout] error: aborting due to previous error
[INFO] [stdout] 
[INFO] [stdout] For more information about this error, try `rustc --explain E0425`.
[INFO] [stdout] Couldn't compile the test.
[INFO] [stdout] ---- src/lib.rs - (line 123) stdout ----
[INFO] [stdout] error[E0425]: cannot find value `easy` in this scope
[INFO] [stdout]  --> src/lib.rs:125:1
[INFO] [stdout]   |
[INFO] [stdout] 4 | easy.get_vec("KEY") // the result: vec!["a", "b", "c"]
[INFO] [stdout]   | ^^^^ not found in this scope
[INFO] [stdout] 
[INFO] [stdout] error: aborting due to previous error
[INFO] [stdout] 
[INFO] [stdout] For more information about this error, try `rustc --explain E0425`.
[INFO] [stdout] Couldn't compile the test.
[INFO] [stdout] ---- src/lib.rs - (line 129) stdout ----
[INFO] [stdout] error[E0425]: cannot find value `your_app` in this scope
[INFO] [stdout]  --> src/lib.rs:130:1
[INFO] [stdout]   |
[INFO] [stdout] 3 | your_app -p --s=xbox
[INFO] [stdout]   | ^^^^^^^^ not found in this scope
[INFO] [stdout] 
[INFO] [stdout] error[E0425]: cannot find value `p` in this scope
[INFO] [stdout]  --> src/lib.rs:130:11
[INFO] [stdout]   |
[INFO] [stdout] 3 | your_app -p --s=xbox
[INFO] [stdout]   |           ^ not found in this scope
[INFO] [stdout] 
[INFO] [stdout] error[E0425]: cannot find value `s` in this scope
[INFO] [stdout]  --> src/lib.rs:130:15
[INFO] [stdout]   |
[INFO] [stdout] 3 | your_app -p --s=xbox
[INFO] [stdout]   |               ^ not found in this scope
[INFO] [stdout] 
[INFO] [stdout] error[E0425]: cannot find value `xbox` in this scope
[INFO] [stdout]  --> src/lib.rs:130:17
[INFO] [stdout]   |
[INFO] [stdout] 3 | your_app -p --s=xbox
[INFO] [stdout]   |                 ^^^^ not found in this scope
[INFO] [stdout] 
[INFO] [stdout] error[E0070]: invalid left-hand side of assignment
[INFO] [stdout]  --> src/lib.rs:130:16
[INFO] [stdout]   |
[INFO] [stdout] 3 | your_app -p --s=xbox
[INFO] [stdout]   | ---------------^
[INFO] [stdout]   | |
[INFO] [stdout]   | cannot assign to this expression
[INFO] [stdout] 
[INFO] [stdout] error: aborting due to 5 previous errors
[INFO] [stdout] 
[INFO] [stdout] Some errors have detailed explanations: E0070, E0425.
[INFO] [stdout] For more information about an error, try `rustc --explain E0070`.
[INFO] [stdout] Couldn't compile the test.
[INFO] [stdout] ---- src/lib.rs - (line 83) stdout ----
[INFO] [stdout] error: expected one of `.`, `;`, `?`, `}`, or an operator, found `:`
[INFO] [stdout]  --> src/lib.rs:85:9
[INFO] [stdout]   |
[INFO] [stdout] 4 |     "OK": "true",
[INFO] [stdout]   |         ^ expected one of `.`, `;`, `?`, `}`, or an operator
[INFO] [stdout] 
[INFO] [stdout] error: aborting due to previous error
[INFO] [stdout] 
[INFO] [stdout] Couldn't compile the test.
[INFO] [stdout] ---- src/lib.rs - (line 46) stdout ----
[INFO] [stdout] error[E0433]: failed to resolve: use of undeclared type `EasyArg`
[INFO] [stdout]  --> src/lib.rs:47:12
[INFO] [stdout]   |
[INFO] [stdout] 3 | let easy = EasyArg::new();
[INFO] [stdout]   |            ^^^^^^^ use of undeclared type `EasyArg`
[INFO] [stdout]   |
[INFO] [stdout] help: consider importing this struct
[INFO] [stdout]   |
[INFO] [stdout] 2 + use easy_arg::EasyArg;
[INFO] [stdout]   |
[INFO] [stdout] 
[INFO] [stdout] error: aborting due to previous error
[INFO] [stdout] 
[INFO] [stdout] For more information about this error, try `rustc --explain E0433`.
[INFO] [stdout] Couldn't compile the test.
[INFO] [stdout] ---- src/lib.rs - (line 134) stdout ----
[INFO] [stdout] error: expected `;`, found `easy`
[INFO] [stdout]  --> src/lib.rs:135:23
[INFO] [stdout]   |
[INFO] [stdout] 3 | easy.alias("p", "PS5")
[INFO] [stdout]   |                       ^ help: add `;` here
[INFO] [stdout] 4 |
[INFO] [stdout] 5 | easy.to_string("PS5") // "true"
[INFO] [stdout]   | ---- unexpected token
[INFO] [stdout] 
[INFO] [stdout] error: expected `;`, found `easy`
[INFO] [stdout]  --> src/lib.rs:137:22
[INFO] [stdout]   |
[INFO] [stdout] 5 | easy.to_string("PS5") // "true"
[INFO] [stdout]   |                      ^ help: add `;` here
[INFO] [stdout] 6 | easy.to_string("p") // "true"
[INFO] [stdout]   | ---- unexpected token
[INFO] [stdout] 
[INFO] [stdout] error[E0425]: cannot find value `easy` in this scope
[INFO] [stdout]  --> src/lib.rs:138:1
[INFO] [stdout]   |
[INFO] [stdout] 6 | easy.to_string("p") // "true"
[INFO] [stdout]   | ^^^^ not found in this scope
[INFO] [stdout] 
[INFO] [stdout] error: aborting due to 3 previous errors
[INFO] [stdout] 
[INFO] [stdout] For more information about this error, try `rustc --explain E0425`.
[INFO] [stdout] Couldn't compile the test.
[INFO] [stdout] ---- src/lib.rs - (line 64) stdout ----
[INFO] [stdout] error[E0433]: failed to resolve: use of undeclared type `EasyArg`
[INFO] [stdout]  --> src/lib.rs:65:1
[INFO] [stdout]   |
[INFO] [stdout] 3 | EasyArg::new_with_env("your_file_name");
[INFO] [stdout]   | ^^^^^^^ use of undeclared type `EasyArg`
[INFO] [stdout]   |
[INFO] [stdout] help: consider importing this struct
[INFO] [stdout]   |
[INFO] [stdout] 2 + use easy_arg::EasyArg;
[INFO] [stdout]   |
[INFO] [stdout] 
[INFO] [stdout] error: aborting due to previous error
[INFO] [stdout] 
[INFO] [stdout] For more information about this error, try `rustc --explain E0433`.
[INFO] [stdout] Couldn't compile the test.
[INFO] [stdout] ---- src/lib.rs - (line 19) stdout ----
[INFO] [stdout] error: expected one of `.`, `;`, `?`, `}`, or an operator, found `:`
[INFO] [stdout]  --> src/lib.rs:21:11
[INFO] [stdout]   |
[INFO] [stdout] 4 |     "name": "some_one",
[INFO] [stdout]   |           ^ expected one of `.`, `;`, `?`, `}`, or an operator
[INFO] [stdout] 
[INFO] [stdout] error: aborting due to previous error
[INFO] [stdout] 
[INFO] [stdout] Couldn't compile the test.
[INFO] [stdout] ---- src/lib.rs - (line 118) stdout ----
[INFO] [stdout] error[E0425]: cannot find value `easy` in this scope
[INFO] [stdout]  --> src/lib.rs:119:1
[INFO] [stdout]   |
[INFO] [stdout] 3 | easy.get_bool("KEY");
[INFO] [stdout]   | ^^^^ not found in this scope
[INFO] [stdout] 
[INFO] [stdout] error: aborting due to previous error
[INFO] [stdout] 
[INFO] [stdout] For more information about this error, try `rustc --explain E0425`.
[INFO] [stdout] Couldn't compile the test.
[INFO] [stdout] ---- src/lib.rs - (line 143) stdout ----
[INFO] [stdout] error: expected `;`, found `easy`
[INFO] [stdout]  --> src/lib.rs:144:34
[INFO] [stdout]   |
[INFO] [stdout] 3 | easy.desc_str("a", "description")
[INFO] [stdout]   |                                  ^ help: add `;` here
[INFO] [stdout] 4 | easy.desc_flag("b", "description")
[INFO] [stdout]   | ---- unexpected token
[INFO] [stdout] 
[INFO] [stdout] error[E0425]: cannot find value `easy` in this scope
[INFO] [stdout]  --> src/lib.rs:145:1
[INFO] [stdout]   |
[INFO] [stdout] 4 | easy.desc_flag("b", "description")
[INFO] [stdout]   | ^^^^ not found in this scope
[INFO] [stdout] 
[INFO] [stdout] error: aborting due to 2 previous errors
[INFO] [stdout] 
[INFO] [stdout] For more information about this error, try `rustc --explain E0425`.
[INFO] [stdout] Couldn't compile the test.
[INFO] [stdout] 
[INFO] [stdout] failures:
[INFO] [stdout]     src/lib.rs - (line 101)
[INFO] [stdout]     src/lib.rs - (line 106)
[INFO] [stdout]     src/lib.rs - (line 111)
[INFO] [stdout]     src/lib.rs - (line 118)
[INFO] [stdout]     src/lib.rs - (line 123)
[INFO] [stdout]     src/lib.rs - (line 129)
[INFO] [stdout]     src/lib.rs - (line 134)
[INFO] [stdout]     src/lib.rs - (line 143)
[INFO] [stdout]     src/lib.rs - (line 149)
[INFO] [stdout]     src/lib.rs - (line 19)
[INFO] [stdout]     src/lib.rs - (line 28)
[INFO] [stdout]     src/lib.rs - (line 46)
[INFO] [stdout]     src/lib.rs - (line 64)
[INFO] [stdout]     src/lib.rs - (line 76)
[INFO] [stdout]     src/lib.rs - (line 83)
[INFO] [stdout] 
[INFO] [stdout] test result: FAILED. 0 passed; 15 failed; 0 ignored; 0 measured; 0 filtered out; finished in 0.05s
[INFO] [stdout] 
[INFO] [stderr] error: doctest failed, to rerun pass `--doc`
[INFO] running `Command { std: "docker" "inspect" "c9e756023956d78808e430f2361b3ced5b2484c2963b5f893654af997d124913", kill_on_drop: false }`
[INFO] running `Command { std: "docker" "rm" "-f" "c9e756023956d78808e430f2361b3ced5b2484c2963b5f893654af997d124913", kill_on_drop: false }`
[INFO] [stdout] c9e756023956d78808e430f2361b3ced5b2484c2963b5f893654af997d124913
