[INFO] fetching crate easy_adds 0.1.1...
[INFO] testing easy_adds-0.1.1 against 1.75.0 for beta-1.76-1
[INFO] extracting crate easy_adds 0.1.1 into /workspace/builds/worker-5-tc1/source
[INFO] validating manifest of crates.io crate easy_adds 0.1.1 on toolchain 1.75.0
[INFO] running `Command { std: CARGO_HOME="/workspace/cargo-home" RUSTUP_HOME="/workspace/rustup-home" "/workspace/cargo-home/bin/cargo" "+1.75.0" "metadata" "--manifest-path" "Cargo.toml" "--no-deps", kill_on_drop: false }`
[INFO] started tweaking crates.io crate easy_adds 0.1.1
[INFO] finished tweaking crates.io crate easy_adds 0.1.1
[INFO] tweaked toml for crates.io crate easy_adds 0.1.1 written to /workspace/builds/worker-5-tc1/source/Cargo.toml
[INFO] running `Command { std: CARGO_HOME="/workspace/cargo-home" RUSTUP_HOME="/workspace/rustup-home" "/workspace/cargo-home/bin/cargo" "+1.75.0" "generate-lockfile" "--manifest-path" "Cargo.toml", kill_on_drop: false }`
[INFO] [stderr]     Updating crates.io index
[INFO] running `Command { std: CARGO_HOME="/workspace/cargo-home" RUSTUP_HOME="/workspace/rustup-home" "/workspace/cargo-home/bin/cargo" "+1.75.0" "fetch" "--manifest-path" "Cargo.toml", kill_on_drop: false }`
[INFO] running `Command { std: "docker" "create" "-v" "/var/lib/crater-agent-workspace/builds/worker-5-tc1/target:/opt/rustwide/target:rw,Z" "-v" "/var/lib/crater-agent-workspace/builds/worker-5-tc1/source:/opt/rustwide/workdir:ro,Z" "-v" "/var/lib/crater-agent-workspace/cargo-home:/opt/rustwide/cargo-home:ro,Z" "-v" "/var/lib/crater-agent-workspace/rustup-home:/opt/rustwide/rustup-home:ro,Z" "-e" "SOURCE_DIR=/opt/rustwide/workdir" "-e" "CARGO_TARGET_DIR=/opt/rustwide/target" "-e" "CARGO_HOME=/opt/rustwide/cargo-home" "-e" "RUSTUP_HOME=/opt/rustwide/rustup-home" "-w" "/opt/rustwide/workdir" "-m" "1610612736" "--user" "0:0" "--network" "none" "ghcr.io/rust-lang/crates-build-env/linux@sha256:2788e3201cd34a07e3172128adcd8b3090168a8e3bcc40d7c032b9dda1df7d1c" "/opt/rustwide/cargo-home/bin/cargo" "+1.75.0" "metadata" "--no-deps" "--format-version=1", kill_on_drop: false }`
[INFO] [stdout] a1592339b27bcf98d4bf813dc1c972bf4eb72d5b5f98dc2db62a7f89e8d036b6
[INFO] running `Command { std: "docker" "start" "-a" "a1592339b27bcf98d4bf813dc1c972bf4eb72d5b5f98dc2db62a7f89e8d036b6", kill_on_drop: false }`
[INFO] running `Command { std: "docker" "inspect" "a1592339b27bcf98d4bf813dc1c972bf4eb72d5b5f98dc2db62a7f89e8d036b6", kill_on_drop: false }`
[INFO] running `Command { std: "docker" "rm" "-f" "a1592339b27bcf98d4bf813dc1c972bf4eb72d5b5f98dc2db62a7f89e8d036b6", kill_on_drop: false }`
[INFO] [stdout] a1592339b27bcf98d4bf813dc1c972bf4eb72d5b5f98dc2db62a7f89e8d036b6
[INFO] running `Command { std: "docker" "create" "-v" "/var/lib/crater-agent-workspace/builds/worker-5-tc1/target:/opt/rustwide/target:rw,Z" "-v" "/var/lib/crater-agent-workspace/builds/worker-5-tc1/source:/opt/rustwide/workdir:ro,Z" "-v" "/var/lib/crater-agent-workspace/cargo-home:/opt/rustwide/cargo-home:ro,Z" "-v" "/var/lib/crater-agent-workspace/rustup-home:/opt/rustwide/rustup-home:ro,Z" "-e" "SOURCE_DIR=/opt/rustwide/workdir" "-e" "CARGO_TARGET_DIR=/opt/rustwide/target" "-e" "CARGO_INCREMENTAL=0" "-e" "RUST_BACKTRACE=full" "-e" "RUSTFLAGS=--cap-lints=warn" "-e" "RUSTDOCFLAGS=--cap-lints=warn" "-e" "CARGO_HOME=/opt/rustwide/cargo-home" "-e" "RUSTUP_HOME=/opt/rustwide/rustup-home" "-w" "/opt/rustwide/workdir" "-m" "1610612736" "--user" "0:0" "--network" "none" "ghcr.io/rust-lang/crates-build-env/linux@sha256:2788e3201cd34a07e3172128adcd8b3090168a8e3bcc40d7c032b9dda1df7d1c" "/opt/rustwide/cargo-home/bin/cargo" "+1.75.0" "build" "--frozen" "--message-format=json", kill_on_drop: false }`
[INFO] [stdout] da6eb09686ca93733ffdfeef7320dfba21464d1ed265517cff527227ce2a0207
[INFO] running `Command { std: "docker" "start" "-a" "da6eb09686ca93733ffdfeef7320dfba21464d1ed265517cff527227ce2a0207", kill_on_drop: false }`
[INFO] [stderr]    Compiling autocfg v0.1.8
[INFO] [stderr]    Compiling rand_core v0.4.2
[INFO] [stderr]    Compiling rand_chacha v0.1.1
[INFO] [stderr]    Compiling rand_pcg v0.1.2
[INFO] [stderr]    Compiling rand v0.6.5
[INFO] [stderr]    Compiling rand_core v0.3.1
[INFO] [stderr]    Compiling rand_os v0.1.3
[INFO] [stderr]    Compiling rand_jitter v0.1.4
[INFO] [stderr]    Compiling rand_hc v0.1.0
[INFO] [stderr]    Compiling rand_isaac v0.1.1
[INFO] [stderr]    Compiling rand_xorshift v0.1.1
[INFO] [stderr]    Compiling easy_adds v0.1.1 (/opt/rustwide/workdir)
[INFO] [stderr]     Finished dev [unoptimized + debuginfo] target(s) in 0.88s
[INFO] running `Command { std: "docker" "inspect" "da6eb09686ca93733ffdfeef7320dfba21464d1ed265517cff527227ce2a0207", kill_on_drop: false }`
[INFO] running `Command { std: "docker" "rm" "-f" "da6eb09686ca93733ffdfeef7320dfba21464d1ed265517cff527227ce2a0207", kill_on_drop: false }`
[INFO] [stdout] da6eb09686ca93733ffdfeef7320dfba21464d1ed265517cff527227ce2a0207
[INFO] running `Command { std: "docker" "create" "-v" "/var/lib/crater-agent-workspace/builds/worker-5-tc1/target:/opt/rustwide/target:rw,Z" "-v" "/var/lib/crater-agent-workspace/builds/worker-5-tc1/source:/opt/rustwide/workdir:ro,Z" "-v" "/var/lib/crater-agent-workspace/cargo-home:/opt/rustwide/cargo-home:ro,Z" "-v" "/var/lib/crater-agent-workspace/rustup-home:/opt/rustwide/rustup-home:ro,Z" "-e" "SOURCE_DIR=/opt/rustwide/workdir" "-e" "CARGO_TARGET_DIR=/opt/rustwide/target" "-e" "CARGO_INCREMENTAL=0" "-e" "RUST_BACKTRACE=full" "-e" "RUSTFLAGS=--cap-lints=warn" "-e" "RUSTDOCFLAGS=--cap-lints=warn" "-e" "CARGO_HOME=/opt/rustwide/cargo-home" "-e" "RUSTUP_HOME=/opt/rustwide/rustup-home" "-w" "/opt/rustwide/workdir" "-m" "1610612736" "--user" "0:0" "--network" "none" "ghcr.io/rust-lang/crates-build-env/linux@sha256:2788e3201cd34a07e3172128adcd8b3090168a8e3bcc40d7c032b9dda1df7d1c" "/opt/rustwide/cargo-home/bin/cargo" "+1.75.0" "test" "--frozen" "--no-run" "--message-format=json", kill_on_drop: false }`
[INFO] [stdout] a5ca8528667327833b0edb5ade5a83555d4973cd17f3163af9d829470653960b
[INFO] running `Command { std: "docker" "start" "-a" "a5ca8528667327833b0edb5ade5a83555d4973cd17f3163af9d829470653960b", kill_on_drop: false }`
[INFO] [stderr]    Compiling easy_adds v0.1.1 (/opt/rustwide/workdir)
[INFO] [stderr]     Finished test [unoptimized + debuginfo] target(s) in 0.22s
[INFO] running `Command { std: "docker" "inspect" "a5ca8528667327833b0edb5ade5a83555d4973cd17f3163af9d829470653960b", kill_on_drop: false }`
[INFO] running `Command { std: "docker" "rm" "-f" "a5ca8528667327833b0edb5ade5a83555d4973cd17f3163af9d829470653960b", kill_on_drop: false }`
[INFO] [stdout] a5ca8528667327833b0edb5ade5a83555d4973cd17f3163af9d829470653960b
[INFO] running `Command { std: "docker" "create" "-v" "/var/lib/crater-agent-workspace/builds/worker-5-tc1/target:/opt/rustwide/target:rw,Z" "-v" "/var/lib/crater-agent-workspace/builds/worker-5-tc1/source:/opt/rustwide/workdir:ro,Z" "-v" "/var/lib/crater-agent-workspace/cargo-home:/opt/rustwide/cargo-home:ro,Z" "-v" "/var/lib/crater-agent-workspace/rustup-home:/opt/rustwide/rustup-home:ro,Z" "-e" "SOURCE_DIR=/opt/rustwide/workdir" "-e" "CARGO_TARGET_DIR=/opt/rustwide/target" "-e" "CARGO_INCREMENTAL=0" "-e" "RUST_BACKTRACE=full" "-e" "RUSTFLAGS=--cap-lints=warn" "-e" "RUSTDOCFLAGS=--cap-lints=warn" "-e" "CARGO_HOME=/opt/rustwide/cargo-home" "-e" "RUSTUP_HOME=/opt/rustwide/rustup-home" "-w" "/opt/rustwide/workdir" "-m" "1610612736" "--user" "0:0" "--network" "none" "ghcr.io/rust-lang/crates-build-env/linux@sha256:2788e3201cd34a07e3172128adcd8b3090168a8e3bcc40d7c032b9dda1df7d1c" "/opt/rustwide/cargo-home/bin/cargo" "+1.75.0" "test" "--frozen", kill_on_drop: false }`
[INFO] [stdout] 2eb85eb6411e2958bb0cbd790e6aac7f1a9537daf1a89a08ced91177193af975
[INFO] running `Command { std: "docker" "start" "-a" "2eb85eb6411e2958bb0cbd790e6aac7f1a9537daf1a89a08ced91177193af975", kill_on_drop: false }`
[INFO] [stderr]     Finished test [unoptimized + debuginfo] target(s) in 0.01s
[INFO] [stderr]      Running unittests src/lib.rs (/opt/rustwide/target/debug/deps/easy_adds-7d87079ac6e4fab7)
[INFO] [stdout] 
[INFO] [stdout] running 1 test
[INFO] [stdout] test tests::malou ... ok
[INFO] [stdout] 
[INFO] [stdout] test result: ok. 1 passed; 0 failed; 0 ignored; 0 measured; 0 filtered out; finished in 0.00s
[INFO] [stdout] 
[INFO] [stderr]    Doc-tests easy_adds
[INFO] [stdout] 
[INFO] [stdout] running 2 tests
[INFO] [stdout] test src/lib.rs - (line 13) ... FAILED
[INFO] [stdout] test src/lib.rs - (line 7) ... ok
[INFO] [stdout] 
[INFO] [stdout] failures:
[INFO] [stdout] 
[INFO] [stdout] ---- src/lib.rs - (line 13) stdout ----
[INFO] [stdout] error: expected `;`, found `random`
[INFO] [stdout]  --> src/lib.rs:15:13
[INFO] [stdout]   |
[INFO] [stdout] 4 | random_f64()
[INFO] [stdout]   |             ^ help: add `;` here
[INFO] [stdout] ...
[INFO] [stdout] 7 | random(-5,5)
[INFO] [stdout]   | ------ unexpected token
[INFO] [stdout] 
[INFO] [stdout] error: expected `;`, found `input_`
[INFO] [stdout]   --> src/lib.rs:18:13
[INFO] [stdout]    |
[INFO] [stdout] 7  | random(-5,5)
[INFO] [stdout]    |             ^ help: add `;` here
[INFO] [stdout] ...
[INFO] [stdout] 11 | input_<Type>("Mesage to sended to the user")
[INFO] [stdout]    | ------ unexpected token
[INFO] [stdout] 
[INFO] [stdout] error: comparison operators cannot be chained
[INFO] [stdout]   --> src/lib.rs:22:7
[INFO] [stdout]    |
[INFO] [stdout] 11 | input_<Type>("Mesage to sended to the user")
[INFO] [stdout]    |       ^    ^
[INFO] [stdout]    |
[INFO] [stdout] help: use `::<...>` instead of `<...>` to specify lifetime, type, or const arguments
[INFO] [stdout]    |
[INFO] [stdout] 11 | input_::<Type>("Mesage to sended to the user")
[INFO] [stdout]    |       ++
[INFO] [stdout] 
[INFO] [stdout] error: expected `;`, found `try_input_`
[INFO] [stdout]   --> src/lib.rs:22:45
[INFO] [stdout]    |
[INFO] [stdout] 11 | input_<Type>("Mesage to sended to the user")
[INFO] [stdout]    |                                             ^ help: add `;` here
[INFO] [stdout] ...
[INFO] [stdout] 15 | try_input_<Type>("Mesage to sended to the user")
[INFO] [stdout]    | ---------- unexpected token
[INFO] [stdout] 
[INFO] [stdout] error: comparison operators cannot be chained
[INFO] [stdout]   --> src/lib.rs:26:11
[INFO] [stdout]    |
[INFO] [stdout] 15 | try_input_<Type>("Mesage to sended to the user")
[INFO] [stdout]    |           ^    ^
[INFO] [stdout]    |
[INFO] [stdout] help: use `::<...>` instead of `<...>` to specify lifetime, type, or const arguments
[INFO] [stdout]    |
[INFO] [stdout] 15 | try_input_::<Type>("Mesage to sended to the user")
[INFO] [stdout]    |           ++
[INFO] [stdout] 
[INFO] [stdout] error: aborting due to 5 previous errors
[INFO] [stdout] 
[INFO] [stdout] Couldn't compile the test.
[INFO] [stdout] 
[INFO] [stdout] failures:
[INFO] [stdout]     src/lib.rs - (line 13)
[INFO] [stdout] 
[INFO] [stdout] test result: FAILED. 1 passed; 1 failed; 0 ignored; 0 measured; 0 filtered out; finished in 0.14s
[INFO] [stdout] 
[INFO] [stderr] error: doctest failed, to rerun pass `--doc`
[INFO] running `Command { std: "docker" "inspect" "2eb85eb6411e2958bb0cbd790e6aac7f1a9537daf1a89a08ced91177193af975", kill_on_drop: false }`
[INFO] running `Command { std: "docker" "rm" "-f" "2eb85eb6411e2958bb0cbd790e6aac7f1a9537daf1a89a08ced91177193af975", kill_on_drop: false }`
[INFO] [stdout] 2eb85eb6411e2958bb0cbd790e6aac7f1a9537daf1a89a08ced91177193af975
[INFO] testing easy_adds-0.1.1 against beta-2023-12-22 for beta-1.76-1
[INFO] extracting crate easy_adds 0.1.1 into /workspace/builds/worker-5-tc2/source
[INFO] validating manifest of crates.io crate easy_adds 0.1.1 on toolchain beta-2023-12-22
[INFO] running `Command { std: CARGO_HOME="/workspace/cargo-home" RUSTUP_HOME="/workspace/rustup-home" "/workspace/cargo-home/bin/cargo" "+beta-2023-12-22" "metadata" "--manifest-path" "Cargo.toml" "--no-deps", kill_on_drop: false }`
[INFO] started tweaking crates.io crate easy_adds 0.1.1
[INFO] finished tweaking crates.io crate easy_adds 0.1.1
[INFO] tweaked toml for crates.io crate easy_adds 0.1.1 written to /workspace/builds/worker-5-tc2/source/Cargo.toml
[INFO] running `Command { std: CARGO_HOME="/workspace/cargo-home" RUSTUP_HOME="/workspace/rustup-home" "/workspace/cargo-home/bin/cargo" "+beta-2023-12-22" "generate-lockfile" "--manifest-path" "Cargo.toml", kill_on_drop: false }`
[INFO] [stderr]     Updating crates.io index
[INFO] running `Command { std: CARGO_HOME="/workspace/cargo-home" RUSTUP_HOME="/workspace/rustup-home" "/workspace/cargo-home/bin/cargo" "+beta-2023-12-22" "fetch" "--manifest-path" "Cargo.toml", kill_on_drop: false }`
[INFO] running `Command { std: "docker" "create" "-v" "/var/lib/crater-agent-workspace/builds/worker-5-tc2/target:/opt/rustwide/target:rw,Z" "-v" "/var/lib/crater-agent-workspace/builds/worker-5-tc2/source:/opt/rustwide/workdir:ro,Z" "-v" "/var/lib/crater-agent-workspace/cargo-home:/opt/rustwide/cargo-home:ro,Z" "-v" "/var/lib/crater-agent-workspace/rustup-home:/opt/rustwide/rustup-home:ro,Z" "-e" "SOURCE_DIR=/opt/rustwide/workdir" "-e" "CARGO_TARGET_DIR=/opt/rustwide/target" "-e" "CARGO_HOME=/opt/rustwide/cargo-home" "-e" "RUSTUP_HOME=/opt/rustwide/rustup-home" "-w" "/opt/rustwide/workdir" "-m" "1610612736" "--user" "0:0" "--network" "none" "ghcr.io/rust-lang/crates-build-env/linux@sha256:2788e3201cd34a07e3172128adcd8b3090168a8e3bcc40d7c032b9dda1df7d1c" "/opt/rustwide/cargo-home/bin/cargo" "+beta-2023-12-22" "metadata" "--no-deps" "--format-version=1", kill_on_drop: false }`
[INFO] [stdout] c7cd6df4209a16f6f227f1e2d3f1888b7d57522998446656c3ec57e89f627726
[INFO] running `Command { std: "docker" "start" "-a" "c7cd6df4209a16f6f227f1e2d3f1888b7d57522998446656c3ec57e89f627726", kill_on_drop: false }`
[INFO] running `Command { std: "docker" "inspect" "c7cd6df4209a16f6f227f1e2d3f1888b7d57522998446656c3ec57e89f627726", kill_on_drop: false }`
[INFO] running `Command { std: "docker" "rm" "-f" "c7cd6df4209a16f6f227f1e2d3f1888b7d57522998446656c3ec57e89f627726", kill_on_drop: false }`
[INFO] [stdout] c7cd6df4209a16f6f227f1e2d3f1888b7d57522998446656c3ec57e89f627726
[INFO] running `Command { std: "docker" "create" "-v" "/var/lib/crater-agent-workspace/builds/worker-5-tc2/target:/opt/rustwide/target:rw,Z" "-v" "/var/lib/crater-agent-workspace/builds/worker-5-tc2/source:/opt/rustwide/workdir:ro,Z" "-v" "/var/lib/crater-agent-workspace/cargo-home:/opt/rustwide/cargo-home:ro,Z" "-v" "/var/lib/crater-agent-workspace/rustup-home:/opt/rustwide/rustup-home:ro,Z" "-e" "SOURCE_DIR=/opt/rustwide/workdir" "-e" "CARGO_TARGET_DIR=/opt/rustwide/target" "-e" "CARGO_INCREMENTAL=0" "-e" "RUST_BACKTRACE=full" "-e" "RUSTFLAGS=--cap-lints=warn" "-e" "RUSTDOCFLAGS=--cap-lints=warn" "-e" "CARGO_HOME=/opt/rustwide/cargo-home" "-e" "RUSTUP_HOME=/opt/rustwide/rustup-home" "-w" "/opt/rustwide/workdir" "-m" "1610612736" "--user" "0:0" "--network" "none" "ghcr.io/rust-lang/crates-build-env/linux@sha256:2788e3201cd34a07e3172128adcd8b3090168a8e3bcc40d7c032b9dda1df7d1c" "/opt/rustwide/cargo-home/bin/cargo" "+beta-2023-12-22" "build" "--frozen" "--message-format=json", kill_on_drop: false }`
[INFO] [stdout] 64c7528d82cb90d888326c8e3d0273a3ece86bba4ea2c0c5ae8fd4941d7a3040
[INFO] running `Command { std: "docker" "start" "-a" "64c7528d82cb90d888326c8e3d0273a3ece86bba4ea2c0c5ae8fd4941d7a3040", kill_on_drop: false }`
[INFO] [stderr]    Compiling autocfg v0.1.8
[INFO] [stderr]    Compiling rand_core v0.4.2
[INFO] [stderr]    Compiling rand_chacha v0.1.1
[INFO] [stderr]    Compiling rand_pcg v0.1.2
[INFO] [stderr]    Compiling rand v0.6.5
[INFO] [stderr]    Compiling rand_core v0.3.1
[INFO] [stderr]    Compiling rand_os v0.1.3
[INFO] [stderr]    Compiling rand_jitter v0.1.4
[INFO] [stderr]    Compiling rand_hc v0.1.0
[INFO] [stderr]    Compiling rand_isaac v0.1.1
[INFO] [stderr]    Compiling rand_xorshift v0.1.1
[INFO] [stderr]    Compiling easy_adds v0.1.1 (/opt/rustwide/workdir)
[INFO] [stderr]     Finished dev [unoptimized + debuginfo] target(s) in 0.88s
[INFO] running `Command { std: "docker" "inspect" "64c7528d82cb90d888326c8e3d0273a3ece86bba4ea2c0c5ae8fd4941d7a3040", kill_on_drop: false }`
[INFO] running `Command { std: "docker" "rm" "-f" "64c7528d82cb90d888326c8e3d0273a3ece86bba4ea2c0c5ae8fd4941d7a3040", kill_on_drop: false }`
[INFO] [stdout] 64c7528d82cb90d888326c8e3d0273a3ece86bba4ea2c0c5ae8fd4941d7a3040
[INFO] running `Command { std: "docker" "create" "-v" "/var/lib/crater-agent-workspace/builds/worker-5-tc2/target:/opt/rustwide/target:rw,Z" "-v" "/var/lib/crater-agent-workspace/builds/worker-5-tc2/source:/opt/rustwide/workdir:ro,Z" "-v" "/var/lib/crater-agent-workspace/cargo-home:/opt/rustwide/cargo-home:ro,Z" "-v" "/var/lib/crater-agent-workspace/rustup-home:/opt/rustwide/rustup-home:ro,Z" "-e" "SOURCE_DIR=/opt/rustwide/workdir" "-e" "CARGO_TARGET_DIR=/opt/rustwide/target" "-e" "CARGO_INCREMENTAL=0" "-e" "RUST_BACKTRACE=full" "-e" "RUSTFLAGS=--cap-lints=warn" "-e" "RUSTDOCFLAGS=--cap-lints=warn" "-e" "CARGO_HOME=/opt/rustwide/cargo-home" "-e" "RUSTUP_HOME=/opt/rustwide/rustup-home" "-w" "/opt/rustwide/workdir" "-m" "1610612736" "--user" "0:0" "--network" "none" "ghcr.io/rust-lang/crates-build-env/linux@sha256:2788e3201cd34a07e3172128adcd8b3090168a8e3bcc40d7c032b9dda1df7d1c" "/opt/rustwide/cargo-home/bin/cargo" "+beta-2023-12-22" "test" "--frozen" "--no-run" "--message-format=json", kill_on_drop: false }`
[INFO] [stdout] 05fd16386c9280017b22ebafc1de7e09881b36839490a0aeaf68688fcbadcf19
[INFO] running `Command { std: "docker" "start" "-a" "05fd16386c9280017b22ebafc1de7e09881b36839490a0aeaf68688fcbadcf19", kill_on_drop: false }`
[INFO] [stderr]    Compiling easy_adds v0.1.1 (/opt/rustwide/workdir)
[INFO] [stderr]     Finished test [unoptimized + debuginfo] target(s) in 0.23s
[INFO] running `Command { std: "docker" "inspect" "05fd16386c9280017b22ebafc1de7e09881b36839490a0aeaf68688fcbadcf19", kill_on_drop: false }`
[INFO] running `Command { std: "docker" "rm" "-f" "05fd16386c9280017b22ebafc1de7e09881b36839490a0aeaf68688fcbadcf19", kill_on_drop: false }`
[INFO] [stdout] 05fd16386c9280017b22ebafc1de7e09881b36839490a0aeaf68688fcbadcf19
[INFO] running `Command { std: "docker" "create" "-v" "/var/lib/crater-agent-workspace/builds/worker-5-tc2/target:/opt/rustwide/target:rw,Z" "-v" "/var/lib/crater-agent-workspace/builds/worker-5-tc2/source:/opt/rustwide/workdir:ro,Z" "-v" "/var/lib/crater-agent-workspace/cargo-home:/opt/rustwide/cargo-home:ro,Z" "-v" "/var/lib/crater-agent-workspace/rustup-home:/opt/rustwide/rustup-home:ro,Z" "-e" "SOURCE_DIR=/opt/rustwide/workdir" "-e" "CARGO_TARGET_DIR=/opt/rustwide/target" "-e" "CARGO_INCREMENTAL=0" "-e" "RUST_BACKTRACE=full" "-e" "RUSTFLAGS=--cap-lints=warn" "-e" "RUSTDOCFLAGS=--cap-lints=warn" "-e" "CARGO_HOME=/opt/rustwide/cargo-home" "-e" "RUSTUP_HOME=/opt/rustwide/rustup-home" "-w" "/opt/rustwide/workdir" "-m" "1610612736" "--user" "0:0" "--network" "none" "ghcr.io/rust-lang/crates-build-env/linux@sha256:2788e3201cd34a07e3172128adcd8b3090168a8e3bcc40d7c032b9dda1df7d1c" "/opt/rustwide/cargo-home/bin/cargo" "+beta-2023-12-22" "test" "--frozen", kill_on_drop: false }`
[INFO] [stdout] eefb75e8efefa200bfe1de54552610776fce49af75db8cb324e7fb9388222b83
[INFO] running `Command { std: "docker" "start" "-a" "eefb75e8efefa200bfe1de54552610776fce49af75db8cb324e7fb9388222b83", kill_on_drop: false }`
[INFO] [stderr]     Finished test [unoptimized + debuginfo] target(s) in 0.01s
[INFO] [stderr]      Running unittests src/lib.rs (/opt/rustwide/target/debug/deps/easy_adds-6e5234b13ab94417)
[INFO] [stdout] 
[INFO] [stdout] running 1 test
[INFO] [stdout] test tests::malou ... ok
[INFO] [stdout] 
[INFO] [stdout] test result: ok. 1 passed; 0 failed; 0 ignored; 0 measured; 0 filtered out; finished in 0.00s
[INFO] [stdout] 
[INFO] [stderr]    Doc-tests easy_adds
[INFO] [stdout] 
[INFO] [stdout] running 2 tests
[INFO] [stdout] test src/lib.rs - (line 13) ... FAILED
[INFO] [stdout] test src/lib.rs - (line 7) ... ok
[INFO] [stdout] 
[INFO] [stdout] failures:
[INFO] [stdout] 
[INFO] [stdout] ---- src/lib.rs - (line 13) stdout ----
[INFO] [stdout] error: expected `;`, found `random`
[INFO] [stdout]  --> src/lib.rs:15:13
[INFO] [stdout]   |
[INFO] [stdout] 4 | random_f64()
[INFO] [stdout]   |             ^ help: add `;` here
[INFO] [stdout] ...
[INFO] [stdout] 7 | random(-5,5)
[INFO] [stdout]   | ------ unexpected token
[INFO] [stdout] 
[INFO] [stdout] error: expected `;`, found `input_`
[INFO] [stdout]   --> src/lib.rs:18:13
[INFO] [stdout]    |
[INFO] [stdout] 7  | random(-5,5)
[INFO] [stdout]    |             ^ help: add `;` here
[INFO] [stdout] ...
[INFO] [stdout] 11 | input_<Type>("Mesage to sended to the user")
[INFO] [stdout]    | ------ unexpected token
[INFO] [stdout] 
[INFO] [stdout] error: comparison operators cannot be chained
[INFO] [stdout]   --> src/lib.rs:22:7
[INFO] [stdout]    |
[INFO] [stdout] 11 | input_<Type>("Mesage to sended to the user")
[INFO] [stdout]    |       ^    ^
[INFO] [stdout]    |
[INFO] [stdout] help: use `::<...>` instead of `<...>` to specify lifetime, type, or const arguments
[INFO] [stdout]    |
[INFO] [stdout] 11 | input_::<Type>("Mesage to sended to the user")
[INFO] [stdout]    |       ++
[INFO] [stdout] 
[INFO] [stdout] error: expected `;`, found `try_input_`
[INFO] [stdout]   --> src/lib.rs:22:45
[INFO] [stdout]    |
[INFO] [stdout] 11 | input_<Type>("Mesage to sended to the user")
[INFO] [stdout]    |                                             ^ help: add `;` here
[INFO] [stdout] ...
[INFO] [stdout] 15 | try_input_<Type>("Mesage to sended to the user")
[INFO] [stdout]    | ---------- unexpected token
[INFO] [stdout] 
[INFO] [stdout] error: comparison operators cannot be chained
[INFO] [stdout]   --> src/lib.rs:26:11
[INFO] [stdout]    |
[INFO] [stdout] 15 | try_input_<Type>("Mesage to sended to the user")
[INFO] [stdout]    |           ^    ^
[INFO] [stdout]    |
[INFO] [stdout] help: use `::<...>` instead of `<...>` to specify lifetime, type, or const arguments
[INFO] [stdout]    |
[INFO] [stdout] 15 | try_input_::<Type>("Mesage to sended to the user")
[INFO] [stdout]    |           ++
[INFO] [stdout] 
[INFO] [stdout] error: aborting due to 5 previous errors
[INFO] [stdout] 
[INFO] [stdout] Couldn't compile the test.
[INFO] [stdout] 
[INFO] [stdout] failures:
[INFO] [stdout]     src/lib.rs - (line 13)
[INFO] [stdout] 
[INFO] [stdout] test result: FAILED. 1 passed; 1 failed; 0 ignored; 0 measured; 0 filtered out; finished in 0.13s
[INFO] [stdout] 
[INFO] [stderr] error: doctest failed, to rerun pass `--doc`
[INFO] running `Command { std: "docker" "inspect" "eefb75e8efefa200bfe1de54552610776fce49af75db8cb324e7fb9388222b83", kill_on_drop: false }`
[INFO] running `Command { std: "docker" "rm" "-f" "eefb75e8efefa200bfe1de54552610776fce49af75db8cb324e7fb9388222b83", kill_on_drop: false }`
[INFO] [stdout] eefb75e8efefa200bfe1de54552610776fce49af75db8cb324e7fb9388222b83
