[INFO] fetching crate easy-sgr 0.1.1...
[INFO] testing easy-sgr-0.1.1 against 1.75.0 for beta-1.76-1
[INFO] extracting crate easy-sgr 0.1.1 into /workspace/builds/worker-4-tc1/source
[INFO] validating manifest of crates.io crate easy-sgr 0.1.1 on toolchain 1.75.0
[INFO] running `Command { std: CARGO_HOME="/workspace/cargo-home" RUSTUP_HOME="/workspace/rustup-home" "/workspace/cargo-home/bin/cargo" "+1.75.0" "metadata" "--manifest-path" "Cargo.toml" "--no-deps", kill_on_drop: false }`
[INFO] started tweaking crates.io crate easy-sgr 0.1.1
[INFO] finished tweaking crates.io crate easy-sgr 0.1.1
[INFO] tweaked toml for crates.io crate easy-sgr 0.1.1 written to /workspace/builds/worker-4-tc1/source/Cargo.toml
[INFO] running `Command { std: CARGO_HOME="/workspace/cargo-home" RUSTUP_HOME="/workspace/rustup-home" "/workspace/cargo-home/bin/cargo" "+1.75.0" "generate-lockfile" "--manifest-path" "Cargo.toml", kill_on_drop: false }`
[INFO] [stderr]     Updating crates.io index
[INFO] running `Command { std: CARGO_HOME="/workspace/cargo-home" RUSTUP_HOME="/workspace/rustup-home" "/workspace/cargo-home/bin/cargo" "+1.75.0" "fetch" "--manifest-path" "Cargo.toml", kill_on_drop: false }`
[INFO] [stderr]  Downloading crates ...
[INFO] [stderr]   Downloaded easy-sgr-macros v0.1.0
[INFO] running `Command { std: "docker" "create" "-v" "/var/lib/crater-agent-workspace/builds/worker-4-tc1/target:/opt/rustwide/target:rw,Z" "-v" "/var/lib/crater-agent-workspace/builds/worker-4-tc1/source:/opt/rustwide/workdir:ro,Z" "-v" "/var/lib/crater-agent-workspace/cargo-home:/opt/rustwide/cargo-home:ro,Z" "-v" "/var/lib/crater-agent-workspace/rustup-home:/opt/rustwide/rustup-home:ro,Z" "-e" "SOURCE_DIR=/opt/rustwide/workdir" "-e" "CARGO_TARGET_DIR=/opt/rustwide/target" "-e" "CARGO_HOME=/opt/rustwide/cargo-home" "-e" "RUSTUP_HOME=/opt/rustwide/rustup-home" "-w" "/opt/rustwide/workdir" "-m" "1610612736" "--user" "0:0" "--network" "none" "ghcr.io/rust-lang/crates-build-env/linux@sha256:2788e3201cd34a07e3172128adcd8b3090168a8e3bcc40d7c032b9dda1df7d1c" "/opt/rustwide/cargo-home/bin/cargo" "+1.75.0" "metadata" "--no-deps" "--format-version=1", kill_on_drop: false }`
[INFO] [stdout] 521485a70c96e4f28747f473c7948dc5b8fb4c9c39fa4820836745599ac132ee
[INFO] running `Command { std: "docker" "start" "-a" "521485a70c96e4f28747f473c7948dc5b8fb4c9c39fa4820836745599ac132ee", kill_on_drop: false }`
[INFO] running `Command { std: "docker" "inspect" "521485a70c96e4f28747f473c7948dc5b8fb4c9c39fa4820836745599ac132ee", kill_on_drop: false }`
[INFO] running `Command { std: "docker" "rm" "-f" "521485a70c96e4f28747f473c7948dc5b8fb4c9c39fa4820836745599ac132ee", kill_on_drop: false }`
[INFO] [stdout] 521485a70c96e4f28747f473c7948dc5b8fb4c9c39fa4820836745599ac132ee
[INFO] running `Command { std: "docker" "create" "-v" "/var/lib/crater-agent-workspace/builds/worker-4-tc1/target:/opt/rustwide/target:rw,Z" "-v" "/var/lib/crater-agent-workspace/builds/worker-4-tc1/source:/opt/rustwide/workdir:ro,Z" "-v" "/var/lib/crater-agent-workspace/cargo-home:/opt/rustwide/cargo-home:ro,Z" "-v" "/var/lib/crater-agent-workspace/rustup-home:/opt/rustwide/rustup-home:ro,Z" "-e" "SOURCE_DIR=/opt/rustwide/workdir" "-e" "CARGO_TARGET_DIR=/opt/rustwide/target" "-e" "CARGO_INCREMENTAL=0" "-e" "RUST_BACKTRACE=full" "-e" "RUSTFLAGS=--cap-lints=warn" "-e" "RUSTDOCFLAGS=--cap-lints=warn" "-e" "CARGO_HOME=/opt/rustwide/cargo-home" "-e" "RUSTUP_HOME=/opt/rustwide/rustup-home" "-w" "/opt/rustwide/workdir" "-m" "1610612736" "--user" "0:0" "--network" "none" "ghcr.io/rust-lang/crates-build-env/linux@sha256:2788e3201cd34a07e3172128adcd8b3090168a8e3bcc40d7c032b9dda1df7d1c" "/opt/rustwide/cargo-home/bin/cargo" "+1.75.0" "build" "--frozen" "--message-format=json", kill_on_drop: false }`
[INFO] [stdout] 7999add262842c4cf7c8fd8511e1d77d7cf1b28edd4f2f2ebcc5d034f46780b7
[INFO] running `Command { std: "docker" "start" "-a" "7999add262842c4cf7c8fd8511e1d77d7cf1b28edd4f2f2ebcc5d034f46780b7", kill_on_drop: false }`
[INFO] [stderr]    Compiling easy-sgr v0.1.1 (/opt/rustwide/workdir)
[INFO] [stderr]     Finished dev [unoptimized + debuginfo] target(s) in 0.17s
[INFO] running `Command { std: "docker" "inspect" "7999add262842c4cf7c8fd8511e1d77d7cf1b28edd4f2f2ebcc5d034f46780b7", kill_on_drop: false }`
[INFO] running `Command { std: "docker" "rm" "-f" "7999add262842c4cf7c8fd8511e1d77d7cf1b28edd4f2f2ebcc5d034f46780b7", kill_on_drop: false }`
[INFO] [stdout] 7999add262842c4cf7c8fd8511e1d77d7cf1b28edd4f2f2ebcc5d034f46780b7
[INFO] running `Command { std: "docker" "create" "-v" "/var/lib/crater-agent-workspace/builds/worker-4-tc1/target:/opt/rustwide/target:rw,Z" "-v" "/var/lib/crater-agent-workspace/builds/worker-4-tc1/source:/opt/rustwide/workdir:ro,Z" "-v" "/var/lib/crater-agent-workspace/cargo-home:/opt/rustwide/cargo-home:ro,Z" "-v" "/var/lib/crater-agent-workspace/rustup-home:/opt/rustwide/rustup-home:ro,Z" "-e" "SOURCE_DIR=/opt/rustwide/workdir" "-e" "CARGO_TARGET_DIR=/opt/rustwide/target" "-e" "CARGO_INCREMENTAL=0" "-e" "RUST_BACKTRACE=full" "-e" "RUSTFLAGS=--cap-lints=warn" "-e" "RUSTDOCFLAGS=--cap-lints=warn" "-e" "CARGO_HOME=/opt/rustwide/cargo-home" "-e" "RUSTUP_HOME=/opt/rustwide/rustup-home" "-w" "/opt/rustwide/workdir" "-m" "1610612736" "--user" "0:0" "--network" "none" "ghcr.io/rust-lang/crates-build-env/linux@sha256:2788e3201cd34a07e3172128adcd8b3090168a8e3bcc40d7c032b9dda1df7d1c" "/opt/rustwide/cargo-home/bin/cargo" "+1.75.0" "test" "--frozen" "--no-run" "--message-format=json", kill_on_drop: false }`
[INFO] [stdout] 8b8bf1204a63e9941312cbd77e26b3642359c246315458a957797e4b11553cbe
[INFO] running `Command { std: "docker" "start" "-a" "8b8bf1204a63e9941312cbd77e26b3642359c246315458a957797e4b11553cbe", kill_on_drop: false }`
[INFO] [stderr]    Compiling easy-sgr v0.1.1 (/opt/rustwide/workdir)
[INFO] [stderr]     Finished test [unoptimized + debuginfo] target(s) in 0.26s
[INFO] running `Command { std: "docker" "inspect" "8b8bf1204a63e9941312cbd77e26b3642359c246315458a957797e4b11553cbe", kill_on_drop: false }`
[INFO] running `Command { std: "docker" "rm" "-f" "8b8bf1204a63e9941312cbd77e26b3642359c246315458a957797e4b11553cbe", kill_on_drop: false }`
[INFO] [stdout] 8b8bf1204a63e9941312cbd77e26b3642359c246315458a957797e4b11553cbe
[INFO] running `Command { std: "docker" "create" "-v" "/var/lib/crater-agent-workspace/builds/worker-4-tc1/target:/opt/rustwide/target:rw,Z" "-v" "/var/lib/crater-agent-workspace/builds/worker-4-tc1/source:/opt/rustwide/workdir:ro,Z" "-v" "/var/lib/crater-agent-workspace/cargo-home:/opt/rustwide/cargo-home:ro,Z" "-v" "/var/lib/crater-agent-workspace/rustup-home:/opt/rustwide/rustup-home:ro,Z" "-e" "SOURCE_DIR=/opt/rustwide/workdir" "-e" "CARGO_TARGET_DIR=/opt/rustwide/target" "-e" "CARGO_INCREMENTAL=0" "-e" "RUST_BACKTRACE=full" "-e" "RUSTFLAGS=--cap-lints=warn" "-e" "RUSTDOCFLAGS=--cap-lints=warn" "-e" "CARGO_HOME=/opt/rustwide/cargo-home" "-e" "RUSTUP_HOME=/opt/rustwide/rustup-home" "-w" "/opt/rustwide/workdir" "-m" "1610612736" "--user" "0:0" "--network" "none" "ghcr.io/rust-lang/crates-build-env/linux@sha256:2788e3201cd34a07e3172128adcd8b3090168a8e3bcc40d7c032b9dda1df7d1c" "/opt/rustwide/cargo-home/bin/cargo" "+1.75.0" "test" "--frozen", kill_on_drop: false }`
[INFO] [stdout] f988dcecfd2a712ec20851ddab2cd16c70f3eed2ff03ebdf6f194a3b4bec2e2b
[INFO] running `Command { std: "docker" "start" "-a" "f988dcecfd2a712ec20851ddab2cd16c70f3eed2ff03ebdf6f194a3b4bec2e2b", kill_on_drop: false }`
[INFO] [stderr]     Finished test [unoptimized + debuginfo] target(s) in 0.00s
[INFO] [stderr]      Running unittests src/lib.rs (/opt/rustwide/target/debug/deps/easy_sgr-cf2b9ff46c8bcc3d)
[INFO] [stdout] 
[INFO] [stdout] running 0 tests
[INFO] [stdout] 
[INFO] [stdout] test result: ok. 0 passed; 0 failed; 0 ignored; 0 measured; 0 filtered out; finished in 0.00s
[INFO] [stdout] 
[INFO] [stderr]      Running tests/discrete.rs (/opt/rustwide/target/debug/deps/discrete-7ec7db138ea87526)
[INFO] [stdout] 
[INFO] [stdout] running 5 tests
[INFO] [stdout] test normal::byte_color ... ok
[INFO] [stdout] test normal::styles ... ok
[INFO] [stdout] test seq ... ok
[INFO] [stdout] test normal::standard_colors ... ok
[INFO] [stdout] test normal::rgb_color ... ok
[INFO] [stdout] 
[INFO] [stdout] test result: ok. 5 passed; 0 failed; 0 ignored; 0 measured; 0 filtered out; finished in 0.01s
[INFO] [stdout] 
[INFO] [stderr]      Running tests/graphics.rs (/opt/rustwide/target/debug/deps/graphics-914aff7e2a9d2d9b)
[INFO] [stdout] 
[INFO] [stdout] running 6 tests
[INFO] [stdout] test colors ... ok
[INFO] [stdout] test easy_sgr ... ok
[INFO] [stdout] test easy_sgr_color ... ok
[INFO] [stdout] test easy_sgr_style ... ok
[INFO] [stdout] test fully_loaded ... ok
[INFO] [stdout] test general ... ok
[INFO] [stdout] 
[INFO] [stdout] test result: ok. 6 passed; 0 failed; 0 ignored; 0 measured; 0 filtered out; finished in 0.00s
[INFO] [stdout] 
[INFO] [stderr]      Running tests/macro.rs (/opt/rustwide/target/debug/deps/macro-5d00c7b5816da8f2)
[INFO] [stdout] 
[INFO] [stdout] running 0 tests
[INFO] [stdout] 
[INFO] [stdout] test result: ok. 0 passed; 0 failed; 0 ignored; 0 measured; 0 filtered out; finished in 0.00s
[INFO] [stdout] 
[INFO] [stderr]      Running tests/writing.rs (/opt/rustwide/target/debug/deps/writing-aa4a01adfe66adb1)
[INFO] [stdout] 
[INFO] [stdout] running 2 tests
[INFO] [stdout] test sgr_builder ... ok
[INFO] [stdout] test sgr_writer ... ok
[INFO] [stdout] 
[INFO] [stdout] test result: ok. 2 passed; 0 failed; 0 ignored; 0 measured; 0 filtered out; finished in 0.00s
[INFO] [stdout] 
[INFO] [stderr]    Doc-tests easy-sgr
[INFO] [stdout] 
[INFO] [stdout] running 13 tests
[INFO] [stdout] test src/lib.rs - (line 34) ... FAILED
[INFO] [stdout] test src/graphics.rs - graphics::EasySGR::to_sgr (line 309) ... ok
[INFO] [stdout] test src/lib.rs - (line 51) ... ok
[INFO] [stdout] test src/discrete/mod.rs - discrete::Seq (line 17) ... ok
[INFO] [stdout] test src/discrete/mod.rs - discrete::Style (line 41) ... ok
[INFO] [stdout] test src/discrete/mod.rs - discrete::Color (line 127) ... ok
[INFO] [stdout] test src/lib.rs - (line 164) ... ok
[INFO] [stdout] test src/lib.rs - (line 117) ... ok
[INFO] [stdout] test src/lib.rs - (line 102) ... ok
[INFO] [stdout] test src/graphics.rs - graphics::SGRString (line 15) ... ok
[INFO] [stdout] test src/lib.rs - (line 78) ... ok
[INFO] [stdout] test src/lib.rs - (line 131) ... ok
[INFO] [stdout] test src/lib.rs - (line 143) ... ok
[INFO] [stdout] 
[INFO] [stdout] failures:
[INFO] [stdout] 
[INFO] [stdout] ---- src/lib.rs - (line 34) stdout ----
[INFO] [stdout] error: invalid format string: expected `'}'`, found `'['`
[INFO] [stdout]  --> src/lib.rs:38:12
[INFO] [stdout]   |
[INFO] [stdout] 7 | println!("{[italic red]}This should be italic & red!{[]}");
[INFO] [stdout]   |           -^ expected `'}'` in format string
[INFO] [stdout]   |           |
[INFO] [stdout]   |           because of this opening brace
[INFO] [stdout]   |
[INFO] [stdout]   = note: if you intended to print `{`, you can escape it using `{{`
[INFO] [stdout] 
[INFO] [stdout] error[E0432]: unresolved import `easy_sgr::println`
[INFO] [stdout]  --> src/lib.rs:36:5
[INFO] [stdout]   |
[INFO] [stdout] 5 | use easy_sgr::println;
[INFO] [stdout]   |     ^^^^^^^^^^^^^^^^^ no `println` in the root
[INFO] [stdout] 
[INFO] [stdout] error: aborting due to 2 previous errors
[INFO] [stdout] 
[INFO] [stdout] For more information about this error, try `rustc --explain E0432`.
[INFO] [stdout] Couldn't compile the test.
[INFO] [stdout] 
[INFO] [stdout] failures:
[INFO] [stdout]     src/lib.rs - (line 34)
[INFO] [stdout] 
[INFO] [stdout] test result: FAILED. 12 passed; 1 failed; 0 ignored; 0 measured; 0 filtered out; finished in 0.22s
[INFO] [stdout] 
[INFO] [stderr] error: doctest failed, to rerun pass `--doc`
[INFO] running `Command { std: "docker" "inspect" "f988dcecfd2a712ec20851ddab2cd16c70f3eed2ff03ebdf6f194a3b4bec2e2b", kill_on_drop: false }`
[INFO] running `Command { std: "docker" "rm" "-f" "f988dcecfd2a712ec20851ddab2cd16c70f3eed2ff03ebdf6f194a3b4bec2e2b", kill_on_drop: false }`
[INFO] [stdout] f988dcecfd2a712ec20851ddab2cd16c70f3eed2ff03ebdf6f194a3b4bec2e2b
[INFO] testing easy-sgr-0.1.1 against beta-2023-12-22 for beta-1.76-1
[INFO] extracting crate easy-sgr 0.1.1 into /workspace/builds/worker-4-tc2/source
[INFO] validating manifest of crates.io crate easy-sgr 0.1.1 on toolchain beta-2023-12-22
[INFO] running `Command { std: CARGO_HOME="/workspace/cargo-home" RUSTUP_HOME="/workspace/rustup-home" "/workspace/cargo-home/bin/cargo" "+beta-2023-12-22" "metadata" "--manifest-path" "Cargo.toml" "--no-deps", kill_on_drop: false }`
[INFO] started tweaking crates.io crate easy-sgr 0.1.1
[INFO] finished tweaking crates.io crate easy-sgr 0.1.1
[INFO] tweaked toml for crates.io crate easy-sgr 0.1.1 written to /workspace/builds/worker-4-tc2/source/Cargo.toml
[INFO] running `Command { std: CARGO_HOME="/workspace/cargo-home" RUSTUP_HOME="/workspace/rustup-home" "/workspace/cargo-home/bin/cargo" "+beta-2023-12-22" "generate-lockfile" "--manifest-path" "Cargo.toml", kill_on_drop: false }`
[INFO] [stderr]     Updating crates.io index
[INFO] running `Command { std: CARGO_HOME="/workspace/cargo-home" RUSTUP_HOME="/workspace/rustup-home" "/workspace/cargo-home/bin/cargo" "+beta-2023-12-22" "fetch" "--manifest-path" "Cargo.toml", kill_on_drop: false }`
[INFO] running `Command { std: "docker" "create" "-v" "/var/lib/crater-agent-workspace/builds/worker-4-tc2/target:/opt/rustwide/target:rw,Z" "-v" "/var/lib/crater-agent-workspace/builds/worker-4-tc2/source:/opt/rustwide/workdir:ro,Z" "-v" "/var/lib/crater-agent-workspace/cargo-home:/opt/rustwide/cargo-home:ro,Z" "-v" "/var/lib/crater-agent-workspace/rustup-home:/opt/rustwide/rustup-home:ro,Z" "-e" "SOURCE_DIR=/opt/rustwide/workdir" "-e" "CARGO_TARGET_DIR=/opt/rustwide/target" "-e" "CARGO_HOME=/opt/rustwide/cargo-home" "-e" "RUSTUP_HOME=/opt/rustwide/rustup-home" "-w" "/opt/rustwide/workdir" "-m" "1610612736" "--user" "0:0" "--network" "none" "ghcr.io/rust-lang/crates-build-env/linux@sha256:2788e3201cd34a07e3172128adcd8b3090168a8e3bcc40d7c032b9dda1df7d1c" "/opt/rustwide/cargo-home/bin/cargo" "+beta-2023-12-22" "metadata" "--no-deps" "--format-version=1", kill_on_drop: false }`
[INFO] [stdout] 079c8f01e8064ab878c469844f52fe4330b576a1ac0d7492ae605cb925e2c3da
[INFO] running `Command { std: "docker" "start" "-a" "079c8f01e8064ab878c469844f52fe4330b576a1ac0d7492ae605cb925e2c3da", kill_on_drop: false }`
[INFO] running `Command { std: "docker" "inspect" "079c8f01e8064ab878c469844f52fe4330b576a1ac0d7492ae605cb925e2c3da", kill_on_drop: false }`
[INFO] running `Command { std: "docker" "rm" "-f" "079c8f01e8064ab878c469844f52fe4330b576a1ac0d7492ae605cb925e2c3da", kill_on_drop: false }`
[INFO] [stdout] 079c8f01e8064ab878c469844f52fe4330b576a1ac0d7492ae605cb925e2c3da
[INFO] running `Command { std: "docker" "create" "-v" "/var/lib/crater-agent-workspace/builds/worker-4-tc2/target:/opt/rustwide/target:rw,Z" "-v" "/var/lib/crater-agent-workspace/builds/worker-4-tc2/source:/opt/rustwide/workdir:ro,Z" "-v" "/var/lib/crater-agent-workspace/cargo-home:/opt/rustwide/cargo-home:ro,Z" "-v" "/var/lib/crater-agent-workspace/rustup-home:/opt/rustwide/rustup-home:ro,Z" "-e" "SOURCE_DIR=/opt/rustwide/workdir" "-e" "CARGO_TARGET_DIR=/opt/rustwide/target" "-e" "CARGO_INCREMENTAL=0" "-e" "RUST_BACKTRACE=full" "-e" "RUSTFLAGS=--cap-lints=warn" "-e" "RUSTDOCFLAGS=--cap-lints=warn" "-e" "CARGO_HOME=/opt/rustwide/cargo-home" "-e" "RUSTUP_HOME=/opt/rustwide/rustup-home" "-w" "/opt/rustwide/workdir" "-m" "1610612736" "--user" "0:0" "--network" "none" "ghcr.io/rust-lang/crates-build-env/linux@sha256:2788e3201cd34a07e3172128adcd8b3090168a8e3bcc40d7c032b9dda1df7d1c" "/opt/rustwide/cargo-home/bin/cargo" "+beta-2023-12-22" "build" "--frozen" "--message-format=json", kill_on_drop: false }`
[INFO] [stdout] 1729f3a4cb25037ef0c784713664ce9bdf9f2364a1c56baa7fc4d9400c5d3e91
[INFO] running `Command { std: "docker" "start" "-a" "1729f3a4cb25037ef0c784713664ce9bdf9f2364a1c56baa7fc4d9400c5d3e91", kill_on_drop: false }`
[INFO] [stderr]    Compiling easy-sgr v0.1.1 (/opt/rustwide/workdir)
[INFO] [stderr]     Finished dev [unoptimized + debuginfo] target(s) in 0.29s
[INFO] running `Command { std: "docker" "inspect" "1729f3a4cb25037ef0c784713664ce9bdf9f2364a1c56baa7fc4d9400c5d3e91", kill_on_drop: false }`
[INFO] running `Command { std: "docker" "rm" "-f" "1729f3a4cb25037ef0c784713664ce9bdf9f2364a1c56baa7fc4d9400c5d3e91", kill_on_drop: false }`
[INFO] [stdout] 1729f3a4cb25037ef0c784713664ce9bdf9f2364a1c56baa7fc4d9400c5d3e91
[INFO] running `Command { std: "docker" "create" "-v" "/var/lib/crater-agent-workspace/builds/worker-4-tc2/target:/opt/rustwide/target:rw,Z" "-v" "/var/lib/crater-agent-workspace/builds/worker-4-tc2/source:/opt/rustwide/workdir:ro,Z" "-v" "/var/lib/crater-agent-workspace/cargo-home:/opt/rustwide/cargo-home:ro,Z" "-v" "/var/lib/crater-agent-workspace/rustup-home:/opt/rustwide/rustup-home:ro,Z" "-e" "SOURCE_DIR=/opt/rustwide/workdir" "-e" "CARGO_TARGET_DIR=/opt/rustwide/target" "-e" "CARGO_INCREMENTAL=0" "-e" "RUST_BACKTRACE=full" "-e" "RUSTFLAGS=--cap-lints=warn" "-e" "RUSTDOCFLAGS=--cap-lints=warn" "-e" "CARGO_HOME=/opt/rustwide/cargo-home" "-e" "RUSTUP_HOME=/opt/rustwide/rustup-home" "-w" "/opt/rustwide/workdir" "-m" "1610612736" "--user" "0:0" "--network" "none" "ghcr.io/rust-lang/crates-build-env/linux@sha256:2788e3201cd34a07e3172128adcd8b3090168a8e3bcc40d7c032b9dda1df7d1c" "/opt/rustwide/cargo-home/bin/cargo" "+beta-2023-12-22" "test" "--frozen" "--no-run" "--message-format=json", kill_on_drop: false }`
[INFO] [stdout] 848e4c20cb3530385fe7c04b432532ec2045ad70661cc2a0ad671151933a1c0f
[INFO] running `Command { std: "docker" "start" "-a" "848e4c20cb3530385fe7c04b432532ec2045ad70661cc2a0ad671151933a1c0f", kill_on_drop: false }`
[INFO] [stderr]    Compiling easy-sgr v0.1.1 (/opt/rustwide/workdir)
[INFO] [stderr]     Finished test [unoptimized + debuginfo] target(s) in 0.30s
[INFO] running `Command { std: "docker" "inspect" "848e4c20cb3530385fe7c04b432532ec2045ad70661cc2a0ad671151933a1c0f", kill_on_drop: false }`
[INFO] running `Command { std: "docker" "rm" "-f" "848e4c20cb3530385fe7c04b432532ec2045ad70661cc2a0ad671151933a1c0f", kill_on_drop: false }`
[INFO] [stdout] 848e4c20cb3530385fe7c04b432532ec2045ad70661cc2a0ad671151933a1c0f
[INFO] running `Command { std: "docker" "create" "-v" "/var/lib/crater-agent-workspace/builds/worker-4-tc2/target:/opt/rustwide/target:rw,Z" "-v" "/var/lib/crater-agent-workspace/builds/worker-4-tc2/source:/opt/rustwide/workdir:ro,Z" "-v" "/var/lib/crater-agent-workspace/cargo-home:/opt/rustwide/cargo-home:ro,Z" "-v" "/var/lib/crater-agent-workspace/rustup-home:/opt/rustwide/rustup-home:ro,Z" "-e" "SOURCE_DIR=/opt/rustwide/workdir" "-e" "CARGO_TARGET_DIR=/opt/rustwide/target" "-e" "CARGO_INCREMENTAL=0" "-e" "RUST_BACKTRACE=full" "-e" "RUSTFLAGS=--cap-lints=warn" "-e" "RUSTDOCFLAGS=--cap-lints=warn" "-e" "CARGO_HOME=/opt/rustwide/cargo-home" "-e" "RUSTUP_HOME=/opt/rustwide/rustup-home" "-w" "/opt/rustwide/workdir" "-m" "1610612736" "--user" "0:0" "--network" "none" "ghcr.io/rust-lang/crates-build-env/linux@sha256:2788e3201cd34a07e3172128adcd8b3090168a8e3bcc40d7c032b9dda1df7d1c" "/opt/rustwide/cargo-home/bin/cargo" "+beta-2023-12-22" "test" "--frozen", kill_on_drop: false }`
[INFO] [stdout] 6b2e96669b2283660c00cd5f97889f1b5d8e8ce2608fadbaf6b452c2910a9128
[INFO] running `Command { std: "docker" "start" "-a" "6b2e96669b2283660c00cd5f97889f1b5d8e8ce2608fadbaf6b452c2910a9128", kill_on_drop: false }`
[INFO] [stderr]     Finished test [unoptimized + debuginfo] target(s) in 0.00s
[INFO] [stderr]      Running unittests src/lib.rs (/opt/rustwide/target/debug/deps/easy_sgr-7addb54334b64a22)
[INFO] [stdout] 
[INFO] [stdout] running 0 tests
[INFO] [stdout] 
[INFO] [stdout] test result: ok. 0 passed; 0 failed; 0 ignored; 0 measured; 0 filtered out; finished in 0.00s
[INFO] [stdout] 
[INFO] [stderr]      Running tests/discrete.rs (/opt/rustwide/target/debug/deps/discrete-03e8547e1adbc30c)
[INFO] [stdout] 
[INFO] [stdout] running 5 tests
[INFO] [stdout] test normal::byte_color ... ok
[INFO] [stdout] test normal::standard_colors ... ok
[INFO] [stdout] test normal::styles ... ok
[INFO] [stdout] test seq ... ok
[INFO] [stdout] test normal::rgb_color ... ok
[INFO] [stdout] 
[INFO] [stdout] test result: ok. 5 passed; 0 failed; 0 ignored; 0 measured; 0 filtered out; finished in 0.01s
[INFO] [stdout] 
[INFO] [stderr]      Running tests/graphics.rs (/opt/rustwide/target/debug/deps/graphics-7e51f4b3e1e0ef63)
[INFO] [stdout] 
[INFO] [stdout] running 6 tests
[INFO] [stdout] test easy_sgr_color ... ok
[INFO] [stdout] test easy_sgr ... ok
[INFO] [stdout] test easy_sgr_style ... ok
[INFO] [stdout] test colors ... ok
[INFO] [stdout] test fully_loaded ... ok
[INFO] [stdout] test general ... ok
[INFO] [stdout] 
[INFO] [stdout] test result: ok. 6 passed; 0 failed; 0 ignored; 0 measured; 0 filtered out; finished in 0.00s
[INFO] [stdout] 
[INFO] [stderr]      Running tests/macro.rs (/opt/rustwide/target/debug/deps/macro-1c573c302b643eab)
[INFO] [stdout] 
[INFO] [stdout] running 0 tests
[INFO] [stdout] 
[INFO] [stdout] test result: ok. 0 passed; 0 failed; 0 ignored; 0 measured; 0 filtered out; finished in 0.00s
[INFO] [stdout] 
[INFO] [stderr]      Running tests/writing.rs (/opt/rustwide/target/debug/deps/writing-0933287048a0761c)
[INFO] [stdout] 
[INFO] [stdout] running 2 tests
[INFO] [stdout] test sgr_builder ... ok
[INFO] [stdout] test sgr_writer ... ok
[INFO] [stdout] 
[INFO] [stdout] test result: ok. 2 passed; 0 failed; 0 ignored; 0 measured; 0 filtered out; finished in 0.00s
[INFO] [stdout] 
[INFO] [stderr]    Doc-tests easy-sgr
[INFO] [stdout] 
[INFO] [stdout] running 13 tests
[INFO] [stdout] test src/lib.rs - (line 34) ... FAILED
[INFO] [stdout] test src/graphics.rs - graphics::EasySGR::to_sgr (line 309) ... ok
[INFO] [stdout] test src/discrete/mod.rs - discrete::Seq (line 17) ... ok
[INFO] [stdout] test src/discrete/mod.rs - discrete::Style (line 41) ... ok
[INFO] [stdout] test src/discrete/mod.rs - discrete::Color (line 127) ... ok
[INFO] [stdout] test src/lib.rs - (line 164) ... ok
[INFO] [stdout] test src/lib.rs - (line 51) ... ok
[INFO] [stdout] test src/lib.rs - (line 102) ... ok
[INFO] [stdout] test src/lib.rs - (line 117) ... ok
[INFO] [stdout] test src/graphics.rs - graphics::SGRString (line 15) ... ok
[INFO] [stdout] test src/lib.rs - (line 78) ... ok
[INFO] [stdout] test src/lib.rs - (line 143) ... ok
[INFO] [stdout] test src/lib.rs - (line 131) ... ok
[INFO] [stdout] 
[INFO] [stdout] failures:
[INFO] [stdout] 
[INFO] [stdout] ---- src/lib.rs - (line 34) stdout ----
[INFO] [stdout] error: invalid format string: expected `'}'`, found `'['`
[INFO] [stdout]  --> src/lib.rs:38:12
[INFO] [stdout]   |
[INFO] [stdout] 7 | println!("{[italic red]}This should be italic & red!{[]}");
[INFO] [stdout]   |           -^ expected `'}'` in format string
[INFO] [stdout]   |           |
[INFO] [stdout]   |           because of this opening brace
[INFO] [stdout]   |
[INFO] [stdout]   = note: if you intended to print `{`, you can escape it using `{{`
[INFO] [stdout] 
[INFO] [stdout] error[E0432]: unresolved import `easy_sgr::println`
[INFO] [stdout]  --> src/lib.rs:36:5
[INFO] [stdout]   |
[INFO] [stdout] 5 | use easy_sgr::println;
[INFO] [stdout]   |     ^^^^^^^^^^^^^^^^^ no `println` in the root
[INFO] [stdout] 
[INFO] [stdout] error: aborting due to 2 previous errors
[INFO] [stdout] 
[INFO] [stdout] For more information about this error, try `rustc --explain E0432`.
[INFO] [stdout] Couldn't compile the test.
[INFO] [stdout] 
[INFO] [stdout] failures:
[INFO] [stdout]     src/lib.rs - (line 34)
[INFO] [stdout] 
[INFO] [stdout] test result: FAILED. 12 passed; 1 failed; 0 ignored; 0 measured; 0 filtered out; finished in 0.22s
[INFO] [stdout] 
[INFO] [stderr] error: doctest failed, to rerun pass `--doc`
[INFO] running `Command { std: "docker" "inspect" "6b2e96669b2283660c00cd5f97889f1b5d8e8ce2608fadbaf6b452c2910a9128", kill_on_drop: false }`
[INFO] running `Command { std: "docker" "rm" "-f" "6b2e96669b2283660c00cd5f97889f1b5d8e8ce2608fadbaf6b452c2910a9128", kill_on_drop: false }`
[INFO] [stdout] 6b2e96669b2283660c00cd5f97889f1b5d8e8ce2608fadbaf6b452c2910a9128
