[INFO] fetching crate easy-opengl 0.1.3...
[INFO] testing easy-opengl-0.1.3 against 1.75.0 for beta-1.76-1
[INFO] extracting crate easy-opengl 0.1.3 into /workspace/builds/worker-0-tc1/source
[INFO] validating manifest of crates.io crate easy-opengl 0.1.3 on toolchain 1.75.0
[INFO] running `Command { std: CARGO_HOME="/workspace/cargo-home" RUSTUP_HOME="/workspace/rustup-home" "/workspace/cargo-home/bin/cargo" "+1.75.0" "metadata" "--manifest-path" "Cargo.toml" "--no-deps", kill_on_drop: false }`
[INFO] started tweaking crates.io crate easy-opengl 0.1.3
[INFO] finished tweaking crates.io crate easy-opengl 0.1.3
[INFO] tweaked toml for crates.io crate easy-opengl 0.1.3 written to /workspace/builds/worker-0-tc1/source/Cargo.toml
[INFO] running `Command { std: CARGO_HOME="/workspace/cargo-home" RUSTUP_HOME="/workspace/rustup-home" "/workspace/cargo-home/bin/cargo" "+1.75.0" "generate-lockfile" "--manifest-path" "Cargo.toml", kill_on_drop: false }`
[INFO] [stderr]     Updating crates.io index
[INFO] running `Command { std: CARGO_HOME="/workspace/cargo-home" RUSTUP_HOME="/workspace/rustup-home" "/workspace/cargo-home/bin/cargo" "+1.75.0" "fetch" "--manifest-path" "Cargo.toml", kill_on_drop: false }`
[INFO] [stderr]  Downloading crates ...
[INFO] [stderr]   Downloaded stb_image v0.2.5
[INFO] running `Command { std: "docker" "create" "-v" "/var/lib/crater-agent-workspace/builds/worker-0-tc1/target:/opt/rustwide/target:rw,Z" "-v" "/var/lib/crater-agent-workspace/builds/worker-0-tc1/source:/opt/rustwide/workdir:ro,Z" "-v" "/var/lib/crater-agent-workspace/cargo-home:/opt/rustwide/cargo-home:ro,Z" "-v" "/var/lib/crater-agent-workspace/rustup-home:/opt/rustwide/rustup-home:ro,Z" "-e" "SOURCE_DIR=/opt/rustwide/workdir" "-e" "CARGO_TARGET_DIR=/opt/rustwide/target" "-e" "CARGO_HOME=/opt/rustwide/cargo-home" "-e" "RUSTUP_HOME=/opt/rustwide/rustup-home" "-w" "/opt/rustwide/workdir" "-m" "1610612736" "--user" "0:0" "--network" "none" "ghcr.io/rust-lang/crates-build-env/linux@sha256:2788e3201cd34a07e3172128adcd8b3090168a8e3bcc40d7c032b9dda1df7d1c" "/opt/rustwide/cargo-home/bin/cargo" "+1.75.0" "metadata" "--no-deps" "--format-version=1", kill_on_drop: false }`
[INFO] [stdout] 0e7202e3267aa2ec8258541faa9a8c99ceb30b2a8458715cd94e00396a1c9bb7
[INFO] running `Command { std: "docker" "start" "-a" "0e7202e3267aa2ec8258541faa9a8c99ceb30b2a8458715cd94e00396a1c9bb7", kill_on_drop: false }`
[INFO] running `Command { std: "docker" "inspect" "0e7202e3267aa2ec8258541faa9a8c99ceb30b2a8458715cd94e00396a1c9bb7", kill_on_drop: false }`
[INFO] running `Command { std: "docker" "rm" "-f" "0e7202e3267aa2ec8258541faa9a8c99ceb30b2a8458715cd94e00396a1c9bb7", kill_on_drop: false }`
[INFO] [stdout] 0e7202e3267aa2ec8258541faa9a8c99ceb30b2a8458715cd94e00396a1c9bb7
[INFO] running `Command { std: "docker" "create" "-v" "/var/lib/crater-agent-workspace/builds/worker-0-tc1/target:/opt/rustwide/target:rw,Z" "-v" "/var/lib/crater-agent-workspace/builds/worker-0-tc1/source:/opt/rustwide/workdir:ro,Z" "-v" "/var/lib/crater-agent-workspace/cargo-home:/opt/rustwide/cargo-home:ro,Z" "-v" "/var/lib/crater-agent-workspace/rustup-home:/opt/rustwide/rustup-home:ro,Z" "-e" "SOURCE_DIR=/opt/rustwide/workdir" "-e" "CARGO_TARGET_DIR=/opt/rustwide/target" "-e" "CARGO_INCREMENTAL=0" "-e" "RUST_BACKTRACE=full" "-e" "RUSTFLAGS=--cap-lints=warn" "-e" "RUSTDOCFLAGS=--cap-lints=warn" "-e" "CARGO_HOME=/opt/rustwide/cargo-home" "-e" "RUSTUP_HOME=/opt/rustwide/rustup-home" "-w" "/opt/rustwide/workdir" "-m" "1610612736" "--user" "0:0" "--network" "none" "ghcr.io/rust-lang/crates-build-env/linux@sha256:2788e3201cd34a07e3172128adcd8b3090168a8e3bcc40d7c032b9dda1df7d1c" "/opt/rustwide/cargo-home/bin/cargo" "+1.75.0" "build" "--frozen" "--message-format=json", kill_on_drop: false }`
[INFO] [stdout] f6531a17771b2e4db379425721ae34b65f986f68344931a5812409ecb6961338
[INFO] running `Command { std: "docker" "start" "-a" "f6531a17771b2e4db379425721ae34b65f986f68344931a5812409ecb6961338", kill_on_drop: false }`
[INFO] [stderr]    Compiling khronos_api v3.1.0
[INFO] [stderr]    Compiling stb_image v0.2.5
[INFO] [stderr]    Compiling gl_generator v0.14.0
[INFO] [stderr]    Compiling gl v0.14.0
[INFO] [stderr]    Compiling easy-opengl v0.1.3 (/opt/rustwide/workdir)
[INFO] [stdout] warning: static variable `read_files` should have an upper case name
[INFO] [stdout]   --> src/shader.rs:90:16
[INFO] [stdout]    |
[INFO] [stdout] 90 |         static read_files: fn(filename: &str) -> String = |filename: &str| -> String {
[INFO] [stdout]    |                ^^^^^^^^^^ help: convert the identifier to upper case: `READ_FILES`
[INFO] [stdout]    |
[INFO] [stdout]    = note: `#[warn(non_upper_case_globals)]` on by default
[INFO] [stdout] 
[INFO] [stdout] 
[INFO] [stdout] warning: 1 warning emitted
[INFO] [stdout] 
[INFO] [stdout] 
[INFO] [stderr]     Finished dev [unoptimized + debuginfo] target(s) in 5.12s
[INFO] running `Command { std: "docker" "inspect" "f6531a17771b2e4db379425721ae34b65f986f68344931a5812409ecb6961338", kill_on_drop: false }`
[INFO] running `Command { std: "docker" "rm" "-f" "f6531a17771b2e4db379425721ae34b65f986f68344931a5812409ecb6961338", kill_on_drop: false }`
[INFO] [stdout] f6531a17771b2e4db379425721ae34b65f986f68344931a5812409ecb6961338
[INFO] running `Command { std: "docker" "create" "-v" "/var/lib/crater-agent-workspace/builds/worker-0-tc1/target:/opt/rustwide/target:rw,Z" "-v" "/var/lib/crater-agent-workspace/builds/worker-0-tc1/source:/opt/rustwide/workdir:ro,Z" "-v" "/var/lib/crater-agent-workspace/cargo-home:/opt/rustwide/cargo-home:ro,Z" "-v" "/var/lib/crater-agent-workspace/rustup-home:/opt/rustwide/rustup-home:ro,Z" "-e" "SOURCE_DIR=/opt/rustwide/workdir" "-e" "CARGO_TARGET_DIR=/opt/rustwide/target" "-e" "CARGO_INCREMENTAL=0" "-e" "RUST_BACKTRACE=full" "-e" "RUSTFLAGS=--cap-lints=warn" "-e" "RUSTDOCFLAGS=--cap-lints=warn" "-e" "CARGO_HOME=/opt/rustwide/cargo-home" "-e" "RUSTUP_HOME=/opt/rustwide/rustup-home" "-w" "/opt/rustwide/workdir" "-m" "1610612736" "--user" "0:0" "--network" "none" "ghcr.io/rust-lang/crates-build-env/linux@sha256:2788e3201cd34a07e3172128adcd8b3090168a8e3bcc40d7c032b9dda1df7d1c" "/opt/rustwide/cargo-home/bin/cargo" "+1.75.0" "test" "--frozen" "--no-run" "--message-format=json", kill_on_drop: false }`
[INFO] [stdout] e7f3f151d52caa3a0912d5d1036db10a580884c2248b3cb5b034f713cd0c3d8b
[INFO] running `Command { std: "docker" "start" "-a" "e7f3f151d52caa3a0912d5d1036db10a580884c2248b3cb5b034f713cd0c3d8b", kill_on_drop: false }`
[INFO] [stdout] warning: static variable `read_files` should have an upper case name
[INFO] [stdout]   --> src/shader.rs:90:16
[INFO] [stdout]    |
[INFO] [stdout] 90 |         static read_files: fn(filename: &str) -> String = |filename: &str| -> String {
[INFO] [stdout]    |                ^^^^^^^^^^ help: convert the identifier to upper case: `READ_FILES`
[INFO] [stdout]    |
[INFO] [stdout]    = note: `#[warn(non_upper_case_globals)]` on by default
[INFO] [stdout] 
[INFO] [stdout] 
[INFO] [stdout] warning: 1 warning emitted
[INFO] [stdout] 
[INFO] [stdout] 
[INFO] [stderr]    Compiling easy-opengl v0.1.3 (/opt/rustwide/workdir)
[INFO] [stdout] warning: static variable `read_files` should have an upper case name
[INFO] [stdout]   --> src/shader.rs:90:16
[INFO] [stdout]    |
[INFO] [stdout] 90 |         static read_files: fn(filename: &str) -> String = |filename: &str| -> String {
[INFO] [stdout]    |                ^^^^^^^^^^ help: convert the identifier to upper case: `READ_FILES`
[INFO] [stdout]    |
[INFO] [stdout]    = note: `#[warn(non_upper_case_globals)]` on by default
[INFO] [stdout] 
[INFO] [stdout] 
[INFO] [stdout] warning: 1 warning emitted
[INFO] [stdout] 
[INFO] [stdout] 
[INFO] [stderr]     Finished test [unoptimized + debuginfo] target(s) in 0.28s
[INFO] running `Command { std: "docker" "inspect" "e7f3f151d52caa3a0912d5d1036db10a580884c2248b3cb5b034f713cd0c3d8b", kill_on_drop: false }`
[INFO] running `Command { std: "docker" "rm" "-f" "e7f3f151d52caa3a0912d5d1036db10a580884c2248b3cb5b034f713cd0c3d8b", kill_on_drop: false }`
[INFO] [stdout] e7f3f151d52caa3a0912d5d1036db10a580884c2248b3cb5b034f713cd0c3d8b
[INFO] running `Command { std: "docker" "create" "-v" "/var/lib/crater-agent-workspace/builds/worker-0-tc1/target:/opt/rustwide/target:rw,Z" "-v" "/var/lib/crater-agent-workspace/builds/worker-0-tc1/source:/opt/rustwide/workdir:ro,Z" "-v" "/var/lib/crater-agent-workspace/cargo-home:/opt/rustwide/cargo-home:ro,Z" "-v" "/var/lib/crater-agent-workspace/rustup-home:/opt/rustwide/rustup-home:ro,Z" "-e" "SOURCE_DIR=/opt/rustwide/workdir" "-e" "CARGO_TARGET_DIR=/opt/rustwide/target" "-e" "CARGO_INCREMENTAL=0" "-e" "RUST_BACKTRACE=full" "-e" "RUSTFLAGS=--cap-lints=warn" "-e" "RUSTDOCFLAGS=--cap-lints=warn" "-e" "CARGO_HOME=/opt/rustwide/cargo-home" "-e" "RUSTUP_HOME=/opt/rustwide/rustup-home" "-w" "/opt/rustwide/workdir" "-m" "1610612736" "--user" "0:0" "--network" "none" "ghcr.io/rust-lang/crates-build-env/linux@sha256:2788e3201cd34a07e3172128adcd8b3090168a8e3bcc40d7c032b9dda1df7d1c" "/opt/rustwide/cargo-home/bin/cargo" "+1.75.0" "test" "--frozen", kill_on_drop: false }`
[INFO] [stdout] 51d097c0d63e2b438858ac6e46914afbb72d1866632877b4d18d00e763d50fed
[INFO] running `Command { std: "docker" "start" "-a" "51d097c0d63e2b438858ac6e46914afbb72d1866632877b4d18d00e763d50fed", kill_on_drop: false }`
[INFO] [stderr] warning: static variable `read_files` should have an upper case name
[INFO] [stderr]   --> src/shader.rs:90:16
[INFO] [stderr]    |
[INFO] [stderr] 90 |         static read_files: fn(filename: &str) -> String = |filename: &str| -> String {
[INFO] [stderr]    |                ^^^^^^^^^^ help: convert the identifier to upper case: `READ_FILES`
[INFO] [stderr]    |
[INFO] [stderr]    = note: `#[warn(non_upper_case_globals)]` on by default
[INFO] [stderr] 
[INFO] [stderr] warning: `easy-opengl` (lib) generated 1 warning
[INFO] [stderr] warning: `easy-opengl` (lib test) generated 1 warning (1 duplicate)
[INFO] [stderr]     Finished test [unoptimized + debuginfo] target(s) in 0.01s
[INFO] [stderr]      Running unittests src/lib.rs (/opt/rustwide/target/debug/deps/easy_opengl-538bc7a667bdb09b)
[INFO] [stdout] 
[INFO] [stdout] running 0 tests
[INFO] [stdout] 
[INFO] [stdout] test result: ok. 0 passed; 0 failed; 0 ignored; 0 measured; 0 filtered out; finished in 0.00s
[INFO] [stdout] 
[INFO] [stderr]    Doc-tests easy-opengl
[INFO] [stdout] 
[INFO] [stdout] running 1 test
[INFO] [stdout] test src/lib.rs - (line 6) ... FAILED
[INFO] [stdout] 
[INFO] [stdout] failures:
[INFO] [stdout] 
[INFO] [stdout] ---- src/lib.rs - (line 6) stdout ----
[INFO] [stdout] error[E0463]: can't find crate for `sdl2`
[INFO] [stdout]  --> src/lib.rs:7:1
[INFO] [stdout]   |
[INFO] [stdout] 3 | extern crate sdl2;
[INFO] [stdout]   | ^^^^^^^^^^^^^^^^^^ can't find crate
[INFO] [stdout] 
[INFO] [stdout] error: aborting due to previous error
[INFO] [stdout] 
[INFO] [stdout] For more information about this error, try `rustc --explain E0463`.
[INFO] [stdout] Couldn't compile the test.
[INFO] [stdout] 
[INFO] [stdout] failures:
[INFO] [stdout]     src/lib.rs - (line 6)
[INFO] [stdout] 
[INFO] [stdout] test result: FAILED. 0 passed; 1 failed; 0 ignored; 0 measured; 0 filtered out; finished in 0.06s
[INFO] [stdout] 
[INFO] [stderr] error: doctest failed, to rerun pass `--doc`
[INFO] running `Command { std: "docker" "inspect" "51d097c0d63e2b438858ac6e46914afbb72d1866632877b4d18d00e763d50fed", kill_on_drop: false }`
[INFO] running `Command { std: "docker" "rm" "-f" "51d097c0d63e2b438858ac6e46914afbb72d1866632877b4d18d00e763d50fed", kill_on_drop: false }`
[INFO] [stdout] 51d097c0d63e2b438858ac6e46914afbb72d1866632877b4d18d00e763d50fed
[INFO] testing easy-opengl-0.1.3 against beta-2023-12-22 for beta-1.76-1
[INFO] extracting crate easy-opengl 0.1.3 into /workspace/builds/worker-0-tc2/source
[INFO] validating manifest of crates.io crate easy-opengl 0.1.3 on toolchain beta-2023-12-22
[INFO] running `Command { std: CARGO_HOME="/workspace/cargo-home" RUSTUP_HOME="/workspace/rustup-home" "/workspace/cargo-home/bin/cargo" "+beta-2023-12-22" "metadata" "--manifest-path" "Cargo.toml" "--no-deps", kill_on_drop: false }`
[INFO] started tweaking crates.io crate easy-opengl 0.1.3
[INFO] finished tweaking crates.io crate easy-opengl 0.1.3
[INFO] tweaked toml for crates.io crate easy-opengl 0.1.3 written to /workspace/builds/worker-0-tc2/source/Cargo.toml
[INFO] running `Command { std: CARGO_HOME="/workspace/cargo-home" RUSTUP_HOME="/workspace/rustup-home" "/workspace/cargo-home/bin/cargo" "+beta-2023-12-22" "generate-lockfile" "--manifest-path" "Cargo.toml", kill_on_drop: false }`
[INFO] [stderr]     Updating crates.io index
[INFO] running `Command { std: CARGO_HOME="/workspace/cargo-home" RUSTUP_HOME="/workspace/rustup-home" "/workspace/cargo-home/bin/cargo" "+beta-2023-12-22" "fetch" "--manifest-path" "Cargo.toml", kill_on_drop: false }`
[INFO] running `Command { std: "docker" "create" "-v" "/var/lib/crater-agent-workspace/builds/worker-0-tc2/target:/opt/rustwide/target:rw,Z" "-v" "/var/lib/crater-agent-workspace/builds/worker-0-tc2/source:/opt/rustwide/workdir:ro,Z" "-v" "/var/lib/crater-agent-workspace/cargo-home:/opt/rustwide/cargo-home:ro,Z" "-v" "/var/lib/crater-agent-workspace/rustup-home:/opt/rustwide/rustup-home:ro,Z" "-e" "SOURCE_DIR=/opt/rustwide/workdir" "-e" "CARGO_TARGET_DIR=/opt/rustwide/target" "-e" "CARGO_HOME=/opt/rustwide/cargo-home" "-e" "RUSTUP_HOME=/opt/rustwide/rustup-home" "-w" "/opt/rustwide/workdir" "-m" "1610612736" "--user" "0:0" "--network" "none" "ghcr.io/rust-lang/crates-build-env/linux@sha256:2788e3201cd34a07e3172128adcd8b3090168a8e3bcc40d7c032b9dda1df7d1c" "/opt/rustwide/cargo-home/bin/cargo" "+beta-2023-12-22" "metadata" "--no-deps" "--format-version=1", kill_on_drop: false }`
[INFO] [stdout] 359c65316bdc0afbc5dcea1049e8676c8c3a7068d4de6a1b260e57eae7d8bff3
[INFO] running `Command { std: "docker" "start" "-a" "359c65316bdc0afbc5dcea1049e8676c8c3a7068d4de6a1b260e57eae7d8bff3", kill_on_drop: false }`
[INFO] running `Command { std: "docker" "inspect" "359c65316bdc0afbc5dcea1049e8676c8c3a7068d4de6a1b260e57eae7d8bff3", kill_on_drop: false }`
[INFO] running `Command { std: "docker" "rm" "-f" "359c65316bdc0afbc5dcea1049e8676c8c3a7068d4de6a1b260e57eae7d8bff3", kill_on_drop: false }`
[INFO] [stdout] 359c65316bdc0afbc5dcea1049e8676c8c3a7068d4de6a1b260e57eae7d8bff3
[INFO] running `Command { std: "docker" "create" "-v" "/var/lib/crater-agent-workspace/builds/worker-0-tc2/target:/opt/rustwide/target:rw,Z" "-v" "/var/lib/crater-agent-workspace/builds/worker-0-tc2/source:/opt/rustwide/workdir:ro,Z" "-v" "/var/lib/crater-agent-workspace/cargo-home:/opt/rustwide/cargo-home:ro,Z" "-v" "/var/lib/crater-agent-workspace/rustup-home:/opt/rustwide/rustup-home:ro,Z" "-e" "SOURCE_DIR=/opt/rustwide/workdir" "-e" "CARGO_TARGET_DIR=/opt/rustwide/target" "-e" "CARGO_INCREMENTAL=0" "-e" "RUST_BACKTRACE=full" "-e" "RUSTFLAGS=--cap-lints=warn" "-e" "RUSTDOCFLAGS=--cap-lints=warn" "-e" "CARGO_HOME=/opt/rustwide/cargo-home" "-e" "RUSTUP_HOME=/opt/rustwide/rustup-home" "-w" "/opt/rustwide/workdir" "-m" "1610612736" "--user" "0:0" "--network" "none" "ghcr.io/rust-lang/crates-build-env/linux@sha256:2788e3201cd34a07e3172128adcd8b3090168a8e3bcc40d7c032b9dda1df7d1c" "/opt/rustwide/cargo-home/bin/cargo" "+beta-2023-12-22" "build" "--frozen" "--message-format=json", kill_on_drop: false }`
[INFO] [stdout] f1ffdd866cec5bf8514ca0441edfef6343bf9876e1280679822989812ef624ee
[INFO] running `Command { std: "docker" "start" "-a" "f1ffdd866cec5bf8514ca0441edfef6343bf9876e1280679822989812ef624ee", kill_on_drop: false }`
[INFO] [stderr]    Compiling khronos_api v3.1.0
[INFO] [stderr]    Compiling stb_image v0.2.5
[INFO] [stderr]    Compiling gl_generator v0.14.0
[INFO] [stderr]    Compiling gl v0.14.0
[INFO] [stderr]    Compiling easy-opengl v0.1.3 (/opt/rustwide/workdir)
[INFO] [stdout] warning: static variable `read_files` should have an upper case name
[INFO] [stdout]   --> src/shader.rs:90:16
[INFO] [stdout]    |
[INFO] [stdout] 90 |         static read_files: fn(filename: &str) -> String = |filename: &str| -> String {
[INFO] [stdout]    |                ^^^^^^^^^^ help: convert the identifier to upper case: `READ_FILES`
[INFO] [stdout]    |
[INFO] [stdout]    = note: `#[warn(non_upper_case_globals)]` on by default
[INFO] [stdout] 
[INFO] [stdout] 
[INFO] [stdout] warning: 1 warning emitted
[INFO] [stdout] 
[INFO] [stdout] 
[INFO] [stderr]     Finished dev [unoptimized + debuginfo] target(s) in 2.85s
[INFO] running `Command { std: "docker" "inspect" "f1ffdd866cec5bf8514ca0441edfef6343bf9876e1280679822989812ef624ee", kill_on_drop: false }`
[INFO] running `Command { std: "docker" "rm" "-f" "f1ffdd866cec5bf8514ca0441edfef6343bf9876e1280679822989812ef624ee", kill_on_drop: false }`
[INFO] [stdout] f1ffdd866cec5bf8514ca0441edfef6343bf9876e1280679822989812ef624ee
[INFO] running `Command { std: "docker" "create" "-v" "/var/lib/crater-agent-workspace/builds/worker-0-tc2/target:/opt/rustwide/target:rw,Z" "-v" "/var/lib/crater-agent-workspace/builds/worker-0-tc2/source:/opt/rustwide/workdir:ro,Z" "-v" "/var/lib/crater-agent-workspace/cargo-home:/opt/rustwide/cargo-home:ro,Z" "-v" "/var/lib/crater-agent-workspace/rustup-home:/opt/rustwide/rustup-home:ro,Z" "-e" "SOURCE_DIR=/opt/rustwide/workdir" "-e" "CARGO_TARGET_DIR=/opt/rustwide/target" "-e" "CARGO_INCREMENTAL=0" "-e" "RUST_BACKTRACE=full" "-e" "RUSTFLAGS=--cap-lints=warn" "-e" "RUSTDOCFLAGS=--cap-lints=warn" "-e" "CARGO_HOME=/opt/rustwide/cargo-home" "-e" "RUSTUP_HOME=/opt/rustwide/rustup-home" "-w" "/opt/rustwide/workdir" "-m" "1610612736" "--user" "0:0" "--network" "none" "ghcr.io/rust-lang/crates-build-env/linux@sha256:2788e3201cd34a07e3172128adcd8b3090168a8e3bcc40d7c032b9dda1df7d1c" "/opt/rustwide/cargo-home/bin/cargo" "+beta-2023-12-22" "test" "--frozen" "--no-run" "--message-format=json", kill_on_drop: false }`
[INFO] [stdout] 1b95a67e6e9e64b0848b54a3db8a7fb3770065c77c93e31aa2ed2183eacc735b
[INFO] running `Command { std: "docker" "start" "-a" "1b95a67e6e9e64b0848b54a3db8a7fb3770065c77c93e31aa2ed2183eacc735b", kill_on_drop: false }`
[INFO] [stderr]    Compiling easy-opengl v0.1.3 (/opt/rustwide/workdir)
[INFO] [stdout] warning: static variable `read_files` should have an upper case name
[INFO] [stdout]   --> src/shader.rs:90:16
[INFO] [stdout]    |
[INFO] [stdout] 90 |         static read_files: fn(filename: &str) -> String = |filename: &str| -> String {
[INFO] [stdout]    |                ^^^^^^^^^^ help: convert the identifier to upper case: `READ_FILES`
[INFO] [stdout]    |
[INFO] [stdout]    = note: `#[warn(non_upper_case_globals)]` on by default
[INFO] [stdout] 
[INFO] [stdout] 
[INFO] [stdout] warning: 1 warning emitted
[INFO] [stdout] 
[INFO] [stdout] 
[INFO] [stdout] warning: static variable `read_files` should have an upper case name
[INFO] [stdout]   --> src/shader.rs:90:16
[INFO] [stdout]    |
[INFO] [stdout] 90 |         static read_files: fn(filename: &str) -> String = |filename: &str| -> String {
[INFO] [stdout]    |                ^^^^^^^^^^ help: convert the identifier to upper case: `READ_FILES`
[INFO] [stdout]    |
[INFO] [stdout]    = note: `#[warn(non_upper_case_globals)]` on by default
[INFO] [stdout] 
[INFO] [stdout] 
[INFO] [stdout] warning: 1 warning emitted
[INFO] [stdout] 
[INFO] [stdout] 
[INFO] [stderr]     Finished test [unoptimized + debuginfo] target(s) in 0.37s
[INFO] running `Command { std: "docker" "inspect" "1b95a67e6e9e64b0848b54a3db8a7fb3770065c77c93e31aa2ed2183eacc735b", kill_on_drop: false }`
[INFO] running `Command { std: "docker" "rm" "-f" "1b95a67e6e9e64b0848b54a3db8a7fb3770065c77c93e31aa2ed2183eacc735b", kill_on_drop: false }`
[INFO] [stdout] 1b95a67e6e9e64b0848b54a3db8a7fb3770065c77c93e31aa2ed2183eacc735b
[INFO] running `Command { std: "docker" "create" "-v" "/var/lib/crater-agent-workspace/builds/worker-0-tc2/target:/opt/rustwide/target:rw,Z" "-v" "/var/lib/crater-agent-workspace/builds/worker-0-tc2/source:/opt/rustwide/workdir:ro,Z" "-v" "/var/lib/crater-agent-workspace/cargo-home:/opt/rustwide/cargo-home:ro,Z" "-v" "/var/lib/crater-agent-workspace/rustup-home:/opt/rustwide/rustup-home:ro,Z" "-e" "SOURCE_DIR=/opt/rustwide/workdir" "-e" "CARGO_TARGET_DIR=/opt/rustwide/target" "-e" "CARGO_INCREMENTAL=0" "-e" "RUST_BACKTRACE=full" "-e" "RUSTFLAGS=--cap-lints=warn" "-e" "RUSTDOCFLAGS=--cap-lints=warn" "-e" "CARGO_HOME=/opt/rustwide/cargo-home" "-e" "RUSTUP_HOME=/opt/rustwide/rustup-home" "-w" "/opt/rustwide/workdir" "-m" "1610612736" "--user" "0:0" "--network" "none" "ghcr.io/rust-lang/crates-build-env/linux@sha256:2788e3201cd34a07e3172128adcd8b3090168a8e3bcc40d7c032b9dda1df7d1c" "/opt/rustwide/cargo-home/bin/cargo" "+beta-2023-12-22" "test" "--frozen", kill_on_drop: false }`
[INFO] [stdout] 84d1ac531158ef1fd93113aea39674116f6ce4e5c8207daa3e13ae88f2b06fd0
[INFO] running `Command { std: "docker" "start" "-a" "84d1ac531158ef1fd93113aea39674116f6ce4e5c8207daa3e13ae88f2b06fd0", kill_on_drop: false }`
[INFO] [stderr] warning: static variable `read_files` should have an upper case name
[INFO] [stderr]   --> src/shader.rs:90:16
[INFO] [stderr]    |
[INFO] [stderr] 90 |         static read_files: fn(filename: &str) -> String = |filename: &str| -> String {
[INFO] [stderr]    |                ^^^^^^^^^^ help: convert the identifier to upper case: `READ_FILES`
[INFO] [stderr]    |
[INFO] [stderr]    = note: `#[warn(non_upper_case_globals)]` on by default
[INFO] [stderr] 
[INFO] [stderr] warning: `easy-opengl` (lib) generated 1 warning
[INFO] [stderr] warning: `easy-opengl` (lib test) generated 1 warning (1 duplicate)
[INFO] [stderr]     Finished test [unoptimized + debuginfo] target(s) in 0.02s
[INFO] [stderr]      Running unittests src/lib.rs (/opt/rustwide/target/debug/deps/easy_opengl-fdaa5ca52d44f6c4)
[INFO] [stdout] 
[INFO] [stdout] running 0 tests
[INFO] [stdout] 
[INFO] [stdout] test result: ok. 0 passed; 0 failed; 0 ignored; 0 measured; 0 filtered out; finished in 0.00s
[INFO] [stdout] 
[INFO] [stderr]    Doc-tests easy-opengl
[INFO] [stdout] 
[INFO] [stdout] running 1 test
[INFO] [stdout] test src/lib.rs - (line 6) ... FAILED
[INFO] [stdout] 
[INFO] [stdout] failures:
[INFO] [stdout] 
[INFO] [stdout] ---- src/lib.rs - (line 6) stdout ----
[INFO] [stdout] error[E0463]: can't find crate for `sdl2`
[INFO] [stdout]  --> src/lib.rs:7:1
[INFO] [stdout]   |
[INFO] [stdout] 3 | extern crate sdl2;
[INFO] [stdout]   | ^^^^^^^^^^^^^^^^^^ can't find crate
[INFO] [stdout] 
[INFO] [stdout] error: aborting due to 1 previous error
[INFO] [stdout] 
[INFO] [stdout] For more information about this error, try `rustc --explain E0463`.
[INFO] [stdout] Couldn't compile the test.
[INFO] [stdout] 
[INFO] [stdout] failures:
[INFO] [stdout]     src/lib.rs - (line 6)
[INFO] [stdout] 
[INFO] [stdout] test result: FAILED. 0 passed; 1 failed; 0 ignored; 0 measured; 0 filtered out; finished in 0.06s
[INFO] [stdout] 
[INFO] [stderr] error: doctest failed, to rerun pass `--doc`
[INFO] running `Command { std: "docker" "inspect" "84d1ac531158ef1fd93113aea39674116f6ce4e5c8207daa3e13ae88f2b06fd0", kill_on_drop: false }`
[INFO] running `Command { std: "docker" "rm" "-f" "84d1ac531158ef1fd93113aea39674116f6ce4e5c8207daa3e13ae88f2b06fd0", kill_on_drop: false }`
[INFO] [stdout] 84d1ac531158ef1fd93113aea39674116f6ce4e5c8207daa3e13ae88f2b06fd0
