[INFO] fetching crate e310x-hal 0.11.0...
[INFO] testing e310x-hal-0.11.0 against 1.75.0 for beta-1.76-1
[INFO] extracting crate e310x-hal 0.11.0 into /workspace/builds/worker-1-tc1/source
[INFO] validating manifest of crates.io crate e310x-hal 0.11.0 on toolchain 1.75.0
[INFO] running `Command { std: CARGO_HOME="/workspace/cargo-home" RUSTUP_HOME="/workspace/rustup-home" "/workspace/cargo-home/bin/cargo" "+1.75.0" "metadata" "--manifest-path" "Cargo.toml" "--no-deps", kill_on_drop: false }`
[INFO] started tweaking crates.io crate e310x-hal 0.11.0
[INFO] finished tweaking crates.io crate e310x-hal 0.11.0
[INFO] tweaked toml for crates.io crate e310x-hal 0.11.0 written to /workspace/builds/worker-1-tc1/source/Cargo.toml
[INFO] running `Command { std: CARGO_HOME="/workspace/cargo-home" RUSTUP_HOME="/workspace/rustup-home" "/workspace/cargo-home/bin/cargo" "+1.75.0" "generate-lockfile" "--manifest-path" "Cargo.toml", kill_on_drop: false }`
[INFO] [stderr]     Updating crates.io index
[INFO] running `Command { std: CARGO_HOME="/workspace/cargo-home" RUSTUP_HOME="/workspace/rustup-home" "/workspace/cargo-home/bin/cargo" "+1.75.0" "fetch" "--manifest-path" "Cargo.toml", kill_on_drop: false }`
[INFO] [stderr]  Downloading crates ...
[INFO] [stderr]   Downloaded riscv v0.10.1
[INFO] [stderr]   Downloaded e310x v0.11.0
[INFO] running `Command { std: "docker" "create" "-v" "/var/lib/crater-agent-workspace/builds/worker-1-tc1/target:/opt/rustwide/target:rw,Z" "-v" "/var/lib/crater-agent-workspace/builds/worker-1-tc1/source:/opt/rustwide/workdir:ro,Z" "-v" "/var/lib/crater-agent-workspace/cargo-home:/opt/rustwide/cargo-home:ro,Z" "-v" "/var/lib/crater-agent-workspace/rustup-home:/opt/rustwide/rustup-home:ro,Z" "-e" "SOURCE_DIR=/opt/rustwide/workdir" "-e" "CARGO_TARGET_DIR=/opt/rustwide/target" "-e" "CARGO_HOME=/opt/rustwide/cargo-home" "-e" "RUSTUP_HOME=/opt/rustwide/rustup-home" "-w" "/opt/rustwide/workdir" "-m" "1610612736" "--user" "0:0" "--network" "none" "ghcr.io/rust-lang/crates-build-env/linux@sha256:2788e3201cd34a07e3172128adcd8b3090168a8e3bcc40d7c032b9dda1df7d1c" "/opt/rustwide/cargo-home/bin/cargo" "+1.75.0" "metadata" "--no-deps" "--format-version=1", kill_on_drop: false }`
[INFO] [stdout] 0b74366b6566715729f1212a65499948a7c884c982a20e0335aa8f3ef52d34a9
[INFO] running `Command { std: "docker" "start" "-a" "0b74366b6566715729f1212a65499948a7c884c982a20e0335aa8f3ef52d34a9", kill_on_drop: false }`
[INFO] running `Command { std: "docker" "inspect" "0b74366b6566715729f1212a65499948a7c884c982a20e0335aa8f3ef52d34a9", kill_on_drop: false }`
[INFO] running `Command { std: "docker" "rm" "-f" "0b74366b6566715729f1212a65499948a7c884c982a20e0335aa8f3ef52d34a9", kill_on_drop: false }`
[INFO] [stdout] 0b74366b6566715729f1212a65499948a7c884c982a20e0335aa8f3ef52d34a9
[INFO] running `Command { std: "docker" "create" "-v" "/var/lib/crater-agent-workspace/builds/worker-1-tc1/target:/opt/rustwide/target:rw,Z" "-v" "/var/lib/crater-agent-workspace/builds/worker-1-tc1/source:/opt/rustwide/workdir:ro,Z" "-v" "/var/lib/crater-agent-workspace/cargo-home:/opt/rustwide/cargo-home:ro,Z" "-v" "/var/lib/crater-agent-workspace/rustup-home:/opt/rustwide/rustup-home:ro,Z" "-e" "SOURCE_DIR=/opt/rustwide/workdir" "-e" "CARGO_TARGET_DIR=/opt/rustwide/target" "-e" "CARGO_INCREMENTAL=0" "-e" "RUST_BACKTRACE=full" "-e" "RUSTFLAGS=--cap-lints=warn" "-e" "RUSTDOCFLAGS=--cap-lints=warn" "-e" "CARGO_HOME=/opt/rustwide/cargo-home" "-e" "RUSTUP_HOME=/opt/rustwide/rustup-home" "-w" "/opt/rustwide/workdir" "-m" "1610612736" "--user" "0:0" "--network" "none" "ghcr.io/rust-lang/crates-build-env/linux@sha256:2788e3201cd34a07e3172128adcd8b3090168a8e3bcc40d7c032b9dda1df7d1c" "/opt/rustwide/cargo-home/bin/cargo" "+1.75.0" "build" "--frozen" "--message-format=json", kill_on_drop: false }`
[INFO] [stdout] 0701b4ba74e20d0ac5e513e5c1e7f2a663f146da736feb2b25fa42175ec6e53e
[INFO] running `Command { std: "docker" "start" "-a" "0701b4ba74e20d0ac5e513e5c1e7f2a663f146da736feb2b25fa42175ec6e53e", kill_on_drop: false }`
[INFO] [stderr]    Compiling nb v1.1.0
[INFO] [stderr]    Compiling critical-section v1.1.2
[INFO] [stderr]    Compiling void v1.0.2
[INFO] [stderr]    Compiling e310x v0.11.0
[INFO] [stderr]    Compiling riscv v0.10.1
[INFO] [stderr]    Compiling vcell v0.1.3
[INFO] [stderr]    Compiling nb v0.1.3
[INFO] [stderr]    Compiling embedded-hal v0.2.7
[INFO] [stderr]    Compiling e310x-hal v0.11.0 (/opt/rustwide/workdir)
[INFO] [stdout] warning: unused imports: `MODE_0`, `MODE_1`, `MODE_2`, `MODE_3`, `Mode`, `Phase`, `Polarity`
[INFO] [stdout]  --> src/spi/shared_bus.rs:3:29
[INFO] [stdout]   |
[INFO] [stdout] 3 | pub use embedded_hal::spi::{Mode, Phase, Polarity, MODE_0, MODE_1, MODE_2, MODE_3};
[INFO] [stdout]   |                             ^^^^  ^^^^^  ^^^^^^^^  ^^^^^^  ^^^^^^  ^^^^^^  ^^^^^^
[INFO] [stdout]   |
[INFO] [stdout]   = note: `#[warn(unused_imports)]` on by default
[INFO] [stdout] 
[INFO] [stdout] 
[INFO] [stdout] warning: 1 warning emitted
[INFO] [stdout] 
[INFO] [stdout] 
[INFO] [stderr]     Finished dev [unoptimized + debuginfo] target(s) in 1.31s
[INFO] running `Command { std: "docker" "inspect" "0701b4ba74e20d0ac5e513e5c1e7f2a663f146da736feb2b25fa42175ec6e53e", kill_on_drop: false }`
[INFO] running `Command { std: "docker" "rm" "-f" "0701b4ba74e20d0ac5e513e5c1e7f2a663f146da736feb2b25fa42175ec6e53e", kill_on_drop: false }`
[INFO] [stdout] 0701b4ba74e20d0ac5e513e5c1e7f2a663f146da736feb2b25fa42175ec6e53e
[INFO] running `Command { std: "docker" "create" "-v" "/var/lib/crater-agent-workspace/builds/worker-1-tc1/target:/opt/rustwide/target:rw,Z" "-v" "/var/lib/crater-agent-workspace/builds/worker-1-tc1/source:/opt/rustwide/workdir:ro,Z" "-v" "/var/lib/crater-agent-workspace/cargo-home:/opt/rustwide/cargo-home:ro,Z" "-v" "/var/lib/crater-agent-workspace/rustup-home:/opt/rustwide/rustup-home:ro,Z" "-e" "SOURCE_DIR=/opt/rustwide/workdir" "-e" "CARGO_TARGET_DIR=/opt/rustwide/target" "-e" "CARGO_INCREMENTAL=0" "-e" "RUST_BACKTRACE=full" "-e" "RUSTFLAGS=--cap-lints=warn" "-e" "RUSTDOCFLAGS=--cap-lints=warn" "-e" "CARGO_HOME=/opt/rustwide/cargo-home" "-e" "RUSTUP_HOME=/opt/rustwide/rustup-home" "-w" "/opt/rustwide/workdir" "-m" "1610612736" "--user" "0:0" "--network" "none" "ghcr.io/rust-lang/crates-build-env/linux@sha256:2788e3201cd34a07e3172128adcd8b3090168a8e3bcc40d7c032b9dda1df7d1c" "/opt/rustwide/cargo-home/bin/cargo" "+1.75.0" "test" "--frozen" "--no-run" "--message-format=json", kill_on_drop: false }`
[INFO] [stdout] 0483a70d0118714aaa08e6b619a5f156e7145082f9559f23bb448cf08dd2172e
[INFO] running `Command { std: "docker" "start" "-a" "0483a70d0118714aaa08e6b619a5f156e7145082f9559f23bb448cf08dd2172e", kill_on_drop: false }`
[INFO] [stdout] warning: unused imports: `MODE_0`, `MODE_1`, `MODE_2`, `MODE_3`, `Mode`, `Phase`, `Polarity`
[INFO] [stdout]  --> src/spi/shared_bus.rs:3:29
[INFO] [stdout]   |
[INFO] [stdout] 3 | pub use embedded_hal::spi::{Mode, Phase, Polarity, MODE_0, MODE_1, MODE_2, MODE_3};
[INFO] [stdout]   |                             ^^^^  ^^^^^  ^^^^^^^^  ^^^^^^  ^^^^^^  ^^^^^^  ^^^^^^
[INFO] [stdout]   |
[INFO] [stdout]   = note: `#[warn(unused_imports)]` on by default
[INFO] [stdout] 
[INFO] [stdout] 
[INFO] [stdout] warning: 1 warning emitted
[INFO] [stdout] 
[INFO] [stdout] 
[INFO] [stderr]    Compiling e310x-hal v0.11.0 (/opt/rustwide/workdir)
[INFO] [stdout] warning: unused imports: `MODE_0`, `MODE_1`, `MODE_2`, `MODE_3`, `Mode`, `Phase`, `Polarity`
[INFO] [stdout]  --> src/spi/shared_bus.rs:3:29
[INFO] [stdout]   |
[INFO] [stdout] 3 | pub use embedded_hal::spi::{Mode, Phase, Polarity, MODE_0, MODE_1, MODE_2, MODE_3};
[INFO] [stdout]   |                             ^^^^  ^^^^^  ^^^^^^^^  ^^^^^^  ^^^^^^  ^^^^^^  ^^^^^^
[INFO] [stdout]   |
[INFO] [stdout]   = note: `#[warn(unused_imports)]` on by default
[INFO] [stdout] 
[INFO] [stdout] 
[INFO] [stdout] warning: 1 warning emitted
[INFO] [stdout] 
[INFO] [stdout] 
[INFO] [stderr]     Finished test [unoptimized + debuginfo] target(s) in 0.39s
[INFO] running `Command { std: "docker" "inspect" "0483a70d0118714aaa08e6b619a5f156e7145082f9559f23bb448cf08dd2172e", kill_on_drop: false }`
[INFO] running `Command { std: "docker" "rm" "-f" "0483a70d0118714aaa08e6b619a5f156e7145082f9559f23bb448cf08dd2172e", kill_on_drop: false }`
[INFO] [stdout] 0483a70d0118714aaa08e6b619a5f156e7145082f9559f23bb448cf08dd2172e
[INFO] running `Command { std: "docker" "create" "-v" "/var/lib/crater-agent-workspace/builds/worker-1-tc1/target:/opt/rustwide/target:rw,Z" "-v" "/var/lib/crater-agent-workspace/builds/worker-1-tc1/source:/opt/rustwide/workdir:ro,Z" "-v" "/var/lib/crater-agent-workspace/cargo-home:/opt/rustwide/cargo-home:ro,Z" "-v" "/var/lib/crater-agent-workspace/rustup-home:/opt/rustwide/rustup-home:ro,Z" "-e" "SOURCE_DIR=/opt/rustwide/workdir" "-e" "CARGO_TARGET_DIR=/opt/rustwide/target" "-e" "CARGO_INCREMENTAL=0" "-e" "RUST_BACKTRACE=full" "-e" "RUSTFLAGS=--cap-lints=warn" "-e" "RUSTDOCFLAGS=--cap-lints=warn" "-e" "CARGO_HOME=/opt/rustwide/cargo-home" "-e" "RUSTUP_HOME=/opt/rustwide/rustup-home" "-w" "/opt/rustwide/workdir" "-m" "1610612736" "--user" "0:0" "--network" "none" "ghcr.io/rust-lang/crates-build-env/linux@sha256:2788e3201cd34a07e3172128adcd8b3090168a8e3bcc40d7c032b9dda1df7d1c" "/opt/rustwide/cargo-home/bin/cargo" "+1.75.0" "test" "--frozen", kill_on_drop: false }`
[INFO] [stdout] 693a39c673a2fd915878507b0bf9590f72f2c97e4c3480f03c408b2ae9988ba6
[INFO] running `Command { std: "docker" "start" "-a" "693a39c673a2fd915878507b0bf9590f72f2c97e4c3480f03c408b2ae9988ba6", kill_on_drop: false }`
[INFO] [stderr] warning: unused imports: `MODE_0`, `MODE_1`, `MODE_2`, `MODE_3`, `Mode`, `Phase`, `Polarity`
[INFO] [stderr]  --> src/spi/shared_bus.rs:3:29
[INFO] [stderr]   |
[INFO] [stderr] 3 | pub use embedded_hal::spi::{Mode, Phase, Polarity, MODE_0, MODE_1, MODE_2, MODE_3};
[INFO] [stderr]   |                             ^^^^  ^^^^^  ^^^^^^^^  ^^^^^^  ^^^^^^  ^^^^^^  ^^^^^^
[INFO] [stderr]   |
[INFO] [stderr]   = note: `#[warn(unused_imports)]` on by default
[INFO] [stderr] 
[INFO] [stderr] warning: `e310x-hal` (lib) generated 1 warning (run `cargo fix --lib -p e310x-hal` to apply 1 suggestion)
[INFO] [stderr] warning: `e310x-hal` (lib test) generated 1 warning (1 duplicate)
[INFO] [stderr]     Finished test [unoptimized + debuginfo] target(s) in 0.00s
[INFO] [stderr]      Running unittests src/lib.rs (/opt/rustwide/target/debug/deps/e310x_hal-d5ce573cee1a1a88)
[INFO] [stdout] 
[INFO] [stdout] running 0 tests
[INFO] [stdout] 
[INFO] [stdout] test result: ok. 0 passed; 0 failed; 0 ignored; 0 measured; 0 filtered out; finished in 0.00s
[INFO] [stdout] 
[INFO] [stderr]    Doc-tests e310x-hal
[INFO] [stdout] 
[INFO] [stdout] running 2 tests
[INFO] [stdout] test src/spi.rs - spi (line 27) ... FAILED
[INFO] [stdout] test src/spi.rs - spi (line 38) ... FAILED
[INFO] [stdout] 
[INFO] [stdout] failures:
[INFO] [stdout] 
[INFO] [stdout] ---- src/spi.rs - spi (line 27) stdout ----
[INFO] [stdout] error[E0425]: cannot find value `mosi` in this scope
[INFO] [stdout]  --> src/spi.rs:28:13
[INFO] [stdout]   |
[INFO] [stdout] 3 | let pins = (mosi, miso, sck, cs0);
[INFO] [stdout]   |             ^^^^ not found in this scope
[INFO] [stdout] 
[INFO] [stdout] error[E0425]: cannot find value `miso` in this scope
[INFO] [stdout]  --> src/spi.rs:28:19
[INFO] [stdout]   |
[INFO] [stdout] 3 | let pins = (mosi, miso, sck, cs0);
[INFO] [stdout]   |                   ^^^^ not found in this scope
[INFO] [stdout] 
[INFO] [stdout] error[E0425]: cannot find value `sck` in this scope
[INFO] [stdout]  --> src/spi.rs:28:25
[INFO] [stdout]   |
[INFO] [stdout] 3 | let pins = (mosi, miso, sck, cs0);
[INFO] [stdout]   |                         ^^^ not found in this scope
[INFO] [stdout] 
[INFO] [stdout] error[E0425]: cannot find value `cs0` in this scope
[INFO] [stdout]  --> src/spi.rs:28:30
[INFO] [stdout]   |
[INFO] [stdout] 3 | let pins = (mosi, miso, sck, cs0);
[INFO] [stdout]   |                              ^^^ not found in this scope
[INFO] [stdout] 
[INFO] [stdout] error[E0433]: failed to resolve: use of undeclared type `SpiBus`
[INFO] [stdout]  --> src/spi.rs:29:16
[INFO] [stdout]   |
[INFO] [stdout] 4 |  let spi_bus = SpiBus::new(p.QSPI1, pins);
[INFO] [stdout]   |                ^^^^^^ use of undeclared type `SpiBus`
[INFO] [stdout]   |
[INFO] [stdout] help: consider importing this struct
[INFO] [stdout]   |
[INFO] [stdout] 2 + use e310x_hal::spi::SpiBus;
[INFO] [stdout]   |
[INFO] [stdout] 
[INFO] [stdout] error[E0425]: cannot find value `p` in this scope
[INFO] [stdout]  --> src/spi.rs:29:28
[INFO] [stdout]   |
[INFO] [stdout] 4 |  let spi_bus = SpiBus::new(p.QSPI1, pins);
[INFO] [stdout]   |                            ^ not found in this scope
[INFO] [stdout] 
[INFO] [stdout] error[E0433]: failed to resolve: use of undeclared type `SpiConfig`
[INFO] [stdout]  --> src/spi.rs:31:19
[INFO] [stdout]   |
[INFO] [stdout] 6 |  let spi_config = SpiConfig::new(MODE_0, 100.khz().into(), &clocks);
[INFO] [stdout]   |                   ^^^^^^^^^ use of undeclared type `SpiConfig`
[INFO] [stdout]   |
[INFO] [stdout] help: consider importing this struct
[INFO] [stdout]   |
[INFO] [stdout] 2 + use e310x_hal::spi::SpiConfig;
[INFO] [stdout]   |
[INFO] [stdout] 
[INFO] [stdout] error[E0425]: cannot find value `MODE_0` in this scope
[INFO] [stdout]  --> src/spi.rs:31:34
[INFO] [stdout]   |
[INFO] [stdout] 6 |  let spi_config = SpiConfig::new(MODE_0, 100.khz().into(), &clocks);
[INFO] [stdout]   |                                  ^^^^^^ not found in this scope
[INFO] [stdout]   |
[INFO] [stdout] help: consider importing one of these items
[INFO] [stdout]   |
[INFO] [stdout] 2 + use e310x_hal::spi::MODE_0;
[INFO] [stdout]   |
[INFO] [stdout] 2 + use embedded_hal::spi::MODE_0;
[INFO] [stdout]   |
[INFO] [stdout] 
[INFO] [stdout] error[E0425]: cannot find value `clocks` in this scope
[INFO] [stdout]  --> src/spi.rs:31:61
[INFO] [stdout]   |
[INFO] [stdout] 6 |  let spi_config = SpiConfig::new(MODE_0, 100.khz().into(), &clocks);
[INFO] [stdout]   |                                                             ^^^^^^ not found in this scope
[INFO] [stdout] 
[INFO] [stdout] error[E0689]: can't call method `khz` on ambiguous numeric type `{integer}`
[INFO] [stdout]  --> src/spi.rs:31:46
[INFO] [stdout]   |
[INFO] [stdout] 6 |  let spi_config = SpiConfig::new(MODE_0, 100.khz().into(), &clocks);
[INFO] [stdout]   |                                              ^^^
[INFO] [stdout]   |
[INFO] [stdout] help: you must specify a concrete type for this numeric value, like `i32`
[INFO] [stdout]   |
[INFO] [stdout] 6 |  let spi_config = SpiConfig::new(MODE_0, 100_i32.khz().into(), &clocks);
[INFO] [stdout]   |                                          ~~~~~~~
[INFO] [stdout] 
[INFO] [stdout] error: aborting due to 10 previous errors
[INFO] [stdout] 
[INFO] [stdout] Some errors have detailed explanations: E0425, E0433, E0689.
[INFO] [stdout] For more information about an error, try `rustc --explain E0425`.
[INFO] [stdout] Couldn't compile the test.
[INFO] [stdout] ---- src/spi.rs - spi (line 38) stdout ----
[INFO] [stdout] error[E0425]: cannot find value `mosi` in this scope
[INFO] [stdout]  --> src/spi.rs:39:13
[INFO] [stdout]   |
[INFO] [stdout] 3 | let pins = (mosi, miso, sck);
[INFO] [stdout]   |             ^^^^ not found in this scope
[INFO] [stdout] 
[INFO] [stdout] error[E0425]: cannot find value `miso` in this scope
[INFO] [stdout]  --> src/spi.rs:39:19
[INFO] [stdout]   |
[INFO] [stdout] 3 | let pins = (mosi, miso, sck);
[INFO] [stdout]   |                   ^^^^ not found in this scope
[INFO] [stdout] 
[INFO] [stdout] error[E0425]: cannot find value `sck` in this scope
[INFO] [stdout]  --> src/spi.rs:39:25
[INFO] [stdout]   |
[INFO] [stdout] 3 | let pins = (mosi, miso, sck);
[INFO] [stdout]   |                         ^^^ not found in this scope
[INFO] [stdout] 
[INFO] [stdout] error[E0433]: failed to resolve: use of undeclared type `SpiBus`
[INFO] [stdout]  --> src/spi.rs:40:16
[INFO] [stdout]   |
[INFO] [stdout] 4 |  let spi_bus = SpiBus::shared(p.QSPI1, pins);
[INFO] [stdout]   |                ^^^^^^ use of undeclared type `SpiBus`
[INFO] [stdout]   |
[INFO] [stdout] help: consider importing this struct
[INFO] [stdout]   |
[INFO] [stdout] 2 + use e310x_hal::spi::SpiBus;
[INFO] [stdout]   |
[INFO] [stdout] 
[INFO] [stdout] error[E0425]: cannot find value `p` in this scope
[INFO] [stdout]  --> src/spi.rs:40:31
[INFO] [stdout]   |
[INFO] [stdout] 4 |  let spi_bus = SpiBus::shared(p.QSPI1, pins);
[INFO] [stdout]   |                               ^ not found in this scope
[INFO] [stdout] 
[INFO] [stdout] error[E0433]: failed to resolve: use of undeclared type `SpiConfig`
[INFO] [stdout]  --> src/spi.rs:42:20
[INFO] [stdout]   |
[INFO] [stdout] 6 |  let spi_config1 = SpiConfig::new(MODE_0, 100.khz().into(), &clocks);
[INFO] [stdout]   |                    ^^^^^^^^^ use of undeclared type `SpiConfig`
[INFO] [stdout]   |
[INFO] [stdout] help: consider importing this struct
[INFO] [stdout]   |
[INFO] [stdout] 2 + use e310x_hal::spi::SpiConfig;
[INFO] [stdout]   |
[INFO] [stdout] 
[INFO] [stdout] error[E0425]: cannot find value `MODE_0` in this scope
[INFO] [stdout]  --> src/spi.rs:42:35
[INFO] [stdout]   |
[INFO] [stdout] 6 |  let spi_config1 = SpiConfig::new(MODE_0, 100.khz().into(), &clocks);
[INFO] [stdout]   |                                   ^^^^^^ not found in this scope
[INFO] [stdout]   |
[INFO] [stdout] help: consider importing one of these items
[INFO] [stdout]   |
[INFO] [stdout] 2 + use e310x_hal::spi::MODE_0;
[INFO] [stdout]   |
[INFO] [stdout] 2 + use embedded_hal::spi::MODE_0;
[INFO] [stdout]   |
[INFO] [stdout] 
[INFO] [stdout] error[E0425]: cannot find value `clocks` in this scope
[INFO] [stdout]  --> src/spi.rs:42:62
[INFO] [stdout]   |
[INFO] [stdout] 6 |  let spi_config1 = SpiConfig::new(MODE_0, 100.khz().into(), &clocks);
[INFO] [stdout]   |                                                              ^^^^^^ not found in this scope
[INFO] [stdout] 
[INFO] [stdout] error[E0425]: cannot find value `cs0` in this scope
[INFO] [stdout]  --> src/spi.rs:43:36
[INFO] [stdout]   |
[INFO] [stdout] 7 |  let mut dev1 = spi_bus.new_device(cs0, &spi_config1);
[INFO] [stdout]   |                                    ^^^ not found in this scope
[INFO] [stdout] 
[INFO] [stdout] error[E0433]: failed to resolve: use of undeclared type `SpiConfig`
[INFO] [stdout]  --> src/spi.rs:45:20
[INFO] [stdout]   |
[INFO] [stdout] 9 |  let spi_config2 = SpiConfig::new(MODE_3, 2.mhz().into(), &clocks);
[INFO] [stdout]   |                    ^^^^^^^^^ use of undeclared type `SpiConfig`
[INFO] [stdout]   |
[INFO] [stdout] help: consider importing this struct
[INFO] [stdout]   |
[INFO] [stdout] 2 + use e310x_hal::spi::SpiConfig;
[INFO] [stdout]   |
[INFO] [stdout] 
[INFO] [stdout] error[E0425]: cannot find value `MODE_3` in this scope
[INFO] [stdout]  --> src/spi.rs:45:35
[INFO] [stdout]   |
[INFO] [stdout] 9 |  let spi_config2 = SpiConfig::new(MODE_3, 2.mhz().into(), &clocks);
[INFO] [stdout]   |                                   ^^^^^^ not found in this scope
[INFO] [stdout]   |
[INFO] [stdout] help: consider importing one of these items
[INFO] [stdout]   |
[INFO] [stdout] 2 + use e310x_hal::spi::MODE_3;
[INFO] [stdout]   |
[INFO] [stdout] 2 + use embedded_hal::spi::MODE_3;
[INFO] [stdout]   |
[INFO] [stdout] 
[INFO] [stdout] error[E0425]: cannot find value `clocks` in this scope
[INFO] [stdout]  --> src/spi.rs:45:60
[INFO] [stdout]   |
[INFO] [stdout] 9 |  let spi_config2 = SpiConfig::new(MODE_3, 2.mhz().into(), &clocks);
[INFO] [stdout]   |                                                            ^^^^^^ not found in this scope
[INFO] [stdout] 
[INFO] [stdout] error[E0425]: cannot find value `cs1` in this scope
[INFO] [stdout]   --> src/spi.rs:46:36
[INFO] [stdout]    |
[INFO] [stdout] 10 |  let mut dev2 = spi_bus.new_device(cs1, &spi_config2);
[INFO] [stdout]    |                                    ^^^ not found in this scope
[INFO] [stdout] 
[INFO] [stdout] error[E0689]: can't call method `khz` on ambiguous numeric type `{integer}`
[INFO] [stdout]  --> src/spi.rs:42:47
[INFO] [stdout]   |
[INFO] [stdout] 6 |  let spi_config1 = SpiConfig::new(MODE_0, 100.khz().into(), &clocks);
[INFO] [stdout]   |                                               ^^^
[INFO] [stdout]   |
[INFO] [stdout] help: you must specify a concrete type for this numeric value, like `i32`
[INFO] [stdout]   |
[INFO] [stdout] 6 |  let spi_config1 = SpiConfig::new(MODE_0, 100_i32.khz().into(), &clocks);
[INFO] [stdout]   |                                           ~~~~~~~
[INFO] [stdout] 
[INFO] [stdout] error[E0689]: can't call method `mhz` on ambiguous numeric type `{integer}`
[INFO] [stdout]  --> src/spi.rs:45:45
[INFO] [stdout]   |
[INFO] [stdout] 9 |  let spi_config2 = SpiConfig::new(MODE_3, 2.mhz().into(), &clocks);
[INFO] [stdout]   |                                             ^^^
[INFO] [stdout]   |
[INFO] [stdout] help: you must specify a concrete type for this numeric value, like `i32`
[INFO] [stdout]   |
[INFO] [stdout] 9 |  let spi_config2 = SpiConfig::new(MODE_3, 2_i32.mhz().into(), &clocks);
[INFO] [stdout]   |                                           ~~~~~
[INFO] [stdout] 
[INFO] [stdout] error: aborting due to 15 previous errors
[INFO] [stdout] 
[INFO] [stdout] Some errors have detailed explanations: E0425, E0433, E0689.
[INFO] [stdout] For more information about an error, try `rustc --explain E0425`.
[INFO] [stdout] Couldn't compile the test.
[INFO] [stdout] 
[INFO] [stdout] failures:
[INFO] [stdout]     src/spi.rs - spi (line 27)
[INFO] [stdout]     src/spi.rs - spi (line 38)
[INFO] [stdout] 
[INFO] [stdout] test result: FAILED. 0 passed; 2 failed; 0 ignored; 0 measured; 0 filtered out; finished in 0.05s
[INFO] [stdout] 
[INFO] [stderr] error: doctest failed, to rerun pass `--doc`
[INFO] running `Command { std: "docker" "inspect" "693a39c673a2fd915878507b0bf9590f72f2c97e4c3480f03c408b2ae9988ba6", kill_on_drop: false }`
[INFO] running `Command { std: "docker" "rm" "-f" "693a39c673a2fd915878507b0bf9590f72f2c97e4c3480f03c408b2ae9988ba6", kill_on_drop: false }`
[INFO] [stdout] 693a39c673a2fd915878507b0bf9590f72f2c97e4c3480f03c408b2ae9988ba6
[INFO] testing e310x-hal-0.11.0 against beta-2023-12-22 for beta-1.76-1
[INFO] extracting crate e310x-hal 0.11.0 into /workspace/builds/worker-1-tc2/source
[INFO] validating manifest of crates.io crate e310x-hal 0.11.0 on toolchain beta-2023-12-22
[INFO] running `Command { std: CARGO_HOME="/workspace/cargo-home" RUSTUP_HOME="/workspace/rustup-home" "/workspace/cargo-home/bin/cargo" "+beta-2023-12-22" "metadata" "--manifest-path" "Cargo.toml" "--no-deps", kill_on_drop: false }`
[INFO] started tweaking crates.io crate e310x-hal 0.11.0
[INFO] finished tweaking crates.io crate e310x-hal 0.11.0
[INFO] tweaked toml for crates.io crate e310x-hal 0.11.0 written to /workspace/builds/worker-1-tc2/source/Cargo.toml
[INFO] running `Command { std: CARGO_HOME="/workspace/cargo-home" RUSTUP_HOME="/workspace/rustup-home" "/workspace/cargo-home/bin/cargo" "+beta-2023-12-22" "generate-lockfile" "--manifest-path" "Cargo.toml", kill_on_drop: false }`
[INFO] [stderr]     Updating crates.io index
[INFO] running `Command { std: CARGO_HOME="/workspace/cargo-home" RUSTUP_HOME="/workspace/rustup-home" "/workspace/cargo-home/bin/cargo" "+beta-2023-12-22" "fetch" "--manifest-path" "Cargo.toml", kill_on_drop: false }`
[INFO] running `Command { std: "docker" "create" "-v" "/var/lib/crater-agent-workspace/builds/worker-1-tc2/target:/opt/rustwide/target:rw,Z" "-v" "/var/lib/crater-agent-workspace/builds/worker-1-tc2/source:/opt/rustwide/workdir:ro,Z" "-v" "/var/lib/crater-agent-workspace/cargo-home:/opt/rustwide/cargo-home:ro,Z" "-v" "/var/lib/crater-agent-workspace/rustup-home:/opt/rustwide/rustup-home:ro,Z" "-e" "SOURCE_DIR=/opt/rustwide/workdir" "-e" "CARGO_TARGET_DIR=/opt/rustwide/target" "-e" "CARGO_HOME=/opt/rustwide/cargo-home" "-e" "RUSTUP_HOME=/opt/rustwide/rustup-home" "-w" "/opt/rustwide/workdir" "-m" "1610612736" "--user" "0:0" "--network" "none" "ghcr.io/rust-lang/crates-build-env/linux@sha256:2788e3201cd34a07e3172128adcd8b3090168a8e3bcc40d7c032b9dda1df7d1c" "/opt/rustwide/cargo-home/bin/cargo" "+beta-2023-12-22" "metadata" "--no-deps" "--format-version=1", kill_on_drop: false }`
[INFO] [stdout] 6e33289da630038a480501a30df16b87d13cc3bfa205f92dc3ce5fd168ab0a39
[INFO] running `Command { std: "docker" "start" "-a" "6e33289da630038a480501a30df16b87d13cc3bfa205f92dc3ce5fd168ab0a39", kill_on_drop: false }`
[INFO] running `Command { std: "docker" "inspect" "6e33289da630038a480501a30df16b87d13cc3bfa205f92dc3ce5fd168ab0a39", kill_on_drop: false }`
[INFO] running `Command { std: "docker" "rm" "-f" "6e33289da630038a480501a30df16b87d13cc3bfa205f92dc3ce5fd168ab0a39", kill_on_drop: false }`
[INFO] [stdout] 6e33289da630038a480501a30df16b87d13cc3bfa205f92dc3ce5fd168ab0a39
[INFO] running `Command { std: "docker" "create" "-v" "/var/lib/crater-agent-workspace/builds/worker-1-tc2/target:/opt/rustwide/target:rw,Z" "-v" "/var/lib/crater-agent-workspace/builds/worker-1-tc2/source:/opt/rustwide/workdir:ro,Z" "-v" "/var/lib/crater-agent-workspace/cargo-home:/opt/rustwide/cargo-home:ro,Z" "-v" "/var/lib/crater-agent-workspace/rustup-home:/opt/rustwide/rustup-home:ro,Z" "-e" "SOURCE_DIR=/opt/rustwide/workdir" "-e" "CARGO_TARGET_DIR=/opt/rustwide/target" "-e" "CARGO_INCREMENTAL=0" "-e" "RUST_BACKTRACE=full" "-e" "RUSTFLAGS=--cap-lints=warn" "-e" "RUSTDOCFLAGS=--cap-lints=warn" "-e" "CARGO_HOME=/opt/rustwide/cargo-home" "-e" "RUSTUP_HOME=/opt/rustwide/rustup-home" "-w" "/opt/rustwide/workdir" "-m" "1610612736" "--user" "0:0" "--network" "none" "ghcr.io/rust-lang/crates-build-env/linux@sha256:2788e3201cd34a07e3172128adcd8b3090168a8e3bcc40d7c032b9dda1df7d1c" "/opt/rustwide/cargo-home/bin/cargo" "+beta-2023-12-22" "build" "--frozen" "--message-format=json", kill_on_drop: false }`
[INFO] [stdout] 5538e61a6e602781bd50e971993b4de86f7cf057ccffe6d6107303ac8a2b6f8a
[INFO] running `Command { std: "docker" "start" "-a" "5538e61a6e602781bd50e971993b4de86f7cf057ccffe6d6107303ac8a2b6f8a", kill_on_drop: false }`
[INFO] [stderr]    Compiling nb v1.1.0
[INFO] [stderr]    Compiling riscv v0.10.1
[INFO] [stderr]    Compiling e310x v0.11.0
[INFO] [stderr]    Compiling void v1.0.2
[INFO] [stderr]    Compiling critical-section v1.1.2
[INFO] [stderr]    Compiling vcell v0.1.3
[INFO] [stderr]    Compiling nb v0.1.3
[INFO] [stderr]    Compiling embedded-hal v0.2.7
[INFO] [stderr]    Compiling e310x-hal v0.11.0 (/opt/rustwide/workdir)
[INFO] [stdout] warning: unused imports: `MODE_0`, `MODE_1`, `MODE_2`, `MODE_3`, `Mode`, `Phase`, `Polarity`
[INFO] [stdout]  --> src/spi/shared_bus.rs:3:29
[INFO] [stdout]   |
[INFO] [stdout] 3 | pub use embedded_hal::spi::{Mode, Phase, Polarity, MODE_0, MODE_1, MODE_2, MODE_3};
[INFO] [stdout]   |                             ^^^^  ^^^^^  ^^^^^^^^  ^^^^^^  ^^^^^^  ^^^^^^  ^^^^^^
[INFO] [stdout]   |
[INFO] [stdout]   = note: `#[warn(unused_imports)]` on by default
[INFO] [stdout] 
[INFO] [stdout] 
[INFO] [stdout] warning: 1 warning emitted
[INFO] [stdout] 
[INFO] [stdout] 
[INFO] [stderr]     Finished dev [unoptimized + debuginfo] target(s) in 1.17s
[INFO] running `Command { std: "docker" "inspect" "5538e61a6e602781bd50e971993b4de86f7cf057ccffe6d6107303ac8a2b6f8a", kill_on_drop: false }`
[INFO] running `Command { std: "docker" "rm" "-f" "5538e61a6e602781bd50e971993b4de86f7cf057ccffe6d6107303ac8a2b6f8a", kill_on_drop: false }`
[INFO] [stdout] 5538e61a6e602781bd50e971993b4de86f7cf057ccffe6d6107303ac8a2b6f8a
[INFO] running `Command { std: "docker" "create" "-v" "/var/lib/crater-agent-workspace/builds/worker-1-tc2/target:/opt/rustwide/target:rw,Z" "-v" "/var/lib/crater-agent-workspace/builds/worker-1-tc2/source:/opt/rustwide/workdir:ro,Z" "-v" "/var/lib/crater-agent-workspace/cargo-home:/opt/rustwide/cargo-home:ro,Z" "-v" "/var/lib/crater-agent-workspace/rustup-home:/opt/rustwide/rustup-home:ro,Z" "-e" "SOURCE_DIR=/opt/rustwide/workdir" "-e" "CARGO_TARGET_DIR=/opt/rustwide/target" "-e" "CARGO_INCREMENTAL=0" "-e" "RUST_BACKTRACE=full" "-e" "RUSTFLAGS=--cap-lints=warn" "-e" "RUSTDOCFLAGS=--cap-lints=warn" "-e" "CARGO_HOME=/opt/rustwide/cargo-home" "-e" "RUSTUP_HOME=/opt/rustwide/rustup-home" "-w" "/opt/rustwide/workdir" "-m" "1610612736" "--user" "0:0" "--network" "none" "ghcr.io/rust-lang/crates-build-env/linux@sha256:2788e3201cd34a07e3172128adcd8b3090168a8e3bcc40d7c032b9dda1df7d1c" "/opt/rustwide/cargo-home/bin/cargo" "+beta-2023-12-22" "test" "--frozen" "--no-run" "--message-format=json", kill_on_drop: false }`
[INFO] [stdout] 4d7aa9d695e7b9bd869ec6f8560c0ad67fd2c2571426695df448a33aae196378
[INFO] running `Command { std: "docker" "start" "-a" "4d7aa9d695e7b9bd869ec6f8560c0ad67fd2c2571426695df448a33aae196378", kill_on_drop: false }`
[INFO] [stdout] warning: unused imports: `MODE_0`, `MODE_1`, `MODE_2`, `MODE_3`, `Mode`, `Phase`, `Polarity`
[INFO] [stdout]  --> src/spi/shared_bus.rs:3:29
[INFO] [stdout]   |
[INFO] [stdout] 3 | pub use embedded_hal::spi::{Mode, Phase, Polarity, MODE_0, MODE_1, MODE_2, MODE_3};
[INFO] [stdout]   |                             ^^^^  ^^^^^  ^^^^^^^^  ^^^^^^  ^^^^^^  ^^^^^^  ^^^^^^
[INFO] [stdout]   |
[INFO] [stdout]   = note: `#[warn(unused_imports)]` on by default
[INFO] [stdout] 
[INFO] [stdout] 
[INFO] [stderr]    Compiling e310x-hal v0.11.0 (/opt/rustwide/workdir)
[INFO] [stdout] warning: 1 warning emitted
[INFO] [stdout] 
[INFO] [stdout] 
[INFO] [stdout] warning: unused imports: `MODE_0`, `MODE_1`, `MODE_2`, `MODE_3`, `Mode`, `Phase`, `Polarity`
[INFO] [stdout]  --> src/spi/shared_bus.rs:3:29
[INFO] [stdout]   |
[INFO] [stdout] 3 | pub use embedded_hal::spi::{Mode, Phase, Polarity, MODE_0, MODE_1, MODE_2, MODE_3};
[INFO] [stdout]   |                             ^^^^  ^^^^^  ^^^^^^^^  ^^^^^^  ^^^^^^  ^^^^^^  ^^^^^^
[INFO] [stdout]   |
[INFO] [stdout]   = note: `#[warn(unused_imports)]` on by default
[INFO] [stdout] 
[INFO] [stdout] 
[INFO] [stdout] warning: 1 warning emitted
[INFO] [stdout] 
[INFO] [stdout] 
[INFO] [stderr]     Finished test [unoptimized + debuginfo] target(s) in 0.39s
[INFO] running `Command { std: "docker" "inspect" "4d7aa9d695e7b9bd869ec6f8560c0ad67fd2c2571426695df448a33aae196378", kill_on_drop: false }`
[INFO] running `Command { std: "docker" "rm" "-f" "4d7aa9d695e7b9bd869ec6f8560c0ad67fd2c2571426695df448a33aae196378", kill_on_drop: false }`
[INFO] [stdout] 4d7aa9d695e7b9bd869ec6f8560c0ad67fd2c2571426695df448a33aae196378
[INFO] running `Command { std: "docker" "create" "-v" "/var/lib/crater-agent-workspace/builds/worker-1-tc2/target:/opt/rustwide/target:rw,Z" "-v" "/var/lib/crater-agent-workspace/builds/worker-1-tc2/source:/opt/rustwide/workdir:ro,Z" "-v" "/var/lib/crater-agent-workspace/cargo-home:/opt/rustwide/cargo-home:ro,Z" "-v" "/var/lib/crater-agent-workspace/rustup-home:/opt/rustwide/rustup-home:ro,Z" "-e" "SOURCE_DIR=/opt/rustwide/workdir" "-e" "CARGO_TARGET_DIR=/opt/rustwide/target" "-e" "CARGO_INCREMENTAL=0" "-e" "RUST_BACKTRACE=full" "-e" "RUSTFLAGS=--cap-lints=warn" "-e" "RUSTDOCFLAGS=--cap-lints=warn" "-e" "CARGO_HOME=/opt/rustwide/cargo-home" "-e" "RUSTUP_HOME=/opt/rustwide/rustup-home" "-w" "/opt/rustwide/workdir" "-m" "1610612736" "--user" "0:0" "--network" "none" "ghcr.io/rust-lang/crates-build-env/linux@sha256:2788e3201cd34a07e3172128adcd8b3090168a8e3bcc40d7c032b9dda1df7d1c" "/opt/rustwide/cargo-home/bin/cargo" "+beta-2023-12-22" "test" "--frozen", kill_on_drop: false }`
[INFO] [stdout] 4c7436f10b0c952ecb35e1dd83d340b8db28e2f9bc2c413fdca2e3b809c3c122
[INFO] running `Command { std: "docker" "start" "-a" "4c7436f10b0c952ecb35e1dd83d340b8db28e2f9bc2c413fdca2e3b809c3c122", kill_on_drop: false }`
[INFO] [stderr] warning: unused imports: `MODE_0`, `MODE_1`, `MODE_2`, `MODE_3`, `Mode`, `Phase`, `Polarity`
[INFO] [stderr]  --> src/spi/shared_bus.rs:3:29
[INFO] [stderr]   |
[INFO] [stderr] 3 | pub use embedded_hal::spi::{Mode, Phase, Polarity, MODE_0, MODE_1, MODE_2, MODE_3};
[INFO] [stderr]   |                             ^^^^  ^^^^^  ^^^^^^^^  ^^^^^^  ^^^^^^  ^^^^^^  ^^^^^^
[INFO] [stderr]   |
[INFO] [stderr]   = note: `#[warn(unused_imports)]` on by default
[INFO] [stderr] 
[INFO] [stderr] warning: `e310x-hal` (lib) generated 1 warning (run `cargo fix --lib -p e310x-hal` to apply 1 suggestion)
[INFO] [stderr] warning: `e310x-hal` (lib test) generated 1 warning (1 duplicate)
[INFO] [stderr]     Finished test [unoptimized + debuginfo] target(s) in 0.01s
[INFO] [stderr]      Running unittests src/lib.rs (/opt/rustwide/target/debug/deps/e310x_hal-1b68724f22428b39)
[INFO] [stdout] 
[INFO] [stdout] running 0 tests
[INFO] [stdout] 
[INFO] [stdout] test result: ok. 0 passed; 0 failed; 0 ignored; 0 measured; 0 filtered out; finished in 0.00s
[INFO] [stdout] 
[INFO] [stderr]    Doc-tests e310x-hal
[INFO] [stdout] 
[INFO] [stdout] running 2 tests
[INFO] [stdout] test src/spi.rs - spi (line 27) ... FAILED
[INFO] [stdout] test src/spi.rs - spi (line 38) ... FAILED
[INFO] [stdout] 
[INFO] [stdout] failures:
[INFO] [stdout] 
[INFO] [stdout] ---- src/spi.rs - spi (line 27) stdout ----
[INFO] [stdout] error[E0425]: cannot find value `mosi` in this scope
[INFO] [stdout]  --> src/spi.rs:28:13
[INFO] [stdout]   |
[INFO] [stdout] 3 | let pins = (mosi, miso, sck, cs0);
[INFO] [stdout]   |             ^^^^ not found in this scope
[INFO] [stdout] 
[INFO] [stdout] error[E0425]: cannot find value `miso` in this scope
[INFO] [stdout]  --> src/spi.rs:28:19
[INFO] [stdout]   |
[INFO] [stdout] 3 | let pins = (mosi, miso, sck, cs0);
[INFO] [stdout]   |                   ^^^^ not found in this scope
[INFO] [stdout] 
[INFO] [stdout] error[E0425]: cannot find value `sck` in this scope
[INFO] [stdout]  --> src/spi.rs:28:25
[INFO] [stdout]   |
[INFO] [stdout] 3 | let pins = (mosi, miso, sck, cs0);
[INFO] [stdout]   |                         ^^^ not found in this scope
[INFO] [stdout] 
[INFO] [stdout] error[E0425]: cannot find value `cs0` in this scope
[INFO] [stdout]  --> src/spi.rs:28:30
[INFO] [stdout]   |
[INFO] [stdout] 3 | let pins = (mosi, miso, sck, cs0);
[INFO] [stdout]   |                              ^^^ not found in this scope
[INFO] [stdout] 
[INFO] [stdout] error[E0433]: failed to resolve: use of undeclared type `SpiBus`
[INFO] [stdout]  --> src/spi.rs:29:16
[INFO] [stdout]   |
[INFO] [stdout] 4 |  let spi_bus = SpiBus::new(p.QSPI1, pins);
[INFO] [stdout]   |                ^^^^^^ use of undeclared type `SpiBus`
[INFO] [stdout]   |
[INFO] [stdout] help: consider importing this struct
[INFO] [stdout]   |
[INFO] [stdout] 2 + use e310x_hal::spi::SpiBus;
[INFO] [stdout]   |
[INFO] [stdout] 
[INFO] [stdout] error[E0425]: cannot find value `p` in this scope
[INFO] [stdout]  --> src/spi.rs:29:28
[INFO] [stdout]   |
[INFO] [stdout] 4 |  let spi_bus = SpiBus::new(p.QSPI1, pins);
[INFO] [stdout]   |                            ^ not found in this scope
[INFO] [stdout] 
[INFO] [stdout] error[E0433]: failed to resolve: use of undeclared type `SpiConfig`
[INFO] [stdout]  --> src/spi.rs:31:19
[INFO] [stdout]   |
[INFO] [stdout] 6 |  let spi_config = SpiConfig::new(MODE_0, 100.khz().into(), &clocks);
[INFO] [stdout]   |                   ^^^^^^^^^ use of undeclared type `SpiConfig`
[INFO] [stdout]   |
[INFO] [stdout] help: consider importing this struct
[INFO] [stdout]   |
[INFO] [stdout] 2 + use e310x_hal::spi::SpiConfig;
[INFO] [stdout]   |
[INFO] [stdout] 
[INFO] [stdout] error[E0425]: cannot find value `MODE_0` in this scope
[INFO] [stdout]  --> src/spi.rs:31:34
[INFO] [stdout]   |
[INFO] [stdout] 6 |  let spi_config = SpiConfig::new(MODE_0, 100.khz().into(), &clocks);
[INFO] [stdout]   |                                  ^^^^^^ not found in this scope
[INFO] [stdout]   |
[INFO] [stdout] help: consider importing one of these items
[INFO] [stdout]   |
[INFO] [stdout] 2 + use e310x_hal::spi::MODE_0;
[INFO] [stdout]   |
[INFO] [stdout] 2 + use embedded_hal::spi::MODE_0;
[INFO] [stdout]   |
[INFO] [stdout] 
[INFO] [stdout] error[E0425]: cannot find value `clocks` in this scope
[INFO] [stdout]  --> src/spi.rs:31:61
[INFO] [stdout]   |
[INFO] [stdout] 6 |  let spi_config = SpiConfig::new(MODE_0, 100.khz().into(), &clocks);
[INFO] [stdout]   |                                                             ^^^^^^ not found in this scope
[INFO] [stdout] 
[INFO] [stdout] error[E0689]: can't call method `khz` on ambiguous numeric type `{integer}`
[INFO] [stdout]  --> src/spi.rs:31:46
[INFO] [stdout]   |
[INFO] [stdout] 6 |  let spi_config = SpiConfig::new(MODE_0, 100.khz().into(), &clocks);
[INFO] [stdout]   |                                              ^^^
[INFO] [stdout]   |
[INFO] [stdout] help: you must specify a concrete type for this numeric value, like `i32`
[INFO] [stdout]   |
[INFO] [stdout] 6 |  let spi_config = SpiConfig::new(MODE_0, 100_i32.khz().into(), &clocks);
[INFO] [stdout]   |                                          ~~~~~~~
[INFO] [stdout] 
[INFO] [stdout] error: aborting due to 10 previous errors
[INFO] [stdout] 
[INFO] [stdout] Some errors have detailed explanations: E0425, E0433, E0689.
[INFO] [stdout] For more information about an error, try `rustc --explain E0425`.
[INFO] [stdout] Couldn't compile the test.
[INFO] [stdout] ---- src/spi.rs - spi (line 38) stdout ----
[INFO] [stdout] error[E0425]: cannot find value `mosi` in this scope
[INFO] [stdout]  --> src/spi.rs:39:13
[INFO] [stdout]   |
[INFO] [stdout] 3 | let pins = (mosi, miso, sck);
[INFO] [stdout]   |             ^^^^ not found in this scope
[INFO] [stdout] 
[INFO] [stdout] error[E0425]: cannot find value `miso` in this scope
[INFO] [stdout]  --> src/spi.rs:39:19
[INFO] [stdout]   |
[INFO] [stdout] 3 | let pins = (mosi, miso, sck);
[INFO] [stdout]   |                   ^^^^ not found in this scope
[INFO] [stdout] 
[INFO] [stdout] error[E0425]: cannot find value `sck` in this scope
[INFO] [stdout]  --> src/spi.rs:39:25
[INFO] [stdout]   |
[INFO] [stdout] 3 | let pins = (mosi, miso, sck);
[INFO] [stdout]   |                         ^^^ not found in this scope
[INFO] [stdout] 
[INFO] [stdout] error[E0433]: failed to resolve: use of undeclared type `SpiBus`
[INFO] [stdout]  --> src/spi.rs:40:16
[INFO] [stdout]   |
[INFO] [stdout] 4 |  let spi_bus = SpiBus::shared(p.QSPI1, pins);
[INFO] [stdout]   |                ^^^^^^ use of undeclared type `SpiBus`
[INFO] [stdout]   |
[INFO] [stdout] help: consider importing this struct
[INFO] [stdout]   |
[INFO] [stdout] 2 + use e310x_hal::spi::SpiBus;
[INFO] [stdout]   |
[INFO] [stdout] 
[INFO] [stdout] error[E0425]: cannot find value `p` in this scope
[INFO] [stdout]  --> src/spi.rs:40:31
[INFO] [stdout]   |
[INFO] [stdout] 4 |  let spi_bus = SpiBus::shared(p.QSPI1, pins);
[INFO] [stdout]   |                               ^ not found in this scope
[INFO] [stdout] 
[INFO] [stdout] error[E0433]: failed to resolve: use of undeclared type `SpiConfig`
[INFO] [stdout]  --> src/spi.rs:42:20
[INFO] [stdout]   |
[INFO] [stdout] 6 |  let spi_config1 = SpiConfig::new(MODE_0, 100.khz().into(), &clocks);
[INFO] [stdout]   |                    ^^^^^^^^^ use of undeclared type `SpiConfig`
[INFO] [stdout]   |
[INFO] [stdout] help: consider importing this struct
[INFO] [stdout]   |
[INFO] [stdout] 2 + use e310x_hal::spi::SpiConfig;
[INFO] [stdout]   |
[INFO] [stdout] 
[INFO] [stdout] error[E0425]: cannot find value `MODE_0` in this scope
[INFO] [stdout]  --> src/spi.rs:42:35
[INFO] [stdout]   |
[INFO] [stdout] 6 |  let spi_config1 = SpiConfig::new(MODE_0, 100.khz().into(), &clocks);
[INFO] [stdout]   |                                   ^^^^^^ not found in this scope
[INFO] [stdout]   |
[INFO] [stdout] help: consider importing one of these items
[INFO] [stdout]   |
[INFO] [stdout] 2 + use e310x_hal::spi::MODE_0;
[INFO] [stdout]   |
[INFO] [stdout] 2 + use embedded_hal::spi::MODE_0;
[INFO] [stdout]   |
[INFO] [stdout] 
[INFO] [stdout] error[E0425]: cannot find value `clocks` in this scope
[INFO] [stdout]  --> src/spi.rs:42:62
[INFO] [stdout]   |
[INFO] [stdout] 6 |  let spi_config1 = SpiConfig::new(MODE_0, 100.khz().into(), &clocks);
[INFO] [stdout]   |                                                              ^^^^^^ not found in this scope
[INFO] [stdout] 
[INFO] [stdout] error[E0425]: cannot find value `cs0` in this scope
[INFO] [stdout]  --> src/spi.rs:43:36
[INFO] [stdout]   |
[INFO] [stdout] 7 |  let mut dev1 = spi_bus.new_device(cs0, &spi_config1);
[INFO] [stdout]   |                                    ^^^ not found in this scope
[INFO] [stdout] 
[INFO] [stdout] error[E0433]: failed to resolve: use of undeclared type `SpiConfig`
[INFO] [stdout]  --> src/spi.rs:45:20
[INFO] [stdout]   |
[INFO] [stdout] 9 |  let spi_config2 = SpiConfig::new(MODE_3, 2.mhz().into(), &clocks);
[INFO] [stdout]   |                    ^^^^^^^^^ use of undeclared type `SpiConfig`
[INFO] [stdout]   |
[INFO] [stdout] help: consider importing this struct
[INFO] [stdout]   |
[INFO] [stdout] 2 + use e310x_hal::spi::SpiConfig;
[INFO] [stdout]   |
[INFO] [stdout] 
[INFO] [stdout] error[E0425]: cannot find value `MODE_3` in this scope
[INFO] [stdout]  --> src/spi.rs:45:35
[INFO] [stdout]   |
[INFO] [stdout] 9 |  let spi_config2 = SpiConfig::new(MODE_3, 2.mhz().into(), &clocks);
[INFO] [stdout]   |                                   ^^^^^^ not found in this scope
[INFO] [stdout]   |
[INFO] [stdout] help: consider importing one of these items
[INFO] [stdout]   |
[INFO] [stdout] 2 + use e310x_hal::spi::MODE_3;
[INFO] [stdout]   |
[INFO] [stdout] 2 + use embedded_hal::spi::MODE_3;
[INFO] [stdout]   |
[INFO] [stdout] 
[INFO] [stdout] error[E0425]: cannot find value `clocks` in this scope
[INFO] [stdout]  --> src/spi.rs:45:60
[INFO] [stdout]   |
[INFO] [stdout] 9 |  let spi_config2 = SpiConfig::new(MODE_3, 2.mhz().into(), &clocks);
[INFO] [stdout]   |                                                            ^^^^^^ not found in this scope
[INFO] [stdout] 
[INFO] [stdout] error[E0425]: cannot find value `cs1` in this scope
[INFO] [stdout]   --> src/spi.rs:46:36
[INFO] [stdout]    |
[INFO] [stdout] 10 |  let mut dev2 = spi_bus.new_device(cs1, &spi_config2);
[INFO] [stdout]    |                                    ^^^ not found in this scope
[INFO] [stdout] 
[INFO] [stdout] error[E0689]: can't call method `khz` on ambiguous numeric type `{integer}`
[INFO] [stdout]  --> src/spi.rs:42:47
[INFO] [stdout]   |
[INFO] [stdout] 6 |  let spi_config1 = SpiConfig::new(MODE_0, 100.khz().into(), &clocks);
[INFO] [stdout]   |                                               ^^^
[INFO] [stdout]   |
[INFO] [stdout] help: you must specify a concrete type for this numeric value, like `i32`
[INFO] [stdout]   |
[INFO] [stdout] 6 |  let spi_config1 = SpiConfig::new(MODE_0, 100_i32.khz().into(), &clocks);
[INFO] [stdout]   |                                           ~~~~~~~
[INFO] [stdout] 
[INFO] [stdout] error[E0689]: can't call method `mhz` on ambiguous numeric type `{integer}`
[INFO] [stdout]  --> src/spi.rs:45:45
[INFO] [stdout]   |
[INFO] [stdout] 9 |  let spi_config2 = SpiConfig::new(MODE_3, 2.mhz().into(), &clocks);
[INFO] [stdout]   |                                             ^^^
[INFO] [stdout]   |
[INFO] [stdout] help: you must specify a concrete type for this numeric value, like `i32`
[INFO] [stdout]   |
[INFO] [stdout] 9 |  let spi_config2 = SpiConfig::new(MODE_3, 2_i32.mhz().into(), &clocks);
[INFO] [stdout]   |                                           ~~~~~
[INFO] [stdout] 
[INFO] [stdout] error: aborting due to 15 previous errors
[INFO] [stdout] 
[INFO] [stdout] Some errors have detailed explanations: E0425, E0433, E0689.
[INFO] [stdout] For more information about an error, try `rustc --explain E0425`.
[INFO] [stdout] Couldn't compile the test.
[INFO] [stdout] 
[INFO] [stdout] failures:
[INFO] [stdout]     src/spi.rs - spi (line 27)
[INFO] [stdout]     src/spi.rs - spi (line 38)
[INFO] [stdout] 
[INFO] [stdout] test result: FAILED. 0 passed; 2 failed; 0 ignored; 0 measured; 0 filtered out; finished in 0.04s
[INFO] [stdout] 
[INFO] [stderr] error: doctest failed, to rerun pass `--doc`
[INFO] running `Command { std: "docker" "inspect" "4c7436f10b0c952ecb35e1dd83d340b8db28e2f9bc2c413fdca2e3b809c3c122", kill_on_drop: false }`
[INFO] running `Command { std: "docker" "rm" "-f" "4c7436f10b0c952ecb35e1dd83d340b8db28e2f9bc2c413fdca2e3b809c3c122", kill_on_drop: false }`
[INFO] [stdout] 4c7436f10b0c952ecb35e1dd83d340b8db28e2f9bc2c413fdca2e3b809c3c122
