[INFO] fetching crate dypdl-heuristic-search 0.5.0...
[INFO] testing dypdl-heuristic-search-0.5.0 against 1.75.0 for beta-1.76-1
[INFO] extracting crate dypdl-heuristic-search 0.5.0 into /workspace/builds/worker-4-tc1/source
[INFO] validating manifest of crates.io crate dypdl-heuristic-search 0.5.0 on toolchain 1.75.0
[INFO] running `Command { std: CARGO_HOME="/workspace/cargo-home" RUSTUP_HOME="/workspace/rustup-home" "/workspace/cargo-home/bin/cargo" "+1.75.0" "metadata" "--manifest-path" "Cargo.toml" "--no-deps", kill_on_drop: false }`
[INFO] started tweaking crates.io crate dypdl-heuristic-search 0.5.0
[INFO] finished tweaking crates.io crate dypdl-heuristic-search 0.5.0
[INFO] tweaked toml for crates.io crate dypdl-heuristic-search 0.5.0 written to /workspace/builds/worker-4-tc1/source/Cargo.toml
[INFO] running `Command { std: CARGO_HOME="/workspace/cargo-home" RUSTUP_HOME="/workspace/rustup-home" "/workspace/cargo-home/bin/cargo" "+1.75.0" "generate-lockfile" "--manifest-path" "Cargo.toml", kill_on_drop: false }`
[INFO] [stderr]     Updating crates.io index
[INFO] running `Command { std: CARGO_HOME="/workspace/cargo-home" RUSTUP_HOME="/workspace/rustup-home" "/workspace/cargo-home/bin/cargo" "+1.75.0" "fetch" "--manifest-path" "Cargo.toml", kill_on_drop: false }`
[INFO] [stderr]  Downloading crates ...
[INFO] [stderr]   Downloaded dypdl v0.5.0
[INFO] running `Command { std: "docker" "create" "-v" "/var/lib/crater-agent-workspace/builds/worker-4-tc1/target:/opt/rustwide/target:rw,Z" "-v" "/var/lib/crater-agent-workspace/builds/worker-4-tc1/source:/opt/rustwide/workdir:ro,Z" "-v" "/var/lib/crater-agent-workspace/cargo-home:/opt/rustwide/cargo-home:ro,Z" "-v" "/var/lib/crater-agent-workspace/rustup-home:/opt/rustwide/rustup-home:ro,Z" "-e" "SOURCE_DIR=/opt/rustwide/workdir" "-e" "CARGO_TARGET_DIR=/opt/rustwide/target" "-e" "CARGO_HOME=/opt/rustwide/cargo-home" "-e" "RUSTUP_HOME=/opt/rustwide/rustup-home" "-w" "/opt/rustwide/workdir" "-m" "1610612736" "--user" "0:0" "--network" "none" "ghcr.io/rust-lang/crates-build-env/linux@sha256:2788e3201cd34a07e3172128adcd8b3090168a8e3bcc40d7c032b9dda1df7d1c" "/opt/rustwide/cargo-home/bin/cargo" "+1.75.0" "metadata" "--no-deps" "--format-version=1", kill_on_drop: false }`
[INFO] [stdout] a7ae8090268dbb2004555f3b2320dd8b1d46af56b560e5669a71cf4886564370
[INFO] running `Command { std: "docker" "start" "-a" "a7ae8090268dbb2004555f3b2320dd8b1d46af56b560e5669a71cf4886564370", kill_on_drop: false }`
[INFO] running `Command { std: "docker" "inspect" "a7ae8090268dbb2004555f3b2320dd8b1d46af56b560e5669a71cf4886564370", kill_on_drop: false }`
[INFO] running `Command { std: "docker" "rm" "-f" "a7ae8090268dbb2004555f3b2320dd8b1d46af56b560e5669a71cf4886564370", kill_on_drop: false }`
[INFO] [stdout] a7ae8090268dbb2004555f3b2320dd8b1d46af56b560e5669a71cf4886564370
[INFO] running `Command { std: "docker" "create" "-v" "/var/lib/crater-agent-workspace/builds/worker-4-tc1/target:/opt/rustwide/target:rw,Z" "-v" "/var/lib/crater-agent-workspace/builds/worker-4-tc1/source:/opt/rustwide/workdir:ro,Z" "-v" "/var/lib/crater-agent-workspace/cargo-home:/opt/rustwide/cargo-home:ro,Z" "-v" "/var/lib/crater-agent-workspace/rustup-home:/opt/rustwide/rustup-home:ro,Z" "-e" "SOURCE_DIR=/opt/rustwide/workdir" "-e" "CARGO_TARGET_DIR=/opt/rustwide/target" "-e" "CARGO_INCREMENTAL=0" "-e" "RUST_BACKTRACE=full" "-e" "RUSTFLAGS=--cap-lints=warn" "-e" "RUSTDOCFLAGS=--cap-lints=warn" "-e" "CARGO_HOME=/opt/rustwide/cargo-home" "-e" "RUSTUP_HOME=/opt/rustwide/rustup-home" "-w" "/opt/rustwide/workdir" "-m" "1610612736" "--user" "0:0" "--network" "none" "ghcr.io/rust-lang/crates-build-env/linux@sha256:2788e3201cd34a07e3172128adcd8b3090168a8e3bcc40d7c032b9dda1df7d1c" "/opt/rustwide/cargo-home/bin/cargo" "+1.75.0" "build" "--frozen" "--message-format=json", kill_on_drop: false }`
[INFO] [stdout] 4b5e654ce21f0e8f19a22038700f6222662404c17ace6f828c54abae5bea2a3f
[INFO] running `Command { std: "docker" "start" "-a" "4b5e654ce21f0e8f19a22038700f6222662404c17ace6f828c54abae5bea2a3f", kill_on_drop: false }`
[INFO] [stderr]    Compiling libc v0.2.151
[INFO] [stderr]    Compiling libm v0.2.8
[INFO] [stderr]    Compiling num-traits v0.2.17
[INFO] [stderr]    Compiling fixedbitset v0.4.2
[INFO] [stderr]    Compiling rustc-hash v1.1.0
[INFO] [stderr]    Compiling getrandom v0.2.11
[INFO] [stderr]    Compiling rand_core v0.6.4
[INFO] [stderr]    Compiling rand_chacha v0.3.1
[INFO] [stderr]    Compiling rand_pcg v0.3.1
[INFO] [stderr]    Compiling rand v0.8.5
[INFO] [stderr]    Compiling approx v0.5.1
[INFO] [stderr]    Compiling ordered-float v3.9.2
[INFO] [stderr]    Compiling dypdl v0.5.0
[INFO] [stderr]    Compiling rand_distr v0.4.3
[INFO] [stderr]    Compiling dypdl-heuristic-search v0.5.0 (/opt/rustwide/workdir)
[INFO] [stderr]     Finished dev [unoptimized + debuginfo] target(s) in 3.13s
[INFO] running `Command { std: "docker" "inspect" "4b5e654ce21f0e8f19a22038700f6222662404c17ace6f828c54abae5bea2a3f", kill_on_drop: false }`
[INFO] running `Command { std: "docker" "rm" "-f" "4b5e654ce21f0e8f19a22038700f6222662404c17ace6f828c54abae5bea2a3f", kill_on_drop: false }`
[INFO] [stdout] 4b5e654ce21f0e8f19a22038700f6222662404c17ace6f828c54abae5bea2a3f
[INFO] running `Command { std: "docker" "create" "-v" "/var/lib/crater-agent-workspace/builds/worker-4-tc1/target:/opt/rustwide/target:rw,Z" "-v" "/var/lib/crater-agent-workspace/builds/worker-4-tc1/source:/opt/rustwide/workdir:ro,Z" "-v" "/var/lib/crater-agent-workspace/cargo-home:/opt/rustwide/cargo-home:ro,Z" "-v" "/var/lib/crater-agent-workspace/rustup-home:/opt/rustwide/rustup-home:ro,Z" "-e" "SOURCE_DIR=/opt/rustwide/workdir" "-e" "CARGO_TARGET_DIR=/opt/rustwide/target" "-e" "CARGO_INCREMENTAL=0" "-e" "RUST_BACKTRACE=full" "-e" "RUSTFLAGS=--cap-lints=warn" "-e" "RUSTDOCFLAGS=--cap-lints=warn" "-e" "CARGO_HOME=/opt/rustwide/cargo-home" "-e" "RUSTUP_HOME=/opt/rustwide/rustup-home" "-w" "/opt/rustwide/workdir" "-m" "1610612736" "--user" "0:0" "--network" "none" "ghcr.io/rust-lang/crates-build-env/linux@sha256:2788e3201cd34a07e3172128adcd8b3090168a8e3bcc40d7c032b9dda1df7d1c" "/opt/rustwide/cargo-home/bin/cargo" "+1.75.0" "test" "--frozen" "--no-run" "--message-format=json", kill_on_drop: false }`
[INFO] [stdout] 5711b15c1183551f5f4d43b963267a9f6190218951a57d2ee03e71e5a118b8c0
[INFO] running `Command { std: "docker" "start" "-a" "5711b15c1183551f5f4d43b963267a9f6190218951a57d2ee03e71e5a118b8c0", kill_on_drop: false }`
[INFO] [stderr]    Compiling dypdl-heuristic-search v0.5.0 (/opt/rustwide/workdir)
[INFO] [stderr]     Finished test [unoptimized + debuginfo] target(s) in 5.06s
[INFO] running `Command { std: "docker" "inspect" "5711b15c1183551f5f4d43b963267a9f6190218951a57d2ee03e71e5a118b8c0", kill_on_drop: false }`
[INFO] running `Command { std: "docker" "rm" "-f" "5711b15c1183551f5f4d43b963267a9f6190218951a57d2ee03e71e5a118b8c0", kill_on_drop: false }`
[INFO] [stdout] 5711b15c1183551f5f4d43b963267a9f6190218951a57d2ee03e71e5a118b8c0
[INFO] running `Command { std: "docker" "create" "-v" "/var/lib/crater-agent-workspace/builds/worker-4-tc1/target:/opt/rustwide/target:rw,Z" "-v" "/var/lib/crater-agent-workspace/builds/worker-4-tc1/source:/opt/rustwide/workdir:ro,Z" "-v" "/var/lib/crater-agent-workspace/cargo-home:/opt/rustwide/cargo-home:ro,Z" "-v" "/var/lib/crater-agent-workspace/rustup-home:/opt/rustwide/rustup-home:ro,Z" "-e" "SOURCE_DIR=/opt/rustwide/workdir" "-e" "CARGO_TARGET_DIR=/opt/rustwide/target" "-e" "CARGO_INCREMENTAL=0" "-e" "RUST_BACKTRACE=full" "-e" "RUSTFLAGS=--cap-lints=warn" "-e" "RUSTDOCFLAGS=--cap-lints=warn" "-e" "CARGO_HOME=/opt/rustwide/cargo-home" "-e" "RUSTUP_HOME=/opt/rustwide/rustup-home" "-w" "/opt/rustwide/workdir" "-m" "1610612736" "--user" "0:0" "--network" "none" "ghcr.io/rust-lang/crates-build-env/linux@sha256:2788e3201cd34a07e3172128adcd8b3090168a8e3bcc40d7c032b9dda1df7d1c" "/opt/rustwide/cargo-home/bin/cargo" "+1.75.0" "test" "--frozen", kill_on_drop: false }`
[INFO] [stdout] 409228719c3b3ebf34f2bf3be9adf9ef450d77f58b068d39078ba0acce1086bf
[INFO] running `Command { std: "docker" "start" "-a" "409228719c3b3ebf34f2bf3be9adf9ef450d77f58b068d39078ba0acce1086bf", kill_on_drop: false }`
[INFO] [stderr]     Finished test [unoptimized + debuginfo] target(s) in 0.01s
[INFO] [stderr]      Running unittests src/lib.rs (/opt/rustwide/target/debug/deps/dypdl_heuristic_search-6379e28302186fd8)
[INFO] [stdout] 
[INFO] [stdout] running 243 tests
[INFO] [stdout] test f_evaluator_type::tests::f_evaluator_type_overwrite ... ok
[INFO] [stdout] test f_evaluator_type::tests::f_evaluator_type_min ... ok
[INFO] [stdout] test f_evaluator_type::tests::f_evaluator_type_max ... ok
[INFO] [stdout] test f_evaluator_type::tests::f_evaluator_type_plus ... ok
[INFO] [stdout] test f_evaluator_type::tests::f_evaluator_type_product ... ok
[INFO] [stdout] test search_algorithm::acps::tests::parameters_default ... ok
[INFO] [stdout] test search_algorithm::acps::tests::progressive_increase_width ... ok
[INFO] [stdout] test search_algorithm::acps::tests::progressive_increase_width_bonded ... ok
[INFO] [stdout] test search_algorithm::beam_search::tests::parameters_default ... ok
[INFO] [stdout] test search_algorithm::data_structure::beam::tests::normal_beam_capacity ... ok
[INFO] [stdout] test search_algorithm::data_structure::beam::tests::normal_beam_drain ... ok
[INFO] [stdout] test search_algorithm::data_structure::beam::tests::normal_beam_is_empty ... ok
[INFO] [stdout] test search_algorithm::data_structure::beam::tests::normal_beam_pop ... ok
[INFO] [stdout] test search_algorithm::data_structure::hashable_state::tests::hashable_resource_variables ... ok
[INFO] [stdout] test search_algorithm::data_structure::hashable_state::tests::apply_effect ... ok
[INFO] [stdout] test search_algorithm::data_structure::hashable_state::tests::hashable_signature_variables ... ok
[INFO] [stdout] test search_algorithm::data_structure::hashable_state::tests::state_get_continuous_resource_variable ... ok
[INFO] [stdout] test search_algorithm::data_structure::hashable_state::tests::hashable_state_from ... ok
[INFO] [stdout] test search_algorithm::data_structure::hashable_state::tests::state_get_continuous_variable ... ok
[INFO] [stdout] test search_algorithm::data_structure::hashable_state::tests::state_get_element_variable ... ok
[INFO] [stdout] test search_algorithm::data_structure::hashable_state::tests::state_get_integer_variable ... ok
[INFO] [stdout] test search_algorithm::data_structure::hashable_state::tests::state_get_number_of_continuous_resource_variables ... ok
[INFO] [stdout] test search_algorithm::data_structure::hashable_state::tests::state_get_number_of_element_resource_variables ... ok
[INFO] [stdout] test search_algorithm::data_structure::hashable_state::tests::state_get_number_of_element_variables ... ok
[INFO] [stdout] test search_algorithm::data_structure::hashable_state::tests::state_get_number_of_integer_resource_variables ... ok
[INFO] [stdout] test search_algorithm::data_structure::hashable_state::tests::state_get_integer_resource_variable ... ok
[INFO] [stdout] test search_algorithm::data_structure::hashable_state::tests::state_get_element_resource_variable ... ok
[INFO] [stdout] test search_algorithm::data_structure::hashable_state::tests::state_get_number_of_continuous_variables ... ok
[INFO] [stdout] test search_algorithm::data_structure::hashable_state::tests::state_get_number_of_integer_variables ... ok
[INFO] [stdout] test search_algorithm::data_structure::hashable_state::tests::state_get_set_variable ... ok
[INFO] [stdout] test search_algorithm::data_structure::hashable_state::tests::state_get_number_of_set_variables ... ok
[INFO] [stdout] test search_algorithm::data_structure::hashable_state::tests::state_with_hashable_signature_variable_from ... ok
[INFO] [stdout] test search_algorithm::data_structure::hashable_state::tests::state_get_number_of_vector_variables ... ok
[INFO] [stdout] test search_algorithm::data_structure::hashable_state::tests::state_get_vector_variable ... ok
[INFO] [stdout] test search_algorithm::data_structure::hashable_state::tests::state_with_hashable_signature_variables_get_continuous_variable ... ok
[INFO] [stdout] test search_algorithm::data_structure::hashable_state::tests::state_with_hashable_signature_variables_get_continuous_resource_variable ... ok
[INFO] [stdout] test search_algorithm::data_structure::hashable_state::tests::state_with_hashable_signature_variables_get_element_variable ... ok
[INFO] [stdout] test search_algorithm::data_structure::hashable_state::tests::state_with_hashable_signature_variables_get_element_resource_variable ... ok
[INFO] [stdout] test search_algorithm::data_structure::hashable_state::tests::state_with_hashable_signature_variables_get_integer_resource_variable ... ok
[INFO] [stdout] test search_algorithm::data_structure::hashable_state::tests::state_with_hashable_signature_variables_apply_effect ... ok
[INFO] [stdout] test search_algorithm::data_structure::hashable_state::tests::state_with_hashable_signature_variables_get_integer_variable ... ok
[INFO] [stdout] test search_algorithm::data_structure::hashable_state::tests::state_with_hashable_signature_variables_get_number_of_continuous_resource_variables ... ok
[INFO] [stdout] test search_algorithm::data_structure::hashable_state::tests::state_with_hashable_signature_variables_get_number_of_continuous_variables ... ok
[INFO] [stdout] test search_algorithm::data_structure::hashable_state::tests::state_with_hashable_signature_variables_get_number_of_element_resource_variables ... ok
[INFO] [stdout] test search_algorithm::data_structure::hashable_state::tests::state_with_hashable_signature_variables_get_number_of_element_variables ... ok
[INFO] [stdout] test search_algorithm::data_structure::hashable_state::tests::state_with_hashable_signature_variables_get_number_of_integer_resource_variables ... ok
[INFO] [stdout] test search_algorithm::data_structure::hashable_state::tests::state_with_hashable_signature_variables_get_number_of_integer_variables ... ok
[INFO] [stdout] test search_algorithm::data_structure::hashable_state::tests::state_with_hashable_signature_variables_get_number_of_set_variables ... ok
[INFO] [stdout] test search_algorithm::data_structure::hashable_state::tests::state_with_hashable_signature_variables_get_number_of_vector_variables ... ok
[INFO] [stdout] test search_algorithm::data_structure::hashable_state::tests::state_with_hashable_signature_variables_get_set_variable ... ok
[INFO] [stdout] test search_algorithm::data_structure::hashable_state::tests::state_with_hashable_signature_variables_get_vector_variable ... ok
[INFO] [stdout] test search_algorithm::data_structure::hashable_state::tests::state_get_continuous_resource_variable_panic - should panic ... ok
[INFO] [stdout] test search_algorithm::data_structure::search_node::cost_node::tests::close ... ok
[INFO] [stdout] test search_algorithm::data_structure::search_node::cost_node::tests::cmp_max ... ok
[INFO] [stdout] test search_algorithm::data_structure::search_node::cost_node::tests::cmp_min ... ok
[INFO] [stdout] test search_algorithm::data_structure::search_node::cost_node::tests::generate_root_node_max ... ok
[INFO] [stdout] test search_algorithm::data_structure::search_node::cost_node::tests::generate_root_node_min ... ok
[INFO] [stdout] test search_algorithm::data_structure::search_node::cost_node::tests::generate_successor_pruned_by_constraint ... ok
[INFO] [stdout] test search_algorithm::data_structure::search_node::cost_node::tests::generate_successor_some_max ... ok
[INFO] [stdout] test search_algorithm::data_structure::search_node::cost_node::tests::generate_successor_some_min ... ok
[INFO] [stdout] test search_algorithm::data_structure::search_node::cost_node::tests::insert_successor_dominated_max ... ok
[INFO] [stdout] test search_algorithm::data_structure::search_node::cost_node::tests::insert_successor_dominated_min ... ok
[INFO] [stdout] test search_algorithm::data_structure::search_node::cost_node::tests::insert_successor_dominating_max ... ok
[INFO] [stdout] test search_algorithm::data_structure::search_node::cost_node::tests::insert_successor_dominating_min ... ok
[INFO] [stdout] test search_algorithm::data_structure::hashable_state::tests::state_get_element_resource_variable_panic - should panic ... ok
[INFO] [stdout] test search_algorithm::data_structure::search_node::cost_node::tests::insert_successor_non_dominance_max ... ok
[INFO] [stdout] test search_algorithm::data_structure::hashable_state::tests::state_get_continuous_variable_panic - should panic ... ok
[INFO] [stdout] test search_algorithm::data_structure::search_node::cost_node::tests::insert_successor_non_dominance_min ... ok
[INFO] [stdout] test search_algorithm::data_structure::search_node::cost_node::tests::ordered_by_bound ... ok
[INFO] [stdout] test search_algorithm::data_structure::search_node::cost_node::tests::insert_successor_pruned_by_constraint ... ok
[INFO] [stdout] test search_algorithm::data_structure::search_node::custom_f_node::tests::close ... ok
[INFO] [stdout] test search_algorithm::data_structure::hashable_state::tests::state_get_integer_variable_panic - should panic ... ok
[INFO] [stdout] test search_algorithm::data_structure::hashable_state::tests::state_get_integer_resource_variable_panic - should panic ... ok
[INFO] [stdout] test search_algorithm::data_structure::search_node::custom_f_node::tests::cmp_max ... ok
[INFO] [stdout] test search_algorithm::data_structure::search_node::custom_f_node::tests::cmp_min ... ok
[INFO] [stdout] test search_algorithm::data_structure::search_node::custom_f_node::tests::generate_root_node_pruned_by_h ... ok
[INFO] [stdout] test search_algorithm::data_structure::search_node::custom_f_node::tests::generate_root_node ... ok
[INFO] [stdout] test search_algorithm::data_structure::search_node::custom_f_node::tests::generate_successor_some ... ok
[INFO] [stdout] test search_algorithm::data_structure::hashable_state::tests::state_get_vector_variable_panic - should panic ... ok
[INFO] [stdout] test search_algorithm::data_structure::search_node::custom_f_node::tests::insert_successor_dominated ... ok
[INFO] [stdout] test search_algorithm::data_structure::search_node::custom_f_node::tests::generate_successor_pruned_by_constraint ... ok
[INFO] [stdout] test search_algorithm::data_structure::hashable_state::tests::state_get_element_variable_panic - should panic ... ok
[INFO] [stdout] test search_algorithm::data_structure::search_node::custom_f_node::tests::insert_successor_dominating ... ok
[INFO] [stdout] test search_algorithm::data_structure::search_node::custom_f_node::tests::insert_successor_non_dominance ... ok
[INFO] [stdout] test search_algorithm::data_structure::search_node::custom_f_node::tests::insert_successor_pruned_by_constraint ... ok
[INFO] [stdout] test search_algorithm::data_structure::hashable_state::tests::state_get_set_variable_panic - should panic ... ok
[INFO] [stdout] test search_algorithm::data_structure::search_node::custom_f_node::tests::insert_successor_pruned_by_h ... ok
[INFO] [stdout] test search_algorithm::data_structure::search_node::custom_f_node::tests::ordered_by_bound ... ok
[INFO] [stdout] test search_algorithm::data_structure::search_node::f_node::tests::close ... ok
[INFO] [stdout] test search_algorithm::data_structure::hashable_state::tests::state_with_hashable_signature_variables_get_continuous_variable_panic - should panic ... ok
[INFO] [stdout] test search_algorithm::data_structure::search_node::f_node::tests::cmp_max ... ok
[INFO] [stdout] test search_algorithm::data_structure::search_node::f_node::tests::cmp_min ... ok
[INFO] [stdout] test search_algorithm::data_structure::hashable_state::tests::state_with_hashable_signature_variables_get_continuous_resource_variable_panic - should panic ... ok
[INFO] [stdout] test search_algorithm::data_structure::search_node::f_node::tests::generate_root_node_pruned_by_bound_min ... ok
[INFO] [stdout] test search_algorithm::data_structure::search_node::f_node::tests::generate_root_node_pruned_by_bound_max ... ok
[INFO] [stdout] test search_algorithm::data_structure::hashable_state::tests::state_with_hashable_signature_variables_get_element_resource_variable_panic - should panic ... ok
[INFO] [stdout] test search_algorithm::data_structure::search_node::f_node::tests::generate_root_node_pruned_by_h ... ok
[INFO] [stdout] test search_algorithm::data_structure::search_node::f_node::tests::generate_root_node_some_max ... ok
[INFO] [stdout] test search_algorithm::data_structure::search_node::f_node::tests::generate_root_node_some_min ... ok
[INFO] [stdout] test search_algorithm::data_structure::search_node::f_node::tests::generate_successor_pruned_by_bound_max ... ok
[INFO] [stdout] test search_algorithm::data_structure::hashable_state::tests::state_with_hashable_signature_variables_get_element_variable_panic - should panic ... ok
[INFO] [stdout] test search_algorithm::data_structure::search_node::f_node::tests::generate_successor_pruned_by_h ... ok
[INFO] [stdout] test search_algorithm::data_structure::search_node::f_node::tests::generate_successor_pruned_by_constraint ... ok
[INFO] [stdout] test search_algorithm::data_structure::search_node::f_node::tests::generate_successor_pruned_by_bound_min ... ok
[INFO] [stdout] test search_algorithm::data_structure::hashable_state::tests::state_with_hashable_signature_variables_get_integer_variable_panic - should panic ... ok
[INFO] [stdout] test search_algorithm::data_structure::search_node::f_node::tests::generate_successor_some_max ... ok
[INFO] [stdout] test search_algorithm::data_structure::search_node::f_node::tests::generate_successor_some_min ... ok
[INFO] [stdout] test search_algorithm::data_structure::search_node::f_node::tests::insert_successor_dominated_max ... ok
[INFO] [stdout] test search_algorithm::data_structure::hashable_state::tests::state_with_hashable_signature_variables_get_integer_resource_variable_panic - should panic ... ok
[INFO] [stdout] test search_algorithm::data_structure::search_node::f_node::tests::insert_successor_dominated_min ... ok
[INFO] [stdout] test search_algorithm::data_structure::search_node::f_node::tests::insert_successor_dominating_min ... ok
[INFO] [stdout] test search_algorithm::data_structure::search_node::f_node::tests::insert_successor_non_dominance_min ... ok
[INFO] [stdout] test search_algorithm::data_structure::search_node::f_node::tests::insert_successor_non_dominance_max ... ok
[INFO] [stdout] test search_algorithm::data_structure::search_node::f_node::tests::insert_successor_dominating_max ... ok
[INFO] [stdout] test search_algorithm::data_structure::hashable_state::tests::state_with_hashable_signature_variables_get_set_variable_panic - should panic ... ok
[INFO] [stdout] test search_algorithm::data_structure::search_node::f_node::tests::insert_successor_pruned_by_bound_max ... ok
[INFO] [stdout] test search_algorithm::data_structure::search_node::f_node::tests::insert_successor_pruned_by_bound_min ... ok
[INFO] [stdout] test search_algorithm::data_structure::hashable_state::tests::state_with_hashable_signature_variables_get_vector_variable_panic - should panic ... ok
[INFO] [stdout] test search_algorithm::data_structure::search_node::f_node::tests::insert_successor_pruned_by_constraint ... ok
[INFO] [stdout] test search_algorithm::data_structure::search_node::weighted_f_node::tests::close ... ok
[INFO] [stdout] test search_algorithm::data_structure::search_node::weighted_f_node::tests::cmp_min ... ok
[INFO] [stdout] test search_algorithm::data_structure::search_node::f_node::tests::ordered_by_bound ... ok
[INFO] [stdout] test search_algorithm::data_structure::search_node::weighted_f_node::tests::generate_root_node_pruned_by_bound_max ... ok
[INFO] [stdout] test search_algorithm::data_structure::search_node::weighted_f_node::tests::generate_root_node_pruned_by_bound_min ... ok
[INFO] [stdout] test search_algorithm::data_structure::search_node::f_node::tests::insert_successor_pruned_by_h ... ok
[INFO] [stdout] test search_algorithm::data_structure::search_node::weighted_f_node::tests::generate_root_node_pruned_by_h ... ok
[INFO] [stdout] test search_algorithm::data_structure::search_node::weighted_f_node::tests::generate_root_node_some_max ... ok
[INFO] [stdout] test search_algorithm::data_structure::search_node::weighted_f_node::tests::generate_root_node_some_min ... ok
[INFO] [stdout] test search_algorithm::data_structure::search_node::weighted_f_node::tests::cmp_max ... ok
[INFO] [stdout] test search_algorithm::data_structure::search_node::weighted_f_node::tests::generate_successor_pruned_by_constraint ... ok
[INFO] [stdout] test search_algorithm::data_structure::search_node::weighted_f_node::tests::generate_successor_pruned_by_bound_min ... ok
[INFO] [stdout] test search_algorithm::data_structure::search_node::weighted_f_node::tests::generate_successor_pruned_by_bound_max ... ok
[INFO] [stdout] test search_algorithm::data_structure::search_node::weighted_f_node::tests::generate_successor_pruned_by_h ... ok
[INFO] [stdout] test search_algorithm::data_structure::search_node::weighted_f_node::tests::generate_successor_some_max ... ok
[INFO] [stdout] test search_algorithm::data_structure::search_node::weighted_f_node::tests::generate_successor_some_min ... ok
[INFO] [stdout] test search_algorithm::data_structure::search_node::weighted_f_node::tests::insert_successor_dominating_min ... ok
[INFO] [stdout] test search_algorithm::data_structure::search_node::weighted_f_node::tests::insert_successor_non_dominance_max ... ok
[INFO] [stdout] test search_algorithm::data_structure::search_node::weighted_f_node::tests::insert_successor_dominating_max ... ok
[INFO] [stdout] test search_algorithm::data_structure::search_node::weighted_f_node::tests::insert_successor_pruned_by_bound_min ... ok
[INFO] [stdout] test search_algorithm::data_structure::search_node::weighted_f_node::tests::insert_successor_pruned_by_bound_max ... ok
[INFO] [stdout] test search_algorithm::data_structure::search_node::weighted_f_node::tests::insert_successor_non_dominance_min ... ok
[INFO] [stdout] test search_algorithm::data_structure::search_node::weighted_f_node::tests::ordered_by_bound ... ok
[INFO] [stdout] test search_algorithm::data_structure::search_node::weighted_f_node::tests::insert_successor_pruned_by_constraint ... ok
[INFO] [stdout] test search_algorithm::data_structure::search_node::weighted_f_node::tests::insert_successor_pruned_by_h ... ok
[INFO] [stdout] test search_algorithm::data_structure::state_registry::tests::clear ... ok
[INFO] [stdout] test search_algorithm::data_structure::state_registry::tests::get_model ... ok
[INFO] [stdout] test search_algorithm::data_structure::state_registry::tests::apply_effect ... ok
[INFO] [stdout] test search_algorithm::data_structure::state_registry::tests::insert_get_dominating_information ... ok
[INFO] [stdout] test search_algorithm::data_structure::state_registry::tests::reserve ... ok
[INFO] [stdout] test search_algorithm::data_structure::state_registry::tests::insert_information_dominated ... ok
[INFO] [stdout] test search_algorithm::data_structure::state_registry::tests::state_get_continuous_resource_variable ... ok
[INFO] [stdout] test search_algorithm::data_structure::state_registry::tests::insert_with_information_dominated ... ok
[INFO] [stdout] test search_algorithm::data_structure::state_registry::tests::insert_get_new_information ... ok
[INFO] [stdout] test search_algorithm::data_structure::state_registry::tests::state_get_continuous_variable ... ok
[INFO] [stdout] test search_algorithm::data_structure::state_registry::tests::state_get_element_resource_variable ... ok
[INFO] [stdout] test search_algorithm::data_structure::state_registry::tests::insert_with_get_dominating_information ... ok
[INFO] [stdout] test search_algorithm::data_structure::state_registry::tests::insert_with_get_new_information ... ok
[INFO] [stdout] test search_algorithm::data_structure::state_registry::tests::state_get_integer_resource_variable ... ok
[INFO] [stdout] test search_algorithm::data_structure::state_registry::tests::state_get_number_of_continuous_resource_variables ... ok
[INFO] [stdout] test search_algorithm::data_structure::state_registry::tests::state_get_element_variable ... ok
[INFO] [stdout] test search_algorithm::data_structure::state_registry::tests::state_get_number_of_continuous_variables ... ok
[INFO] [stdout] test search_algorithm::data_structure::state_registry::tests::state_get_number_of_element_resource_variables ... ok
[INFO] [stdout] test search_algorithm::data_structure::state_registry::tests::state_get_integer_variable ... ok
[INFO] [stdout] test search_algorithm::data_structure::state_registry::tests::state_get_number_of_element_variables ... ok
[INFO] [stdout] test search_algorithm::data_structure::state_registry::tests::state_get_number_of_integer_resource_variables ... ok
[INFO] [stdout] test search_algorithm::data_structure::state_registry::tests::state_get_number_of_integer_variables ... ok
[INFO] [stdout] test search_algorithm::data_structure::state_registry::tests::state_get_set_variable ... ok
[INFO] [stdout] test search_algorithm::data_structure::state_registry::tests::state_get_number_of_set_variables ... ok
[INFO] [stdout] test search_algorithm::data_structure::state_registry::tests::state_get_vector_variable ... ok
[INFO] [stdout] test search_algorithm::data_structure::state_registry::tests::state_get_number_of_vector_variables ... ok
[INFO] [stdout] test search_algorithm::data_structure::state_registry::tests::state_in_registry_from_state ... ok
[INFO] [stdout] test search_algorithm::data_structure::transition::transition_with_custom_cost::tests::apply ... ok
[INFO] [stdout] test search_algorithm::data_structure::successor_generator::tests::applicable_transitions ... ok
[INFO] [stdout] test search_algorithm::data_structure::successor_generator::tests::generate_applicable_transitions ... ok
[INFO] [stdout] test search_algorithm::data_structure::state_registry::tests::state_in_registry_from_state_with_hashable_signature_variables ... ok
[INFO] [stdout] test search_algorithm::data_structure::transition::transition_with_custom_cost::tests::eval_cost ... ok
[INFO] [stdout] test search_algorithm::data_structure::transition::transition_with_custom_cost::tests::from_model_with_custom_costs_forward ... ok
[INFO] [stdout] test search_algorithm::data_structure::transition::transition_with_custom_cost::tests::is_applicable ... ok
[INFO] [stdout] test search_algorithm::data_structure::successor_generator::tests::from_model_backward ... ok
[INFO] [stdout] test search_algorithm::data_structure::successor_generator::tests::from_model_forward ... ok
[INFO] [stdout] test search_algorithm::data_structure::transition::transition_with_custom_cost::tests::from_model_with_custom_costs_backward ... ok
[INFO] [stdout] test search_algorithm::data_structure::transition::transition_with_custom_cost::tests::transition_with_custom_cost_to_transition ... ok
[INFO] [stdout] test search_algorithm::data_structure::transition::transition_with_id::tests::apply ... ok
[INFO] [stdout] test search_algorithm::data_structure::transition::transition_with_id::tests::eval_cost ... ok
[INFO] [stdout] test search_algorithm::data_structure::transition::transition_with_custom_cost::tests::is_not_applicable ... ok
[INFO] [stdout] test search_algorithm::data_structure::transition::transition_with_id::tests::is_applicable ... ok
[INFO] [stdout] test search_algorithm::data_structure::transition::transition_with_id::tests::from_model_forward ... ok
[INFO] [stdout] test search_algorithm::data_structure::transition_chain::tests::new_no_parent ... ok
[INFO] [stdout] test search_algorithm::data_structure::transition_chain::tests::trace_transitions_test ... ok
[INFO] [stdout] test search_algorithm::data_structure::transition::transition_with_id::tests::transition_with_custom_cost_to_transition ... ok
[INFO] [stdout] test search_algorithm::data_structure::transition::transition_with_id::tests::from_model_backward ... ok
[INFO] [stdout] test search_algorithm::data_structure::transition_chain::tests::new_with_parent ... ok
[INFO] [stdout] test search_algorithm::data_structure::transition::transition_with_id::tests::is_not_applicable ... ok
[INFO] [stdout] test search_algorithm::data_structure::transition_mutex::tests::filter_successor_generator_without_any_constraints ... ok
[INFO] [stdout] test search_algorithm::data_structure::transition_mutex::tests::filter_successor_generator_without_any_constraints_and_suffix ... ok
[INFO] [stdout] test search_algorithm::data_structure::transition_mutex::tests::filter_successor_generator_with_constraints_and_prefix ... ok
[INFO] [stdout] test search_algorithm::data_structure::transition_mutex::tests::get_affected_elements_with_set_effect ... ok
[INFO] [stdout] test search_algorithm::data_structure::transition_mutex::tests::filter_successor_generator_with_constraints_and_prefix_and_suffix ... ok
[INFO] [stdout] test search_algorithm::data_structure::transition_mutex::tests::get_affected_elements_without_set_effect ... ok
[INFO] [stdout] test search_algorithm::data_structure::transition_mutex::tests::get_required_elements_without_set_effect ... ok
[INFO] [stdout] test search_algorithm::data_structure::transition_mutex::tests::filter_successor_generator_with_constraints_without_suffix ... ok
[INFO] [stdout] test search_algorithm::data_structure::transition_mutex::tests::get_required_elements_with_set_effect ... ok
[INFO] [stdout] test search_algorithm::data_structure::util::tests::exceed_bound_maximization ... ok
[INFO] [stdout] test search_algorithm::data_structure::util::tests::exceed_bound_minimization ... ok
[INFO] [stdout] test search_algorithm::data_structure::util::tests::exceed_bound_none ... ok
[INFO] [stdout] test search_algorithm::data_structure::transition_mutex::tests::new ... ok
[INFO] [stdout] test search_algorithm::data_structure::transition_mutex::tests::filter_successor_generator_with_constraints_and_suffix ... ok
[INFO] [stdout] test search_algorithm::data_structure::util::tests::not_exceed_bound_minimization ... ok
[INFO] [stdout] test search_algorithm::data_structure::util::tests::not_exceed_bound_maximization ... ok
[INFO] [stdout] test search_algorithm::dbdfs::tests::parameters_default ... ok
[INFO] [stdout] test search_algorithm::rollout::tests::get_solution_cost_and_suffix_none ... ok
[INFO] [stdout] test search_algorithm::rollout::tests::get_solution_cost_and_suffix_some ... ok
[INFO] [stdout] test search_algorithm::rollout::tests::rollout_not_applicable ... ok
[INFO] [stdout] test search_algorithm::rollout::tests::rollout_some_with_transitions_base_cost ... ok
[INFO] [stdout] test search_algorithm::rollout::tests::rollout_some_with_transitions_base ... ok
[INFO] [stdout] test search_algorithm::rollout::tests::get_solution_cost_and_suffix_some_with_base_cost ... ok
[INFO] [stdout] test search_algorithm::rollout::tests::rollout_some_without_transitions_base ... ok
[INFO] [stdout] test search_algorithm::rollout::tests::rollout_some_without_transitions_base_cost ... ok
[INFO] [stdout] test search_algorithm::rollout::tests::rollout_some_without_transitions_not_base ... ok
[INFO] [stdout] test search_algorithm::rollout::tests::rollout_violates_constraint ... ok
[INFO] [stdout] test search_algorithm::rollout::tests::rollout_some_with_transitions_not_base ... ok
[INFO] [stdout] test search_algorithm::search::tests::search ... ok
[INFO] [stdout] test search_algorithm::search::tests::solution_is_not_terminated ... ok
[INFO] [stdout] test search_algorithm::rollout::tests::trace_with_transitions ... ok
[INFO] [stdout] test search_algorithm::search::tests::solution_is_terminated_optimal ... ok
[INFO] [stdout] test search_algorithm::search::tests::solution_is_terminated_infeasible ... ok
[INFO] [stdout] test search_algorithm::search::tests::solution_is_terminated_time_out ... ok
[INFO] [stdout] test search_algorithm::util::tests::update_bound ... ok
[INFO] [stdout] test search_algorithm::util::tests::not_update_bound ... ok
[INFO] [stdout] test search_algorithm::util::tests::update_none_bound ... ok
[INFO] [stdout] test search_algorithm::util::tests::update_solution_not_optimal ... ok
[INFO] [stdout] test search_algorithm::util::tests::update_solution_optimal ... ok
[INFO] [stdout] test search_algorithm::data_structure::state_registry::tests::state_get_continuous_resource_variable_panic - should panic ... ok
[INFO] [stdout] test search_algorithm::data_structure::state_registry::tests::state_get_continuous_variable_panic - should panic ... ok
[INFO] [stdout] test search_algorithm::data_structure::state_registry::tests::state_get_element_resource_variable_panic - should panic ... ok
[INFO] [stdout] test search_algorithm::data_structure::state_registry::tests::state_get_element_variable_panic - should panic ... ok
[INFO] [stdout] test search_algorithm::data_structure::state_registry::tests::state_get_integer_resource_variable_panic - should panic ... ok
[INFO] [stdout] test search_algorithm::data_structure::state_registry::tests::state_get_integer_variable_panic - should panic ... ok
[INFO] [stdout] test search_algorithm::data_structure::state_registry::tests::state_get_set_variable_panic - should panic ... ok
[INFO] [stdout] test search_algorithm::data_structure::state_registry::tests::state_get_vector_variable_panic - should panic ... ok
[INFO] [stdout] test search_algorithm::data_structure::transition_mutex::tests::get_forbidden_before_with_no_transitions - should panic ... ok
[INFO] [stdout] test search_algorithm::data_structure::transition_mutex::tests::get_forbidden_after_with_no_transitions - should panic ... ok
[INFO] [stdout] test search_algorithm::rollout::tests::trace_without_transitions - should panic ... ok
[INFO] [stdout] 
[INFO] [stdout] test result: ok. 243 passed; 0 failed; 0 ignored; 0 measured; 0 filtered out; finished in 0.05s
[INFO] [stdout] 
[INFO] [stderr]    Doc-tests dypdl-heuristic-search
[INFO] [stdout] 
[INFO] [stdout] running 48 tests
[INFO] [stdout] test src/dual_bound_dd_lns.rs - dual_bound_dd_lns::create_dual_bound_dd_lns (line 34) ... FAILED
[INFO] [stdout] test src/dual_bound_lnbs.rs - dual_bound_lnbs::create_dual_bound_lnbs (line 36) ... FAILED
[INFO] [stdout] test src/search_algorithm/best_first_search.rs - search_algorithm::best_first_search::BestFirstSearch (line 39) ... FAILED
[INFO] [stdout] test src/dual_bound_cabs.rs - dual_bound_cabs::create_dual_bound_cabs (line 30) ... FAILED
[INFO] [stdout] test src/expression_beam_search.rs - expression_beam_search::ExpressionBeamSearch (line 25) ... FAILED
[INFO] [stdout] test src/search_algorithm/beam_search.rs - search_algorithm::beam_search::beam_search (line 51) ... FAILED
[INFO] [stdout] test src/search_algorithm/acps.rs - search_algorithm::acps::Acps (line 70) ... FAILED
[INFO] [stdout] test src/search_algorithm/apps.rs - search_algorithm::apps::Apps (line 34) ... FAILED
[INFO] [stdout] test src/dual_bound_breadth_first_search.rs - dual_bound_breadth_first_search::create_dual_bound_breadth_first_search (line 23) ... FAILED
[INFO] [stdout] test src/search_algorithm/data_structure/search_node/cost_node.rs - search_algorithm::data_structure::search_node::cost_node::CostNode<T,V>::generate_root_node (line 62) ... ok
[INFO] [stdout] test src/search_algorithm/data_structure/search_node/cost_node.rs - search_algorithm::data_structure::search_node::cost_node::CostNode<T,V>::insert_successor_node (line 157) ... FAILED
[INFO] [stdout] test src/search_algorithm/data_structure/search_node/custom_f_node.rs - search_algorithm::data_structure::search_node::custom_f_node::CustomFNode<T,U>::generate_successor_node (line 146) ... FAILED
[INFO] [stdout] test src/search_algorithm/breadth_first_search.rs - search_algorithm::breadth_first_search::BreadthFirstSearch (line 41) ... FAILED
[INFO] [stdout] test src/search_algorithm/cabs.rs - search_algorithm::cabs::Cabs (line 45) ... FAILED
[INFO] [stdout] test src/search_algorithm/data_structure/search_node/custom_f_node.rs - search_algorithm::data_structure::search_node::custom_f_node::CustomFNode<T,U>::insert_successor_node (line 237) ... FAILED
[INFO] [stdout] test src/search_algorithm/cbfs.rs - search_algorithm::cbfs::Cbfs (line 36) ... FAILED
[INFO] [stdout] test src/search_algorithm/data_structure/search_node/custom_f_node.rs - search_algorithm::data_structure::search_node::custom_f_node::CustomFNode<T,U>::generate_root_node (line 84) ... ok
[INFO] [stdout] test src/search_algorithm/data_structure/search_node/f_node.rs - search_algorithm::data_structure::search_node::f_node::FNode<T,V>::insert_successor_node (line 235) ... FAILED
[INFO] [stdout] test src/search_algorithm/data_structure/search_node/cost_node.rs - search_algorithm::data_structure::search_node::cost_node::CostNode<T,V>::generate_successor_node (line 104) ... FAILED
[INFO] [stdout] test src/dual_bound_dfbb.rs - dual_bound_dfbb::create_dual_bound_dfbb (line 24) ... ok
[INFO] [stdout] test src/search_algorithm/data_structure/beam.rs - search_algorithm::data_structure::beam::Beam (line 51) ... FAILED
[INFO] [stdout] test src/dual_bound_dbdfs.rs - dual_bound_dbdfs::create_dual_bound_dbdfs (line 27) ... ok
[INFO] [stdout] test src/caasdy.rs - caasdy::create_caasdy (line 32) ... ok
[INFO] [stdout] test src/dual_bound_weighted_astar.rs - dual_bound_weighted_astar::create_dual_bound_weighted_astar (line 22) ... ok
[INFO] [stdout] test src/dual_bound_apps.rs - dual_bound_apps::create_dual_bound_apps (line 28) ... ok
[INFO] [stdout] test src/search_algorithm/data_structure/transition_chain.rs - search_algorithm::data_structure::transition_chain::TransitionChain (line 18) ... ok
[INFO] [stdout] test src/search_algorithm/data_structure/search_node/weighted_f_node.rs - search_algorithm::data_structure::search_node::weighted_f_node::WeightedFNode<T,U,V>::generate_root_node (line 87) ... ok
[INFO] [stdout] test src/search_algorithm/data_structure/util.rs - search_algorithm::data_structure::util::exceed_bound (line 9) ... ok
[INFO] [stdout] test src/dual_bound_acps.rs - dual_bound_acps::create_dual_bound_acps (line 28) ... ok
[INFO] [stdout] test src/search_algorithm/data_structure/search_node/f_node.rs - search_algorithm::data_structure::search_node::f_node::FNode<T,V>::generate_root_node (line 78) ... ok
[INFO] [stdout] test src/dual_bound_cbfs.rs - dual_bound_cbfs::create_dual_bound_cbfs (line 27) ... ok
[INFO] [stdout] test src/search_algorithm/data_structure/transition_mutex.rs - search_algorithm::data_structure::transition_mutex::TransitionMutex (line 106) ... ok
[INFO] [stdout] test src/search_algorithm/util.rs - search_algorithm::util::update_bound_if_better (line 196) ... ok
[INFO] [stdout] test src/search_algorithm/data_structure/search_node/f_node.rs - search_algorithm::data_structure::search_node::f_node::FNode<T,V>::generate_successor_node (line 149) ... FAILED
[INFO] [stdout] test src/search_algorithm/data_structure/search_node/weighted_f_node.rs - search_algorithm::data_structure::search_node::weighted_f_node::WeightedFNode<T,U,V>::generate_successor_node (line 162) ... FAILED
[INFO] [stdout] test src/search_algorithm/data_structure/search_node/weighted_f_node.rs - search_algorithm::data_structure::search_node::weighted_f_node::WeightedFNode<T,U,V>::insert_successor_node (line 262) ... FAILED
[INFO] [stdout] test src/search_algorithm/data_structure/state_registry.rs - search_algorithm::data_structure::state_registry::StateRegistry (line 176) ... ok
[INFO] [stdout] test src/search_algorithm/data_structure/successor_generator.rs - search_algorithm::data_structure::successor_generator::SuccessorGenerator (line 11) ... ok
[INFO] [stdout] test src/search_algorithm/rollout.rs - search_algorithm::rollout::get_trace (line 262) ... ok
[INFO] [stdout] test src/search_algorithm/dfbb.rs - search_algorithm::dfbb::Dfbb (line 31) ... ok
[INFO] [stdout] test src/search_algorithm/forward_recursion.rs - search_algorithm::forward_recursion::ForwardRecursion (line 18) ... ok
[INFO] [stdout] test src/search_algorithm/dbdfs.rs - search_algorithm::dbdfs::Dbdfs (line 55) ... ok
[INFO] [stdout] test src/search_algorithm/randomized_restricted_dd.rs - search_algorithm::randomized_restricted_dd::randomized_restricted_dd (line 46) ... ok
[INFO] [stdout] test src/search_algorithm/rollout.rs - search_algorithm::rollout::get_solution_cost_and_suffix (line 150) ... ok
[INFO] [stdout] test src/search_algorithm/rollout.rs - search_algorithm::rollout::rollout (line 38) ... ok
[INFO] [stdout] test src/search_algorithm/util.rs - search_algorithm::util::update_solution (line 120) ... ok
[INFO] [stdout] test src/search_algorithm/dd_lns.rs - search_algorithm::dd_lns::DdLns (line 49) ... ok
[INFO] [stdout] test src/search_algorithm/lnbs.rs - search_algorithm::lnbs::Lnbs (line 62) ... ok
[INFO] [stdout] 
[INFO] [stdout] failures:
[INFO] [stdout] 
[INFO] [stdout] ---- src/dual_bound_dd_lns.rs - dual_bound_dd_lns::create_dual_bound_dd_lns (line 34) stdout ----
[INFO] [stdout] Couldn't compile the test.
[INFO] [stdout] ---- src/dual_bound_lnbs.rs - dual_bound_lnbs::create_dual_bound_lnbs (line 36) stdout ----
[INFO] [stdout] Couldn't compile the test.
[INFO] [stdout] ---- src/search_algorithm/best_first_search.rs - search_algorithm::best_first_search::BestFirstSearch (line 39) stdout ----
[INFO] [stdout] Couldn't compile the test.
[INFO] [stdout] ---- src/dual_bound_cabs.rs - dual_bound_cabs::create_dual_bound_cabs (line 30) stdout ----
[INFO] [stdout] Couldn't compile the test.
[INFO] [stdout] ---- src/expression_beam_search.rs - expression_beam_search::ExpressionBeamSearch (line 25) stdout ----
[INFO] [stdout] Couldn't compile the test.
[INFO] [stdout] ---- src/search_algorithm/beam_search.rs - search_algorithm::beam_search::beam_search (line 51) stdout ----
[INFO] [stdout] Couldn't compile the test.
[INFO] [stdout] ---- src/search_algorithm/acps.rs - search_algorithm::acps::Acps (line 70) stdout ----
[INFO] [stdout] Couldn't compile the test.
[INFO] [stdout] ---- src/search_algorithm/apps.rs - search_algorithm::apps::Apps (line 34) stdout ----
[INFO] [stdout] Couldn't compile the test.
[INFO] [stdout] ---- src/dual_bound_breadth_first_search.rs - dual_bound_breadth_first_search::create_dual_bound_breadth_first_search (line 23) stdout ----
[INFO] [stdout] Couldn't compile the test.
[INFO] [stdout] ---- src/search_algorithm/data_structure/search_node/cost_node.rs - search_algorithm::data_structure::search_node::cost_node::CostNode<T,V>::insert_successor_node (line 157) stdout ----
[INFO] [stdout] Couldn't compile the test.
[INFO] [stdout] ---- src/search_algorithm/data_structure/search_node/custom_f_node.rs - search_algorithm::data_structure::search_node::custom_f_node::CustomFNode<T,U>::generate_successor_node (line 146) stdout ----
[INFO] [stdout] Couldn't compile the test.
[INFO] [stdout] ---- src/search_algorithm/breadth_first_search.rs - search_algorithm::breadth_first_search::BreadthFirstSearch (line 41) stdout ----
[INFO] [stdout] Couldn't compile the test.
[INFO] [stdout] ---- src/search_algorithm/cabs.rs - search_algorithm::cabs::Cabs (line 45) stdout ----
[INFO] [stdout] Couldn't compile the test.
[INFO] [stdout] ---- src/search_algorithm/data_structure/search_node/custom_f_node.rs - search_algorithm::data_structure::search_node::custom_f_node::CustomFNode<T,U>::insert_successor_node (line 237) stdout ----
[INFO] [stdout] Couldn't compile the test.
[INFO] [stdout] ---- src/search_algorithm/cbfs.rs - search_algorithm::cbfs::Cbfs (line 36) stdout ----
[INFO] [stdout] Couldn't compile the test.
[INFO] [stdout] ---- src/search_algorithm/data_structure/search_node/f_node.rs - search_algorithm::data_structure::search_node::f_node::FNode<T,V>::insert_successor_node (line 235) stdout ----
[INFO] [stdout] Couldn't compile the test.
[INFO] [stdout] ---- src/search_algorithm/data_structure/search_node/cost_node.rs - search_algorithm::data_structure::search_node::cost_node::CostNode<T,V>::generate_successor_node (line 104) stdout ----
[INFO] [stdout] Couldn't compile the test.
[INFO] [stdout] ---- src/search_algorithm/data_structure/beam.rs - search_algorithm::data_structure::beam::Beam (line 51) stdout ----
[INFO] [stdout] Couldn't compile the test.
[INFO] [stdout] ---- src/search_algorithm/data_structure/search_node/f_node.rs - search_algorithm::data_structure::search_node::f_node::FNode<T,V>::generate_successor_node (line 149) stdout ----
[INFO] [stdout] Couldn't compile the test.
[INFO] [stdout] ---- src/search_algorithm/data_structure/search_node/weighted_f_node.rs - search_algorithm::data_structure::search_node::weighted_f_node::WeightedFNode<T,U,V>::generate_successor_node (line 162) stdout ----
[INFO] [stdout] Couldn't compile the test.
[INFO] [stdout] ---- src/search_algorithm/data_structure/search_node/weighted_f_node.rs - search_algorithm::data_structure::search_node::weighted_f_node::WeightedFNode<T,U,V>::insert_successor_node (line 262) stdout ----
[INFO] [stdout] Couldn't compile the test.
[INFO] [stdout] 
[INFO] [stdout] failures:
[INFO] [stdout]     src/dual_bound_breadth_first_search.rs - dual_bound_breadth_first_search::create_dual_bound_breadth_first_search (line 23)
[INFO] [stdout]     src/dual_bound_cabs.rs - dual_bound_cabs::create_dual_bound_cabs (line 30)
[INFO] [stdout]     src/dual_bound_dd_lns.rs - dual_bound_dd_lns::create_dual_bound_dd_lns (line 34)
[INFO] [stdout]     src/dual_bound_lnbs.rs - dual_bound_lnbs::create_dual_bound_lnbs (line 36)
[INFO] [stdout]     src/expression_beam_search.rs - expression_beam_search::ExpressionBeamSearch (line 25)
[INFO] [stdout]     src/search_algorithm/acps.rs - search_algorithm::acps::Acps (line 70)
[INFO] [stdout]     src/search_algorithm/apps.rs - search_algorithm::apps::Apps (line 34)
[INFO] [stdout]     src/search_algorithm/beam_search.rs - search_algorithm::beam_search::beam_search (line 51)
[INFO] [stdout]     src/search_algorithm/best_first_search.rs - search_algorithm::best_first_search::BestFirstSearch (line 39)
[INFO] [stdout]     src/search_algorithm/breadth_first_search.rs - search_algorithm::breadth_first_search::BreadthFirstSearch (line 41)
[INFO] [stdout]     src/search_algorithm/cabs.rs - search_algorithm::cabs::Cabs (line 45)
[INFO] [stdout]     src/search_algorithm/cbfs.rs - search_algorithm::cbfs::Cbfs (line 36)
[INFO] [stdout]     src/search_algorithm/data_structure/beam.rs - search_algorithm::data_structure::beam::Beam (line 51)
[INFO] [stdout]     src/search_algorithm/data_structure/search_node/cost_node.rs - search_algorithm::data_structure::search_node::cost_node::CostNode<T,V>::generate_successor_node (line 104)
[INFO] [stdout]     src/search_algorithm/data_structure/search_node/cost_node.rs - search_algorithm::data_structure::search_node::cost_node::CostNode<T,V>::insert_successor_node (line 157)
[INFO] [stdout]     src/search_algorithm/data_structure/search_node/custom_f_node.rs - search_algorithm::data_structure::search_node::custom_f_node::CustomFNode<T,U>::generate_successor_node (line 146)
[INFO] [stdout]     src/search_algorithm/data_structure/search_node/custom_f_node.rs - search_algorithm::data_structure::search_node::custom_f_node::CustomFNode<T,U>::insert_successor_node (line 237)
[INFO] [stdout]     src/search_algorithm/data_structure/search_node/f_node.rs - search_algorithm::data_structure::search_node::f_node::FNode<T,V>::generate_successor_node (line 149)
[INFO] [stdout]     src/search_algorithm/data_structure/search_node/f_node.rs - search_algorithm::data_structure::search_node::f_node::FNode<T,V>::insert_successor_node (line 235)
[INFO] [stdout]     src/search_algorithm/data_structure/search_node/weighted_f_node.rs - search_algorithm::data_structure::search_node::weighted_f_node::WeightedFNode<T,U,V>::generate_successor_node (line 162)
[INFO] [stdout]     src/search_algorithm/data_structure/search_node/weighted_f_node.rs - search_algorithm::data_structure::search_node::weighted_f_node::WeightedFNode<T,U,V>::insert_successor_node (line 262)
[INFO] [stdout] 
[INFO] [stdout] test result: FAILED. 27 passed; 21 failed; 0 ignored; 0 measured; 0 filtered out; finished in 8.85s
[INFO] [stdout] 
[INFO] [stderr] error: doctest failed, to rerun pass `--doc`
[INFO] running `Command { std: "docker" "inspect" "409228719c3b3ebf34f2bf3be9adf9ef450d77f58b068d39078ba0acce1086bf", kill_on_drop: false }`
[INFO] running `Command { std: "docker" "rm" "-f" "409228719c3b3ebf34f2bf3be9adf9ef450d77f58b068d39078ba0acce1086bf", kill_on_drop: false }`
[INFO] [stdout] 409228719c3b3ebf34f2bf3be9adf9ef450d77f58b068d39078ba0acce1086bf
