[INFO] fetching crate dynamecs 0.0.4...
[INFO] testing dynamecs-0.0.4 against 1.75.0 for beta-1.76-1
[INFO] extracting crate dynamecs 0.0.4 into /workspace/builds/worker-4-tc1/source
[INFO] validating manifest of crates.io crate dynamecs 0.0.4 on toolchain 1.75.0
[INFO] running `Command { std: CARGO_HOME="/workspace/cargo-home" RUSTUP_HOME="/workspace/rustup-home" "/workspace/cargo-home/bin/cargo" "+1.75.0" "metadata" "--manifest-path" "Cargo.toml" "--no-deps", kill_on_drop: false }`
[INFO] started tweaking crates.io crate dynamecs 0.0.4
[INFO] finished tweaking crates.io crate dynamecs 0.0.4
[INFO] tweaked toml for crates.io crate dynamecs 0.0.4 written to /workspace/builds/worker-4-tc1/source/Cargo.toml
[INFO] crate crates.io crate dynamecs 0.0.4 already has a lockfile, it will not be regenerated
[INFO] running `Command { std: CARGO_HOME="/workspace/cargo-home" RUSTUP_HOME="/workspace/rustup-home" "/workspace/cargo-home/bin/cargo" "+1.75.0" "fetch" "--manifest-path" "Cargo.toml", kill_on_drop: false }`
[INFO] [stderr]     Updating crates.io index
[INFO] [stderr]  Downloading crates ...
[INFO] [stderr]   Downloaded cool_asserts v1.1.1
[INFO] running `Command { std: "docker" "create" "-v" "/var/lib/crater-agent-workspace/builds/worker-4-tc1/target:/opt/rustwide/target:rw,Z" "-v" "/var/lib/crater-agent-workspace/builds/worker-4-tc1/source:/opt/rustwide/workdir:ro,Z" "-v" "/var/lib/crater-agent-workspace/cargo-home:/opt/rustwide/cargo-home:ro,Z" "-v" "/var/lib/crater-agent-workspace/rustup-home:/opt/rustwide/rustup-home:ro,Z" "-e" "SOURCE_DIR=/opt/rustwide/workdir" "-e" "CARGO_TARGET_DIR=/opt/rustwide/target" "-e" "CARGO_HOME=/opt/rustwide/cargo-home" "-e" "RUSTUP_HOME=/opt/rustwide/rustup-home" "-w" "/opt/rustwide/workdir" "-m" "1610612736" "--user" "0:0" "--network" "none" "ghcr.io/rust-lang/crates-build-env/linux@sha256:2788e3201cd34a07e3172128adcd8b3090168a8e3bcc40d7c032b9dda1df7d1c" "/opt/rustwide/cargo-home/bin/cargo" "+1.75.0" "metadata" "--no-deps" "--format-version=1", kill_on_drop: false }`
[INFO] [stdout] 4e04b3b1f145e2aec9a7a4b96b29e19902665d73d85397f0f1e7492282c62c6a
[INFO] running `Command { std: "docker" "start" "-a" "4e04b3b1f145e2aec9a7a4b96b29e19902665d73d85397f0f1e7492282c62c6a", kill_on_drop: false }`
[INFO] running `Command { std: "docker" "inspect" "4e04b3b1f145e2aec9a7a4b96b29e19902665d73d85397f0f1e7492282c62c6a", kill_on_drop: false }`
[INFO] running `Command { std: "docker" "rm" "-f" "4e04b3b1f145e2aec9a7a4b96b29e19902665d73d85397f0f1e7492282c62c6a", kill_on_drop: false }`
[INFO] [stdout] 4e04b3b1f145e2aec9a7a4b96b29e19902665d73d85397f0f1e7492282c62c6a
[INFO] running `Command { std: "docker" "create" "-v" "/var/lib/crater-agent-workspace/builds/worker-4-tc1/target:/opt/rustwide/target:rw,Z" "-v" "/var/lib/crater-agent-workspace/builds/worker-4-tc1/source:/opt/rustwide/workdir:ro,Z" "-v" "/var/lib/crater-agent-workspace/cargo-home:/opt/rustwide/cargo-home:ro,Z" "-v" "/var/lib/crater-agent-workspace/rustup-home:/opt/rustwide/rustup-home:ro,Z" "-e" "SOURCE_DIR=/opt/rustwide/workdir" "-e" "CARGO_TARGET_DIR=/opt/rustwide/target" "-e" "CARGO_INCREMENTAL=0" "-e" "RUST_BACKTRACE=full" "-e" "RUSTFLAGS=--cap-lints=warn" "-e" "RUSTDOCFLAGS=--cap-lints=warn" "-e" "CARGO_HOME=/opt/rustwide/cargo-home" "-e" "RUSTUP_HOME=/opt/rustwide/rustup-home" "-w" "/opt/rustwide/workdir" "-m" "1610612736" "--user" "0:0" "--network" "none" "ghcr.io/rust-lang/crates-build-env/linux@sha256:2788e3201cd34a07e3172128adcd8b3090168a8e3bcc40d7c032b9dda1df7d1c" "/opt/rustwide/cargo-home/bin/cargo" "+1.75.0" "build" "--frozen" "--message-format=json", kill_on_drop: false }`
[INFO] [stdout] 49520ab136c1faa9268a64c552fdb9b3deaf5ac51fb42e117fae2931aabf98c6
[INFO] running `Command { std: "docker" "start" "-a" "49520ab136c1faa9268a64c552fdb9b3deaf5ac51fb42e117fae2931aabf98c6", kill_on_drop: false }`
[INFO] [stderr]    Compiling proc-macro2 v1.0.59
[INFO] [stderr]    Compiling quote v1.0.28
[INFO] [stderr]    Compiling unicode-ident v1.0.9
[INFO] [stderr]    Compiling serde v1.0.163
[INFO] [stderr]    Compiling eyre v0.6.8
[INFO] [stderr]    Compiling erased-serde v0.3.25
[INFO] [stderr]    Compiling indenter v0.3.3
[INFO] [stderr]    Compiling once_cell v1.18.0
[INFO] [stderr]    Compiling syn v2.0.18
[INFO] [stderr]    Compiling serde_derive v1.0.163
[INFO] [stderr]    Compiling dynamecs v0.0.4 (/opt/rustwide/workdir)
[INFO] [stderr]     Finished dev [unoptimized + debuginfo] target(s) in 6.55s
[INFO] running `Command { std: "docker" "inspect" "49520ab136c1faa9268a64c552fdb9b3deaf5ac51fb42e117fae2931aabf98c6", kill_on_drop: false }`
[INFO] running `Command { std: "docker" "rm" "-f" "49520ab136c1faa9268a64c552fdb9b3deaf5ac51fb42e117fae2931aabf98c6", kill_on_drop: false }`
[INFO] [stdout] 49520ab136c1faa9268a64c552fdb9b3deaf5ac51fb42e117fae2931aabf98c6
[INFO] running `Command { std: "docker" "create" "-v" "/var/lib/crater-agent-workspace/builds/worker-4-tc1/target:/opt/rustwide/target:rw,Z" "-v" "/var/lib/crater-agent-workspace/builds/worker-4-tc1/source:/opt/rustwide/workdir:ro,Z" "-v" "/var/lib/crater-agent-workspace/cargo-home:/opt/rustwide/cargo-home:ro,Z" "-v" "/var/lib/crater-agent-workspace/rustup-home:/opt/rustwide/rustup-home:ro,Z" "-e" "SOURCE_DIR=/opt/rustwide/workdir" "-e" "CARGO_TARGET_DIR=/opt/rustwide/target" "-e" "CARGO_INCREMENTAL=0" "-e" "RUST_BACKTRACE=full" "-e" "RUSTFLAGS=--cap-lints=warn" "-e" "RUSTDOCFLAGS=--cap-lints=warn" "-e" "CARGO_HOME=/opt/rustwide/cargo-home" "-e" "RUSTUP_HOME=/opt/rustwide/rustup-home" "-w" "/opt/rustwide/workdir" "-m" "1610612736" "--user" "0:0" "--network" "none" "ghcr.io/rust-lang/crates-build-env/linux@sha256:2788e3201cd34a07e3172128adcd8b3090168a8e3bcc40d7c032b9dda1df7d1c" "/opt/rustwide/cargo-home/bin/cargo" "+1.75.0" "test" "--frozen" "--no-run" "--message-format=json", kill_on_drop: false }`
[INFO] [stdout] 76f7c15f49d2da88802db39dd0f562947f95e7da303dd33270e78fbbf692ac3d
[INFO] running `Command { std: "docker" "start" "-a" "76f7c15f49d2da88802db39dd0f562947f95e7da303dd33270e78fbbf692ac3d", kill_on_drop: false }`
[INFO] [stderr]    Compiling serde_json v1.0.96
[INFO] [stderr]    Compiling itoa v1.0.6
[INFO] [stderr]    Compiling ryu v1.0.13
[INFO] [stderr]    Compiling cool_asserts v1.1.1
[INFO] [stderr]    Compiling bincode v1.3.3
[INFO] [stderr]    Compiling dynamecs v0.0.4 (/opt/rustwide/workdir)
[INFO] [stderr]     Finished test [unoptimized + debuginfo] target(s) in 2.09s
[INFO] running `Command { std: "docker" "inspect" "76f7c15f49d2da88802db39dd0f562947f95e7da303dd33270e78fbbf692ac3d", kill_on_drop: false }`
[INFO] running `Command { std: "docker" "rm" "-f" "76f7c15f49d2da88802db39dd0f562947f95e7da303dd33270e78fbbf692ac3d", kill_on_drop: false }`
[INFO] [stdout] 76f7c15f49d2da88802db39dd0f562947f95e7da303dd33270e78fbbf692ac3d
[INFO] running `Command { std: "docker" "create" "-v" "/var/lib/crater-agent-workspace/builds/worker-4-tc1/target:/opt/rustwide/target:rw,Z" "-v" "/var/lib/crater-agent-workspace/builds/worker-4-tc1/source:/opt/rustwide/workdir:ro,Z" "-v" "/var/lib/crater-agent-workspace/cargo-home:/opt/rustwide/cargo-home:ro,Z" "-v" "/var/lib/crater-agent-workspace/rustup-home:/opt/rustwide/rustup-home:ro,Z" "-e" "SOURCE_DIR=/opt/rustwide/workdir" "-e" "CARGO_TARGET_DIR=/opt/rustwide/target" "-e" "CARGO_INCREMENTAL=0" "-e" "RUST_BACKTRACE=full" "-e" "RUSTFLAGS=--cap-lints=warn" "-e" "RUSTDOCFLAGS=--cap-lints=warn" "-e" "CARGO_HOME=/opt/rustwide/cargo-home" "-e" "RUSTUP_HOME=/opt/rustwide/rustup-home" "-w" "/opt/rustwide/workdir" "-m" "1610612736" "--user" "0:0" "--network" "none" "ghcr.io/rust-lang/crates-build-env/linux@sha256:2788e3201cd34a07e3172128adcd8b3090168a8e3bcc40d7c032b9dda1df7d1c" "/opt/rustwide/cargo-home/bin/cargo" "+1.75.0" "test" "--frozen", kill_on_drop: false }`
[INFO] [stdout] 1f1798e76d78d363ab903580b3335ec8c054aeebb30c33ad21957f241d855d7c
[INFO] running `Command { std: "docker" "start" "-a" "1f1798e76d78d363ab903580b3335ec8c054aeebb30c33ad21957f241d855d7c", kill_on_drop: false }`
[INFO] [stderr]     Finished test [unoptimized + debuginfo] target(s) in 0.01s
[INFO] [stderr]      Running unittests src/lib.rs (/opt/rustwide/target/debug/deps/dynamecs-490f0cca0094a253)
[INFO] [stdout] 
[INFO] [stdout] running 0 tests
[INFO] [stdout] 
[INFO] [stdout] test result: ok. 0 passed; 0 failed; 0 ignored; 0 measured; 0 filtered out; finished in 0.00s
[INFO] [stdout] 
[INFO] [stderr]      Running tests/registration.rs (/opt/rustwide/target/debug/deps/registration-055b27226053692a)
[INFO] [stdout] 
[INFO] [stdout] running 1 test
[INFO] [stdout] test register ... ok
[INFO] [stdout] 
[INFO] [stdout] test result: ok. 1 passed; 0 failed; 0 ignored; 0 measured; 0 filtered out; finished in 0.00s
[INFO] [stdout] 
[INFO] [stderr]      Running tests/unit.rs (/opt/rustwide/target/debug/deps/unit-7675f14678dd964d)
[INFO] [stdout] 
[INFO] [stdout] running 17 tests
[INFO] [stdout] test unit_tests::adapters::filter_system ... ok
[INFO] [stdout] test unit_tests::adapters::filter_system_combinator ... ok
[INFO] [stdout] test unit_tests::adapters::fn_system ... ok
[INFO] [stdout] test unit_tests::adapters::fn_once_system ... ok
[INFO] [stdout] test unit_tests::adapters::moc_system ... ok
[INFO] [stdout] test unit_tests::adapters::single_shot_system ... ok
[INFO] [stdout] test unit_tests::adapters::single_shot_system_combinator ... ok
[INFO] [stdout] test unit_tests::basic_api::get_component_storages_compiles_for_tuple_arguments ... ok
[INFO] [stdout] test unit_tests::basic_api::get_component_storages_mut_compiles_for_tuple_arguments ... ok
[INFO] [stdout] test unit_tests::join::join_compiles ... ok
[INFO] [stdout] test unit_tests::join::universe_join_is_consistent_with_join ... ok
[INFO] [stdout] test unit_tests::join::join_multiple_storages ... ok
[INFO] [stdout] test unit_tests::versioned_vec_storage::test_versioned_vec_storage_join ... ok
[INFO] [stdout] test unit_tests::versioned_vec_storage::test_basic_use ... ok
[INFO] [stdout] test unit_tests::serialization::json_roundtrip ... ok
[INFO] [stdout] test unit_tests::serialization::bincode_test ... ok
[INFO] [stdout] test unit_tests::basic_api::get_component_storages_mut_panics_if_duplicate_arguments_provided ... ok
[INFO] [stdout] 
[INFO] [stdout] test result: ok. 17 passed; 0 failed; 0 ignored; 0 measured; 0 filtered out; finished in 0.02s
[INFO] [stdout] 
[INFO] [stderr]    Doc-tests dynamecs
[INFO] [stdout] 
[INFO] [stdout] running 4 tests
[INFO] [stdout] test src/universe.rs - universe::Universe::get_component_storages (line 260) ... FAILED
[INFO] [stdout] test src/universe.rs - universe::Universe::join (line 289) ... FAILED
[INFO] [stdout] test src/universe.rs - universe::Universe::get_component_storages_mut (line 229) ... FAILED
[INFO] [stdout] test src/universe.rs - universe::Universe::join_mut (line 323) ... FAILED
[INFO] [stdout] 
[INFO] [stdout] failures:
[INFO] [stdout] 
[INFO] [stdout] ---- src/universe.rs - universe::Universe::get_component_storages (line 260) stdout ----
[INFO] [stdout] error[E0603]: struct `VecStorage` is private
[INFO] [stdout]  --> src/universe.rs:263:38
[INFO] [stdout]   |
[INFO] [stdout] 6 | use dynamecs::storages::vec_storage::VecStorage;
[INFO] [stdout]   |                                      ^^^^^^^^^^ private struct
[INFO] [stdout]   |
[INFO] [stdout] note: the struct `VecStorage` is defined here
[INFO] [stdout]  --> /opt/rustwide/workdir/src/storages/vec_storage.rs:2:5
[INFO] [stdout]   |
[INFO] [stdout] 2 | use crate::storages::VecStorage;
[INFO] [stdout]   |     ^^^^^^^^^^^^^^^^^^^^^^^^^^^
[INFO] [stdout] 
[INFO] [stdout] error: aborting due to previous error
[INFO] [stdout] 
[INFO] [stdout] For more information about this error, try `rustc --explain E0603`.
[INFO] [stdout] Couldn't compile the test.
[INFO] [stdout] ---- src/universe.rs - universe::Universe::join (line 289) stdout ----
[INFO] [stdout] error[E0603]: struct `VecStorage` is private
[INFO] [stdout]  --> src/universe.rs:292:38
[INFO] [stdout]   |
[INFO] [stdout] 6 | use dynamecs::storages::vec_storage::VecStorage;
[INFO] [stdout]   |                                      ^^^^^^^^^^ private struct
[INFO] [stdout]   |
[INFO] [stdout] note: the struct `VecStorage` is defined here
[INFO] [stdout]  --> /opt/rustwide/workdir/src/storages/vec_storage.rs:2:5
[INFO] [stdout]   |
[INFO] [stdout] 2 | use crate::storages::VecStorage;
[INFO] [stdout]   |     ^^^^^^^^^^^^^^^^^^^^^^^^^^^
[INFO] [stdout] 
[INFO] [stdout] error: aborting due to previous error
[INFO] [stdout] 
[INFO] [stdout] For more information about this error, try `rustc --explain E0603`.
[INFO] [stdout] Couldn't compile the test.
[INFO] [stdout] ---- src/universe.rs - universe::Universe::get_component_storages_mut (line 229) stdout ----
[INFO] [stdout] error[E0603]: struct `VecStorage` is private
[INFO] [stdout]  --> src/universe.rs:232:38
[INFO] [stdout]   |
[INFO] [stdout] 6 | use dynamecs::storages::vec_storage::VecStorage;
[INFO] [stdout]   |                                      ^^^^^^^^^^ private struct
[INFO] [stdout]   |
[INFO] [stdout] note: the struct `VecStorage` is defined here
[INFO] [stdout]  --> /opt/rustwide/workdir/src/storages/vec_storage.rs:2:5
[INFO] [stdout]   |
[INFO] [stdout] 2 | use crate::storages::VecStorage;
[INFO] [stdout]   |     ^^^^^^^^^^^^^^^^^^^^^^^^^^^
[INFO] [stdout] 
[INFO] [stdout] error: aborting due to previous error
[INFO] [stdout] 
[INFO] [stdout] For more information about this error, try `rustc --explain E0603`.
[INFO] [stdout] Couldn't compile the test.
[INFO] [stdout] ---- src/universe.rs - universe::Universe::join_mut (line 323) stdout ----
[INFO] [stdout] error[E0603]: struct `VecStorage` is private
[INFO] [stdout]  --> src/universe.rs:326:38
[INFO] [stdout]   |
[INFO] [stdout] 6 | use dynamecs::storages::vec_storage::VecStorage;
[INFO] [stdout]   |                                      ^^^^^^^^^^ private struct
[INFO] [stdout]   |
[INFO] [stdout] note: the struct `VecStorage` is defined here
[INFO] [stdout]  --> /opt/rustwide/workdir/src/storages/vec_storage.rs:2:5
[INFO] [stdout]   |
[INFO] [stdout] 2 | use crate::storages::VecStorage;
[INFO] [stdout]   |     ^^^^^^^^^^^^^^^^^^^^^^^^^^^
[INFO] [stdout] 
[INFO] [stdout] error: aborting due to previous error
[INFO] [stdout] 
[INFO] [stdout] For more information about this error, try `rustc --explain E0603`.
[INFO] [stdout] Couldn't compile the test.
[INFO] [stdout] 
[INFO] [stdout] failures:
[INFO] [stdout]     src/universe.rs - universe::Universe::get_component_storages (line 260)
[INFO] [stdout]     src/universe.rs - universe::Universe::get_component_storages_mut (line 229)
[INFO] [stdout]     src/universe.rs - universe::Universe::join (line 289)
[INFO] [stdout]     src/universe.rs - universe::Universe::join_mut (line 323)
[INFO] [stdout] 
[INFO] [stdout] test result: FAILED. 0 passed; 4 failed; 0 ignored; 0 measured; 0 filtered out; finished in 0.04s
[INFO] [stdout] 
[INFO] [stderr] error: doctest failed, to rerun pass `--doc`
[INFO] running `Command { std: "docker" "inspect" "1f1798e76d78d363ab903580b3335ec8c054aeebb30c33ad21957f241d855d7c", kill_on_drop: false }`
[INFO] running `Command { std: "docker" "rm" "-f" "1f1798e76d78d363ab903580b3335ec8c054aeebb30c33ad21957f241d855d7c", kill_on_drop: false }`
[INFO] [stdout] 1f1798e76d78d363ab903580b3335ec8c054aeebb30c33ad21957f241d855d7c
[INFO] testing dynamecs-0.0.4 against beta-2023-12-22 for beta-1.76-1
[INFO] extracting crate dynamecs 0.0.4 into /workspace/builds/worker-4-tc2/source
[INFO] validating manifest of crates.io crate dynamecs 0.0.4 on toolchain beta-2023-12-22
[INFO] running `Command { std: CARGO_HOME="/workspace/cargo-home" RUSTUP_HOME="/workspace/rustup-home" "/workspace/cargo-home/bin/cargo" "+beta-2023-12-22" "metadata" "--manifest-path" "Cargo.toml" "--no-deps", kill_on_drop: false }`
[INFO] started tweaking crates.io crate dynamecs 0.0.4
[INFO] finished tweaking crates.io crate dynamecs 0.0.4
[INFO] tweaked toml for crates.io crate dynamecs 0.0.4 written to /workspace/builds/worker-4-tc2/source/Cargo.toml
[INFO] crate crates.io crate dynamecs 0.0.4 already has a lockfile, it will not be regenerated
[INFO] running `Command { std: CARGO_HOME="/workspace/cargo-home" RUSTUP_HOME="/workspace/rustup-home" "/workspace/cargo-home/bin/cargo" "+beta-2023-12-22" "fetch" "--manifest-path" "Cargo.toml", kill_on_drop: false }`
[INFO] running `Command { std: "docker" "create" "-v" "/var/lib/crater-agent-workspace/builds/worker-4-tc2/target:/opt/rustwide/target:rw,Z" "-v" "/var/lib/crater-agent-workspace/builds/worker-4-tc2/source:/opt/rustwide/workdir:ro,Z" "-v" "/var/lib/crater-agent-workspace/cargo-home:/opt/rustwide/cargo-home:ro,Z" "-v" "/var/lib/crater-agent-workspace/rustup-home:/opt/rustwide/rustup-home:ro,Z" "-e" "SOURCE_DIR=/opt/rustwide/workdir" "-e" "CARGO_TARGET_DIR=/opt/rustwide/target" "-e" "CARGO_HOME=/opt/rustwide/cargo-home" "-e" "RUSTUP_HOME=/opt/rustwide/rustup-home" "-w" "/opt/rustwide/workdir" "-m" "1610612736" "--user" "0:0" "--network" "none" "ghcr.io/rust-lang/crates-build-env/linux@sha256:2788e3201cd34a07e3172128adcd8b3090168a8e3bcc40d7c032b9dda1df7d1c" "/opt/rustwide/cargo-home/bin/cargo" "+beta-2023-12-22" "metadata" "--no-deps" "--format-version=1", kill_on_drop: false }`
[INFO] [stdout] 7c44e405c3c9a1a2b4fe6eb84026215fac86598c4eaae568f73065c5deb09190
[INFO] running `Command { std: "docker" "start" "-a" "7c44e405c3c9a1a2b4fe6eb84026215fac86598c4eaae568f73065c5deb09190", kill_on_drop: false }`
[INFO] running `Command { std: "docker" "inspect" "7c44e405c3c9a1a2b4fe6eb84026215fac86598c4eaae568f73065c5deb09190", kill_on_drop: false }`
[INFO] running `Command { std: "docker" "rm" "-f" "7c44e405c3c9a1a2b4fe6eb84026215fac86598c4eaae568f73065c5deb09190", kill_on_drop: false }`
[INFO] [stdout] 7c44e405c3c9a1a2b4fe6eb84026215fac86598c4eaae568f73065c5deb09190
[INFO] running `Command { std: "docker" "create" "-v" "/var/lib/crater-agent-workspace/builds/worker-4-tc2/target:/opt/rustwide/target:rw,Z" "-v" "/var/lib/crater-agent-workspace/builds/worker-4-tc2/source:/opt/rustwide/workdir:ro,Z" "-v" "/var/lib/crater-agent-workspace/cargo-home:/opt/rustwide/cargo-home:ro,Z" "-v" "/var/lib/crater-agent-workspace/rustup-home:/opt/rustwide/rustup-home:ro,Z" "-e" "SOURCE_DIR=/opt/rustwide/workdir" "-e" "CARGO_TARGET_DIR=/opt/rustwide/target" "-e" "CARGO_INCREMENTAL=0" "-e" "RUST_BACKTRACE=full" "-e" "RUSTFLAGS=--cap-lints=warn" "-e" "RUSTDOCFLAGS=--cap-lints=warn" "-e" "CARGO_HOME=/opt/rustwide/cargo-home" "-e" "RUSTUP_HOME=/opt/rustwide/rustup-home" "-w" "/opt/rustwide/workdir" "-m" "1610612736" "--user" "0:0" "--network" "none" "ghcr.io/rust-lang/crates-build-env/linux@sha256:2788e3201cd34a07e3172128adcd8b3090168a8e3bcc40d7c032b9dda1df7d1c" "/opt/rustwide/cargo-home/bin/cargo" "+beta-2023-12-22" "build" "--frozen" "--message-format=json", kill_on_drop: false }`
[INFO] [stdout] 0dcedc5320c02f19b12279dd11b5ef994e7807d1afe8ca71903112a535e0bbba
[INFO] running `Command { std: "docker" "start" "-a" "0dcedc5320c02f19b12279dd11b5ef994e7807d1afe8ca71903112a535e0bbba", kill_on_drop: false }`
[INFO] [stderr]    Compiling proc-macro2 v1.0.59
[INFO] [stderr]    Compiling unicode-ident v1.0.9
[INFO] [stderr]    Compiling quote v1.0.28
[INFO] [stderr]    Compiling serde v1.0.163
[INFO] [stderr]    Compiling eyre v0.6.8
[INFO] [stderr]    Compiling erased-serde v0.3.25
[INFO] [stderr]    Compiling indenter v0.3.3
[INFO] [stderr]    Compiling once_cell v1.18.0
[INFO] [stderr]    Compiling syn v2.0.18
[INFO] [stderr]    Compiling serde_derive v1.0.163
[INFO] [stderr]    Compiling dynamecs v0.0.4 (/opt/rustwide/workdir)
[INFO] [stderr]     Finished dev [unoptimized + debuginfo] target(s) in 6.15s
[INFO] running `Command { std: "docker" "inspect" "0dcedc5320c02f19b12279dd11b5ef994e7807d1afe8ca71903112a535e0bbba", kill_on_drop: false }`
[INFO] running `Command { std: "docker" "rm" "-f" "0dcedc5320c02f19b12279dd11b5ef994e7807d1afe8ca71903112a535e0bbba", kill_on_drop: false }`
[INFO] [stdout] 0dcedc5320c02f19b12279dd11b5ef994e7807d1afe8ca71903112a535e0bbba
[INFO] running `Command { std: "docker" "create" "-v" "/var/lib/crater-agent-workspace/builds/worker-4-tc2/target:/opt/rustwide/target:rw,Z" "-v" "/var/lib/crater-agent-workspace/builds/worker-4-tc2/source:/opt/rustwide/workdir:ro,Z" "-v" "/var/lib/crater-agent-workspace/cargo-home:/opt/rustwide/cargo-home:ro,Z" "-v" "/var/lib/crater-agent-workspace/rustup-home:/opt/rustwide/rustup-home:ro,Z" "-e" "SOURCE_DIR=/opt/rustwide/workdir" "-e" "CARGO_TARGET_DIR=/opt/rustwide/target" "-e" "CARGO_INCREMENTAL=0" "-e" "RUST_BACKTRACE=full" "-e" "RUSTFLAGS=--cap-lints=warn" "-e" "RUSTDOCFLAGS=--cap-lints=warn" "-e" "CARGO_HOME=/opt/rustwide/cargo-home" "-e" "RUSTUP_HOME=/opt/rustwide/rustup-home" "-w" "/opt/rustwide/workdir" "-m" "1610612736" "--user" "0:0" "--network" "none" "ghcr.io/rust-lang/crates-build-env/linux@sha256:2788e3201cd34a07e3172128adcd8b3090168a8e3bcc40d7c032b9dda1df7d1c" "/opt/rustwide/cargo-home/bin/cargo" "+beta-2023-12-22" "test" "--frozen" "--no-run" "--message-format=json", kill_on_drop: false }`
[INFO] [stdout] 6613a210b6dcb14133930ef1ff00f8207250e18a04b8ab29efbf96f5b83c5146
[INFO] running `Command { std: "docker" "start" "-a" "6613a210b6dcb14133930ef1ff00f8207250e18a04b8ab29efbf96f5b83c5146", kill_on_drop: false }`
[INFO] [stderr]    Compiling serde_json v1.0.96
[INFO] [stderr]    Compiling ryu v1.0.13
[INFO] [stderr]    Compiling itoa v1.0.6
[INFO] [stderr]    Compiling cool_asserts v1.1.1
[INFO] [stderr]    Compiling bincode v1.3.3
[INFO] [stderr]    Compiling dynamecs v0.0.4 (/opt/rustwide/workdir)
[INFO] [stderr]     Finished test [unoptimized + debuginfo] target(s) in 2.10s
[INFO] running `Command { std: "docker" "inspect" "6613a210b6dcb14133930ef1ff00f8207250e18a04b8ab29efbf96f5b83c5146", kill_on_drop: false }`
[INFO] running `Command { std: "docker" "rm" "-f" "6613a210b6dcb14133930ef1ff00f8207250e18a04b8ab29efbf96f5b83c5146", kill_on_drop: false }`
[INFO] [stdout] 6613a210b6dcb14133930ef1ff00f8207250e18a04b8ab29efbf96f5b83c5146
[INFO] running `Command { std: "docker" "create" "-v" "/var/lib/crater-agent-workspace/builds/worker-4-tc2/target:/opt/rustwide/target:rw,Z" "-v" "/var/lib/crater-agent-workspace/builds/worker-4-tc2/source:/opt/rustwide/workdir:ro,Z" "-v" "/var/lib/crater-agent-workspace/cargo-home:/opt/rustwide/cargo-home:ro,Z" "-v" "/var/lib/crater-agent-workspace/rustup-home:/opt/rustwide/rustup-home:ro,Z" "-e" "SOURCE_DIR=/opt/rustwide/workdir" "-e" "CARGO_TARGET_DIR=/opt/rustwide/target" "-e" "CARGO_INCREMENTAL=0" "-e" "RUST_BACKTRACE=full" "-e" "RUSTFLAGS=--cap-lints=warn" "-e" "RUSTDOCFLAGS=--cap-lints=warn" "-e" "CARGO_HOME=/opt/rustwide/cargo-home" "-e" "RUSTUP_HOME=/opt/rustwide/rustup-home" "-w" "/opt/rustwide/workdir" "-m" "1610612736" "--user" "0:0" "--network" "none" "ghcr.io/rust-lang/crates-build-env/linux@sha256:2788e3201cd34a07e3172128adcd8b3090168a8e3bcc40d7c032b9dda1df7d1c" "/opt/rustwide/cargo-home/bin/cargo" "+beta-2023-12-22" "test" "--frozen", kill_on_drop: false }`
[INFO] [stdout] affabe3ea645f9f9f6739adbcbd66595c07677c88dc0bbf51d5d1dbc454b6bd3
[INFO] running `Command { std: "docker" "start" "-a" "affabe3ea645f9f9f6739adbcbd66595c07677c88dc0bbf51d5d1dbc454b6bd3", kill_on_drop: false }`
[INFO] [stderr]     Finished test [unoptimized + debuginfo] target(s) in 0.01s
[INFO] [stderr]      Running unittests src/lib.rs (/opt/rustwide/target/debug/deps/dynamecs-9c285c7073c05263)
[INFO] [stdout] 
[INFO] [stdout] running 0 tests
[INFO] [stdout] 
[INFO] [stdout] test result: ok. 0 passed; 0 failed; 0 ignored; 0 measured; 0 filtered out; finished in 0.00s
[INFO] [stdout] 
[INFO] [stderr]      Running tests/registration.rs (/opt/rustwide/target/debug/deps/registration-d5522548d9c3ccb2)
[INFO] [stdout] 
[INFO] [stdout] running 1 test
[INFO] [stdout] test register ... ok
[INFO] [stdout] 
[INFO] [stdout] test result: ok. 1 passed; 0 failed; 0 ignored; 0 measured; 0 filtered out; finished in 0.00s
[INFO] [stdout] 
[INFO] [stderr]      Running tests/unit.rs (/opt/rustwide/target/debug/deps/unit-d58005541b56d5fe)
[INFO] [stdout] 
[INFO] [stdout] running 17 tests
[INFO] [stdout] test unit_tests::adapters::fn_once_system ... ok
[INFO] [stdout] test unit_tests::adapters::fn_system ... ok
[INFO] [stdout] test unit_tests::adapters::filter_system_combinator ... ok
[INFO] [stdout] test unit_tests::adapters::filter_system ... ok
[INFO] [stdout] test unit_tests::adapters::moc_system ... ok
[INFO] [stdout] test unit_tests::adapters::single_shot_system ... ok
[INFO] [stdout] test unit_tests::adapters::single_shot_system_combinator ... ok
[INFO] [stdout] test unit_tests::basic_api::get_component_storages_compiles_for_tuple_arguments ... ok
[INFO] [stdout] test unit_tests::join::join_compiles ... ok
[INFO] [stdout] test unit_tests::basic_api::get_component_storages_mut_compiles_for_tuple_arguments ... ok
[INFO] [stdout] test unit_tests::join::universe_join_is_consistent_with_join ... ok
[INFO] [stdout] test unit_tests::serialization::bincode_test ... ok
[INFO] [stdout] test unit_tests::join::join_multiple_storages ... ok
[INFO] [stdout] test unit_tests::versioned_vec_storage::test_versioned_vec_storage_join ... ok
[INFO] [stdout] test unit_tests::versioned_vec_storage::test_basic_use ... ok
[INFO] [stdout] test unit_tests::serialization::json_roundtrip ... ok
[INFO] [stdout] test unit_tests::basic_api::get_component_storages_mut_panics_if_duplicate_arguments_provided ... ok
[INFO] [stdout] 
[INFO] [stdout] test result: ok. 17 passed; 0 failed; 0 ignored; 0 measured; 0 filtered out; finished in 0.02s
[INFO] [stdout] 
[INFO] [stderr]    Doc-tests dynamecs
[INFO] [stdout] 
[INFO] [stdout] running 4 tests
[INFO] [stdout] test src/universe.rs - universe::Universe::get_component_storages_mut (line 229) ... FAILED
[INFO] [stdout] test src/universe.rs - universe::Universe::join_mut (line 323) ... FAILED
[INFO] [stdout] test src/universe.rs - universe::Universe::get_component_storages (line 260) ... FAILED
[INFO] [stdout] test src/universe.rs - universe::Universe::join (line 289) ... FAILED
[INFO] [stdout] 
[INFO] [stdout] failures:
[INFO] [stdout] 
[INFO] [stdout] ---- src/universe.rs - universe::Universe::get_component_storages_mut (line 229) stdout ----
[INFO] [stdout] error[E0603]: struct `VecStorage` is private
[INFO] [stdout]  --> src/universe.rs:232:38
[INFO] [stdout]   |
[INFO] [stdout] 6 | use dynamecs::storages::vec_storage::VecStorage;
[INFO] [stdout]   |                                      ^^^^^^^^^^ private struct
[INFO] [stdout]   |
[INFO] [stdout] note: the struct `VecStorage` is defined here
[INFO] [stdout]  --> /opt/rustwide/workdir/src/storages/vec_storage.rs:2:5
[INFO] [stdout]   |
[INFO] [stdout] 2 | use crate::storages::VecStorage;
[INFO] [stdout]   |     ^^^^^^^^^^^^^^^^^^^^^^^^^^^
[INFO] [stdout] help: import `VecStorage` directly
[INFO] [stdout]   |
[INFO] [stdout] 6 | use dynamecs::storages::VecStorage;
[INFO] [stdout]   |     ~~~~~~~~~~~~~~~~~~~~~~~~~~~~~~
[INFO] [stdout] 
[INFO] [stdout] error: aborting due to 1 previous error
[INFO] [stdout] 
[INFO] [stdout] For more information about this error, try `rustc --explain E0603`.
[INFO] [stdout] Couldn't compile the test.
[INFO] [stdout] ---- src/universe.rs - universe::Universe::join_mut (line 323) stdout ----
[INFO] [stdout] error[E0603]: struct `VecStorage` is private
[INFO] [stdout]  --> src/universe.rs:326:38
[INFO] [stdout]   |
[INFO] [stdout] 6 | use dynamecs::storages::vec_storage::VecStorage;
[INFO] [stdout]   |                                      ^^^^^^^^^^ private struct
[INFO] [stdout]   |
[INFO] [stdout] note: the struct `VecStorage` is defined here
[INFO] [stdout]  --> /opt/rustwide/workdir/src/storages/vec_storage.rs:2:5
[INFO] [stdout]   |
[INFO] [stdout] 2 | use crate::storages::VecStorage;
[INFO] [stdout]   |     ^^^^^^^^^^^^^^^^^^^^^^^^^^^
[INFO] [stdout] help: import `VecStorage` directly
[INFO] [stdout]   |
[INFO] [stdout] 6 | use dynamecs::storages::VecStorage;
[INFO] [stdout]   |     ~~~~~~~~~~~~~~~~~~~~~~~~~~~~~~
[INFO] [stdout] 
[INFO] [stdout] error: aborting due to 1 previous error
[INFO] [stdout] 
[INFO] [stdout] For more information about this error, try `rustc --explain E0603`.
[INFO] [stdout] Couldn't compile the test.
[INFO] [stdout] ---- src/universe.rs - universe::Universe::get_component_storages (line 260) stdout ----
[INFO] [stdout] error[E0603]: struct `VecStorage` is private
[INFO] [stdout]  --> src/universe.rs:263:38
[INFO] [stdout]   |
[INFO] [stdout] 6 | use dynamecs::storages::vec_storage::VecStorage;
[INFO] [stdout]   |                                      ^^^^^^^^^^ private struct
[INFO] [stdout]   |
[INFO] [stdout] note: the struct `VecStorage` is defined here
[INFO] [stdout]  --> /opt/rustwide/workdir/src/storages/vec_storage.rs:2:5
[INFO] [stdout]   |
[INFO] [stdout] 2 | use crate::storages::VecStorage;
[INFO] [stdout]   |     ^^^^^^^^^^^^^^^^^^^^^^^^^^^
[INFO] [stdout] help: import `VecStorage` directly
[INFO] [stdout]   |
[INFO] [stdout] 6 | use dynamecs::storages::VecStorage;
[INFO] [stdout]   |     ~~~~~~~~~~~~~~~~~~~~~~~~~~~~~~
[INFO] [stdout] 
[INFO] [stdout] error: aborting due to 1 previous error
[INFO] [stdout] 
[INFO] [stdout] For more information about this error, try `rustc --explain E0603`.
[INFO] [stdout] Couldn't compile the test.
[INFO] [stdout] ---- src/universe.rs - universe::Universe::join (line 289) stdout ----
[INFO] [stdout] error[E0603]: struct `VecStorage` is private
[INFO] [stdout]  --> src/universe.rs:292:38
[INFO] [stdout]   |
[INFO] [stdout] 6 | use dynamecs::storages::vec_storage::VecStorage;
[INFO] [stdout]   |                                      ^^^^^^^^^^ private struct
[INFO] [stdout]   |
[INFO] [stdout] note: the struct `VecStorage` is defined here
[INFO] [stdout]  --> /opt/rustwide/workdir/src/storages/vec_storage.rs:2:5
[INFO] [stdout]   |
[INFO] [stdout] 2 | use crate::storages::VecStorage;
[INFO] [stdout]   |     ^^^^^^^^^^^^^^^^^^^^^^^^^^^
[INFO] [stdout] help: import `VecStorage` directly
[INFO] [stdout]   |
[INFO] [stdout] 6 | use dynamecs::storages::VecStorage;
[INFO] [stdout]   |     ~~~~~~~~~~~~~~~~~~~~~~~~~~~~~~
[INFO] [stdout] 
[INFO] [stdout] error: aborting due to 1 previous error
[INFO] [stdout] 
[INFO] [stdout] For more information about this error, try `rustc --explain E0603`.
[INFO] [stdout] Couldn't compile the test.
[INFO] [stdout] 
[INFO] [stdout] failures:
[INFO] [stdout]     src/universe.rs - universe::Universe::get_component_storages (line 260)
[INFO] [stdout]     src/universe.rs - universe::Universe::get_component_storages_mut (line 229)
[INFO] [stdout]     src/universe.rs - universe::Universe::join (line 289)
[INFO] [stdout]     src/universe.rs - universe::Universe::join_mut (line 323)
[INFO] [stdout] 
[INFO] [stdout] test result: FAILED. 0 passed; 4 failed; 0 ignored; 0 measured; 0 filtered out; finished in 0.05s
[INFO] [stdout] 
[INFO] [stderr] error: doctest failed, to rerun pass `--doc`
[INFO] running `Command { std: "docker" "inspect" "affabe3ea645f9f9f6739adbcbd66595c07677c88dc0bbf51d5d1dbc454b6bd3", kill_on_drop: false }`
[INFO] running `Command { std: "docker" "rm" "-f" "affabe3ea645f9f9f6739adbcbd66595c07677c88dc0bbf51d5d1dbc454b6bd3", kill_on_drop: false }`
[INFO] [stdout] affabe3ea645f9f9f6739adbcbd66595c07677c88dc0bbf51d5d1dbc454b6bd3
