[INFO] fetching crate dynamecs-analyze 0.0.2...
[INFO] testing dynamecs-analyze-0.0.2 against 1.75.0 for beta-1.76-1
[INFO] extracting crate dynamecs-analyze 0.0.2 into /workspace/builds/worker-0-tc1/source
[INFO] validating manifest of crates.io crate dynamecs-analyze 0.0.2 on toolchain 1.75.0
[INFO] running `Command { std: CARGO_HOME="/workspace/cargo-home" RUSTUP_HOME="/workspace/rustup-home" "/workspace/cargo-home/bin/cargo" "+1.75.0" "metadata" "--manifest-path" "Cargo.toml" "--no-deps", kill_on_drop: false }`
[INFO] started tweaking crates.io crate dynamecs-analyze 0.0.2
[INFO] finished tweaking crates.io crate dynamecs-analyze 0.0.2
[INFO] tweaked toml for crates.io crate dynamecs-analyze 0.0.2 written to /workspace/builds/worker-0-tc1/source/Cargo.toml
[INFO] running `Command { std: CARGO_HOME="/workspace/cargo-home" RUSTUP_HOME="/workspace/rustup-home" "/workspace/cargo-home/bin/cargo" "+1.75.0" "generate-lockfile" "--manifest-path" "Cargo.toml", kill_on_drop: false }`
[INFO] [stderr]     Updating crates.io index
[INFO] running `Command { std: CARGO_HOME="/workspace/cargo-home" RUSTUP_HOME="/workspace/rustup-home" "/workspace/cargo-home/bin/cargo" "+1.75.0" "fetch" "--manifest-path" "Cargo.toml", kill_on_drop: false }`
[INFO] [stderr]  Downloading crates ...
[INFO] [stderr]   Downloaded insta v1.34.0
[INFO] [stderr]   Downloaded escargot v0.5.8
[INFO] running `Command { std: "docker" "create" "-v" "/var/lib/crater-agent-workspace/builds/worker-0-tc1/target:/opt/rustwide/target:rw,Z" "-v" "/var/lib/crater-agent-workspace/builds/worker-0-tc1/source:/opt/rustwide/workdir:ro,Z" "-v" "/var/lib/crater-agent-workspace/cargo-home:/opt/rustwide/cargo-home:ro,Z" "-v" "/var/lib/crater-agent-workspace/rustup-home:/opt/rustwide/rustup-home:ro,Z" "-e" "SOURCE_DIR=/opt/rustwide/workdir" "-e" "CARGO_TARGET_DIR=/opt/rustwide/target" "-e" "CARGO_HOME=/opt/rustwide/cargo-home" "-e" "RUSTUP_HOME=/opt/rustwide/rustup-home" "-w" "/opt/rustwide/workdir" "-m" "1610612736" "--user" "0:0" "--network" "none" "ghcr.io/rust-lang/crates-build-env/linux@sha256:2788e3201cd34a07e3172128adcd8b3090168a8e3bcc40d7c032b9dda1df7d1c" "/opt/rustwide/cargo-home/bin/cargo" "+1.75.0" "metadata" "--no-deps" "--format-version=1", kill_on_drop: false }`
[INFO] [stdout] 8cc51295bfa87716a800e56cf311201aac0737f2d477b043dca7f8a2a7a06f25
[INFO] running `Command { std: "docker" "start" "-a" "8cc51295bfa87716a800e56cf311201aac0737f2d477b043dca7f8a2a7a06f25", kill_on_drop: false }`
[INFO] running `Command { std: "docker" "inspect" "8cc51295bfa87716a800e56cf311201aac0737f2d477b043dca7f8a2a7a06f25", kill_on_drop: false }`
[INFO] running `Command { std: "docker" "rm" "-f" "8cc51295bfa87716a800e56cf311201aac0737f2d477b043dca7f8a2a7a06f25", kill_on_drop: false }`
[INFO] [stdout] 8cc51295bfa87716a800e56cf311201aac0737f2d477b043dca7f8a2a7a06f25
[INFO] running `Command { std: "docker" "create" "-v" "/var/lib/crater-agent-workspace/builds/worker-0-tc1/target:/opt/rustwide/target:rw,Z" "-v" "/var/lib/crater-agent-workspace/builds/worker-0-tc1/source:/opt/rustwide/workdir:ro,Z" "-v" "/var/lib/crater-agent-workspace/cargo-home:/opt/rustwide/cargo-home:ro,Z" "-v" "/var/lib/crater-agent-workspace/rustup-home:/opt/rustwide/rustup-home:ro,Z" "-e" "SOURCE_DIR=/opt/rustwide/workdir" "-e" "CARGO_TARGET_DIR=/opt/rustwide/target" "-e" "CARGO_INCREMENTAL=0" "-e" "RUST_BACKTRACE=full" "-e" "RUSTFLAGS=--cap-lints=warn" "-e" "RUSTDOCFLAGS=--cap-lints=warn" "-e" "CARGO_HOME=/opt/rustwide/cargo-home" "-e" "RUSTUP_HOME=/opt/rustwide/rustup-home" "-w" "/opt/rustwide/workdir" "-m" "1610612736" "--user" "0:0" "--network" "none" "ghcr.io/rust-lang/crates-build-env/linux@sha256:2788e3201cd34a07e3172128adcd8b3090168a8e3bcc40d7c032b9dda1df7d1c" "/opt/rustwide/cargo-home/bin/cargo" "+1.75.0" "build" "--frozen" "--message-format=json", kill_on_drop: false }`
[INFO] [stdout] 6f46b9125411a9c2b9d9bc88db9a690b4a196d9bd075545d4d982cd2a53cfe45
[INFO] running `Command { std: "docker" "start" "-a" "6f46b9125411a9c2b9d9bc88db9a690b4a196d9bd075545d4d982cd2a53cfe45", kill_on_drop: false }`
[INFO] [stderr]    Compiling serde v1.0.194
[INFO] [stderr]    Compiling powerfmt v0.2.0
[INFO] [stderr]    Compiling eyre v0.6.11
[INFO] [stderr]    Compiling miniz_oxide v0.7.1
[INFO] [stderr]    Compiling either v1.9.0
[INFO] [stderr]    Compiling indenter v0.3.3
[INFO] [stderr]    Compiling time-core v0.1.2
[INFO] [stderr]    Compiling itertools v0.10.5
[INFO] [stderr]    Compiling flate2 v1.0.28
[INFO] [stderr]    Compiling deranged v0.3.11
[INFO] [stderr]    Compiling serde_json v1.0.111
[INFO] [stderr]    Compiling time v0.3.31
[INFO] [stderr]    Compiling dynamecs-analyze v0.0.2 (/opt/rustwide/workdir)
[INFO] [stderr]     Finished dev [unoptimized + debuginfo] target(s) in 6.12s
[INFO] running `Command { std: "docker" "inspect" "6f46b9125411a9c2b9d9bc88db9a690b4a196d9bd075545d4d982cd2a53cfe45", kill_on_drop: false }`
[INFO] running `Command { std: "docker" "rm" "-f" "6f46b9125411a9c2b9d9bc88db9a690b4a196d9bd075545d4d982cd2a53cfe45", kill_on_drop: false }`
[INFO] [stdout] 6f46b9125411a9c2b9d9bc88db9a690b4a196d9bd075545d4d982cd2a53cfe45
[INFO] running `Command { std: "docker" "create" "-v" "/var/lib/crater-agent-workspace/builds/worker-0-tc1/target:/opt/rustwide/target:rw,Z" "-v" "/var/lib/crater-agent-workspace/builds/worker-0-tc1/source:/opt/rustwide/workdir:ro,Z" "-v" "/var/lib/crater-agent-workspace/cargo-home:/opt/rustwide/cargo-home:ro,Z" "-v" "/var/lib/crater-agent-workspace/rustup-home:/opt/rustwide/rustup-home:ro,Z" "-e" "SOURCE_DIR=/opt/rustwide/workdir" "-e" "CARGO_TARGET_DIR=/opt/rustwide/target" "-e" "CARGO_INCREMENTAL=0" "-e" "RUST_BACKTRACE=full" "-e" "RUSTFLAGS=--cap-lints=warn" "-e" "RUSTDOCFLAGS=--cap-lints=warn" "-e" "CARGO_HOME=/opt/rustwide/cargo-home" "-e" "RUSTUP_HOME=/opt/rustwide/rustup-home" "-w" "/opt/rustwide/workdir" "-m" "1610612736" "--user" "0:0" "--network" "none" "ghcr.io/rust-lang/crates-build-env/linux@sha256:2788e3201cd34a07e3172128adcd8b3090168a8e3bcc40d7c032b9dda1df7d1c" "/opt/rustwide/cargo-home/bin/cargo" "+1.75.0" "test" "--frozen" "--no-run" "--message-format=json", kill_on_drop: false }`
[INFO] [stdout] 83550893ce835fdd6dfd46eb03ffbbbddb7e53c9eddbd7577ca4f5c5b391a126
[INFO] running `Command { std: "docker" "start" "-a" "83550893ce835fdd6dfd46eb03ffbbbddb7e53c9eddbd7577ca4f5c5b391a126", kill_on_drop: false }`
[INFO] [stderr]    Compiling rustix v0.38.28
[INFO] [stderr]    Compiling bitflags v2.4.1
[INFO] [stderr]    Compiling linux-raw-sys v0.4.12
[INFO] [stderr]    Compiling escargot v0.5.8
[INFO] [stderr]    Compiling console v0.15.7
[INFO] [stderr]    Compiling similar v2.4.0
[INFO] [stderr]    Compiling log v0.4.20
[INFO] [stderr]    Compiling insta v1.34.0
[INFO] [stderr]    Compiling tempfile v3.9.0
[INFO] [stderr]    Compiling dynamecs-analyze v0.0.2 (/opt/rustwide/workdir)
[INFO] [stderr]     Finished test [unoptimized + debuginfo] target(s) in 5.94s
[INFO] running `Command { std: "docker" "inspect" "83550893ce835fdd6dfd46eb03ffbbbddb7e53c9eddbd7577ca4f5c5b391a126", kill_on_drop: false }`
[INFO] running `Command { std: "docker" "rm" "-f" "83550893ce835fdd6dfd46eb03ffbbbddb7e53c9eddbd7577ca4f5c5b391a126", kill_on_drop: false }`
[INFO] [stdout] 83550893ce835fdd6dfd46eb03ffbbbddb7e53c9eddbd7577ca4f5c5b391a126
[INFO] running `Command { std: "docker" "create" "-v" "/var/lib/crater-agent-workspace/builds/worker-0-tc1/target:/opt/rustwide/target:rw,Z" "-v" "/var/lib/crater-agent-workspace/builds/worker-0-tc1/source:/opt/rustwide/workdir:ro,Z" "-v" "/var/lib/crater-agent-workspace/cargo-home:/opt/rustwide/cargo-home:ro,Z" "-v" "/var/lib/crater-agent-workspace/rustup-home:/opt/rustwide/rustup-home:ro,Z" "-e" "SOURCE_DIR=/opt/rustwide/workdir" "-e" "CARGO_TARGET_DIR=/opt/rustwide/target" "-e" "CARGO_INCREMENTAL=0" "-e" "RUST_BACKTRACE=full" "-e" "RUSTFLAGS=--cap-lints=warn" "-e" "RUSTDOCFLAGS=--cap-lints=warn" "-e" "CARGO_HOME=/opt/rustwide/cargo-home" "-e" "RUSTUP_HOME=/opt/rustwide/rustup-home" "-w" "/opt/rustwide/workdir" "-m" "1610612736" "--user" "0:0" "--network" "none" "ghcr.io/rust-lang/crates-build-env/linux@sha256:2788e3201cd34a07e3172128adcd8b3090168a8e3bcc40d7c032b9dda1df7d1c" "/opt/rustwide/cargo-home/bin/cargo" "+1.75.0" "test" "--frozen", kill_on_drop: false }`
[INFO] [stdout] f8d59503615d524b5fbbe97f09be214c473ab19c265269367eaf68350925694f
[INFO] running `Command { std: "docker" "start" "-a" "f8d59503615d524b5fbbe97f09be214c473ab19c265269367eaf68350925694f", kill_on_drop: false }`
[INFO] [stderr]     Finished test [unoptimized + debuginfo] target(s) in 0.04s
[INFO] [stderr]      Running unittests src/lib.rs (/opt/rustwide/target/debug/deps/dynamecs_analyze-e4c47c3906408b6e)
[INFO] [stdout] 
[INFO] [stdout] running 0 tests
[INFO] [stdout] 
[INFO] [stdout] test result: ok. 0 passed; 0 failed; 0 ignored; 0 measured; 0 filtered out; finished in 0.00s
[INFO] [stdout] 
[INFO] [stderr]      Running tests/integration.rs (/opt/rustwide/target/debug/deps/integration-274e1432ad01f600)
[INFO] [stdout] 
[INFO] [stdout] running 1 test
[INFO] [stdout] test test_expected_output_for_basic_app1 ... FAILED
[INFO] [stdout] 
[INFO] [stdout] failures:
[INFO] [stdout] 
[INFO] [stdout] ---- test_expected_output_for_basic_app1 stdout ----
[INFO] [stdout] Error: CargoError { kind: CommandFailed, context: Some("error: manifest path `../test-apps/Cargo.toml` does not exist\n"), cause: None }
[INFO] [stdout] 
[INFO] [stdout] 
[INFO] [stdout] failures:
[INFO] [stdout]     test_expected_output_for_basic_app1
[INFO] [stdout] 
[INFO] [stdout] test result: FAILED. 0 passed; 1 failed; 0 ignored; 0 measured; 0 filtered out; finished in 0.01s
[INFO] [stdout] 
[INFO] [stderr] error: test failed, to rerun pass `--test integration`
[INFO] running `Command { std: "docker" "inspect" "f8d59503615d524b5fbbe97f09be214c473ab19c265269367eaf68350925694f", kill_on_drop: false }`
[INFO] running `Command { std: "docker" "rm" "-f" "f8d59503615d524b5fbbe97f09be214c473ab19c265269367eaf68350925694f", kill_on_drop: false }`
[INFO] [stdout] f8d59503615d524b5fbbe97f09be214c473ab19c265269367eaf68350925694f
[INFO] testing dynamecs-analyze-0.0.2 against beta-2023-12-22 for beta-1.76-1
[INFO] extracting crate dynamecs-analyze 0.0.2 into /workspace/builds/worker-0-tc2/source
[INFO] validating manifest of crates.io crate dynamecs-analyze 0.0.2 on toolchain beta-2023-12-22
[INFO] running `Command { std: CARGO_HOME="/workspace/cargo-home" RUSTUP_HOME="/workspace/rustup-home" "/workspace/cargo-home/bin/cargo" "+beta-2023-12-22" "metadata" "--manifest-path" "Cargo.toml" "--no-deps", kill_on_drop: false }`
[INFO] started tweaking crates.io crate dynamecs-analyze 0.0.2
[INFO] finished tweaking crates.io crate dynamecs-analyze 0.0.2
[INFO] tweaked toml for crates.io crate dynamecs-analyze 0.0.2 written to /workspace/builds/worker-0-tc2/source/Cargo.toml
[INFO] running `Command { std: CARGO_HOME="/workspace/cargo-home" RUSTUP_HOME="/workspace/rustup-home" "/workspace/cargo-home/bin/cargo" "+beta-2023-12-22" "generate-lockfile" "--manifest-path" "Cargo.toml", kill_on_drop: false }`
[INFO] [stderr]     Updating crates.io index
[INFO] running `Command { std: CARGO_HOME="/workspace/cargo-home" RUSTUP_HOME="/workspace/rustup-home" "/workspace/cargo-home/bin/cargo" "+beta-2023-12-22" "fetch" "--manifest-path" "Cargo.toml", kill_on_drop: false }`
[INFO] running `Command { std: "docker" "create" "-v" "/var/lib/crater-agent-workspace/builds/worker-0-tc2/target:/opt/rustwide/target:rw,Z" "-v" "/var/lib/crater-agent-workspace/builds/worker-0-tc2/source:/opt/rustwide/workdir:ro,Z" "-v" "/var/lib/crater-agent-workspace/cargo-home:/opt/rustwide/cargo-home:ro,Z" "-v" "/var/lib/crater-agent-workspace/rustup-home:/opt/rustwide/rustup-home:ro,Z" "-e" "SOURCE_DIR=/opt/rustwide/workdir" "-e" "CARGO_TARGET_DIR=/opt/rustwide/target" "-e" "CARGO_HOME=/opt/rustwide/cargo-home" "-e" "RUSTUP_HOME=/opt/rustwide/rustup-home" "-w" "/opt/rustwide/workdir" "-m" "1610612736" "--user" "0:0" "--network" "none" "ghcr.io/rust-lang/crates-build-env/linux@sha256:2788e3201cd34a07e3172128adcd8b3090168a8e3bcc40d7c032b9dda1df7d1c" "/opt/rustwide/cargo-home/bin/cargo" "+beta-2023-12-22" "metadata" "--no-deps" "--format-version=1", kill_on_drop: false }`
[INFO] [stdout] 592c6f4595e5d7cb27d5b835e4b8e99193a8b6e7fa5368f2451146f88e7df531
[INFO] running `Command { std: "docker" "start" "-a" "592c6f4595e5d7cb27d5b835e4b8e99193a8b6e7fa5368f2451146f88e7df531", kill_on_drop: false }`
[INFO] running `Command { std: "docker" "inspect" "592c6f4595e5d7cb27d5b835e4b8e99193a8b6e7fa5368f2451146f88e7df531", kill_on_drop: false }`
[INFO] running `Command { std: "docker" "rm" "-f" "592c6f4595e5d7cb27d5b835e4b8e99193a8b6e7fa5368f2451146f88e7df531", kill_on_drop: false }`
[INFO] [stdout] 592c6f4595e5d7cb27d5b835e4b8e99193a8b6e7fa5368f2451146f88e7df531
[INFO] running `Command { std: "docker" "create" "-v" "/var/lib/crater-agent-workspace/builds/worker-0-tc2/target:/opt/rustwide/target:rw,Z" "-v" "/var/lib/crater-agent-workspace/builds/worker-0-tc2/source:/opt/rustwide/workdir:ro,Z" "-v" "/var/lib/crater-agent-workspace/cargo-home:/opt/rustwide/cargo-home:ro,Z" "-v" "/var/lib/crater-agent-workspace/rustup-home:/opt/rustwide/rustup-home:ro,Z" "-e" "SOURCE_DIR=/opt/rustwide/workdir" "-e" "CARGO_TARGET_DIR=/opt/rustwide/target" "-e" "CARGO_INCREMENTAL=0" "-e" "RUST_BACKTRACE=full" "-e" "RUSTFLAGS=--cap-lints=warn" "-e" "RUSTDOCFLAGS=--cap-lints=warn" "-e" "CARGO_HOME=/opt/rustwide/cargo-home" "-e" "RUSTUP_HOME=/opt/rustwide/rustup-home" "-w" "/opt/rustwide/workdir" "-m" "1610612736" "--user" "0:0" "--network" "none" "ghcr.io/rust-lang/crates-build-env/linux@sha256:2788e3201cd34a07e3172128adcd8b3090168a8e3bcc40d7c032b9dda1df7d1c" "/opt/rustwide/cargo-home/bin/cargo" "+beta-2023-12-22" "build" "--frozen" "--message-format=json", kill_on_drop: false }`
[INFO] [stdout] 41a2ff02f5837968823284eb9a3546f48d617481bc4cc3b3005fda212976fc60
[INFO] running `Command { std: "docker" "start" "-a" "41a2ff02f5837968823284eb9a3546f48d617481bc4cc3b3005fda212976fc60", kill_on_drop: false }`
[INFO] [stderr]    Compiling serde v1.0.194
[INFO] [stderr]    Compiling eyre v0.6.11
[INFO] [stderr]    Compiling powerfmt v0.2.0
[INFO] [stderr]    Compiling miniz_oxide v0.7.1
[INFO] [stderr]    Compiling time-core v0.1.2
[INFO] [stderr]    Compiling indenter v0.3.3
[INFO] [stderr]    Compiling either v1.9.0
[INFO] [stderr]    Compiling itertools v0.10.5
[INFO] [stderr]    Compiling flate2 v1.0.28
[INFO] [stderr]    Compiling deranged v0.3.11
[INFO] [stderr]    Compiling serde_json v1.0.111
[INFO] [stderr]    Compiling time v0.3.31
[INFO] [stderr]    Compiling dynamecs-analyze v0.0.2 (/opt/rustwide/workdir)
[INFO] [stderr]     Finished dev [unoptimized + debuginfo] target(s) in 8.39s
[INFO] running `Command { std: "docker" "inspect" "41a2ff02f5837968823284eb9a3546f48d617481bc4cc3b3005fda212976fc60", kill_on_drop: false }`
[INFO] running `Command { std: "docker" "rm" "-f" "41a2ff02f5837968823284eb9a3546f48d617481bc4cc3b3005fda212976fc60", kill_on_drop: false }`
[INFO] [stdout] 41a2ff02f5837968823284eb9a3546f48d617481bc4cc3b3005fda212976fc60
[INFO] running `Command { std: "docker" "create" "-v" "/var/lib/crater-agent-workspace/builds/worker-0-tc2/target:/opt/rustwide/target:rw,Z" "-v" "/var/lib/crater-agent-workspace/builds/worker-0-tc2/source:/opt/rustwide/workdir:ro,Z" "-v" "/var/lib/crater-agent-workspace/cargo-home:/opt/rustwide/cargo-home:ro,Z" "-v" "/var/lib/crater-agent-workspace/rustup-home:/opt/rustwide/rustup-home:ro,Z" "-e" "SOURCE_DIR=/opt/rustwide/workdir" "-e" "CARGO_TARGET_DIR=/opt/rustwide/target" "-e" "CARGO_INCREMENTAL=0" "-e" "RUST_BACKTRACE=full" "-e" "RUSTFLAGS=--cap-lints=warn" "-e" "RUSTDOCFLAGS=--cap-lints=warn" "-e" "CARGO_HOME=/opt/rustwide/cargo-home" "-e" "RUSTUP_HOME=/opt/rustwide/rustup-home" "-w" "/opt/rustwide/workdir" "-m" "1610612736" "--user" "0:0" "--network" "none" "ghcr.io/rust-lang/crates-build-env/linux@sha256:2788e3201cd34a07e3172128adcd8b3090168a8e3bcc40d7c032b9dda1df7d1c" "/opt/rustwide/cargo-home/bin/cargo" "+beta-2023-12-22" "test" "--frozen" "--no-run" "--message-format=json", kill_on_drop: false }`
[INFO] [stdout] b8757fedb30b9af5a15ce59373329c2b13002dac756cc0019e8d729d82a12239
[INFO] running `Command { std: "docker" "start" "-a" "b8757fedb30b9af5a15ce59373329c2b13002dac756cc0019e8d729d82a12239", kill_on_drop: false }`
[INFO] [stderr]    Compiling rustix v0.38.28
[INFO] [stderr]    Compiling bitflags v2.4.1
[INFO] [stderr]    Compiling escargot v0.5.8
[INFO] [stderr]    Compiling linux-raw-sys v0.4.12
[INFO] [stderr]    Compiling console v0.15.7
[INFO] [stderr]    Compiling log v0.4.20
[INFO] [stderr]    Compiling similar v2.4.0
[INFO] [stderr]    Compiling insta v1.34.0
[INFO] [stderr]    Compiling tempfile v3.9.0
[INFO] [stderr]    Compiling dynamecs-analyze v0.0.2 (/opt/rustwide/workdir)
[INFO] [stderr]     Finished test [unoptimized + debuginfo] target(s) in 7.38s
[INFO] running `Command { std: "docker" "inspect" "b8757fedb30b9af5a15ce59373329c2b13002dac756cc0019e8d729d82a12239", kill_on_drop: false }`
[INFO] running `Command { std: "docker" "rm" "-f" "b8757fedb30b9af5a15ce59373329c2b13002dac756cc0019e8d729d82a12239", kill_on_drop: false }`
[INFO] [stdout] b8757fedb30b9af5a15ce59373329c2b13002dac756cc0019e8d729d82a12239
[INFO] running `Command { std: "docker" "create" "-v" "/var/lib/crater-agent-workspace/builds/worker-0-tc2/target:/opt/rustwide/target:rw,Z" "-v" "/var/lib/crater-agent-workspace/builds/worker-0-tc2/source:/opt/rustwide/workdir:ro,Z" "-v" "/var/lib/crater-agent-workspace/cargo-home:/opt/rustwide/cargo-home:ro,Z" "-v" "/var/lib/crater-agent-workspace/rustup-home:/opt/rustwide/rustup-home:ro,Z" "-e" "SOURCE_DIR=/opt/rustwide/workdir" "-e" "CARGO_TARGET_DIR=/opt/rustwide/target" "-e" "CARGO_INCREMENTAL=0" "-e" "RUST_BACKTRACE=full" "-e" "RUSTFLAGS=--cap-lints=warn" "-e" "RUSTDOCFLAGS=--cap-lints=warn" "-e" "CARGO_HOME=/opt/rustwide/cargo-home" "-e" "RUSTUP_HOME=/opt/rustwide/rustup-home" "-w" "/opt/rustwide/workdir" "-m" "1610612736" "--user" "0:0" "--network" "none" "ghcr.io/rust-lang/crates-build-env/linux@sha256:2788e3201cd34a07e3172128adcd8b3090168a8e3bcc40d7c032b9dda1df7d1c" "/opt/rustwide/cargo-home/bin/cargo" "+beta-2023-12-22" "test" "--frozen", kill_on_drop: false }`
[INFO] [stdout] ff5c5427e58bd0c63461108cb04ca9f9f04a19d15011792266d48d6f55a02f23
[INFO] running `Command { std: "docker" "start" "-a" "ff5c5427e58bd0c63461108cb04ca9f9f04a19d15011792266d48d6f55a02f23", kill_on_drop: false }`
[INFO] [stderr]     Finished test [unoptimized + debuginfo] target(s) in 0.05s
[INFO] [stderr]      Running unittests src/lib.rs (/opt/rustwide/target/debug/deps/dynamecs_analyze-0fa14422fbe5c8fb)
[INFO] [stdout] 
[INFO] [stdout] running 0 tests
[INFO] [stdout] 
[INFO] [stdout] test result: ok. 0 passed; 0 failed; 0 ignored; 0 measured; 0 filtered out; finished in 0.00s
[INFO] [stdout] 
[INFO] [stderr]      Running tests/integration.rs (/opt/rustwide/target/debug/deps/integration-c28ab098005ffe12)
[INFO] [stdout] 
[INFO] [stdout] running 1 test
[INFO] [stdout] test test_expected_output_for_basic_app1 ... FAILED
[INFO] [stdout] 
[INFO] [stdout] failures:
[INFO] [stdout] 
[INFO] [stdout] ---- test_expected_output_for_basic_app1 stdout ----
[INFO] [stdout] Error: CargoError { kind: CommandFailed, context: Some("error: manifest path `../test-apps/Cargo.toml` does not exist\n"), cause: None }
[INFO] [stdout] 
[INFO] [stdout] 
[INFO] [stdout] failures:
[INFO] [stdout]     test_expected_output_for_basic_app1
[INFO] [stdout] 
[INFO] [stdout] test result: FAILED. 0 passed; 1 failed; 0 ignored; 0 measured; 0 filtered out; finished in 0.02s
[INFO] [stdout] 
[INFO] [stderr] error: test failed, to rerun pass `--test integration`
[INFO] running `Command { std: "docker" "inspect" "ff5c5427e58bd0c63461108cb04ca9f9f04a19d15011792266d48d6f55a02f23", kill_on_drop: false }`
[INFO] running `Command { std: "docker" "rm" "-f" "ff5c5427e58bd0c63461108cb04ca9f9f04a19d15011792266d48d6f55a02f23", kill_on_drop: false }`
[INFO] [stdout] ff5c5427e58bd0c63461108cb04ca9f9f04a19d15011792266d48d6f55a02f23
