[INFO] fetching crate dyn-any-derive 0.3.0...
[INFO] testing dyn-any-derive-0.3.0 against 1.75.0 for beta-1.76-1
[INFO] extracting crate dyn-any-derive 0.3.0 into /workspace/builds/worker-2-tc1/source
[INFO] validating manifest of crates.io crate dyn-any-derive 0.3.0 on toolchain 1.75.0
[INFO] running `Command { std: CARGO_HOME="/workspace/cargo-home" RUSTUP_HOME="/workspace/rustup-home" "/workspace/cargo-home/bin/cargo" "+1.75.0" "metadata" "--manifest-path" "Cargo.toml" "--no-deps", kill_on_drop: false }`
[INFO] started tweaking crates.io crate dyn-any-derive 0.3.0
[INFO] finished tweaking crates.io crate dyn-any-derive 0.3.0
[INFO] tweaked toml for crates.io crate dyn-any-derive 0.3.0 written to /workspace/builds/worker-2-tc1/source/Cargo.toml
[INFO] running `Command { std: CARGO_HOME="/workspace/cargo-home" RUSTUP_HOME="/workspace/rustup-home" "/workspace/cargo-home/bin/cargo" "+1.75.0" "generate-lockfile" "--manifest-path" "Cargo.toml", kill_on_drop: false }`
[INFO] [stderr]     Updating crates.io index
[INFO] running `Command { std: CARGO_HOME="/workspace/cargo-home" RUSTUP_HOME="/workspace/rustup-home" "/workspace/cargo-home/bin/cargo" "+1.75.0" "fetch" "--manifest-path" "Cargo.toml", kill_on_drop: false }`
[INFO] running `Command { std: "docker" "create" "-v" "/var/lib/crater-agent-workspace/builds/worker-2-tc1/target:/opt/rustwide/target:rw,Z" "-v" "/var/lib/crater-agent-workspace/builds/worker-2-tc1/source:/opt/rustwide/workdir:ro,Z" "-v" "/var/lib/crater-agent-workspace/cargo-home:/opt/rustwide/cargo-home:ro,Z" "-v" "/var/lib/crater-agent-workspace/rustup-home:/opt/rustwide/rustup-home:ro,Z" "-e" "SOURCE_DIR=/opt/rustwide/workdir" "-e" "CARGO_TARGET_DIR=/opt/rustwide/target" "-e" "CARGO_HOME=/opt/rustwide/cargo-home" "-e" "RUSTUP_HOME=/opt/rustwide/rustup-home" "-w" "/opt/rustwide/workdir" "-m" "1610612736" "--user" "0:0" "--network" "none" "ghcr.io/rust-lang/crates-build-env/linux@sha256:2788e3201cd34a07e3172128adcd8b3090168a8e3bcc40d7c032b9dda1df7d1c" "/opt/rustwide/cargo-home/bin/cargo" "+1.75.0" "metadata" "--no-deps" "--format-version=1", kill_on_drop: false }`
[INFO] [stdout] 28a51b81bfc31be27a69aecfe14818b23b19f23cda4e5d42a241d0a390d211a9
[INFO] running `Command { std: "docker" "start" "-a" "28a51b81bfc31be27a69aecfe14818b23b19f23cda4e5d42a241d0a390d211a9", kill_on_drop: false }`
[INFO] running `Command { std: "docker" "inspect" "28a51b81bfc31be27a69aecfe14818b23b19f23cda4e5d42a241d0a390d211a9", kill_on_drop: false }`
[INFO] running `Command { std: "docker" "rm" "-f" "28a51b81bfc31be27a69aecfe14818b23b19f23cda4e5d42a241d0a390d211a9", kill_on_drop: false }`
[INFO] [stdout] 28a51b81bfc31be27a69aecfe14818b23b19f23cda4e5d42a241d0a390d211a9
[INFO] running `Command { std: "docker" "create" "-v" "/var/lib/crater-agent-workspace/builds/worker-2-tc1/target:/opt/rustwide/target:rw,Z" "-v" "/var/lib/crater-agent-workspace/builds/worker-2-tc1/source:/opt/rustwide/workdir:ro,Z" "-v" "/var/lib/crater-agent-workspace/cargo-home:/opt/rustwide/cargo-home:ro,Z" "-v" "/var/lib/crater-agent-workspace/rustup-home:/opt/rustwide/rustup-home:ro,Z" "-e" "SOURCE_DIR=/opt/rustwide/workdir" "-e" "CARGO_TARGET_DIR=/opt/rustwide/target" "-e" "CARGO_INCREMENTAL=0" "-e" "RUST_BACKTRACE=full" "-e" "RUSTFLAGS=--cap-lints=warn" "-e" "RUSTDOCFLAGS=--cap-lints=warn" "-e" "CARGO_HOME=/opt/rustwide/cargo-home" "-e" "RUSTUP_HOME=/opt/rustwide/rustup-home" "-w" "/opt/rustwide/workdir" "-m" "1610612736" "--user" "0:0" "--network" "none" "ghcr.io/rust-lang/crates-build-env/linux@sha256:2788e3201cd34a07e3172128adcd8b3090168a8e3bcc40d7c032b9dda1df7d1c" "/opt/rustwide/cargo-home/bin/cargo" "+1.75.0" "build" "--frozen" "--message-format=json", kill_on_drop: false }`
[INFO] [stdout] f0ed991cf4c0f2ade67ba8f24b51332ae7eaddb0b79d65d4c7777ff4eabe51f1
[INFO] running `Command { std: "docker" "start" "-a" "f0ed991cf4c0f2ade67ba8f24b51332ae7eaddb0b79d65d4c7777ff4eabe51f1", kill_on_drop: false }`
[INFO] [stderr]    Compiling syn v1.0.109
[INFO] [stderr]    Compiling dyn-any-derive v0.3.0 (/opt/rustwide/workdir)
[INFO] [stderr]     Finished dev [unoptimized + debuginfo] target(s) in 1.68s
[INFO] running `Command { std: "docker" "inspect" "f0ed991cf4c0f2ade67ba8f24b51332ae7eaddb0b79d65d4c7777ff4eabe51f1", kill_on_drop: false }`
[INFO] running `Command { std: "docker" "rm" "-f" "f0ed991cf4c0f2ade67ba8f24b51332ae7eaddb0b79d65d4c7777ff4eabe51f1", kill_on_drop: false }`
[INFO] [stdout] f0ed991cf4c0f2ade67ba8f24b51332ae7eaddb0b79d65d4c7777ff4eabe51f1
[INFO] running `Command { std: "docker" "create" "-v" "/var/lib/crater-agent-workspace/builds/worker-2-tc1/target:/opt/rustwide/target:rw,Z" "-v" "/var/lib/crater-agent-workspace/builds/worker-2-tc1/source:/opt/rustwide/workdir:ro,Z" "-v" "/var/lib/crater-agent-workspace/cargo-home:/opt/rustwide/cargo-home:ro,Z" "-v" "/var/lib/crater-agent-workspace/rustup-home:/opt/rustwide/rustup-home:ro,Z" "-e" "SOURCE_DIR=/opt/rustwide/workdir" "-e" "CARGO_TARGET_DIR=/opt/rustwide/target" "-e" "CARGO_INCREMENTAL=0" "-e" "RUST_BACKTRACE=full" "-e" "RUSTFLAGS=--cap-lints=warn" "-e" "RUSTDOCFLAGS=--cap-lints=warn" "-e" "CARGO_HOME=/opt/rustwide/cargo-home" "-e" "RUSTUP_HOME=/opt/rustwide/rustup-home" "-w" "/opt/rustwide/workdir" "-m" "1610612736" "--user" "0:0" "--network" "none" "ghcr.io/rust-lang/crates-build-env/linux@sha256:2788e3201cd34a07e3172128adcd8b3090168a8e3bcc40d7c032b9dda1df7d1c" "/opt/rustwide/cargo-home/bin/cargo" "+1.75.0" "test" "--frozen" "--no-run" "--message-format=json", kill_on_drop: false }`
[INFO] [stdout] 3f752865f4b91d659ec030553dd084fb48e97cd1cc3705246d4979da4c165988
[INFO] running `Command { std: "docker" "start" "-a" "3f752865f4b91d659ec030553dd084fb48e97cd1cc3705246d4979da4c165988", kill_on_drop: false }`
[INFO] [stderr]    Compiling dyn-any-derive v0.3.0 (/opt/rustwide/workdir)
[INFO] [stderr]     Finished test [unoptimized + debuginfo] target(s) in 0.32s
[INFO] running `Command { std: "docker" "inspect" "3f752865f4b91d659ec030553dd084fb48e97cd1cc3705246d4979da4c165988", kill_on_drop: false }`
[INFO] running `Command { std: "docker" "rm" "-f" "3f752865f4b91d659ec030553dd084fb48e97cd1cc3705246d4979da4c165988", kill_on_drop: false }`
[INFO] [stdout] 3f752865f4b91d659ec030553dd084fb48e97cd1cc3705246d4979da4c165988
[INFO] running `Command { std: "docker" "create" "-v" "/var/lib/crater-agent-workspace/builds/worker-2-tc1/target:/opt/rustwide/target:rw,Z" "-v" "/var/lib/crater-agent-workspace/builds/worker-2-tc1/source:/opt/rustwide/workdir:ro,Z" "-v" "/var/lib/crater-agent-workspace/cargo-home:/opt/rustwide/cargo-home:ro,Z" "-v" "/var/lib/crater-agent-workspace/rustup-home:/opt/rustwide/rustup-home:ro,Z" "-e" "SOURCE_DIR=/opt/rustwide/workdir" "-e" "CARGO_TARGET_DIR=/opt/rustwide/target" "-e" "CARGO_INCREMENTAL=0" "-e" "RUST_BACKTRACE=full" "-e" "RUSTFLAGS=--cap-lints=warn" "-e" "RUSTDOCFLAGS=--cap-lints=warn" "-e" "CARGO_HOME=/opt/rustwide/cargo-home" "-e" "RUSTUP_HOME=/opt/rustwide/rustup-home" "-w" "/opt/rustwide/workdir" "-m" "1610612736" "--user" "0:0" "--network" "none" "ghcr.io/rust-lang/crates-build-env/linux@sha256:2788e3201cd34a07e3172128adcd8b3090168a8e3bcc40d7c032b9dda1df7d1c" "/opt/rustwide/cargo-home/bin/cargo" "+1.75.0" "test" "--frozen", kill_on_drop: false }`
[INFO] [stdout] 299cf34590950fef6629eb23f6dcb0e51a84a82271365096b581dc5f8cde48f3
[INFO] running `Command { std: "docker" "start" "-a" "299cf34590950fef6629eb23f6dcb0e51a84a82271365096b581dc5f8cde48f3", kill_on_drop: false }`
[INFO] [stderr]     Finished test [unoptimized + debuginfo] target(s) in 0.00s
[INFO] [stderr]      Running unittests src/lib.rs (/opt/rustwide/target/debug/deps/dyn_any_derive-50970e9e0b28f833)
[INFO] [stdout] 
[INFO] [stdout] running 0 tests
[INFO] [stdout] 
[INFO] [stdout] test result: ok. 0 passed; 0 failed; 0 ignored; 0 measured; 0 filtered out; finished in 0.00s
[INFO] [stdout] 
[INFO] [stderr]    Doc-tests dyn-any-derive
[INFO] [stdout] 
[INFO] [stdout] running 1 test
[INFO] [stdout] test src/lib.rs - system_desc_derive (line 20) ... FAILED
[INFO] [stdout] 
[INFO] [stdout] failures:
[INFO] [stdout] 
[INFO] [stdout] ---- src/lib.rs - system_desc_derive (line 20) stdout ----
[INFO] [stdout] error[E0432]: unresolved import `dyn_any`
[INFO] [stdout]  --> src/lib.rs:21:5
[INFO] [stdout]   |
[INFO] [stdout] 3 | use dyn_any::{DynAny, StaticType};
[INFO] [stdout]   |     ^^^^^^^ use of undeclared crate or module `dyn_any`
[INFO] [stdout] 
[INFO] [stdout] error: cannot determine resolution for the derive macro `DynAny`
[INFO] [stdout]  --> src/lib.rs:22:10
[INFO] [stdout]   |
[INFO] [stdout] 4 | #[derive(DynAny)]
[INFO] [stdout]   |          ^^^^^^
[INFO] [stdout]   |
[INFO] [stdout]   = note: import resolution is stuck, try simplifying macro imports
[INFO] [stdout] 
[INFO] [stdout] error: aborting due to 2 previous errors
[INFO] [stdout] 
[INFO] [stdout] For more information about this error, try `rustc --explain E0432`.
[INFO] [stdout] Couldn't compile the test.
[INFO] [stdout] 
[INFO] [stdout] failures:
[INFO] [stdout]     src/lib.rs - system_desc_derive (line 20)
[INFO] [stdout] 
[INFO] [stdout] test result: FAILED. 0 passed; 1 failed; 0 ignored; 0 measured; 0 filtered out; finished in 0.04s
[INFO] [stdout] 
[INFO] [stderr] error: doctest failed, to rerun pass `--doc`
[INFO] running `Command { std: "docker" "inspect" "299cf34590950fef6629eb23f6dcb0e51a84a82271365096b581dc5f8cde48f3", kill_on_drop: false }`
[INFO] running `Command { std: "docker" "rm" "-f" "299cf34590950fef6629eb23f6dcb0e51a84a82271365096b581dc5f8cde48f3", kill_on_drop: false }`
[INFO] [stdout] 299cf34590950fef6629eb23f6dcb0e51a84a82271365096b581dc5f8cde48f3
