[INFO] fetching crate drogue-bazaar 0.3.0...
[INFO] testing drogue-bazaar-0.3.0 against 1.75.0 for beta-1.76-1
[INFO] extracting crate drogue-bazaar 0.3.0 into /workspace/builds/worker-6-tc1/source
[INFO] validating manifest of crates.io crate drogue-bazaar 0.3.0 on toolchain 1.75.0
[INFO] running `Command { std: CARGO_HOME="/workspace/cargo-home" RUSTUP_HOME="/workspace/rustup-home" "/workspace/cargo-home/bin/cargo" "+1.75.0" "metadata" "--manifest-path" "Cargo.toml" "--no-deps", kill_on_drop: false }`
[INFO] removed /workspace/builds/worker-6-tc1/source/rust-toolchain.toml
[INFO] started tweaking crates.io crate drogue-bazaar 0.3.0
[INFO] finished tweaking crates.io crate drogue-bazaar 0.3.0
[INFO] tweaked toml for crates.io crate drogue-bazaar 0.3.0 written to /workspace/builds/worker-6-tc1/source/Cargo.toml
[INFO] running `Command { std: CARGO_HOME="/workspace/cargo-home" RUSTUP_HOME="/workspace/rustup-home" "/workspace/cargo-home/bin/cargo" "+1.75.0" "generate-lockfile" "--manifest-path" "Cargo.toml", kill_on_drop: false }`
[INFO] [stderr]     Updating crates.io index
[INFO] running `Command { std: CARGO_HOME="/workspace/cargo-home" RUSTUP_HOME="/workspace/rustup-home" "/workspace/cargo-home/bin/cargo" "+1.75.0" "fetch" "--manifest-path" "Cargo.toml", kill_on_drop: false }`
[INFO] [stderr]  Downloading crates ...
[INFO] [stderr]   Downloaded openid v0.10.1
[INFO] [stderr]   Downloaded drogue-client v0.11.1
[INFO] [stderr]   Downloaded tokio-openssl v0.6.4
[INFO] [stderr]   Downloaded actix-web-prom v0.6.0
[INFO] [stderr]   Downloaded config v0.13.4
[INFO] [stderr]   Downloaded tracing-actix-web v0.6.2
[INFO] [stderr]   Downloaded validator_types v0.15.0
[INFO] [stderr]   Downloaded base64-serde v0.6.1
[INFO] [stderr]   Downloaded deadpool-postgres v0.10.5
[INFO] [stderr]   Downloaded opentelemetry-semantic-conventions v0.10.0
[INFO] [stderr]   Downloaded validator v0.15.0
[INFO] [stderr]   Downloaded postgres-protocol v0.6.6
[INFO] [stderr]   Downloaded opentelemetry-jaeger v0.17.0
[INFO] [stderr]   Downloaded finl_unicode v1.2.0
[INFO] [stderr]   Downloaded tokio-postgres v0.7.10
[INFO] [stderr]   Downloaded actix-cors v0.6.5
[INFO] [stderr]   Downloaded opentelemetry_api v0.18.0
[INFO] [stderr]   Downloaded opentelemetry_sdk v0.18.0
[INFO] [stderr]   Downloaded tracing-opentelemetry v0.18.0
[INFO] [stderr]   Downloaded actix-web-httpauth v0.8.1
[INFO] [stderr]   Downloaded biscuit v0.5.0
[INFO] [stderr]   Downloaded stringprep v0.1.4
[INFO] [stderr]   Downloaded postgres-types v0.2.6
[INFO] [stderr]   Downloaded whoami v1.4.1
[INFO] [stderr]   Downloaded opentelemetry-http v0.7.0
[INFO] [stderr]   Downloaded validator_derive v0.15.0
[INFO] [stderr]   Downloaded opentelemetry v0.18.0
[INFO] [stderr]   Downloaded actix-web-extras v0.1.0
[INFO] running `Command { std: "docker" "create" "-v" "/var/lib/crater-agent-workspace/builds/worker-6-tc1/target:/opt/rustwide/target:rw,Z" "-v" "/var/lib/crater-agent-workspace/builds/worker-6-tc1/source:/opt/rustwide/workdir:ro,Z" "-v" "/var/lib/crater-agent-workspace/cargo-home:/opt/rustwide/cargo-home:ro,Z" "-v" "/var/lib/crater-agent-workspace/rustup-home:/opt/rustwide/rustup-home:ro,Z" "-e" "SOURCE_DIR=/opt/rustwide/workdir" "-e" "CARGO_TARGET_DIR=/opt/rustwide/target" "-e" "CARGO_HOME=/opt/rustwide/cargo-home" "-e" "RUSTUP_HOME=/opt/rustwide/rustup-home" "-w" "/opt/rustwide/workdir" "-m" "1610612736" "--user" "0:0" "--network" "none" "ghcr.io/rust-lang/crates-build-env/linux@sha256:2788e3201cd34a07e3172128adcd8b3090168a8e3bcc40d7c032b9dda1df7d1c" "/opt/rustwide/cargo-home/bin/cargo" "+1.75.0" "metadata" "--no-deps" "--format-version=1", kill_on_drop: false }`
[INFO] [stdout] 2389479c40a7d5d1b49964449af2f0f9c3c51db0cdc505b5bad6a7215dd45c0f
[INFO] running `Command { std: "docker" "start" "-a" "2389479c40a7d5d1b49964449af2f0f9c3c51db0cdc505b5bad6a7215dd45c0f", kill_on_drop: false }`
[INFO] running `Command { std: "docker" "inspect" "2389479c40a7d5d1b49964449af2f0f9c3c51db0cdc505b5bad6a7215dd45c0f", kill_on_drop: false }`
[INFO] running `Command { std: "docker" "rm" "-f" "2389479c40a7d5d1b49964449af2f0f9c3c51db0cdc505b5bad6a7215dd45c0f", kill_on_drop: false }`
[INFO] [stdout] 2389479c40a7d5d1b49964449af2f0f9c3c51db0cdc505b5bad6a7215dd45c0f
[INFO] running `Command { std: "docker" "create" "-v" "/var/lib/crater-agent-workspace/builds/worker-6-tc1/target:/opt/rustwide/target:rw,Z" "-v" "/var/lib/crater-agent-workspace/builds/worker-6-tc1/source:/opt/rustwide/workdir:ro,Z" "-v" "/var/lib/crater-agent-workspace/cargo-home:/opt/rustwide/cargo-home:ro,Z" "-v" "/var/lib/crater-agent-workspace/rustup-home:/opt/rustwide/rustup-home:ro,Z" "-e" "SOURCE_DIR=/opt/rustwide/workdir" "-e" "CARGO_TARGET_DIR=/opt/rustwide/target" "-e" "CARGO_INCREMENTAL=0" "-e" "RUST_BACKTRACE=full" "-e" "RUSTFLAGS=--cap-lints=warn" "-e" "RUSTDOCFLAGS=--cap-lints=warn" "-e" "CARGO_HOME=/opt/rustwide/cargo-home" "-e" "RUSTUP_HOME=/opt/rustwide/rustup-home" "-w" "/opt/rustwide/workdir" "-m" "1610612736" "--user" "0:0" "--network" "none" "ghcr.io/rust-lang/crates-build-env/linux@sha256:2788e3201cd34a07e3172128adcd8b3090168a8e3bcc40d7c032b9dda1df7d1c" "/opt/rustwide/cargo-home/bin/cargo" "+1.75.0" "build" "--frozen" "--message-format=json", kill_on_drop: false }`
[INFO] [stdout] 379cc79aef7ef07a41d8afdf26d099767fd272fcb7b3087645c638e5e73fef3b
[INFO] running `Command { std: "docker" "start" "-a" "379cc79aef7ef07a41d8afdf26d099767fd272fcb7b3087645c638e5e73fef3b", kill_on_drop: false }`
[INFO] [stderr]    Compiling jobserver v0.1.27
[INFO] [stderr]    Compiling getrandom v0.2.11
[INFO] [stderr]    Compiling futures-core v0.3.30
[INFO] [stderr]    Compiling futures-sink v0.3.30
[INFO] [stderr]    Compiling mio v0.8.10
[INFO] [stderr]    Compiling syn v2.0.48
[INFO] [stderr]    Compiling slab v0.4.9
[INFO] [stderr]    Compiling hashbrown v0.14.3
[INFO] [stderr]    Compiling futures-channel v0.3.30
[INFO] [stderr]    Compiling pkg-config v0.3.28
[INFO] [stderr]    Compiling futures-io v0.3.30
[INFO] [stderr]    Compiling cc v1.0.83
[INFO] [stderr]    Compiling futures-task v0.3.30
[INFO] [stderr]    Compiling tokio v1.35.1
[INFO] [stderr]    Compiling tracing-core v0.1.32
[INFO] [stderr]    Compiling equivalent v1.0.1
[INFO] [stderr]    Compiling vcpkg v0.2.15
[INFO] [stderr]    Compiling indexmap v2.1.0
[INFO] [stderr]    Compiling percent-encoding v2.3.1
[INFO] [stderr]    Compiling typenum v1.17.0
[INFO] [stderr]    Compiling generic-array v0.14.7
[INFO] [stderr]    Compiling rand_core v0.6.4
[INFO] [stderr]    Compiling thiserror v1.0.56
[INFO] [stderr]    Compiling ryu v1.0.16
[INFO] [stderr]    Compiling serde_json v1.0.111
[INFO] [stderr]    Compiling rand_chacha v0.3.1
[INFO] [stderr]    Compiling num-traits v0.2.17
[INFO] [stderr]    Compiling unicode-bidi v0.3.14
[INFO] [stderr]    Compiling rand v0.8.5
[INFO] [stderr]    Compiling http v0.2.11
[INFO] [stderr]    Compiling openssl-sys v0.9.98
[INFO] [stderr]    Compiling regex-syntax v0.8.2
[INFO] [stderr]    Compiling openssl v0.10.62
[INFO] [stderr]    Compiling foreign-types-shared v0.1.1
[INFO] [stderr]    Compiling foreign-types v0.3.2
[INFO] [stderr]    Compiling crypto-common v0.1.6
[INFO] [stderr]    Compiling block-buffer v0.10.4
[INFO] [stderr]    Compiling bitflags v2.4.1
[INFO] [stderr]    Compiling subtle v2.5.0
[INFO] [stderr]    Compiling digest v0.10.7
[INFO] [stderr]    Compiling ahash v0.7.7
[INFO] [stderr]    Compiling base64 v0.21.5
[INFO] [stderr]    Compiling ring v0.17.7
[INFO] [stderr]    Compiling cpufeatures v0.2.12
[INFO] [stderr]    Compiling hashbrown v0.12.3
[INFO] [stderr]    Compiling zstd-sys v2.0.9+zstd.1.5.5
[INFO] [stderr]    Compiling form_urlencoded v1.2.1
[INFO] [stderr]    Compiling untrusted v0.9.0
[INFO] [stderr]    Compiling httpdate v1.0.3
[INFO] [stderr]    Compiling spin v0.9.8
[INFO] [stderr]    Compiling paste v1.0.14
[INFO] [stderr]    Compiling idna v0.5.0
[INFO] [stderr]    Compiling indexmap v1.9.3
[INFO] [stderr]    Compiling regex-automata v0.4.3
[INFO] [stderr]    Compiling local-waker v0.1.4
[INFO] [stderr]    Compiling bytestring v1.3.1
[INFO] [stderr]    Compiling encoding_rs v0.8.33
[INFO] [stderr]    Compiling rustls v0.21.10
[INFO] [stderr]    Compiling alloc-no-stdlib v2.0.4
[INFO] [stderr]    Compiling zstd-safe v7.0.0
[INFO] [stderr]    Compiling crossbeam-utils v0.8.18
[INFO] [stderr]    Compiling tokio-openssl v0.6.4
[INFO] [stderr]    Compiling serde v1.0.194
[INFO] [stderr]    Compiling crc32fast v1.3.2
[INFO] [stderr]    Compiling mime v0.3.17
[INFO] [stderr]    Compiling serde_derive v1.0.194
[INFO] [stderr]    Compiling futures-macro v0.3.30
[INFO] [stderr]    Compiling tracing-attributes v0.1.27
[INFO] [stderr]    Compiling thiserror-impl v1.0.56
[INFO] [stderr]    Compiling openssl-macros v0.1.1
[INFO] [stderr]    Compiling async-trait v0.1.77
[INFO] [stderr]    Compiling futures-util v0.3.30
[INFO] [stderr]    Compiling regex v1.10.2
[INFO] [stderr]    Compiling alloc-stdlib v0.2.2
[INFO] [stderr]    Compiling actix-service v2.0.2
[INFO] [stderr]    Compiling actix-utils v3.0.1
[INFO] [stderr]    Compiling actix-rt v2.9.0
[INFO] [stderr]    Compiling tracing v0.1.40
[INFO] [stderr]    Compiling num-integer v0.1.45
[INFO] [stderr]    Compiling tokio-util v0.7.10
[INFO] [stderr]    Compiling ahash v0.8.7
[INFO] [stderr]    Compiling adler v1.0.2
[INFO] [stderr]    Compiling log v0.4.20
[INFO] [stderr]    Compiling time-macros v0.2.16
[INFO] [stderr]    Compiling miniz_oxide v0.7.1
[INFO] [stderr]    Compiling brotli-decompressor v2.5.1
[INFO] [stderr]    Compiling cookie v0.16.2
[INFO] [stderr]    Compiling impl-more v0.1.6
[INFO] [stderr]    Compiling convert_case v0.4.0
[INFO] [stderr]    Compiling native-tls v0.2.11
[INFO] [stderr]    Compiling zerocopy v0.7.32
[INFO] [stderr]    Compiling flate2 v1.0.28
[INFO] [stderr]    Compiling h2 v0.3.22
[INFO] [stderr]    Compiling futures-executor v0.3.30
[INFO] [stderr]    Compiling time v0.3.31
[INFO] [stderr]    Compiling derive_more v0.99.17
[INFO] [stderr]    Compiling brotli v3.4.0
[INFO] [stderr]    Compiling crossbeam-channel v0.5.10
[INFO] [stderr]    Compiling actix-codec v0.5.1
[INFO] [stderr]    Compiling local-channel v0.1.5
[INFO] [stderr]    Compiling tokio-stream v0.1.14
[INFO] [stderr]    Compiling sha1 v0.10.6
[INFO] [stderr]    Compiling dashmap v5.5.3
[INFO] [stderr]    Compiling num-bigint v0.3.3
[INFO] [stderr]    Compiling actix-router v0.5.2
[INFO] [stderr]    Compiling language-tags v0.3.2
[INFO] [stderr]    Compiling openssl-probe v0.1.5
[INFO] [stderr]    Compiling url v2.5.0
[INFO] [stderr]    Compiling serde_urlencoded v0.7.1
[INFO] [stderr]    Compiling chrono v0.4.31
[INFO] [stderr]    Compiling opentelemetry_api v0.18.0
[INFO] [stderr]    Compiling actix-web-codegen v4.2.2
[INFO] [stderr]    Compiling opentelemetry_sdk v0.18.0
[INFO] [stderr]    Compiling actix-server v2.3.0
[INFO] [stderr]    Compiling actix-macros v0.2.4
[INFO] [stderr]    Compiling num-iter v0.1.43
[INFO] [stderr]    Compiling num-rational v0.3.2
[INFO] [stderr]    Compiling try-lock v0.2.5
[INFO] [stderr]    Compiling ucd-trie v0.1.6
[INFO] [stderr]    Compiling finl_unicode v1.2.0
[INFO] [stderr]    Compiling base64 v0.13.1
[INFO] [stderr]    Compiling pest v2.7.6
[INFO] [stderr]    Compiling want v0.3.1
[INFO] [stderr]    Compiling stringprep v0.1.4
[INFO] [stderr]    Compiling opentelemetry v0.18.0
[INFO] [stderr]    Compiling proc-macro-error-attr v1.0.4
[INFO] [stderr]    Compiling tokio-native-tls v0.3.1
[INFO] [stderr]    Compiling sha2 v0.10.8
[INFO] [stderr]    Compiling http-body v0.4.6
[INFO] [stderr]    Compiling hmac v0.12.1
[INFO] [stderr]    Compiling md-5 v0.10.6
[INFO] [stderr]    Compiling ring v0.16.20
[INFO] [stderr]    Compiling uuid v1.6.1
[INFO] [stderr]    Compiling protobuf v2.28.0
[INFO] [stderr]    Compiling regex-syntax v0.6.29
[INFO] [stderr]    Compiling siphasher v0.3.11
[INFO] [stderr]    Compiling fallible-iterator v0.2.0
[INFO] [stderr]    Compiling hyper v0.14.28
[INFO] [stderr]    Compiling phf_shared v0.11.2
[INFO] [stderr]    Compiling postgres-protocol v0.6.6
[INFO] [stderr]    Compiling pest_meta v2.7.6
[INFO] [stderr]    Compiling proc-macro-error v1.0.4
[INFO] [stderr]    Compiling validator_types v0.15.0
[INFO] [stderr]    Compiling num-complex v0.3.1
[INFO] [stderr]    Compiling if_chain v1.0.2
[INFO] [stderr]    Compiling matches v0.1.10
[INFO] [stderr]    Compiling prometheus v0.13.3
[INFO] [stderr]    Compiling idna v0.2.3
[INFO] [stderr]    Compiling validator_derive v0.15.0
[INFO] [stderr]    Compiling pest_generator v2.7.6
[INFO] [stderr]    Compiling num v0.3.1
[INFO] [stderr]    Compiling postgres-types v0.2.6
[INFO] [stderr]    Compiling regex-automata v0.1.10
[INFO] [stderr]    Compiling phf v0.11.2
[INFO] [stderr]    Compiling tracing-serde v0.1.3
[INFO] [stderr]    Compiling futures v0.3.30
[INFO] [stderr]    Compiling sharded-slab v0.1.7
[INFO] [stderr]    Compiling tracing-log v0.2.0
[INFO] [stderr]    Compiling hyper-tls v0.5.0
[INFO] [stderr]    Compiling matchers v0.1.0
[INFO] [stderr]    Compiling dlv-list v0.3.0
[INFO] [stderr]    Compiling data-encoding v2.5.0
[INFO] [stderr]    Compiling whoami v1.4.1
[INFO] [stderr]    Compiling ipnet v2.9.0
[INFO] [stderr]    Compiling minimal-lexical v0.2.1
[INFO] [stderr]    Compiling reqwest v0.11.23
[INFO] [stderr]    Compiling nom v7.1.3
[INFO] [stderr]    Compiling tokio-postgres v0.7.10
[INFO] [stderr]    Compiling ordered-multimap v0.4.3
[INFO] [stderr]    Compiling tracing-subscriber v0.3.18
[INFO] [stderr]    Compiling validator v0.15.0
[INFO] [stderr]    Compiling biscuit v0.5.0
[INFO] [stderr]    Compiling pest_derive v2.7.6
[INFO] [stderr]    Compiling threadpool v1.8.1
[INFO] [stderr]    Compiling pin-project-internal v1.1.3
[INFO] [stderr]    Compiling deadpool-runtime v0.1.3
[INFO] [stderr]    Compiling ordered-float v1.1.1
[INFO] [stderr]    Compiling tracing-log v0.1.4
[INFO] [stderr]    Compiling linked-hash-map v0.5.6
[INFO] [stderr]    Compiling anyhow v1.0.79
[INFO] [stderr]    Compiling integer-encoding v3.0.4
[INFO] [stderr]    Compiling retain_mut v0.1.9
[INFO] [stderr]    Compiling deadpool v0.9.5
[INFO] [stderr]    Compiling thrift v0.16.0
[INFO] [stderr]    Compiling yaml-rust v0.4.5
[INFO] [stderr]    Compiling tracing-opentelemetry v0.18.0
[INFO] [stderr]    Compiling pin-project v1.1.3
[INFO] [stderr]    Compiling json5 v0.4.1
[INFO] [stderr]    Compiling openid v0.10.1
[INFO] [stderr]    Compiling rust-ini v0.18.0
[INFO] [stderr]    Compiling humantime-serde v1.1.1
[INFO] [stderr]    Compiling opentelemetry-semantic-conventions v0.10.0
[INFO] [stderr]    Compiling base64-serde v0.6.1
[INFO] [stderr]    Compiling ron v0.7.1
[INFO] [stderr]    Compiling opentelemetry-http v0.7.0
[INFO] [stderr]    Compiling toml v0.5.11
[INFO] [stderr]    Compiling pathdiff v0.2.1
[INFO] [stderr]    Compiling env_logger v0.9.3
[INFO] [stderr]    Compiling opentelemetry-jaeger v0.17.0
[INFO] [stderr]    Compiling deadpool-postgres v0.10.5
[INFO] [stderr]    Compiling drogue-client v0.11.1
[INFO] [stderr]    Compiling config v0.13.4
[INFO] [stderr]    Compiling postgres-native-tls v0.5.0
[INFO] [stderr]    Compiling pem v1.1.1
[INFO] [stderr]    Compiling dotenvy v0.15.7
[INFO] [stderr]    Compiling rustls-webpki v0.101.7
[INFO] [stderr]    Compiling sct v0.7.1
[INFO] [stderr]    Compiling zstd v0.13.0
[INFO] [stderr]    Compiling actix-tls v3.1.1
[INFO] [stderr]    Compiling actix-http v3.5.1
[INFO] [stderr]    Compiling actix-web v4.4.1
[INFO] [stderr]    Compiling actix-web-extras v0.1.0
[INFO] [stderr]    Compiling actix-web-prom v0.6.0
[INFO] [stderr]    Compiling actix-cors v0.6.5
[INFO] [stderr]    Compiling actix-web-httpauth v0.8.1
[INFO] [stderr]    Compiling tracing-actix-web v0.6.2
[INFO] [stderr]    Compiling drogue-bazaar v0.3.0 (/opt/rustwide/workdir)
[INFO] [stderr]     Finished dev [unoptimized + debuginfo] target(s) in 1m 34s
[INFO] running `Command { std: "docker" "inspect" "379cc79aef7ef07a41d8afdf26d099767fd272fcb7b3087645c638e5e73fef3b", kill_on_drop: false }`
[INFO] running `Command { std: "docker" "rm" "-f" "379cc79aef7ef07a41d8afdf26d099767fd272fcb7b3087645c638e5e73fef3b", kill_on_drop: false }`
[INFO] [stdout] 379cc79aef7ef07a41d8afdf26d099767fd272fcb7b3087645c638e5e73fef3b
[INFO] running `Command { std: "docker" "create" "-v" "/var/lib/crater-agent-workspace/builds/worker-6-tc1/target:/opt/rustwide/target:rw,Z" "-v" "/var/lib/crater-agent-workspace/builds/worker-6-tc1/source:/opt/rustwide/workdir:ro,Z" "-v" "/var/lib/crater-agent-workspace/cargo-home:/opt/rustwide/cargo-home:ro,Z" "-v" "/var/lib/crater-agent-workspace/rustup-home:/opt/rustwide/rustup-home:ro,Z" "-e" "SOURCE_DIR=/opt/rustwide/workdir" "-e" "CARGO_TARGET_DIR=/opt/rustwide/target" "-e" "CARGO_INCREMENTAL=0" "-e" "RUST_BACKTRACE=full" "-e" "RUSTFLAGS=--cap-lints=warn" "-e" "RUSTDOCFLAGS=--cap-lints=warn" "-e" "CARGO_HOME=/opt/rustwide/cargo-home" "-e" "RUSTUP_HOME=/opt/rustwide/rustup-home" "-w" "/opt/rustwide/workdir" "-m" "1610612736" "--user" "0:0" "--network" "none" "ghcr.io/rust-lang/crates-build-env/linux@sha256:2788e3201cd34a07e3172128adcd8b3090168a8e3bcc40d7c032b9dda1df7d1c" "/opt/rustwide/cargo-home/bin/cargo" "+1.75.0" "test" "--frozen" "--no-run" "--message-format=json", kill_on_drop: false }`
[INFO] [stdout] d1723f580555ecd4daf8498daae7493ea6931b5d3baafea1e837e4b9ed37c246
[INFO] running `Command { std: "docker" "start" "-a" "d1723f580555ecd4daf8498daae7493ea6931b5d3baafea1e837e4b9ed37c246", kill_on_drop: false }`
[INFO] [stderr]    Compiling drogue-bazaar v0.3.0 (/opt/rustwide/workdir)
[INFO] [stderr]     Finished test [unoptimized + debuginfo] target(s) in 13.87s
[INFO] running `Command { std: "docker" "inspect" "d1723f580555ecd4daf8498daae7493ea6931b5d3baafea1e837e4b9ed37c246", kill_on_drop: false }`
[INFO] running `Command { std: "docker" "rm" "-f" "d1723f580555ecd4daf8498daae7493ea6931b5d3baafea1e837e4b9ed37c246", kill_on_drop: false }`
[INFO] [stdout] d1723f580555ecd4daf8498daae7493ea6931b5d3baafea1e837e4b9ed37c246
[INFO] running `Command { std: "docker" "create" "-v" "/var/lib/crater-agent-workspace/builds/worker-6-tc1/target:/opt/rustwide/target:rw,Z" "-v" "/var/lib/crater-agent-workspace/builds/worker-6-tc1/source:/opt/rustwide/workdir:ro,Z" "-v" "/var/lib/crater-agent-workspace/cargo-home:/opt/rustwide/cargo-home:ro,Z" "-v" "/var/lib/crater-agent-workspace/rustup-home:/opt/rustwide/rustup-home:ro,Z" "-e" "SOURCE_DIR=/opt/rustwide/workdir" "-e" "CARGO_TARGET_DIR=/opt/rustwide/target" "-e" "CARGO_INCREMENTAL=0" "-e" "RUST_BACKTRACE=full" "-e" "RUSTFLAGS=--cap-lints=warn" "-e" "RUSTDOCFLAGS=--cap-lints=warn" "-e" "CARGO_HOME=/opt/rustwide/cargo-home" "-e" "RUSTUP_HOME=/opt/rustwide/rustup-home" "-w" "/opt/rustwide/workdir" "-m" "1610612736" "--user" "0:0" "--network" "none" "ghcr.io/rust-lang/crates-build-env/linux@sha256:2788e3201cd34a07e3172128adcd8b3090168a8e3bcc40d7c032b9dda1df7d1c" "/opt/rustwide/cargo-home/bin/cargo" "+1.75.0" "test" "--frozen", kill_on_drop: false }`
[INFO] [stdout] f8b5b8949e3d958ef01b0f93e0520c822911a4e50902a3796799f4d961e1d8b7
[INFO] running `Command { std: "docker" "start" "-a" "f8b5b8949e3d958ef01b0f93e0520c822911a4e50902a3796799f4d961e1d8b7", kill_on_drop: false }`
[INFO] [stderr]     Finished test [unoptimized + debuginfo] target(s) in 0.42s
[INFO] [stderr]      Running unittests src/lib.rs (/opt/rustwide/target/debug/deps/drogue_bazaar-5fd13018d021b5d6)
[INFO] [stdout] 
[INFO] [stdout] running 13 tests
[INFO] [stdout] test actix::http::cors::test::test_config_permissive ... ok
[INFO] [stdout] test auth::openid::authenticator::test::test_decode ... ok
[INFO] [stdout] test actix::http::cors::test::test_config_permissive_with ... ok
[INFO] [stdout] test actix::http::cors::test::test_config_disabled ... ok
[INFO] [stdout] test actix::http::cors::test::test_config_custom_with ... ok
[INFO] [stdout] test actix::http::cors::test::test_config_custom ... ok
[INFO] [stdout] test auth::openid::authenticator::test::test_standard_config ... ok
[INFO] [stdout] test core::config::test::test_prefix ... ok
[INFO] [stdout] test auth::openid::config::test::test_ca_certs_multi ... ok
[INFO] [stdout] test core::config::test::test_nested ... ok
[INFO] [stdout] test auth::openid::authenticator::test::test_empty_config ... ok
[INFO] [stdout] test core::tls::test::test_ca_cert ... ok
[INFO] [stderr]    Doc-tests drogue-bazaar
[INFO] [stdout] test auth::openid::config::test::test_ca_certs ... ok
[INFO] [stdout] 
[INFO] [stdout] test result: ok. 13 passed; 0 failed; 0 ignored; 0 measured; 0 filtered out; finished in 0.03s
[INFO] [stdout] 
[INFO] [stdout] 
[INFO] [stdout] running 3 tests
[INFO] [stdout] test src/core/config/mod.rs - core::config::ConfigFromEnv (line 12) ... ok
[INFO] [stdout] test src/app/run/mod.rs - app::run::runtime (line 58) ... FAILED
[INFO] [stdout] test src/app/run/mod.rs - app::run::Runtime::dotenv (line 93) ... ok
[INFO] [stdout] 
[INFO] [stdout] failures:
[INFO] [stdout] 
[INFO] [stdout] ---- src/app/run/mod.rs - app::run::runtime (line 58) stdout ----
[INFO] [stdout] error: linking with `cc` failed: exit status: 1
[INFO] [stdout]   |
[INFO] [stdout]   = note: LC_ALL="C" PATH="/opt/rustwide/rustup-home/toolchains/1.75.0-x86_64-unknown-linux-gnu/lib/rustlib/x86_64-unknown-linux-gnu/bin:/opt/rustwide/cargo-home/bin:/usr/local/sbin:/usr/local/bin:/usr/sbin:/usr/bin:/sbin:/bin" VSLANG="1033" "cc" "-m64" "/tmp/rustc7eF44l/symbols.o" "/tmp/rustdoctest3UOuXE/rust_out.rust_out.263fb70ac1c95110-cgu.0.rcgu.o" "/tmp/rustdoctest3UOuXE/rust_out.2uel00cfmdh5ufit.rcgu.o" "-Wl,--as-needed" "-L" "/opt/rustwide/target/debug/deps" "-L" "/opt/rustwide/target/debug/deps" "-L" "/opt/rustwide/target/debug/build/ring-778776b30f72682e/out" "-L" "/opt/rustwide/target/debug/build/ring-cbb30608ee12b2bb/out" "-L" "/opt/rustwide/target/debug/build/zstd-sys-4ec73322d528e07b/out" "-L" "/opt/rustwide/rustup-home/toolchains/1.75.0-x86_64-unknown-linux-gnu/lib/rustlib/x86_64-unknown-linux-gnu/lib" "-Wl,-Bstatic" "/opt/rustwide/target/debug/deps/libdrogue_bazaar-e8db5ca2c7b02c85.rlib" "/opt/rustwide/target/debug/deps/libpem-faa6c3b3261963e2.rlib" "/opt/rustwide/target/debug/deps/libpostgres_native_tls-90f65fdd48eb86a6.rlib" "/opt/rustwide/target/debug/deps/libdeadpool_postgres-ec693bdde32cbba5.rlib" "/opt/rustwide/target/debug/deps/libdeadpool-02ff91488b6ad22a.rlib" "/opt/rustwide/target/debug/deps/libretain_mut-9479805300c4af90.rlib" "/opt/rustwide/target/debug/deps/libdeadpool_runtime-d70dd6b4f8a1a371.rlib" "/opt/rustwide/target/debug/deps/libtokio_postgres-1de0df06465379b0.rlib" "/opt/rustwide/target/debug/deps/libphf-82536b19cf9d9b79.rlib" "/opt/rustwide/target/debug/deps/libphf_shared-2a78b5e37f88bde8.rlib" "/opt/rustwide/target/debug/deps/libsiphasher-bee8b9f666c09ef8.rlib" "/opt/rustwide/target/debug/deps/libwhoami-bad082908af03114.rlib" "/opt/rustwide/target/debug/deps/libpostgres_types-af27d6b47eabc4a0.rlib" "/opt/rustwide/target/debug/deps/libpostgres_protocol-f48e62461c594703.rlib" "/opt/rustwide/target/debug/deps/libstringprep-b5e7f66a46f49e82.rlib" "/opt/rustwide/target/debug/deps/libfinl_unicode-29de6a4054b6748d.rlib" "/opt/rustwide/target/debug/deps/libsha2-d9b067a48e63d273.rlib" "/opt/rustwide/target/debug/deps/libhmac-287be771f29823d8.rlib" "/opt/rustwide/target/debug/deps/libmd5-8507fa6cbc665397.rlib" "/opt/rustwide/target/debug/deps/libfallible_iterator-015511a54302f7cf.rlib" "/opt/rustwide/target/debug/deps/libconfig-13e88713c0c9969e.rlib" "/opt/rustwide/target/debug/deps/libpathdiff-6c08473d05f2998e.rlib" "/opt/rustwide/target/debug/deps/libjson5-1fafdcb4df0616e9.rlib" "/opt/rustwide/target/debug/deps/libpest-9ef503f1ffcac123.rlib" "/opt/rustwide/target/debug/deps/libucd_trie-6132939a2ce7db4c.rlib" "/opt/rustwide/target/debug/deps/libron-4a5f2cbd051814ce.rlib" "/opt/rustwide/target/debug/deps/libtoml-f699e6296d0f53bf.rlib" "/opt/rustwide/target/debug/deps/libini-99fde4371b59b5c5.rlib" "/opt/rustwide/target/debug/deps/libordered_multimap-65e9ad608a3d38f4.rlib" "/opt/rustwide/target/debug/deps/libdlv_list-4963936d5719dd97.rlib" "/opt/rustwide/target/debug/deps/libyaml_rust-dadeb9b0a1ae3c6e.rlib" "/opt/rustwide/target/debug/deps/liblinked_hash_map-55396135ba6b4b1c.rlib" "/opt/rustwide/target/debug/deps/libdotenvy-43f7f200f84b2c16.rlib" "/opt/rustwide/target/debug/deps/libenv_logger-9adb8af86bef7681.rlib" "/opt/rustwide/target/debug/deps/libatty-d81fb048a7e723a5.rlib" "/opt/rustwide/target/debug/deps/libtermcolor-6dec0f4bbbe42dd1.rlib" "/opt/rustwide/target/debug/deps/libopentelemetry_jaeger-0011e10f544f7dc7.rlib" "/opt/rustwide/target/debug/deps/libopentelemetry_semantic_conventions-99588ab62e8512bd.rlib" "/opt/rustwide/target/debug/deps/libthrift-82b48c5014538998.rlib" "/opt/rustwide/target/debug/deps/libordered_float-72c35f0826fb4a4b.rlib" "/opt/rustwide/target/debug/deps/libthreadpool-16bf54e71f2a4476.rlib" "/opt/rustwide/target/debug/deps/libnum_cpus-cb81d41626d198af.rlib" "/opt/rustwide/target/debug/deps/libinteger_encoding-6fc734fed0be9e61.rlib" "/opt/rustwide/target/debug/deps/libbyteorder-e9468b374a0c0c11.rlib" "/opt/rustwide/target/debug/deps/libtracing_actix_web-2b72faca0dc97a4b.rlib" "/opt/rustwide/target/debug/deps/libpin_project-9fffb46c6eca72c9.rlib" "/opt/rustwide/target/debug/deps/libtracing_opentelemetry-4eea661a951ad5ea.rlib" "/opt/rustwide/target/debug/deps/libtracing_log-741e83bee3797f50.rlib" "/opt/rustwide/target/debug/deps/libuuid-5abdac9fb7a57433.rlib" "/opt/rustwide/target/debug/deps/libactix_web_prom-25f7b676210a8a0c.rlib" "/opt/rustwide/target/debug/deps/libtracing_subscriber-223c8459bb52d2fb.rlib" "/opt/rustwide/target/debug/deps/libtracing_serde-8bb98a57af5d64c8.rlib" "/opt/rustwide/target/debug/deps/libnu_ansi_term-3e05c43b33054704.rlib" "/opt/rustwide/target/debug/deps/liboverload-ed04f4baf105cbd4.rlib" "/opt/rustwide/target/debug/deps/libsharded_slab-3e7ea4dc49abc9de.rlib" "/opt/rustwide/target/debug/deps/libmatchers-09eec00427944fa1.rlib" "/opt/rustwide/target/debug/deps/libregex_automata-4c60e2b0ad265c6c.rlib" "/opt/rustwide/target/debug/deps/libregex_syntax-0dc2d12e01b76027.rlib" "/opt/rustwide/target/debug/deps/libthread_local-146b032562066309.rlib" "/opt/rustwide/target/debug/deps/libtracing_log-58d78521208a60db.rlib" "/opt/rustwide/target/debug/deps/libanyhow-309ab2c875f40ec7.rlib" "/opt/rustwide/target/debug/deps/libactix_web_extras-5b81295914f421e1.rlib" "/opt/rustwide/target/debug/deps/libactix_cors-baa23e204a9923b4.rlib" "/opt/rustwide/target/debug/deps/libdrogue_client-6a9a241cd2ffb495.rlib" "/opt/rustwide/target/debug/deps/libhumantime_serde-65a9bcd473879a2b.rlib" "/opt/rustwide/target/debug/deps/libhumantime-e2a10e0b2bfa2002.rlib" "/opt/rustwide/target/debug/deps/libbase64_serde-e0903a72f803880d.rlib" "/opt/rustwide/target/debug/deps/libnom-e87b47abfa11a6fd.rlib" "/opt/rustwide/target/debug/deps/libfutures-e46ada721c064c5c.rlib" "/opt/rustwide/target/debug/deps/libprometheus-fe6a4ee33c6ee67c.rlib" "/opt/rustwide/target/debug/deps/libprotobuf-a3269561fd7232fe.rlib" "/opt/rustwide/target/debug/deps/libopentelemetry-ee631b130e96ce9c.rlib" "/opt/rustwide/target/debug/deps/libopentelemetry_sdk-b1a71ec4e384fb47.rlib" "/opt/rustwide/target/debug/deps/libcrossbeam_channel-a0e95db6fc92838f.rlib" "/opt/rustwide/target/debug/deps/libcrossbeam_utils-edc5cfa41b1e38a6.rlib" "/opt/rustwide/target/debug/deps/libtokio_stream-6d2ea5ced582e9e1.rlib" "/opt/rustwide/target/debug/deps/libdashmap-d60551d634eaef53.rlib" "/opt/rustwide/target/debug/deps/libfutures_executor-b1ac2549c4ee82d8.rlib" "/opt/rustwide/target/debug/deps/libopentelemetry_api-cdd714311acccc86.rlib" "/opt/rustwide/target/debug/deps/libindexmap-3e09601f76cdd5e2.rlib" "/opt/rustwide/target/debug/deps/libhashbrown-932ecd794162ae24.rlib" "/opt/rustwide/target/debug/deps/libahash-d926d6081068ff2f.rlib" "/opt/rustwide/target/debug/deps/libopenid-042f58621aaf0a0c.rlib" "/opt/rustwide/target/debug/deps/libbase64-b09bba5046b087ce.rlib" "/opt/rustwide/target/debug/deps/libvalidator-62553cb3968f18fc.rlib" "/opt/rustwide/target/debug/deps/libidna-ad9dbac65afa869f.rlib" "/opt/rustwide/target/debug/deps/libmatches-5e4cb3d4c3233fbd.rlib" "/opt/rustwide/target/debug/deps/libthiserror-d1996b3b5c5b4ac9.rlib" "/opt/rustwide/target/debug/deps/libreqwest-bcda054700476322.rlib" "/opt/rustwide/target/debug/deps/libhyper_tls-a1975cef3a3a0b19.rlib" "/opt/rustwide/target/debug/deps/libipnet-31f1670f407a9398.rlib" "/opt/rustwide/target/debug/deps/libtokio_native_tls-056f89611cd1980d.rlib" "/opt/rustwide/target/debug/deps/libnative_tls-52bfd89a3fdfd3d7.rlib" "/opt/rustwide/target/debug/deps/libopenssl_probe-d850575132083d7c.rlib" "/opt/rustwide/target/debug/deps/libhyper-a262d29492d3a171.rlib" "/opt/rustwide/target/debug/deps/libwant-0be28e71d2a5cee8.rlib" "/opt/rustwide/target/debug/deps/libtry_lock-ba0ec0947155aa20.rlib" "/opt/rustwide/target/debug/deps/libtower_service-104d6e83d5ce383d.rlib" "/opt/rustwide/target/debug/deps/libhttp_body-3c42bd17f1cfc680.rlib" "/opt/rustwide/target/debug/deps/libbiscuit-8868690794e2aa29.rlib" "/opt/rustwide/target/debug/deps/libring-3e1d66f2efb8e58b.rlib" "/opt/rustwide/target/debug/deps/libspin-c4098cd951aef6c9.rlib" "/opt/rustwide/target/debug/deps/libuntrusted-5ec0aa78ed8cda5c.rlib" "/opt/rustwide/target/debug/deps/libnum-832dfd600c7ca22a.rlib" "/opt/rustwide/target/debug/deps/libnum_iter-199b80369c21a602.rlib" "/opt/rustwide/target/debug/deps/libnum_rational-f13c6495dc5d49b1.rlib" "/opt/rustwide/target/debug/deps/libnum_complex-5d3e0f4b7dcf5776.rlib" "/opt/rustwide/target/debug/deps/libnum_bigint-ee39ca1bbbbb8886.rlib" "/opt/rustwide/target/debug/deps/libnum_integer-94f4e0749f0861fa.rlib" "/opt/rustwide/target/debug/deps/libdata_encoding-fb783755ab4c59ac.rlib" "/opt/rustwide/target/debug/deps/liblazy_static-591486ebcb9a7ead.rlib" "/opt/rustwide/target/debug/deps/libchrono-de807c74bb0338f4.rlib" "/opt/rustwide/target/debug/deps/libnum_traits-06726977a85ebb76.rlib" "/opt/rustwide/target/debug/deps/libiana_time_zone-528d9768cce5eb89.rlib" "/opt/rustwide/target/debug/deps/libactix_web_httpauth-89f593c2b45c2c24.rlib" "/opt/rustwide/target/debug/deps/libactix_web-94eeff56c90d3261.rlib" "/opt/rustwide/target/debug/deps/liburl-56e4ce24db9df8ba.rlib" "/opt/rustwide/target/debug/deps/libidna-f4c6dc12c81bea2a.rlib" "/opt/rustwide/target/debug/deps/libunicode_normalization-e1c1be84a555e587.rlib" "/opt/rustwide/target/debug/deps/libtinyvec-cf6c9f6b792a5507.rlib" "/opt/rustwide/target/debug/deps/libtinyvec_macros-b1cb7f53f58c9f87.rlib" "/opt/rustwide/target/debug/deps/libunicode_bidi-9e36a2b0928c1d80.rlib" "/opt/rustwide/target/debug/deps/libserde_urlencoded-b3415100f611c689.rlib" "/opt/rustwide/target/debug/deps/libform_urlencoded-ef5eb70334031c86.rlib" "/opt/rustwide/target/debug/deps/libserde_json-b5f93a1aea8240c4.rlib" "/opt/rustwide/target/debug/deps/libryu-5f304b1b6393964f.rlib" "/opt/rustwide/target/debug/deps/libactix_server-7b9aa547dc386960.rlib" "/opt/rustwide/target/debug/deps/libactix_router-73707028c8da4ee1.rlib" "/opt/rustwide/target/debug/deps/libregex-3fdc9a8f6eaf81cf.rlib" "/opt/rustwide/target/debug/deps/libregex_automata-7e239e4b359aa58c.rlib" "/opt/rustwide/target/debug/deps/libaho_corasick-c461b2416345444e.rlib" "/opt/rustwide/target/debug/deps/libregex_syntax-e4dd3c3a3cb10e1d.rlib" "/opt/rustwide/target/debug/deps/libserde-9afbaac62fb45c03.rlib" "/opt/rustwide/target/debug/deps/libcookie-310325684b537270.rlib" "/opt/rustwide/target/debug/deps/libtime-f01ce9b29a1c0372.rlib" "/opt/rustwide/target/debug/deps/libtime_core-7af5d6eb87ec9652.rlib" "/opt/rustwide/target/debug/deps/libderanged-b91eb2e9a304f3c1.rlib" "/opt/rustwide/target/debug/deps/libpowerfmt-e8908707a005dea9.rlib" "/opt/rustwide/target/debug/deps/libactix_http-ae8b672dec64df41.rlib" "/opt/rustwide/target/debug/deps/librand-a76c3fe6b34a9f29.rlib" "/opt/rustwide/target/debug/deps/librand_chacha-93c229a7eeb7ab43.rlib" "/opt/rustwide/target/debug/deps/libppv_lite86-9f808eb911999ef2.rlib" "/opt/rustwide/target/debug/deps/librand_core-c8190ea9532a8248.rlib" "/opt/rustwide/target/debug/deps/libhttparse-64f1ffbeda450424.rlib" "/opt/rustwide/target/debug/deps/libbrotli-2cd2972e22f71b18.rlib" "/opt/rustwide/target/debug/deps/libbrotli_decompressor-3890bcd9fb862d86.rlib" "/opt/rustwide/target/debug/deps/liballoc_stdlib-42567218896c8315.rlib" "/opt/rustwide/target/debug/deps/liballoc_no_stdlib-bb643994833d65b7.rlib" "/opt/rustwide/target/debug/deps/libhttpdate-60c45fdec07c28d7.rlib" "/opt/rustwide/target/debug/deps/libsha1-d5616793fdc28222.rlib" "/opt/rustwide/target/debug/deps/libcpufeatures-b8d9ed5bb45874e9.rlib" "/opt/rustwide/target/debug/deps/libdigest-68278d6a0ee6afac.rlib" "/opt/rustwide/target/debug/deps/libsubtle-32983fc17c133a89.rlib" "/opt/rustwide/target/debug/deps/libblock_buffer-7e9270fb9b7ff635.rlib" "/opt/rustwide/target/debug/deps/libcrypto_common-145014adf1649651.rlib" "/opt/rustwide/target/debug/deps/libgeneric_array-18b3188a0c567140.rlib" "/opt/rustwide/target/debug/deps/libtypenum-da95465dc70d2c95.rlib" "/opt/rustwide/target/debug/deps/libbase64-c757f6e1d18850a5.rlib" "/opt/rustwide/target/debug/deps/liblocal_channel-2bc06e0df5bef1e1.rlib" "/opt/rustwide/target/debug/deps/libbytestring-e03d6be1a758eee2.rlib" "/opt/rustwide/target/debug/deps/libencoding_rs-000c97fafd38c2ed.rlib" "/opt/rustwide/target/debug/deps/liblanguage_tags-c55a9d92ef9338ba.rlib" "/opt/rustwide/target/debug/deps/libahash-245b82b7cc7609c4.rlib" "/opt/rustwide/target/debug/deps/libgetrandom-68b0603389864cc3.rlib" "/opt/rustwide/target/debug/deps/libzerocopy-7fb8a99564534ce8.rlib" "/opt/rustwide/target/debug/deps/libmime-7e306270d8ceb372.rlib" "/opt/rustwide/target/debug/deps/libpercent_encoding-fe0d57427b4d92e0.rlib" "/opt/rustwide/target/debug/deps/libh2-62484a29f66364b2.rlib" "/opt/rustwide/target/debug/deps/libindexmap-8fc97cbaa956011a.rlib" "/opt/rustwide/target/debug/deps/libequivalent-daf5c71f5fc642dd.rlib" "/opt/rustwide/target/debug/deps/libhashbrown-3d9e58c92093ae49.rlib" "/opt/rustwide/target/debug/deps/libactix_tls-710bde27a895e527.rlib" "/opt/rustwide/target/debug/deps/libtokio_openssl-45acac1568d5dbfe.rlib" "/opt/rustwide/target/debug/deps/libfutures_util-d64b09cddf7015ec.rlib" "/opt/rustwide/target/debug/deps/libfutures_io-06ca5b85b7f1c406.rlib" "/opt/rustwide/target/debug/deps/libslab-6eb39baadbe9101c.rlib" "/opt/rustwide/target/debug/deps/libfutures_channel-a299c85500052389.rlib" "/opt/rustwide/target/debug/deps/libfutures_task-c1403167034c79e1.rlib" "/opt/rustwide/target/debug/deps/libpin_utils-741f7d9d160e4a16.rlib" "/opt/rustwide/target/debug/deps/libimpl_more-fce920c01cc046ab.rlib" "/opt/rustwide/target/debug/deps/libopenssl-8605ce789991e278.rlib" "/opt/rustwide/target/debug/deps/libforeign_types-c05743815e5b8a9d.rlib" "/opt/rustwide/target/debug/deps/libforeign_types_shared-d149f5491fde2862.rlib" "/opt/rustwide/target/debug/deps/libopenssl_sys-cefb7a4dd0130c2e.rlib" "/opt/rustwide/target/debug/deps/libbitflags-0065cf305c229aa5.rlib" "/opt/rustwide/target/debug/deps/libzstd-00d03d89c518b38f.rlib" "/opt/rustwide/target/debug/deps/libzstd_safe-50e441144dc08f31.rlib" "/opt/rustwide/target/debug/deps/libzstd_sys-011ff257609d7a4e.rlib" "/opt/rustwide/target/debug/deps/libflate2-1347a47922d98cc4.rlib" "/opt/rustwide/target/debug/deps/libminiz_oxide-f272f5814aa49507.rlib" "/opt/rustwide/target/debug/deps/libadler-c8f2240c56a0abca.rlib" "/opt/rustwide/target/debug/deps/libcrc32fast-664446237529ebff.rlib" "/opt/rustwide/target/debug/deps/libactix_service-12dc911ee776b802.rlib" "/opt/rustwide/target/debug/deps/libactix_codec-d5b3ea98c8ef3a13.rlib" "/opt/rustwide/target/debug/deps/libtokio_util-b61f85ac1edabcfe.rlib" "/opt/rustwide/target/debug/deps/libtracing-900cdd9919dcf409.rlib" "/opt/rustwide/target/debug/deps/libtracing_core-0e6c11b5d5ebe010.rlib" "/opt/rustwide/target/debug/deps/libonce_cell-63be820ac0ed0954.rlib" "/opt/rustwide/target/debug/deps/libmemchr-94009dd89ebb9d8d.rlib" "/opt/rustwide/target/debug/deps/libfutures_sink-8957e1e23a8e4733.rlib" "/opt/rustwide/target/debug/deps/libbitflags-b7cee2ca4fb438d0.rlib" "/opt/rustwide/target/debug/deps/libactix_utils-0172317b49818fba.rlib" "/opt/rustwide/target/debug/deps/liblocal_waker-bf02768daa034aa0.rlib" "/opt/rustwide/target/debug/deps/libactix_rt-e32d2ec7465a0e54.rlib" "/opt/rustwide/target/debug/deps/libtokio-c3485c0610e0a3fa.rlib" "/opt/rustwide/target/debug/deps/libsignal_hook_registry-f33810147f436d2a.rlib" "/opt/rustwide/target/debug/deps/libsocket2-2489340dad73c28d.rlib" "/opt/rustwide/target/debug/deps/libmio-78f79e48af03b6fa.rlib" "/opt/rustwide/target/debug/deps/liblog-e491f2c1d0b13538.rlib" "/opt/rustwide/target/debug/deps/libparking_lot-0c7bcc779f815d26.rlib" "/opt/rustwide/target/debug/deps/libparking_lot_core-7ef8619e484c37f5.rlib" "/opt/rustwide/target/debug/deps/liblibc-f01c1240f7c859d0.rlib" "/opt/rustwide/target/debug/deps/libcfg_if-61dc7a6799e72b18.rlib" "/opt/rustwide/target/debug/deps/libsmallvec-19f6a51af3f3c214.rlib" "/opt/rustwide/target/debug/deps/liblock_api-2e3cdc36e2d071f0.rlib" "/opt/rustwide/target/debug/deps/libscopeguard-012e5ed929fc2fe6.rlib" "/opt/rustwide/target/debug/deps/libpin_project_lite-e0757e0deaa2f8a0.rlib" "/opt/rustwide/target/debug/deps/libfutures_core-9cff0d103c3b3c9e.rlib" "/opt/rustwide/target/debug/deps/libhttp-087a4805b82b800b.rlib" "/opt/rustwide/target/debug/deps/libitoa-5f181af53b99b92c.rlib" "/opt/rustwide/target/debug/deps/libbytes-0a052f49710012b1.rlib" "/opt/rustwide/target/debug/deps/libfnv-18bf5144d055e772.rlib" "/opt/rustwide/rustup-home/toolchains/1.75.0-x86_64-unknown-linux-gnu/lib/rustlib/x86_64-unknown-linux-gnu/lib/libstd-90f6ddbf82de36ec.rlib" "/opt/rustwide/rustup-home/toolchains/1.75.0-x86_64-unknown-linux-gnu/lib/rustlib/x86_64-unknown-linux-gnu/lib/libpanic_unwind-480c41e9d4e1f677.rlib" "/opt/rustwide/rustup-home/toolchains/1.75.0-x86_64-unknown-linux-gnu/lib/rustlib/x86_64-unknown-linux-gnu/lib/libobject-db744c0ca03eed1d.rlib" "/opt/rustwide/rustup-home/toolchains/1.75.0-x86_64-unknown-linux-gnu/lib/rustlib/x86_64-unknown-linux-gnu/lib/libmemchr-8ba652dc7d4b285a.rlib" "/opt/rustwide/rustup-home/toolchains/1.75.0-x86_64-unknown-linux-gnu/lib/rustlib/x86_64-unknown-linux-gnu/lib/libaddr2line-d5f4520a9ebc0d58.rlib" "/opt/rustwide/rustup-home/toolchains/1.75.0-x86_64-unknown-linux-gnu/lib/rustlib/x86_64-unknown-linux-gnu/lib/libgimli-4ad84de58f0cb463.rlib" "/opt/rustwide/rustup-home/toolchains/1.75.0-x86_64-unknown-linux-gnu/lib/rustlib/x86_64-unknown-linux-gnu/lib/librustc_demangle-0d10aae2e0f38735.rlib" "/opt/rustwide/rustup-home/toolchains/1.75.0-x86_64-unknown-linux-gnu/lib/rustlib/x86_64-unknown-linux-gnu/lib/libstd_detect-0c17cff739e6745b.rlib" "/opt/rustwide/rustup-home/toolchains/1.75.0-x86_64-unknown-linux-gnu/lib/rustlib/x86_64-unknown-linux-gnu/lib/libhashbrown-b29e17139dde1aa8.rlib" "/opt/rustwide/rustup-home/toolchains/1.75.0-x86_64-unknown-linux-gnu/lib/rustlib/x86_64-unknown-linux-gnu/lib/librustc_std_workspace_alloc-1f975299829cc7bd.rlib" "/opt/rustwide/rustup-home/toolchains/1.75.0-x86_64-unknown-linux-gnu/lib/rustlib/x86_64-unknown-linux-gnu/lib/libminiz_oxide-86bae3bc3079f89b.rlib" "/opt/rustwide/rustup-home/toolchains/1.75.0-x86_64-unknown-linux-gnu/lib/rustlib/x86_64-unknown-linux-gnu/lib/libadler-321b82c30dffdf5f.rlib" "/opt/rustwide/rustup-home/toolchains/1.75.0-x86_64-unknown-linux-gnu/lib/rustlib/x86_64-unknown-linux-gnu/lib/libunwind-3dd8a6810a0bdfef.rlib" "/opt/rustwide/rustup-home/toolchains/1.75.0-x86_64-unknown-linux-gnu/lib/rustlib/x86_64-unknown-linux-gnu/lib/libcfg_if-eb39a61c0c879984.rlib" "/opt/rustwide/rustup-home/toolchains/1.75.0-x86_64-unknown-linux-gnu/lib/rustlib/x86_64-unknown-linux-gnu/lib/liblibc-aa769569f91c3548.rlib" "/opt/rustwide/rustup-home/toolchains/1.75.0-x86_64-unknown-linux-gnu/lib/rustlib/x86_64-unknown-linux-gnu/lib/liballoc-510a192a50a983ed.rlib" "/opt/rustwide/rustup-home/toolchains/1.75.0-x86_64-unknown-linux-gnu/lib/rustlib/x86_64-unknown-linux-gnu/lib/librustc_std_workspace_core-0577018320f99037.rlib" "/opt/rustwide/rustup-home/toolchains/1.75.0-x86_64-unknown-linux-gnu/lib/rustlib/x86_64-unknown-linux-gnu/lib/libcore-193cf992125ccd4c.rlib" "/opt/rustwide/rustup-home/toolchains/1.75.0-x86_64-unknown-linux-gnu/lib/rustlib/x86_64-unknown-linux-gnu/lib/libcompiler_builtins-8e138eaf26ebb4a8.rlib" "-Wl,-Bdynamic" "-lssl" "-lcrypto" "-lgcc_s" "-lutil" "-lrt" "-lpthread" "-lm" "-ldl" "-lc" "-Wl,--eh-frame-hdr" "-Wl,-z,noexecstack" "-L" "/opt/rustwide/rustup-home/toolchains/1.75.0-x86_64-unknown-linux-gnu/lib/rustlib/x86_64-unknown-linux-gnu/lib" "-o" "/tmp/rustdoctest3UOuXE/rust_out" "-Wl,--gc-sections" "-pie" "-Wl,-z,relro,-z,now" "-nodefaultlibs"
[INFO] [stdout]   = note: collect2: fatal error: ld terminated with signal 9 [Killed]
[INFO] [stdout]           compilation terminated.
[INFO] [stdout]           
[INFO] [stdout] 
[INFO] [stdout] error: aborting due to previous error
[INFO] [stdout] 
[INFO] [stdout] Couldn't compile the test.
[INFO] [stdout] 
[INFO] [stdout] failures:
[INFO] [stdout]     src/app/run/mod.rs - app::run::runtime (line 58)
[INFO] [stdout] 
[INFO] [stdout] test result: FAILED. 2 passed; 1 failed; 0 ignored; 0 measured; 0 filtered out; finished in 11.38s
[INFO] [stdout] 
[INFO] [stderr] error: doctest failed, to rerun pass `--doc`
[INFO] running `Command { std: "docker" "inspect" "f8b5b8949e3d958ef01b0f93e0520c822911a4e50902a3796799f4d961e1d8b7", kill_on_drop: false }`
[INFO] running `Command { std: "docker" "rm" "-f" "f8b5b8949e3d958ef01b0f93e0520c822911a4e50902a3796799f4d961e1d8b7", kill_on_drop: false }`
[INFO] [stdout] f8b5b8949e3d958ef01b0f93e0520c822911a4e50902a3796799f4d961e1d8b7
